[INFO] fetching crate dope-extra 0.11.0...
[INFO] testing dope-extra-0.11.0 against 1.99.0-beta.8+cargoflags=--release for beta-release-1.100-2
[INFO] extracting crate dope-extra 0.11.0 into /workspace/builds/worker-6-tc1/source
[INFO] started tweaking crates.io crate dope-extra 0.11.0
[INFO] removed 0 missing tests
[INFO] finished tweaking crates.io crate dope-extra 0.11.0
[INFO] tweaked toml for crates.io crate dope-extra 0.11.0 written to /workspace/builds/worker-6-tc1/source/Cargo.toml
[INFO] validating manifest of crates.io crate dope-extra 0.11.0 on toolchain 1.99.0-beta.8
[INFO] running `Command { std: CARGO_HOME="/workspace/cargo-home" RUSTUP_HOME="/workspace/rustup-home" "/workspace/cargo-home/bin/cargo" "+1.99.0-beta.8" "metadata" "--manifest-path" "Cargo.toml" "--no-deps", kill_on_drop: false }`
[INFO] crate crates.io crate dope-extra 0.11.0 already has a lockfile, it will not be regenerated
[INFO] running `Command { std: CARGO_HOME="/workspace/cargo-home" RUSTUP_HOME="/workspace/rustup-home" "/workspace/cargo-home/bin/cargo" "+1.99.0-beta.8" "fetch" "--manifest-path" "Cargo.toml", kill_on_drop: false }`
[INFO] [stderr]     Updating crates.io index
[INFO] [stderr]  Downloading crates ...
[INFO] [stderr]   Downloaded dope-gen v0.11.0
[INFO] [stderr]   Downloaded dope-fiber v0.11.0
[INFO] [stderr]   Downloaded dope-net v0.11.0
[INFO] [stderr]   Downloaded o3 v0.7.1
[INFO] [stderr]   Downloaded dope-core v0.11.0
[INFO] [stderr]   Downloaded dope v0.11.0
[INFO] [stderr]   Downloaded io-uring v0.7.13
[INFO] running `Command { std: "docker" "create" "-v" "/var/lib/crater-agent-workspace/builds/worker-6-tc1/source:/opt/rustwide/workdir:ro,Z" "-v" "/var/lib/crater-agent-workspace/builds/worker-6-tc1/target:/opt/rustwide/target:rw,Z" "-v" "/var/lib/crater-agent-workspace/cargo-home:/opt/rustwide/cargo-home:ro,Z" "-v" "/var/lib/crater-agent-workspace/rustup-home:/opt/rustwide/rustup-home:ro,Z" "-m" "1610612736" "--network" "none" "ghcr.io/rust-lang/crates-build-env/linux@sha256:77db811e55d90add9212f6832c23229e3de5f1c1f9905e8cb07319ea15df73ac" "sleep" "infinity", kill_on_drop: false }`
[INFO] [stdout] 6d3e01bfabf0a667193e2c6edd77aadc299910b49dd81f70b1cfb4afc202d090
[INFO] running `Command { std: "docker" "start" "6d3e01bfabf0a667193e2c6edd77aadc299910b49dd81f70b1cfb4afc202d090", kill_on_drop: false }`
[INFO] running `Command { std: "docker" "inspect" "6d3e01bfabf0a667193e2c6edd77aadc299910b49dd81f70b1cfb4afc202d090", kill_on_drop: false }`
[INFO] running `Command { std: "docker" "exec" "-e" "SOURCE_DIR=/opt/rustwide/workdir" "-e" "CARGO_HOME=/opt/rustwide/cargo-home" "-e" "RUSTUP_HOME=/opt/rustwide/rustup-home" "-e" "CARGO_TARGET_DIR=/opt/rustwide/target" "-w" "/opt/rustwide/workdir" "--user" "0:0" "6d3e01bfabf0a667193e2c6edd77aadc299910b49dd81f70b1cfb4afc202d090" "/opt/rustwide/cargo-home/bin/cargo" "+1.99.0-beta.8" "metadata" "--no-deps" "--format-version=1", kill_on_drop: false }`
[INFO] running `Command { std: "docker" "inspect" "6d3e01bfabf0a667193e2c6edd77aadc299910b49dd81f70b1cfb4afc202d090", kill_on_drop: false }`
[INFO] running `Command { std: "docker" "exec" "-e" "SOURCE_DIR=/opt/rustwide/workdir" "-e" "CARGO_HOME=/opt/rustwide/cargo-home" "-e" "RUSTUP_HOME=/opt/rustwide/rustup-home" "-e" "CARGO_TARGET_DIR=/opt/rustwide/target" "-e" "CARGO_INCREMENTAL=0" "-e" "RUST_BACKTRACE=full" "-e" "RUSTFLAGS=--cap-lints=warn" "-e" "RUSTDOCFLAGS=--cap-lints=warn" "-w" "/opt/rustwide/workdir" "--user" "0:0" "6d3e01bfabf0a667193e2c6edd77aadc299910b49dd81f70b1cfb4afc202d090" "/opt/rustwide/cargo-home/bin/cargo" "+1.99.0-beta.8" "build" "--frozen" "--message-format=json" "--release", kill_on_drop: false }`
[INFO] [stderr]    Compiling io-uring v0.7.13
[INFO] [stderr]    Compiling bitflags v2.13.1
[INFO] [stderr]    Compiling o3 v0.7.1
[INFO] [stderr]    Compiling siphasher v1.0.3
[INFO] [stderr]    Compiling toml_parser v1.1.2+spec-1.1.0
[INFO] [stderr]    Compiling syn v2.0.119
[INFO] [stderr]    Compiling syn v3.0.3
[INFO] [stderr]    Compiling toml_edit v0.25.13+spec-1.1.0
[INFO] [stderr]    Compiling dope-core v0.11.0
[INFO] [stderr]    Compiling proc-macro-crate v3.5.0
[INFO] [stderr]    Compiling dope-net v0.11.0
[INFO] [stderr]    Compiling pin-project-internal v1.1.13
[INFO] [stderr]    Compiling dope-gen v0.11.0
[INFO] [stderr]    Compiling pin-project v1.1.13
[INFO] [stderr]    Compiling dope v0.11.0
[INFO] [stderr]    Compiling dope-fiber v0.11.0
[INFO] [stderr]    Compiling dope-extra v0.11.0 (/opt/rustwide/workdir)
[INFO] [stderr]     Finished `release` profile [optimized] target(s) in 12.10s
[INFO] running `Command { std: "docker" "inspect" "6d3e01bfabf0a667193e2c6edd77aadc299910b49dd81f70b1cfb4afc202d090", kill_on_drop: false }`
[INFO] running `Command { std: "docker" "exec" "-e" "SOURCE_DIR=/opt/rustwide/workdir" "-e" "CARGO_HOME=/opt/rustwide/cargo-home" "-e" "RUSTUP_HOME=/opt/rustwide/rustup-home" "-e" "CARGO_TARGET_DIR=/opt/rustwide/target" "-e" "CARGO_INCREMENTAL=0" "-e" "RUST_BACKTRACE=full" "-e" "RUSTFLAGS=--cap-lints=warn" "-e" "RUSTDOCFLAGS=--cap-lints=warn" "-w" "/opt/rustwide/workdir" "--user" "0:0" "6d3e01bfabf0a667193e2c6edd77aadc299910b49dd81f70b1cfb4afc202d090" "/opt/rustwide/cargo-home/bin/cargo" "+1.99.0-beta.8" "test" "--frozen" "--no-run" "--message-format=json" "--release", kill_on_drop: false }`
[INFO] [stderr]    Compiling dope-extra v0.11.0 (/opt/rustwide/workdir)
[INFO] [stdout] error[E0432]: unresolved import `dope_test`
[INFO] [stdout]   --> tests/session/tests.rs:13:5
[INFO] [stdout]    |
[INFO] [stdout] 13 | use dope_test::with_session_for;
[INFO] [stdout]    |     ^^^^^^^^^ use of unresolved module or unlinked crate `dope_test`
[INFO] [stdout]    |
[INFO] [stdout] help: there is a crate or module with a similar name
[INFO] [stdout]    |
[INFO] [stdout] 13 - use dope_test::with_session_for;
[INFO] [stdout] 13 + use dope_gen::with_session_for;
[INFO] [stdout]    |
[INFO] [stdout] 
[INFO] [stdout] 
[INFO] [stdout] error[E0433]: cannot find module or crate `dope_test` in this scope
[INFO] [stdout]   --> tests/harness.rs:26:5
[INFO] [stdout]    |
[INFO] [stdout] 26 |     dope_test::with_context(|mut cx| {
[INFO] [stdout]    |     ^^^^^^^^^ use of unresolved module or unlinked crate `dope_test`
[INFO] [stdout]    |
[INFO] [stdout] help: there is a crate or module with a similar name
[INFO] [stdout]    |
[INFO] [stdout] 26 -     dope_test::with_context(|mut cx| {
[INFO] [stdout] 26 +     dope_gen::with_context(|mut cx| {
[INFO] [stdout]    |
[INFO] [stdout] 
[INFO] [stdout] 
[INFO] [stdout] error[E0433]: cannot find module or crate `dope_test` in this scope
[INFO] [stdout]   --> tests/harness.rs:28:17
[INFO] [stdout]    |
[INFO] [stdout] 28 |         assert!(dope_test::poll_ready(once.as_mut(), cx.as_mut()).is_pending());
[INFO] [stdout]    |                 ^^^^^^^^^ use of unresolved module or unlinked crate `dope_test`
[INFO] [stdout]    |
[INFO] [stdout] help: there is a crate or module with a similar name
[INFO] [stdout]    |
[INFO] [stdout] 28 -         assert!(dope_test::poll_ready(once.as_mut(), cx.as_mut()).is_pending());
[INFO] [stdout] 28 +         assert!(dope_gen::poll_ready(once.as_mut(), cx.as_mut()).is_pending());
[INFO] [stdout]    |
[INFO] [stdout] 
[INFO] [stdout] 
[INFO] [stdout] error[E0433]: cannot find module or crate `dope_test` in this scope
[INFO] [stdout]   --> tests/harness.rs:35:5
[INFO] [stdout]    |
[INFO] [stdout] 35 |     dope_test::with_session(|mut session| {
[INFO] [stdout]    |     ^^^^^^^^^ use of unresolved module or unlinked crate `dope_test`
[INFO] [stdout]    |
[INFO] [stdout] help: there is a crate or module with a similar name
[INFO] [stdout]    |
[INFO] [stdout] 35 -     dope_test::with_session(|mut session| {
[INFO] [stdout] 35 +     dope_gen::with_session(|mut session| {
[INFO] [stdout]    |
[INFO] [stdout] 
[INFO] [stdout] 
[INFO] [stdout] error[E0433]: cannot find module or crate `dope_test` in this scope
[INFO] [stdout]   --> tests/harness.rs:39:30
[INFO] [stdout]    |
[INFO] [stdout] 39 |             .make_ready_slot(dope_test::tok(0))
[INFO] [stdout]    |                              ^^^^^^^^^ use of unresolved module or unlinked crate `dope_test`
[INFO] [stdout]    |
[INFO] [stdout] help: there is a crate or module with a similar name
[INFO] [stdout]    |
[INFO] [stdout] 39 -             .make_ready_slot(dope_test::tok(0))
[INFO] [stdout] 39 +             .make_ready_slot(dope_gen::tok(0))
[INFO] [stdout]    |
[INFO] [stdout] 
[INFO] [stdout] 
[INFO] [stdout] error[E0433]: cannot find module or crate `dope_test` in this scope
[INFO] [stdout]   --> tests/harness.rs:43:17
[INFO] [stdout]    |
[INFO] [stdout] 43 |         assert!(dope_test::poll_with_slot(&mut session, &slot, bounded.as_mut()).is_pending());
[INFO] [stdout]    |                 ^^^^^^^^^ use of unresolved module or unlinked crate `dope_test`
[INFO] [stdout]    |
[INFO] [stdout] help: there is a crate or module with a similar name
[INFO] [stdout]    |
[INFO] [stdout] 43 -         assert!(dope_test::poll_with_slot(&mut session, &slot, bounded.as_mut()).is_pending());
[INFO] [stdout] 43 +         assert!(dope_gen::poll_with_slot(&mut session, &slot, bounded.as_mut()).is_pending());
[INFO] [stdout]    |
[INFO] [stdout] 
[INFO] [stdout] 
[INFO] [stdout] error[E0433]: cannot find module or crate `dope_test` in this scope
[INFO] [stdout]   --> tests/harness.rs:46:23
[INFO] [stdout]    |
[INFO] [stdout] 46 |         let outcome = dope_test::poll_with_slot(&mut session, &slot, bounded.as_mut());
[INFO] [stdout]    |                       ^^^^^^^^^ use of unresolved module or unlinked crate `dope_test`
[INFO] [stdout]    |
[INFO] [stdout] help: there is a crate or module with a similar name
[INFO] [stdout]    |
[INFO] [stdout] 46 -         let outcome = dope_test::poll_with_slot(&mut session, &slot, bounded.as_mut());
[INFO] [stdout] 46 +         let outcome = dope_gen::poll_with_slot(&mut session, &slot, bounded.as_mut());
[INFO] [stdout]    |
[INFO] [stdout] 
[INFO] [stdout] 
[INFO] [stdout] For more information about this error, try `rustc --explain E0432`.
[INFO] [stdout] 
[INFO] [stderr] error: could not compile `dope-extra` (test "session") due to 1 previous error
[INFO] [stderr] warning: build failed, waiting for other jobs to finish...
[INFO] [stdout] For more information about this error, try `rustc --explain E0433`.
[INFO] [stdout] 
[INFO] [stderr] error: could not compile `dope-extra` (test "harness") due to 6 previous errors
[INFO] running `Command { std: "docker" "inspect" "6d3e01bfabf0a667193e2c6edd77aadc299910b49dd81f70b1cfb4afc202d090", kill_on_drop: false }`
[INFO] running `Command { std: "docker" "rm" "-f" "6d3e01bfabf0a667193e2c6edd77aadc299910b49dd81f70b1cfb4afc202d090", kill_on_drop: false }`
[INFO] [stdout] 6d3e01bfabf0a667193e2c6edd77aadc299910b49dd81f70b1cfb4afc202d090
