[INFO] fetching crate domcom-form-manager 0.2.0...
[INFO] testing domcom-form-manager-0.2.0 against 1.99.0-beta.8+cargoflags=--release for beta-release-1.100-2
[INFO] extracting crate domcom-form-manager 0.2.0 into /workspace/builds/worker-1-tc1/source
[INFO] started tweaking crates.io crate domcom-form-manager 0.2.0
[INFO] finished tweaking crates.io crate domcom-form-manager 0.2.0
[INFO] tweaked toml for crates.io crate domcom-form-manager 0.2.0 written to /workspace/builds/worker-1-tc1/source/Cargo.toml
[INFO] validating manifest of crates.io crate domcom-form-manager 0.2.0 on toolchain 1.99.0-beta.8
[INFO] running `Command { std: CARGO_HOME="/workspace/cargo-home" RUSTUP_HOME="/workspace/rustup-home" "/workspace/cargo-home/bin/cargo" "+1.99.0-beta.8" "metadata" "--manifest-path" "Cargo.toml" "--no-deps", kill_on_drop: false }`
[INFO] running `Command { std: CARGO_HOME="/workspace/cargo-home" RUSTUP_HOME="/workspace/rustup-home" "/workspace/cargo-home/bin/cargo" "+1.99.0-beta.8" "generate-lockfile" "--manifest-path" "Cargo.toml", kill_on_drop: false }`
[INFO] [stderr]     Updating crates.io index
[INFO] [stderr]      Locking 39 packages to highest compatible versions
[INFO] [stderr]       Adding syn v2.0.119 (available: v3.0.9)
[INFO] running `Command { std: CARGO_HOME="/workspace/cargo-home" RUSTUP_HOME="/workspace/rustup-home" "/workspace/cargo-home/bin/cargo" "+1.99.0-beta.8" "fetch" "--manifest-path" "Cargo.toml", kill_on_drop: false }`
[INFO] [stderr]  Downloading crates ...
[INFO] [stderr]   Downloaded futures-signals v0.3.34
[INFO] [stderr]   Downloaded gensym v0.1.1
[INFO] running `Command { std: "docker" "create" "-v" "/var/lib/crater-agent-workspace/builds/worker-1-tc1/source:/opt/rustwide/workdir:ro,Z" "-v" "/var/lib/crater-agent-workspace/builds/worker-1-tc1/target:/opt/rustwide/target:rw,Z" "-v" "/var/lib/crater-agent-workspace/cargo-home:/opt/rustwide/cargo-home:ro,Z" "-v" "/var/lib/crater-agent-workspace/rustup-home:/opt/rustwide/rustup-home:ro,Z" "-m" "1610612736" "--network" "none" "ghcr.io/rust-lang/crates-build-env/linux@sha256:77db811e55d90add9212f6832c23229e3de5f1c1f9905e8cb07319ea15df73ac" "sleep" "infinity", kill_on_drop: false }`
[INFO] [stdout] 3179eccc147fc604c00fa9099fdfa75a41694d747c05c75dd4ef931bb31feace
[INFO] running `Command { std: "docker" "start" "3179eccc147fc604c00fa9099fdfa75a41694d747c05c75dd4ef931bb31feace", kill_on_drop: false }`
[INFO] running `Command { std: "docker" "inspect" "3179eccc147fc604c00fa9099fdfa75a41694d747c05c75dd4ef931bb31feace", kill_on_drop: false }`
[INFO] running `Command { std: "docker" "exec" "-e" "SOURCE_DIR=/opt/rustwide/workdir" "-e" "CARGO_HOME=/opt/rustwide/cargo-home" "-e" "RUSTUP_HOME=/opt/rustwide/rustup-home" "-e" "CARGO_TARGET_DIR=/opt/rustwide/target" "-w" "/opt/rustwide/workdir" "--user" "0:0" "3179eccc147fc604c00fa9099fdfa75a41694d747c05c75dd4ef931bb31feace" "/opt/rustwide/cargo-home/bin/cargo" "+1.99.0-beta.8" "metadata" "--no-deps" "--format-version=1", kill_on_drop: false }`
[INFO] running `Command { std: "docker" "inspect" "3179eccc147fc604c00fa9099fdfa75a41694d747c05c75dd4ef931bb31feace", kill_on_drop: false }`
[INFO] running `Command { std: "docker" "exec" "-e" "SOURCE_DIR=/opt/rustwide/workdir" "-e" "CARGO_HOME=/opt/rustwide/cargo-home" "-e" "RUSTUP_HOME=/opt/rustwide/rustup-home" "-e" "CARGO_TARGET_DIR=/opt/rustwide/target" "-e" "CARGO_INCREMENTAL=0" "-e" "RUST_BACKTRACE=full" "-e" "RUSTFLAGS=--cap-lints=warn" "-e" "RUSTDOCFLAGS=--cap-lints=warn" "-w" "/opt/rustwide/workdir" "--user" "0:0" "3179eccc147fc604c00fa9099fdfa75a41694d747c05c75dd4ef931bb31feace" "/opt/rustwide/cargo-home/bin/cargo" "+1.99.0-beta.8" "build" "--frozen" "--message-format=json" "--release", kill_on_drop: false }`
[INFO] [stderr]    Compiling libc v0.2.191
[INFO] [stderr]    Compiling syn v3.0.9
[INFO] [stderr]    Compiling getrandom v0.4.3
[INFO] [stderr]    Compiling syn v2.0.119
[INFO] [stderr]    Compiling serde_core v1.0.229
[INFO] [stderr]    Compiling futures-core v0.3.34
[INFO] [stderr]    Compiling pin-project-lite v0.2.17
[INFO] [stderr]    Compiling slab v0.4.12
[INFO] [stderr]    Compiling futures-task v0.3.34
[INFO] [stderr]    Compiling log v0.4.34
[INFO] [stderr]    Compiling discard v1.0.4
[INFO] [stderr]    Compiling serde v1.0.229
[INFO] [stderr]    Compiling regex-automata v0.4.18
[INFO] [stderr]    Compiling futures-channel v0.3.34
[INFO] [stderr]    Compiling uuid v1.28.0
[INFO] [stderr]    Compiling regex v1.13.1
[INFO] [stderr]    Compiling serde_derive v1.0.229
[INFO] [stderr]    Compiling futures-macro v0.3.34
[INFO] [stderr]    Compiling pin-project-internal v1.1.13
[INFO] [stderr]    Compiling gensym v0.1.1
[INFO] [stderr]    Compiling futures-util v0.3.34
[INFO] [stderr]    Compiling pin-project v1.1.13
[INFO] [stderr]    Compiling futures-signals v0.3.34
[INFO] [stderr]    Compiling domcom-form-manager v0.2.0 (/opt/rustwide/workdir)
[INFO] [stderr]     Finished `release` profile [optimized] target(s) in 15.94s
[INFO] running `Command { std: "docker" "inspect" "3179eccc147fc604c00fa9099fdfa75a41694d747c05c75dd4ef931bb31feace", kill_on_drop: false }`
[INFO] running `Command { std: "docker" "exec" "-e" "SOURCE_DIR=/opt/rustwide/workdir" "-e" "CARGO_HOME=/opt/rustwide/cargo-home" "-e" "RUSTUP_HOME=/opt/rustwide/rustup-home" "-e" "CARGO_TARGET_DIR=/opt/rustwide/target" "-e" "CARGO_INCREMENTAL=0" "-e" "RUST_BACKTRACE=full" "-e" "RUSTFLAGS=--cap-lints=warn" "-e" "RUSTDOCFLAGS=--cap-lints=warn" "-w" "/opt/rustwide/workdir" "--user" "0:0" "3179eccc147fc604c00fa9099fdfa75a41694d747c05c75dd4ef931bb31feace" "/opt/rustwide/cargo-home/bin/cargo" "+1.99.0-beta.8" "test" "--frozen" "--no-run" "--message-format=json" "--release", kill_on_drop: false }`
[INFO] [stderr]    Compiling futures-core v0.3.34
[INFO] [stderr]    Compiling pin-project v1.1.13
[INFO] [stderr]    Compiling discard v1.0.4
[INFO] [stderr]    Compiling serde v1.0.229
[INFO] [stderr]    Compiling domcom-form-manager v0.2.0 (/opt/rustwide/workdir)
[INFO] [stderr]    Compiling syn v2.0.119
[INFO] [stderr]    Compiling futures-channel v0.3.34
[INFO] [stderr]    Compiling futures-util v0.3.34
[INFO] [stderr]    Compiling futures-signals v0.3.34
[INFO] [stdout] error[E0308]: mismatched types
[INFO] [stdout]   --> tests/main.rs:16:20
[INFO] [stdout]    |
[INFO] [stdout] 16 |           let data = form!(
[INFO] [stdout]    |  ____________________^
[INFO] [stdout] 17 | |             .field(id: "first_name", label: "First Name", pattern: ".{3,}", required: true, type: String)
[INFO] [stdout] 18 | |             .field(id: "first_name", label: "First Name", pattern: ".{3,}", required: true, type: String)
[INFO] [stdout] 19 | |             .field(id: "first_name", label: "First Name", pattern: ".{3,}", required: true, type: String)
[INFO] [stdout] 20 | |         );
[INFO] [stdout]    | |_________^ expected `String`, found `&str`
[INFO] [stdout]    |
[INFO] [stdout]    = note: this error originates in the macro `form` (in Nightly builds, run with -Z macro-backtrace for more info)
[INFO] [stdout] help: try using a conversion method
[INFO] [stdout]    |
[INFO] [stdout] 20 |         ).to_string();
[INFO] [stdout]    |          ++++++++++++
[INFO] [stdout] 
[INFO] [stdout] 
[INFO] [stdout] error[E0061]: this function takes 1 argument but 0 arguments were supplied
[INFO] [stdout]    --> tests/main.rs:16:20
[INFO] [stdout]     |
[INFO] [stdout]  16 |           let data = form!(
[INFO] [stdout]     |  ____________________^
[INFO] [stdout]  17 | |             .field(id: "first_name", label: "First Name", pattern: ".{3,}", required: true, type: String)
[INFO] [stdout]  18 | |             .field(id: "first_name", label: "First Name", pattern: ".{3,}", required: true, type: String)
[INFO] [stdout]  19 | |             .field(id: "first_name", label: "First Name", pattern: ".{3,}", required: true, type: String)
[INFO] [stdout]  20 | |         );
[INFO] [stdout]     | |_________^ argument #1 of type `String` is missing
[INFO] [stdout]     |
[INFO] [stdout] note: associated function defined here
[INFO] [stdout]    --> /opt/rustwide/cargo-home/registry/src/index.crates.io-1949cf8c6b5b557f/futures-signals-0.3.34/src/signal/mutable.rs:244:12
[INFO] [stdout]     |
[INFO] [stdout] 244 |     pub fn new(value: A) -> Self {
[INFO] [stdout]     |            ^^^
[INFO] [stdout]     = note: this error originates in the macro `form` (in Nightly builds, run with -Z macro-backtrace for more info)
[INFO] [stdout] 
[INFO] [stdout] 
[INFO] [stdout] error[E0061]: this function takes 1 argument but 0 arguments were supplied
[INFO] [stdout]    --> tests/main.rs:16:20
[INFO] [stdout]     |
[INFO] [stdout]  16 |           let data = form!(
[INFO] [stdout]     |  ____________________^
[INFO] [stdout]  17 | |             .field(id: "first_name", label: "First Name", pattern: ".{3,}", required: true, type: String)
[INFO] [stdout]  18 | |             .field(id: "first_name", label: "First Name", pattern: ".{3,}", required: true, type: String)
[INFO] [stdout]  19 | |             .field(id: "first_name", label: "First Name", pattern: ".{3,}", required: true, type: String)
[INFO] [stdout]  20 | |         );
[INFO] [stdout]     | |_________^ argument #1 of type `Option<String>` is missing
[INFO] [stdout]     |
[INFO] [stdout] note: associated function defined here
[INFO] [stdout]    --> /opt/rustwide/cargo-home/registry/src/index.crates.io-1949cf8c6b5b557f/futures-signals-0.3.34/src/signal/mutable.rs:244:12
[INFO] [stdout]     |
[INFO] [stdout] 244 |     pub fn new(value: A) -> Self {
[INFO] [stdout]     |            ^^^
[INFO] [stdout]     = note: this error originates in the macro `form` (in Nightly builds, run with -Z macro-backtrace for more info)
[INFO] [stdout] 
[INFO] [stdout] 
[INFO] [stdout] error[E0308]: mismatched types
[INFO] [stdout]   --> tests/main.rs:16:20
[INFO] [stdout]    |
[INFO] [stdout] 16 |           let data = form!(
[INFO] [stdout]    |  ____________________^
[INFO] [stdout] 17 | |             .field(id: "first_name", label: "First Name", pattern: ".{3,}", required: true, type: String)
[INFO] [stdout] 18 | |             .field(id: "first_name", label: "First Name", pattern: ".{3,}", required: true, type: String)
[INFO] [stdout] 19 | |             .field(id: "first_name", label: "First Name", pattern: ".{3,}", required: true, type: String)
[INFO] [stdout] 20 | |         );
[INFO] [stdout]    | |_________^ expected `Option<String>`, found `&str`
[INFO] [stdout]    |
[INFO] [stdout]    = note:   expected enum `Option<String>`
[INFO] [stdout]            found reference `&'static str`
[INFO] [stdout]    = note: this error originates in the macro `form` (in Nightly builds, run with -Z macro-backtrace for more info)
[INFO] [stdout] 
[INFO] [stdout] 
[INFO] [stdout] Some errors have detailed explanations: E0061, E0308.
[INFO] [stdout] 
[INFO] [stdout] For more information about an error, try `rustc --explain E0061`.
[INFO] [stdout] 
[INFO] [stderr] error: could not compile `domcom-form-manager` (test "main") due to 4 previous errors
[INFO] running `Command { std: "docker" "inspect" "3179eccc147fc604c00fa9099fdfa75a41694d747c05c75dd4ef931bb31feace", kill_on_drop: false }`
[INFO] running `Command { std: "docker" "rm" "-f" "3179eccc147fc604c00fa9099fdfa75a41694d747c05c75dd4ef931bb31feace", kill_on_drop: false }`
[INFO] [stdout] 3179eccc147fc604c00fa9099fdfa75a41694d747c05c75dd4ef931bb31feace
