[INFO] fetching crate domainstack-http 1.0.0...
[INFO] testing domainstack-http-1.0.0 against 1.100.0-beta.1+cargoflags=--release for beta-release-1.100-2
[INFO] extracting crate domainstack-http 1.0.0 into /workspace/builds/worker-6-tc2/source
[INFO] started tweaking crates.io crate domainstack-http 1.0.0
[INFO] finished tweaking crates.io crate domainstack-http 1.0.0
[INFO] tweaked toml for crates.io crate domainstack-http 1.0.0 written to /workspace/builds/worker-6-tc2/source/Cargo.toml
[INFO] validating manifest of crates.io crate domainstack-http 1.0.0 on toolchain 1.100.0-beta.1
[INFO] running `Command { std: CARGO_HOME="/workspace/cargo-home" RUSTUP_HOME="/workspace/rustup-home" "/workspace/cargo-home/bin/cargo" "+1.100.0-beta.1" "metadata" "--manifest-path" "Cargo.toml" "--no-deps", kill_on_drop: false }`
[INFO] crate crates.io crate domainstack-http 1.0.0 already has a lockfile, it will not be regenerated
[INFO] running `Command { std: CARGO_HOME="/workspace/cargo-home" RUSTUP_HOME="/workspace/rustup-home" "/workspace/cargo-home/bin/cargo" "+1.100.0-beta.1" "fetch" "--manifest-path" "Cargo.toml", kill_on_drop: false }`
[INFO] running `Command { std: "docker" "create" "-v" "/var/lib/crater-agent-workspace/builds/worker-6-tc2/source:/opt/rustwide/workdir:ro,Z" "-v" "/var/lib/crater-agent-workspace/builds/worker-6-tc2/target:/opt/rustwide/target:rw,Z" "-v" "/var/lib/crater-agent-workspace/cargo-home:/opt/rustwide/cargo-home:ro,Z" "-v" "/var/lib/crater-agent-workspace/rustup-home:/opt/rustwide/rustup-home:ro,Z" "-m" "1610612736" "--network" "none" "ghcr.io/rust-lang/crates-build-env/linux@sha256:77db811e55d90add9212f6832c23229e3de5f1c1f9905e8cb07319ea15df73ac" "sleep" "infinity", kill_on_drop: false }`
[INFO] [stdout] 59d69cf3eceb1057e68cfd2e230a53bd051c1f94bd4f2af807f3aa59183dd6b9
[INFO] running `Command { std: "docker" "start" "59d69cf3eceb1057e68cfd2e230a53bd051c1f94bd4f2af807f3aa59183dd6b9", kill_on_drop: false }`
[INFO] running `Command { std: "docker" "inspect" "59d69cf3eceb1057e68cfd2e230a53bd051c1f94bd4f2af807f3aa59183dd6b9", kill_on_drop: false }`
[INFO] running `Command { std: "docker" "exec" "-e" "SOURCE_DIR=/opt/rustwide/workdir" "-e" "CARGO_HOME=/opt/rustwide/cargo-home" "-e" "RUSTUP_HOME=/opt/rustwide/rustup-home" "-e" "CARGO_TARGET_DIR=/opt/rustwide/target" "-w" "/opt/rustwide/workdir" "--user" "0:0" "59d69cf3eceb1057e68cfd2e230a53bd051c1f94bd4f2af807f3aa59183dd6b9" "/opt/rustwide/cargo-home/bin/cargo" "+1.100.0-beta.1" "metadata" "--no-deps" "--format-version=1", kill_on_drop: false }`
[INFO] running `Command { std: "docker" "inspect" "59d69cf3eceb1057e68cfd2e230a53bd051c1f94bd4f2af807f3aa59183dd6b9", kill_on_drop: false }`
[INFO] running `Command { std: "docker" "exec" "-e" "SOURCE_DIR=/opt/rustwide/workdir" "-e" "CARGO_HOME=/opt/rustwide/cargo-home" "-e" "RUSTUP_HOME=/opt/rustwide/rustup-home" "-e" "CARGO_TARGET_DIR=/opt/rustwide/target" "-e" "CARGO_INCREMENTAL=0" "-e" "RUST_BACKTRACE=full" "-e" "RUSTFLAGS=--cap-lints=warn" "-e" "RUSTDOCFLAGS=--cap-lints=warn" "-w" "/opt/rustwide/workdir" "--user" "0:0" "59d69cf3eceb1057e68cfd2e230a53bd051c1f94bd4f2af807f3aa59183dd6b9" "/opt/rustwide/cargo-home/bin/cargo" "+1.100.0-beta.1" "build" "--frozen" "--message-format=json" "--release", kill_on_drop: false }`
[INFO] [stderr]    Compiling proc-macro2 v1.0.103
[INFO] [stderr]    Compiling quote v1.0.42
[INFO] [stderr]    Compiling unicode-ident v1.0.22
[INFO] [stderr]    Compiling itoa v1.0.16
[INFO] [stderr]    Compiling serde_json v1.0.146
[INFO] [stderr]    Compiling ryu v1.0.21
[INFO] [stderr]    Compiling bytes v1.11.0
[INFO] [stderr]    Compiling memchr v2.7.6
[INFO] [stderr]    Compiling domainstack v1.0.0
[INFO] [stderr]    Compiling http v1.4.0
[INFO] [stderr]    Compiling syn v2.0.111
[INFO] [stderr]    Compiling thiserror-impl v1.0.69
[INFO] [stderr]    Compiling serde_derive v1.0.228
[INFO] [stderr]    Compiling thiserror v1.0.69
[INFO] [stderr]    Compiling serde v1.0.228
[INFO] [stderr]    Compiling error-envelope v0.2.1
[INFO] [stderr]    Compiling domainstack-envelope v1.0.0
[INFO] [stderr]    Compiling domainstack-http v1.0.0 (/opt/rustwide/workdir)
[INFO] [stderr]     Finished `release` profile [optimized] target(s) in 22.80s
[INFO] running `Command { std: "docker" "inspect" "59d69cf3eceb1057e68cfd2e230a53bd051c1f94bd4f2af807f3aa59183dd6b9", kill_on_drop: false }`
[INFO] running `Command { std: "docker" "exec" "-e" "SOURCE_DIR=/opt/rustwide/workdir" "-e" "CARGO_HOME=/opt/rustwide/cargo-home" "-e" "RUSTUP_HOME=/opt/rustwide/rustup-home" "-e" "CARGO_TARGET_DIR=/opt/rustwide/target" "-e" "CARGO_INCREMENTAL=0" "-e" "RUST_BACKTRACE=full" "-e" "RUSTFLAGS=--cap-lints=warn" "-e" "RUSTDOCFLAGS=--cap-lints=warn" "-w" "/opt/rustwide/workdir" "--user" "0:0" "59d69cf3eceb1057e68cfd2e230a53bd051c1f94bd4f2af807f3aa59183dd6b9" "/opt/rustwide/cargo-home/bin/cargo" "+1.100.0-beta.1" "test" "--frozen" "--no-run" "--message-format=json" "--release", kill_on_drop: false }`
[INFO] [stderr]    Compiling domainstack-http v1.0.0 (/opt/rustwide/workdir)
[INFO] [stdout] error: cannot find derive macro `Validate` in this scope
[INFO] [stdout]   --> src/lib.rs:86:28
[INFO] [stdout]    |
[INFO] [stdout] 86 |     #[derive(Debug, Clone, Validate)]
[INFO] [stdout]    |                            ^^^^^^^^
[INFO] [stdout]    |
[INFO] [stdout] note: `Validate` is a trait, not a derive macro
[INFO] [stdout]   --> /opt/rustwide/cargo-home/registry/src/index.crates.io-1949cf8c6b5b557f/domainstack-1.0.0/src/validate.rs:3:1
[INFO] [stdout]    |
[INFO] [stdout]  3 | pub trait Validate {
[INFO] [stdout]    | ^^^^^^^^^^^^^^^^^^
[INFO] [stdout]    = help: consider implementing `Validate` for your type manually
[INFO] [stdout] 
[INFO] [stdout] 
[INFO] [stdout] error: cannot find attribute `validate` in this scope
[INFO] [stdout]   --> src/lib.rs:88:11
[INFO] [stdout]    |
[INFO] [stdout] 88 |         #[validate(length(min = 5, max = 255))]
[INFO] [stdout]    |           ^^^^^^^^
[INFO] [stdout]    |
[INFO] [stdout] note: `validate` is imported here, but it is a function, not an attribute
[INFO] [stdout]   --> src/lib.rs:83:9
[INFO] [stdout]    |
[INFO] [stdout] 83 |     use domainstack::prelude::*;
[INFO] [stdout]    |         ^^^^^^^^^^^^^^^^^^^^^^^
[INFO] [stdout] 
[INFO] [stdout] 
[INFO] [stdout] error: cannot find derive macro `Validate` in this scope
[INFO] [stdout]    --> src/lib.rs:175:28
[INFO] [stdout]     |
[INFO] [stdout] 175 |     #[derive(Debug, Clone, Validate)]
[INFO] [stdout]     |                            ^^^^^^^^
[INFO] [stdout]     |
[INFO] [stdout] note: `Validate` is a trait, not a derive macro
[INFO] [stdout]    --> /opt/rustwide/cargo-home/registry/src/index.crates.io-1949cf8c6b5b557f/domainstack-1.0.0/src/validate.rs:3:1
[INFO] [stdout]     |
[INFO] [stdout]   3 | pub trait Validate {
[INFO] [stdout]     | ^^^^^^^^^^^^^^^^^^
[INFO] [stdout]     = help: consider implementing `Validate` for your type manually
[INFO] [stdout] 
[INFO] [stdout] 
[INFO] [stdout] error: cannot find attribute `validate` in this scope
[INFO] [stdout]    --> src/lib.rs:177:11
[INFO] [stdout]     |
[INFO] [stdout] 177 |         #[validate(length(min = 2, max = 50))]
[INFO] [stdout]     |           ^^^^^^^^
[INFO] [stdout]     |
[INFO] [stdout] note: `validate` is imported here, but it is a function, not an attribute
[INFO] [stdout]    --> src/lib.rs:83:9
[INFO] [stdout]     |
[INFO] [stdout]  83 |     use domainstack::prelude::*;
[INFO] [stdout]     |         ^^^^^^^^^^^^^^^^^^^^^^^
[INFO] [stdout] 
[INFO] [stdout] 
[INFO] [stdout] error: cannot find attribute `validate` in this scope
[INFO] [stdout]    --> src/lib.rs:180:11
[INFO] [stdout]     |
[INFO] [stdout] 180 |         #[validate(range(min = 18, max = 120))]
[INFO] [stdout]     |           ^^^^^^^^
[INFO] [stdout]     |
[INFO] [stdout] note: `validate` is imported here, but it is a function, not an attribute
[INFO] [stdout]    --> src/lib.rs:83:9
[INFO] [stdout]     |
[INFO] [stdout]  83 |     use domainstack::prelude::*;
[INFO] [stdout]     |         ^^^^^^^^^^^^^^^^^^^^^^^
[INFO] [stdout] 
[INFO] [stdout] 
[INFO] [stdout] error[E0277]: the trait bound `EmailDto: Validate` is not satisfied
[INFO] [stdout]    --> src/lib.rs:156:35
[INFO] [stdout]     |
[INFO] [stdout] 156 |         let result = validate_dto(dto.clone());
[INFO] [stdout]     |                      ------------ ^^^^^^^^^^^ unsatisfied trait bound
[INFO] [stdout]     |                      |
[INFO] [stdout]     |                      required by a bound introduced by this call
[INFO] [stdout]     |
[INFO] [stdout] help: the trait `Validate` is not implemented for `EmailDto`
[INFO] [stdout]    --> src/lib.rs:87:5
[INFO] [stdout]     |
[INFO] [stdout]  87 |     struct EmailDto {
[INFO] [stdout]     |     ^^^^^^^^^^^^^^^
[INFO] [stdout] note: required by a bound in `validate_dto`
[INFO] [stdout]    --> src/lib.rs:73:10
[INFO] [stdout]     |
[INFO] [stdout]  71 | pub fn validate_dto<Dto>(dto: Dto) -> Result<Dto, error_envelope::Error>
[INFO] [stdout]  72 | where
[INFO] [stdout]  73 |     Dto: Validate,
[INFO] [stdout]     |          ^^^^^^^^ required by this bound in `validate_dto`
[INFO] [stdout] 
[INFO] [stdout] 
[INFO] [stdout] error[E0277]: the trait bound `EmailDto: Validate` is not satisfied
[INFO] [stdout]    --> src/lib.rs:167:35
[INFO] [stdout]     |
[INFO] [stdout] 167 |         let result = validate_dto(dto);
[INFO] [stdout]     |                      ------------ ^^^ unsatisfied trait bound
[INFO] [stdout]     |                      |
[INFO] [stdout]     |                      required by a bound introduced by this call
[INFO] [stdout]     |
[INFO] [stdout] help: the trait `Validate` is not implemented for `EmailDto`
[INFO] [stdout]    --> src/lib.rs:87:5
[INFO] [stdout]     |
[INFO] [stdout]  87 |     struct EmailDto {
[INFO] [stdout]     |     ^^^^^^^^^^^^^^^
[INFO] [stdout] note: required by a bound in `validate_dto`
[INFO] [stdout]    --> src/lib.rs:73:10
[INFO] [stdout]     |
[INFO] [stdout]  71 | pub fn validate_dto<Dto>(dto: Dto) -> Result<Dto, error_envelope::Error>
[INFO] [stdout]  72 | where
[INFO] [stdout]  73 |     Dto: Validate,
[INFO] [stdout]     |          ^^^^^^^^ required by this bound in `validate_dto`
[INFO] [stdout] 
[INFO] [stdout] 
[INFO] [stdout] error[E0277]: the trait bound `UserDto: Validate` is not satisfied
[INFO] [stdout]    --> src/lib.rs:257:35
[INFO] [stdout]     |
[INFO] [stdout] 257 |         let result = validate_dto(dto.clone());
[INFO] [stdout]     |                      ------------ ^^^^^^^^^^^ unsatisfied trait bound
[INFO] [stdout]     |                      |
[INFO] [stdout]     |                      required by a bound introduced by this call
[INFO] [stdout]     |
[INFO] [stdout] help: the trait `Validate` is not implemented for `UserDto`
[INFO] [stdout]    --> src/lib.rs:176:5
[INFO] [stdout]     |
[INFO] [stdout] 176 |     struct UserDto {
[INFO] [stdout]     |     ^^^^^^^^^^^^^^
[INFO] [stdout] note: required by a bound in `validate_dto`
[INFO] [stdout]    --> src/lib.rs:73:10
[INFO] [stdout]     |
[INFO] [stdout]  71 | pub fn validate_dto<Dto>(dto: Dto) -> Result<Dto, error_envelope::Error>
[INFO] [stdout]  72 | where
[INFO] [stdout]  73 |     Dto: Validate,
[INFO] [stdout]     |          ^^^^^^^^ required by this bound in `validate_dto`
[INFO] [stdout] 
[INFO] [stdout] 
[INFO] [stdout] error[E0277]: the trait bound `UserDto: Validate` is not satisfied
[INFO] [stdout]    --> src/lib.rs:271:35
[INFO] [stdout]     |
[INFO] [stdout] 271 |         let result = validate_dto(dto);
[INFO] [stdout]     |                      ------------ ^^^ unsatisfied trait bound
[INFO] [stdout]     |                      |
[INFO] [stdout]     |                      required by a bound introduced by this call
[INFO] [stdout]     |
[INFO] [stdout] help: the trait `Validate` is not implemented for `UserDto`
[INFO] [stdout]    --> src/lib.rs:176:5
[INFO] [stdout]     |
[INFO] [stdout] 176 |     struct UserDto {
[INFO] [stdout]     |     ^^^^^^^^^^^^^^
[INFO] [stdout] note: required by a bound in `validate_dto`
[INFO] [stdout]    --> src/lib.rs:73:10
[INFO] [stdout]     |
[INFO] [stdout]  71 | pub fn validate_dto<Dto>(dto: Dto) -> Result<Dto, error_envelope::Error>
[INFO] [stdout]  72 | where
[INFO] [stdout]  73 |     Dto: Validate,
[INFO] [stdout]     |          ^^^^^^^^ required by this bound in `validate_dto`
[INFO] [stdout] 
[INFO] [stdout] 
[INFO] [stdout] For more information about this error, try `rustc --explain E0277`.
[INFO] [stdout] 
[INFO] [stderr] error: could not compile `domainstack-http` (lib test) due to 9 previous errors
[INFO] running `Command { std: "docker" "inspect" "59d69cf3eceb1057e68cfd2e230a53bd051c1f94bd4f2af807f3aa59183dd6b9", kill_on_drop: false }`
[INFO] running `Command { std: "docker" "rm" "-f" "59d69cf3eceb1057e68cfd2e230a53bd051c1f94bd4f2af807f3aa59183dd6b9", kill_on_drop: false }`
[INFO] [stdout] 59d69cf3eceb1057e68cfd2e230a53bd051c1f94bd4f2af807f3aa59183dd6b9
