[INFO] fetching crate domainstack-derive 1.1.1...
[INFO] testing domainstack-derive-1.1.1 against 1.100.0-beta.1+cargoflags=--release for beta-release-1.100-2
[INFO] extracting crate domainstack-derive 1.1.1 into /workspace/builds/worker-6-tc2/source
[INFO] started tweaking crates.io crate domainstack-derive 1.1.1
[INFO] removed 0 missing tests
[INFO] finished tweaking crates.io crate domainstack-derive 1.1.1
[INFO] tweaked toml for crates.io crate domainstack-derive 1.1.1 written to /workspace/builds/worker-6-tc2/source/Cargo.toml
[INFO] validating manifest of crates.io crate domainstack-derive 1.1.1 on toolchain 1.100.0-beta.1
[INFO] running `Command { std: CARGO_HOME="/workspace/cargo-home" RUSTUP_HOME="/workspace/rustup-home" "/workspace/cargo-home/bin/cargo" "+1.100.0-beta.1" "metadata" "--manifest-path" "Cargo.toml" "--no-deps", kill_on_drop: false }`
[INFO] crate crates.io crate domainstack-derive 1.1.1 already has a lockfile, it will not be regenerated
[INFO] running `Command { std: CARGO_HOME="/workspace/cargo-home" RUSTUP_HOME="/workspace/rustup-home" "/workspace/cargo-home/bin/cargo" "+1.100.0-beta.1" "fetch" "--manifest-path" "Cargo.toml", kill_on_drop: false }`
[INFO] [stderr]     Blocking waiting for file lock on package cache
[INFO] running `Command { std: "docker" "create" "-v" "/var/lib/crater-agent-workspace/builds/worker-6-tc2/source:/opt/rustwide/workdir:ro,Z" "-v" "/var/lib/crater-agent-workspace/builds/worker-6-tc2/target:/opt/rustwide/target:rw,Z" "-v" "/var/lib/crater-agent-workspace/cargo-home:/opt/rustwide/cargo-home:ro,Z" "-v" "/var/lib/crater-agent-workspace/rustup-home:/opt/rustwide/rustup-home:ro,Z" "-m" "1610612736" "--network" "none" "ghcr.io/rust-lang/crates-build-env/linux@sha256:77db811e55d90add9212f6832c23229e3de5f1c1f9905e8cb07319ea15df73ac" "sleep" "infinity", kill_on_drop: false }`
[INFO] [stdout] c7bf33f21dc445b2c6f2f5529250ce56ce1c34091282be086900d3a330280f22
[INFO] running `Command { std: "docker" "start" "c7bf33f21dc445b2c6f2f5529250ce56ce1c34091282be086900d3a330280f22", kill_on_drop: false }`
[INFO] running `Command { std: "docker" "inspect" "c7bf33f21dc445b2c6f2f5529250ce56ce1c34091282be086900d3a330280f22", kill_on_drop: false }`
[INFO] running `Command { std: "docker" "exec" "-e" "SOURCE_DIR=/opt/rustwide/workdir" "-e" "CARGO_HOME=/opt/rustwide/cargo-home" "-e" "RUSTUP_HOME=/opt/rustwide/rustup-home" "-e" "CARGO_TARGET_DIR=/opt/rustwide/target" "-w" "/opt/rustwide/workdir" "--user" "0:0" "c7bf33f21dc445b2c6f2f5529250ce56ce1c34091282be086900d3a330280f22" "/opt/rustwide/cargo-home/bin/cargo" "+1.100.0-beta.1" "metadata" "--no-deps" "--format-version=1", kill_on_drop: false }`
[INFO] running `Command { std: "docker" "inspect" "c7bf33f21dc445b2c6f2f5529250ce56ce1c34091282be086900d3a330280f22", kill_on_drop: false }`
[INFO] running `Command { std: "docker" "exec" "-e" "SOURCE_DIR=/opt/rustwide/workdir" "-e" "CARGO_HOME=/opt/rustwide/cargo-home" "-e" "RUSTUP_HOME=/opt/rustwide/rustup-home" "-e" "CARGO_TARGET_DIR=/opt/rustwide/target" "-e" "CARGO_INCREMENTAL=0" "-e" "RUST_BACKTRACE=full" "-e" "RUSTFLAGS=--cap-lints=warn" "-e" "RUSTDOCFLAGS=--cap-lints=warn" "-w" "/opt/rustwide/workdir" "--user" "0:0" "c7bf33f21dc445b2c6f2f5529250ce56ce1c34091282be086900d3a330280f22" "/opt/rustwide/cargo-home/bin/cargo" "+1.100.0-beta.1" "build" "--frozen" "--message-format=json" "--release", kill_on_drop: false }`
[INFO] [stderr]    Compiling syn v2.0.111
[INFO] [stderr]    Compiling domainstack-derive v1.1.1 (/opt/rustwide/workdir)
[INFO] [stderr]     Finished `release` profile [optimized] target(s) in 9.92s
[INFO] running `Command { std: "docker" "inspect" "c7bf33f21dc445b2c6f2f5529250ce56ce1c34091282be086900d3a330280f22", kill_on_drop: false }`
[INFO] running `Command { std: "docker" "exec" "-e" "SOURCE_DIR=/opt/rustwide/workdir" "-e" "CARGO_HOME=/opt/rustwide/cargo-home" "-e" "RUSTUP_HOME=/opt/rustwide/rustup-home" "-e" "CARGO_TARGET_DIR=/opt/rustwide/target" "-e" "CARGO_INCREMENTAL=0" "-e" "RUST_BACKTRACE=full" "-e" "RUSTFLAGS=--cap-lints=warn" "-e" "RUSTDOCFLAGS=--cap-lints=warn" "-w" "/opt/rustwide/workdir" "--user" "0:0" "c7bf33f21dc445b2c6f2f5529250ce56ce1c34091282be086900d3a330280f22" "/opt/rustwide/cargo-home/bin/cargo" "+1.100.0-beta.1" "test" "--frozen" "--no-run" "--message-format=json" "--release", kill_on_drop: false }`
[INFO] [stderr]    Compiling aho-corasick v1.1.4
[INFO] [stderr]    Compiling proc-macro2 v1.0.103
[INFO] [stderr]    Compiling quote v1.0.42
[INFO] [stderr]    Compiling serde_core v1.0.228
[INFO] [stderr]    Compiling serde_json v1.0.146
[INFO] [stderr]    Compiling serde v1.0.228
[INFO] [stderr]    Compiling ryu v1.0.21
[INFO] [stderr]    Compiling itoa v1.0.16
[INFO] [stderr]    Compiling winnow v0.7.14
[INFO] [stderr]    Compiling target-triple v1.0.0
[INFO] [stderr]    Compiling toml v0.9.10+spec-1.1.0
[INFO] [stderr]    Compiling toml_writer v1.0.6+spec-1.1.0
[INFO] [stderr]    Compiling once_cell v1.21.3
[INFO] [stderr]    Compiling serde_derive v1.0.228
[INFO] [stderr]    Compiling domainstack-derive v1.1.1 (/opt/rustwide/workdir)
[INFO] [stderr]    Compiling smallvec v1.15.1
[INFO] [stderr]    Compiling termcolor v1.4.1
[INFO] [stderr]    Compiling domainstack v1.1.0
[INFO] [stderr]    Compiling syn v2.0.111
[INFO] [stderr]    Compiling regex-automata v0.4.13
[INFO] [stderr]    Compiling toml_parser v1.0.6+spec-1.1.0
[INFO] [stderr]    Compiling toml_datetime v0.7.5+spec-1.1.0
[INFO] [stderr]    Compiling serde_spanned v1.0.4
[INFO] [stderr]    Compiling trybuild v1.0.114
[INFO] [stderr]    Compiling domainstack-schema v1.0.0
[INFO] [stderr]    Compiling regex v1.12.2
[INFO] [stdout] error[E0432]: unresolved import `domainstack_derive::ToJsonSchema`
[INFO] [stdout]  --> tests/json_schema_derive.rs:1:5
[INFO] [stdout]   |
[INFO] [stdout] 1 | use domainstack_derive::ToJsonSchema;
[INFO] [stdout]   |     ^^^^^^^^^^^^^^^^^^^^------------
[INFO] [stdout]   |                         |
[INFO] [stdout]   |                         no `ToJsonSchema` in the root
[INFO] [stdout]   |
[INFO] [stdout] help: a similar name exists in the module
[INFO] [stdout]   |
[INFO] [stdout] 1 - use domainstack_derive::ToJsonSchema;
[INFO] [stdout] 1 + use domainstack_derive::ToSchema;
[INFO] [stdout]   |
[INFO] [stdout] 
[INFO] [stdout] 
[INFO] [stdout] error: cannot find attribute `validate` in this scope
[INFO] [stdout]  --> tests/json_schema_derive.rs:8:7
[INFO] [stdout]   |
[INFO] [stdout] 8 |     #[validate(email)]
[INFO] [stdout]   |       ^^^^^^^^
[INFO] [stdout]   |
[INFO] [stdout]   = note: `validate` is an attribute that can be used by the derive macros `ToSchema` and `Validate`, you might be missing a `derive` attribute
[INFO] [stdout] 
[INFO] [stdout] 
[INFO] [stdout] error: cannot find attribute `validate` in this scope
[INFO] [stdout]  --> tests/json_schema_derive.rs:9:7
[INFO] [stdout]   |
[INFO] [stdout] 9 |     #[validate(max_len = 255)]
[INFO] [stdout]   |       ^^^^^^^^
[INFO] [stdout]   |
[INFO] [stdout]   = note: `validate` is an attribute that can be used by the derive macros `ToSchema` and `Validate`, you might be missing a `derive` attribute
[INFO] [stdout] 
[INFO] [stdout] 
[INFO] [stdout] error: cannot find attribute `schema` in this scope
[INFO] [stdout]   --> tests/json_schema_derive.rs:10:7
[INFO] [stdout]    |
[INFO] [stdout] 10 |     #[schema(description = "User's email address")]
[INFO] [stdout]    |       ^^^^^^
[INFO] [stdout]    |
[INFO] [stdout]    = note: `schema` is an attribute that can be used by the derive macro `ToSchema`, you might be missing a `derive` attribute
[INFO] [stdout] 
[INFO] [stdout] 
[INFO] [stdout] error: cannot find attribute `validate` in this scope
[INFO] [stdout]   --> tests/json_schema_derive.rs:13:7
[INFO] [stdout]    |
[INFO] [stdout] 13 |     #[validate(range(min = 18, max = 120))]
[INFO] [stdout]    |       ^^^^^^^^
[INFO] [stdout]    |
[INFO] [stdout]    = note: `validate` is an attribute that can be used by the derive macros `ToSchema` and `Validate`, you might be missing a `derive` attribute
[INFO] [stdout] 
[INFO] [stdout] 
[INFO] [stdout] error: cannot find attribute `schema` in this scope
[INFO] [stdout]   --> tests/json_schema_derive.rs:14:7
[INFO] [stdout]    |
[INFO] [stdout] 14 |     #[schema(description = "User's age")]
[INFO] [stdout]    |       ^^^^^^
[INFO] [stdout]    |
[INFO] [stdout]    = note: `schema` is an attribute that can be used by the derive macro `ToSchema`, you might be missing a `derive` attribute
[INFO] [stdout] 
[INFO] [stdout] 
[INFO] [stdout] error: cannot find attribute `validate` in this scope
[INFO] [stdout]   --> tests/json_schema_derive.rs:59:7
[INFO] [stdout]    |
[INFO] [stdout] 59 |     #[validate(email)]
[INFO] [stdout]    |       ^^^^^^^^
[INFO] [stdout]    |
[INFO] [stdout]    = note: `validate` is an attribute that can be used by the derive macros `ToSchema` and `Validate`, you might be missing a `derive` attribute
[INFO] [stdout] 
[INFO] [stdout] 
[INFO] [stdout] error: cannot find attribute `validate` in this scope
[INFO] [stdout]   --> tests/json_schema_derive.rs:62:7
[INFO] [stdout]    |
[INFO] [stdout] 62 |     #[validate(min_len = 1)]
[INFO] [stdout]    |       ^^^^^^^^
[INFO] [stdout]    |
[INFO] [stdout]    = note: `validate` is an attribute that can be used by the derive macros `ToSchema` and `Validate`, you might be missing a `derive` attribute
[INFO] [stdout] 
[INFO] [stdout] 
[INFO] [stdout] error: cannot find attribute `validate` in this scope
[INFO] [stdout]   --> tests/json_schema_derive.rs:63:7
[INFO] [stdout]    |
[INFO] [stdout] 63 |     #[validate(max_len = 100)]
[INFO] [stdout]    |       ^^^^^^^^
[INFO] [stdout]    |
[INFO] [stdout]    = note: `validate` is an attribute that can be used by the derive macros `ToSchema` and `Validate`, you might be missing a `derive` attribute
[INFO] [stdout] 
[INFO] [stdout] 
[INFO] [stdout] error: cannot find attribute `validate` in this scope
[INFO] [stdout]   --> tests/json_schema_derive.rs:93:7
[INFO] [stdout]    |
[INFO] [stdout] 93 |     #[validate(min_len = 1)]
[INFO] [stdout]    |       ^^^^^^^^
[INFO] [stdout]    |
[INFO] [stdout]    = note: `validate` is an attribute that can be used by the derive macros `ToSchema` and `Validate`, you might be missing a `derive` attribute
[INFO] [stdout] 
[INFO] [stdout] 
[INFO] [stdout] error: cannot find attribute `validate` in this scope
[INFO] [stdout]   --> tests/json_schema_derive.rs:94:7
[INFO] [stdout]    |
[INFO] [stdout] 94 |     #[validate(max_len = 100)]
[INFO] [stdout]    |       ^^^^^^^^
[INFO] [stdout]    |
[INFO] [stdout]    = note: `validate` is an attribute that can be used by the derive macros `ToSchema` and `Validate`, you might be missing a `derive` attribute
[INFO] [stdout] 
[INFO] [stdout] 
[INFO] [stdout] error: cannot find attribute `validate` in this scope
[INFO] [stdout]   --> tests/json_schema_derive.rs:97:7
[INFO] [stdout]    |
[INFO] [stdout] 97 |     #[validate(min_len = 1)]
[INFO] [stdout]    |       ^^^^^^^^
[INFO] [stdout]    |
[INFO] [stdout]    = note: `validate` is an attribute that can be used by the derive macros `ToSchema` and `Validate`, you might be missing a `derive` attribute
[INFO] [stdout] 
[INFO] [stdout] 
[INFO] [stdout] error: cannot find attribute `validate` in this scope
[INFO] [stdout]   --> tests/json_schema_derive.rs:98:7
[INFO] [stdout]    |
[INFO] [stdout] 98 |     #[validate(max_len = 50)]
[INFO] [stdout]    |       ^^^^^^^^
[INFO] [stdout]    |
[INFO] [stdout]    = note: `validate` is an attribute that can be used by the derive macros `ToSchema` and `Validate`, you might be missing a `derive` attribute
[INFO] [stdout] 
[INFO] [stdout] 
[INFO] [stdout] error: cannot find attribute `validate` in this scope
[INFO] [stdout]    --> tests/json_schema_derive.rs:105:7
[INFO] [stdout]     |
[INFO] [stdout] 105 |     #[validate(email)]
[INFO] [stdout]     |       ^^^^^^^^
[INFO] [stdout]     |
[INFO] [stdout]     = note: `validate` is an attribute that can be used by the derive macros `ToSchema` and `Validate`, you might be missing a `derive` attribute
[INFO] [stdout] 
[INFO] [stdout] 
[INFO] [stdout] error: cannot find attribute `validate` in this scope
[INFO] [stdout]    --> tests/json_schema_derive.rs:108:7
[INFO] [stdout]     |
[INFO] [stdout] 108 |     #[validate(nested)]
[INFO] [stdout]     |       ^^^^^^^^
[INFO] [stdout]     |
[INFO] [stdout]     = note: `validate` is an attribute that can be used by the derive macros `ToSchema` and `Validate`, you might be missing a `derive` attribute
[INFO] [stdout] 
[INFO] [stdout] 
[INFO] [stdout] error: cannot find attribute `validate` in this scope
[INFO] [stdout]    --> tests/json_schema_derive.rs:130:7
[INFO] [stdout]     |
[INFO] [stdout] 130 |     #[validate(min_len = 1)]
[INFO] [stdout]     |       ^^^^^^^^
[INFO] [stdout]     |
[INFO] [stdout]     = note: `validate` is an attribute that can be used by the derive macros `ToSchema` and `Validate`, you might be missing a `derive` attribute
[INFO] [stdout] 
[INFO] [stdout] 
[INFO] [stdout] error: cannot find attribute `validate` in this scope
[INFO] [stdout]    --> tests/json_schema_derive.rs:131:7
[INFO] [stdout]     |
[INFO] [stdout] 131 |     #[validate(max_len = 50)]
[INFO] [stdout]     |       ^^^^^^^^
[INFO] [stdout]     |
[INFO] [stdout]     = note: `validate` is an attribute that can be used by the derive macros `ToSchema` and `Validate`, you might be missing a `derive` attribute
[INFO] [stdout] 
[INFO] [stdout] 
[INFO] [stdout] error: cannot find attribute `validate` in this scope
[INFO] [stdout]    --> tests/json_schema_derive.rs:134:7
[INFO] [stdout]     |
[INFO] [stdout] 134 |     #[validate(each(nested))]
[INFO] [stdout]     |       ^^^^^^^^
[INFO] [stdout]     |
[INFO] [stdout]     = note: `validate` is an attribute that can be used by the derive macros `ToSchema` and `Validate`, you might be missing a `derive` attribute
[INFO] [stdout] 
[INFO] [stdout] 
[INFO] [stdout] error: cannot find attribute `validate` in this scope
[INFO] [stdout]    --> tests/json_schema_derive.rs:135:7
[INFO] [stdout]     |
[INFO] [stdout] 135 |     #[validate(min_items = 1)]
[INFO] [stdout]     |       ^^^^^^^^
[INFO] [stdout]     |
[INFO] [stdout]     = note: `validate` is an attribute that can be used by the derive macros `ToSchema` and `Validate`, you might be missing a `derive` attribute
[INFO] [stdout] 
[INFO] [stdout] 
[INFO] [stdout] error: cannot find attribute `validate` in this scope
[INFO] [stdout]    --> tests/json_schema_derive.rs:136:7
[INFO] [stdout]     |
[INFO] [stdout] 136 |     #[validate(max_items = 10)]
[INFO] [stdout]     |       ^^^^^^^^
[INFO] [stdout]     |
[INFO] [stdout]     = note: `validate` is an attribute that can be used by the derive macros `ToSchema` and `Validate`, you might be missing a `derive` attribute
[INFO] [stdout] 
[INFO] [stdout] 
[INFO] [stdout] error: cannot find attribute `schema` in this scope
[INFO] [stdout]    --> tests/json_schema_derive.rs:158:3
[INFO] [stdout]     |
[INFO] [stdout] 158 | #[schema(description = "Product in the catalog")]
[INFO] [stdout]     |   ^^^^^^
[INFO] [stdout]     |
[INFO] [stdout] help: `schema` is an attribute that can be used by the derive macro `ToSchema`, you might be missing a `derive` attribute
[INFO] [stdout]     |
[INFO] [stdout] 159 + #[derive(ToSchema)]
[INFO] [stdout] 160 | struct Product {
[INFO] [stdout]     |
[INFO] [stdout] 
[INFO] [stdout] 
[INFO] [stdout] error: cannot find attribute `validate` in this scope
[INFO] [stdout]    --> tests/json_schema_derive.rs:160:7
[INFO] [stdout]     |
[INFO] [stdout] 160 |     #[validate(min_len = 1)]
[INFO] [stdout]     |       ^^^^^^^^
[INFO] [stdout]     |
[INFO] [stdout]     = note: `validate` is an attribute that can be used by the derive macros `ToSchema` and `Validate`, you might be missing a `derive` attribute
[INFO] [stdout] 
[INFO] [stdout] 
[INFO] [stdout] error: cannot find attribute `validate` in this scope
[INFO] [stdout]    --> tests/json_schema_derive.rs:161:7
[INFO] [stdout]     |
[INFO] [stdout] 161 |     #[validate(max_len = 100)]
[INFO] [stdout]     |       ^^^^^^^^
[INFO] [stdout]     |
[INFO] [stdout]     = note: `validate` is an attribute that can be used by the derive macros `ToSchema` and `Validate`, you might be missing a `derive` attribute
[INFO] [stdout] 
[INFO] [stdout] 
[INFO] [stdout] error: cannot find attribute `schema` in this scope
[INFO] [stdout]    --> tests/json_schema_derive.rs:162:7
[INFO] [stdout]     |
[INFO] [stdout] 162 |     #[schema(description = "Product name")]
[INFO] [stdout]     |       ^^^^^^
[INFO] [stdout]     |
[INFO] [stdout]     = note: `schema` is an attribute that can be used by the derive macro `ToSchema`, you might be missing a `derive` attribute
[INFO] [stdout] 
[INFO] [stdout] 
[INFO] [stdout] error: cannot find attribute `validate` in this scope
[INFO] [stdout]    --> tests/json_schema_derive.rs:165:7
[INFO] [stdout]     |
[INFO] [stdout] 165 |     #[validate(range(min = 0, max = 1000000))]
[INFO] [stdout]     |       ^^^^^^^^
[INFO] [stdout]     |
[INFO] [stdout]     = note: `validate` is an attribute that can be used by the derive macros `ToSchema` and `Validate`, you might be missing a `derive` attribute
[INFO] [stdout] 
[INFO] [stdout] 
[INFO] [stdout] error: cannot find attribute `schema` in this scope
[INFO] [stdout]    --> tests/json_schema_derive.rs:166:7
[INFO] [stdout]     |
[INFO] [stdout] 166 |     #[schema(description = "Price in cents")]
[INFO] [stdout]     |       ^^^^^^
[INFO] [stdout]     |
[INFO] [stdout]     = note: `schema` is an attribute that can be used by the derive macro `ToSchema`, you might be missing a `derive` attribute
[INFO] [stdout] 
[INFO] [stdout] 
[INFO] [stdout] error: cannot find attribute `validate` in this scope
[INFO] [stdout]    --> tests/json_schema_derive.rs:219:7
[INFO] [stdout]     |
[INFO] [stdout] 219 |     #[validate(alphanumeric)]
[INFO] [stdout]     |       ^^^^^^^^
[INFO] [stdout]     |
[INFO] [stdout]     = note: `validate` is an attribute that can be used by the derive macros `ToSchema` and `Validate`, you might be missing a `derive` attribute
[INFO] [stdout] 
[INFO] [stdout] 
[INFO] [stdout] error: cannot find attribute `schema` in this scope
[INFO] [stdout]    --> tests/json_schema_derive.rs:220:7
[INFO] [stdout]     |
[INFO] [stdout] 220 |     #[schema(description = "Alphanumeric only")]
[INFO] [stdout]     |       ^^^^^^
[INFO] [stdout]     |
[INFO] [stdout]     = note: `schema` is an attribute that can be used by the derive macro `ToSchema`, you might be missing a `derive` attribute
[INFO] [stdout] 
[INFO] [stdout] 
[INFO] [stdout] error: cannot find attribute `validate` in this scope
[INFO] [stdout]    --> tests/json_schema_derive.rs:223:7
[INFO] [stdout]     |
[INFO] [stdout] 223 |     #[validate(ascii)]
[INFO] [stdout]     |       ^^^^^^^^
[INFO] [stdout]     |
[INFO] [stdout]     = note: `validate` is an attribute that can be used by the derive macros `ToSchema` and `Validate`, you might be missing a `derive` attribute
[INFO] [stdout] 
[INFO] [stdout] 
[INFO] [stdout] error: cannot find attribute `schema` in this scope
[INFO] [stdout]    --> tests/json_schema_derive.rs:224:7
[INFO] [stdout]     |
[INFO] [stdout] 224 |     #[schema(description = "ASCII characters only")]
[INFO] [stdout]     |       ^^^^^^
[INFO] [stdout]     |
[INFO] [stdout]     = note: `schema` is an attribute that can be used by the derive macro `ToSchema`, you might be missing a `derive` attribute
[INFO] [stdout] 
[INFO] [stdout] 
[INFO] [stdout] error: cannot find attribute `validate` in this scope
[INFO] [stdout]    --> tests/json_schema_derive.rs:227:7
[INFO] [stdout]     |
[INFO] [stdout] 227 |     #[validate(non_empty)]
[INFO] [stdout]     |       ^^^^^^^^
[INFO] [stdout]     |
[INFO] [stdout]     = note: `validate` is an attribute that can be used by the derive macros `ToSchema` and `Validate`, you might be missing a `derive` attribute
[INFO] [stdout] 
[INFO] [stdout] 
[INFO] [stdout] error: cannot find attribute `validate` in this scope
[INFO] [stdout]    --> tests/json_schema_derive.rs:230:7
[INFO] [stdout]     |
[INFO] [stdout] 230 |     #[validate(non_blank)]
[INFO] [stdout]     |       ^^^^^^^^
[INFO] [stdout]     |
[INFO] [stdout]     = note: `validate` is an attribute that can be used by the derive macros `ToSchema` and `Validate`, you might be missing a `derive` attribute
[INFO] [stdout] 
[INFO] [stdout] 
[INFO] [stdout] error: cannot find attribute `validate` in this scope
[INFO] [stdout]    --> tests/json_schema_derive.rs:263:7
[INFO] [stdout]     |
[INFO] [stdout] 263 |     #[validate(positive)]
[INFO] [stdout]     |       ^^^^^^^^
[INFO] [stdout]     |
[INFO] [stdout]     = note: `validate` is an attribute that can be used by the derive macros `ToSchema` and `Validate`, you might be missing a `derive` attribute
[INFO] [stdout] 
[INFO] [stdout] 
[INFO] [stdout] error: cannot find attribute `validate` in this scope
[INFO] [stdout]    --> tests/json_schema_derive.rs:266:7
[INFO] [stdout]     |
[INFO] [stdout] 266 |     #[validate(negative)]
[INFO] [stdout]     |       ^^^^^^^^
[INFO] [stdout]     |
[INFO] [stdout]     = note: `validate` is an attribute that can be used by the derive macros `ToSchema` and `Validate`, you might be missing a `derive` attribute
[INFO] [stdout] 
[INFO] [stdout] 
[INFO] [stdout] error: cannot find attribute `validate` in this scope
[INFO] [stdout]    --> tests/json_schema_derive.rs:269:7
[INFO] [stdout]     |
[INFO] [stdout] 269 |     #[validate(range(min = 0, max = 100))]
[INFO] [stdout]     |       ^^^^^^^^
[INFO] [stdout]     |
[INFO] [stdout]     = note: `validate` is an attribute that can be used by the derive macros `ToSchema` and `Validate`, you might be missing a `derive` attribute
[INFO] [stdout] 
[INFO] [stdout] 
[INFO] [stdout] error: cannot find attribute `validate` in this scope
[INFO] [stdout]    --> tests/json_schema_derive.rs:309:7
[INFO] [stdout]     |
[INFO] [stdout] 309 |     #[validate(min_items = 1)]
[INFO] [stdout]     |       ^^^^^^^^
[INFO] [stdout]     |
[INFO] [stdout]     = note: `validate` is an attribute that can be used by the derive macros `ToSchema` and `Validate`, you might be missing a `derive` attribute
[INFO] [stdout] 
[INFO] [stdout] 
[INFO] [stdout] error: cannot find attribute `validate` in this scope
[INFO] [stdout]    --> tests/json_schema_derive.rs:310:7
[INFO] [stdout]     |
[INFO] [stdout] 310 |     #[validate(max_items = 5)]
[INFO] [stdout]     |       ^^^^^^^^
[INFO] [stdout]     |
[INFO] [stdout]     = note: `validate` is an attribute that can be used by the derive macros `ToSchema` and `Validate`, you might be missing a `derive` attribute
[INFO] [stdout] 
[INFO] [stdout] 
[INFO] [stdout] error: cannot find attribute `validate` in this scope
[INFO] [stdout]    --> tests/json_schema_derive.rs:313:7
[INFO] [stdout]     |
[INFO] [stdout] 313 |     #[validate(unique)]
[INFO] [stdout]     |       ^^^^^^^^
[INFO] [stdout]     |
[INFO] [stdout]     = note: `validate` is an attribute that can be used by the derive macros `ToSchema` and `Validate`, you might be missing a `derive` attribute
[INFO] [stdout] 
[INFO] [stdout] 
[INFO] [stdout] error: cannot find attribute `validate` in this scope
[INFO] [stdout]    --> tests/json_schema_derive.rs:338:7
[INFO] [stdout]     |
[INFO] [stdout] 338 |     #[validate(email)]
[INFO] [stdout]     |       ^^^^^^^^
[INFO] [stdout]     |
[INFO] [stdout]     = note: `validate` is an attribute that can be used by the derive macros `ToSchema` and `Validate`, you might be missing a `derive` attribute
[INFO] [stdout] 
[INFO] [stdout] 
[INFO] [stdout] error: cannot find attribute `validate` in this scope
[INFO] [stdout]    --> tests/json_schema_derive.rs:341:7
[INFO] [stdout]     |
[INFO] [stdout] 341 |     #[validate(url)]
[INFO] [stdout]     |       ^^^^^^^^
[INFO] [stdout]     |
[INFO] [stdout]     = note: `validate` is an attribute that can be used by the derive macros `ToSchema` and `Validate`, you might be missing a `derive` attribute
[INFO] [stdout] 
[INFO] [stdout] 
[INFO] [stdout] error: cannot find attribute `validate` in this scope
[INFO] [stdout]    --> tests/json_schema_derive.rs:361:7
[INFO] [stdout]     |
[INFO] [stdout] 361 |     #[validate(length(min = 3, max = 50))]
[INFO] [stdout]     |       ^^^^^^^^
[INFO] [stdout]     |
[INFO] [stdout]     = note: `validate` is an attribute that can be used by the derive macros `ToSchema` and `Validate`, you might be missing a `derive` attribute
[INFO] [stdout] 
[INFO] [stdout] 
[INFO] [stdout] error: cannot find attribute `validate` in this scope
[INFO] [stdout]    --> tests/json_schema_derive.rs:364:7
[INFO] [stdout]     |
[INFO] [stdout] 364 |     #[validate(min_len = 8)]
[INFO] [stdout]     |       ^^^^^^^^
[INFO] [stdout]     |
[INFO] [stdout]     = note: `validate` is an attribute that can be used by the derive macros `ToSchema` and `Validate`, you might be missing a `derive` attribute
[INFO] [stdout] 
[INFO] [stdout] 
[INFO] [stdout] error: cannot find attribute `validate` in this scope
[INFO] [stdout]    --> tests/json_schema_derive.rs:367:7
[INFO] [stdout]     |
[INFO] [stdout] 367 |     #[validate(max_len = 1000)]
[INFO] [stdout]     |       ^^^^^^^^
[INFO] [stdout]     |
[INFO] [stdout]     = note: `validate` is an attribute that can be used by the derive macros `ToSchema` and `Validate`, you might be missing a `derive` attribute
[INFO] [stdout] 
[INFO] [stdout] 
[INFO] [stdout] error: cannot find attribute `validate` in this scope
[INFO] [stdout]    --> tests/json_schema_derive.rs:400:7
[INFO] [stdout]     |
[INFO] [stdout] 400 |     #[validate(matches_regex = "^[A-Z]{2}\\d{4}$")]
[INFO] [stdout]     |       ^^^^^^^^
[INFO] [stdout]     |
[INFO] [stdout]     = note: `validate` is an attribute that can be used by the derive macros `ToSchema` and `Validate`, you might be missing a `derive` attribute
[INFO] [stdout] 
[INFO] [stdout] 
[INFO] [stdout] error: cannot find attribute `validate` in this scope
[INFO] [stdout]    --> tests/json_schema_derive.rs:416:7
[INFO] [stdout]     |
[INFO] [stdout] 416 |     #[validate(contains = "@")]
[INFO] [stdout]     |       ^^^^^^^^
[INFO] [stdout]     |
[INFO] [stdout]     = note: `validate` is an attribute that can be used by the derive macros `ToSchema` and `Validate`, you might be missing a `derive` attribute
[INFO] [stdout] 
[INFO] [stdout] 
[INFO] [stdout] error: cannot find attribute `validate` in this scope
[INFO] [stdout]    --> tests/json_schema_derive.rs:419:7
[INFO] [stdout]     |
[INFO] [stdout] 419 |     #[validate(starts_with = "https://")]
[INFO] [stdout]     |       ^^^^^^^^
[INFO] [stdout]     |
[INFO] [stdout]     = note: `validate` is an attribute that can be used by the derive macros `ToSchema` and `Validate`, you might be missing a `derive` attribute
[INFO] [stdout] 
[INFO] [stdout] 
[INFO] [stdout] error: cannot find attribute `validate` in this scope
[INFO] [stdout]    --> tests/json_schema_derive.rs:422:7
[INFO] [stdout]     |
[INFO] [stdout] 422 |     #[validate(ends_with = ".com")]
[INFO] [stdout]     |       ^^^^^^^^
[INFO] [stdout]     |
[INFO] [stdout]     = note: `validate` is an attribute that can be used by the derive macros `ToSchema` and `Validate`, you might be missing a `derive` attribute
[INFO] [stdout] 
[INFO] [stdout] 
[INFO] [stdout] error[E0599]: no associated function or constant named `json_schema` found for struct `SimpleUser` in the current scope
[INFO] [stdout]   --> tests/json_schema_derive.rs:20:30
[INFO] [stdout]    |
[INFO] [stdout]  7 | struct SimpleUser {
[INFO] [stdout]    | ----------------- associated function or constant `json_schema` not found for this struct
[INFO] [stdout] ...
[INFO] [stdout] 20 |     let schema = SimpleUser::json_schema();
[INFO] [stdout]    |                              ^^^^^^^^^^^ associated function or constant not found in `SimpleUser`
[INFO] [stdout]    |
[INFO] [stdout]    = help: items from traits can only be used if the trait is implemented and in scope
[INFO] [stdout]    = note: the following trait defines an item `json_schema`, perhaps you need to implement it:
[INFO] [stdout]            candidate #1: `ToJsonSchema`
[INFO] [stdout] 
[INFO] [stdout] 
[INFO] [stdout] error[E0599]: no associated function or constant named `schema_name` found for struct `SimpleUser` in the current scope
[INFO] [stdout]   --> tests/json_schema_derive.rs:52:28
[INFO] [stdout]    |
[INFO] [stdout]  7 | struct SimpleUser {
[INFO] [stdout]    | ----------------- associated function or constant `schema_name` not found for this struct
[INFO] [stdout] ...
[INFO] [stdout] 52 |     assert_eq!(SimpleUser::schema_name(), "SimpleUser");
[INFO] [stdout]    |                            ^^^^^^^^^^^ associated function or constant not found in `SimpleUser`
[INFO] [stdout]    |
[INFO] [stdout]    = help: items from traits can only be used if the trait is implemented and in scope
[INFO] [stdout]    = note: the following traits define an item `schema_name`, perhaps you need to implement one of them:
[INFO] [stdout]            candidate #1: `ToJsonSchema`
[INFO] [stdout]            candidate #2: `ToSchema`
[INFO] [stdout] 
[INFO] [stdout] 
[INFO] [stdout] error[E0599]: no associated function or constant named `json_schema` found for struct `UserWithOptional` in the current scope
[INFO] [stdout]   --> tests/json_schema_derive.rs:69:36
[INFO] [stdout]    |
[INFO] [stdout] 58 | struct UserWithOptional {
[INFO] [stdout]    | ----------------------- associated function or constant `json_schema` not found for this struct
[INFO] [stdout] ...
[INFO] [stdout] 69 |     let schema = UserWithOptional::json_schema();
[INFO] [stdout]    |                                    ^^^^^^^^^^^ associated function or constant not found in `UserWithOptional`
[INFO] [stdout]    |
[INFO] [stdout]    = help: items from traits can only be used if the trait is implemented and in scope
[INFO] [stdout]    = note: the following trait defines an item `json_schema`, perhaps you need to implement it:
[INFO] [stdout]            candidate #1: `ToJsonSchema`
[INFO] [stdout] 
[INFO] [stdout] 
[INFO] [stdout] error[E0599]: no associated function or constant named `json_schema` found for struct `UserWithAddress` in the current scope
[INFO] [stdout]    --> tests/json_schema_derive.rs:114:35
[INFO] [stdout]     |
[INFO] [stdout] 104 | struct UserWithAddress {
[INFO] [stdout]     | ---------------------- associated function or constant `json_schema` not found for this struct
[INFO] [stdout] ...
[INFO] [stdout] 114 |     let schema = UserWithAddress::json_schema();
[INFO] [stdout]     |                                   ^^^^^^^^^^^ associated function or constant not found in `UserWithAddress`
[INFO] [stdout]     |
[INFO] [stdout]     = help: items from traits can only be used if the trait is implemented and in scope
[INFO] [stdout]     = note: the following trait defines an item `json_schema`, perhaps you need to implement it:
[INFO] [stdout]             candidate #1: `ToJsonSchema`
[INFO] [stdout] 
[INFO] [stdout] 
[INFO] [stdout] error[E0599]: no associated function or constant named `json_schema` found for struct `Team` in the current scope
[INFO] [stdout]    --> tests/json_schema_derive.rs:142:24
[INFO] [stdout]     |
[INFO] [stdout] 129 | struct Team {
[INFO] [stdout]     | ----------- associated function or constant `json_schema` not found for this struct
[INFO] [stdout] ...
[INFO] [stdout] 142 |     let schema = Team::json_schema();
[INFO] [stdout]     |                        ^^^^^^^^^^^ associated function or constant not found in `Team`
[INFO] [stdout]     |
[INFO] [stdout]     = help: items from traits can only be used if the trait is implemented and in scope
[INFO] [stdout]     = note: the following trait defines an item `json_schema`, perhaps you need to implement it:
[INFO] [stdout]             candidate #1: `ToJsonSchema`
[INFO] [stdout] 
[INFO] [stdout] 
[INFO] [stdout] error[E0599]: no associated function or constant named `json_schema` found for struct `Product` in the current scope
[INFO] [stdout]    --> tests/json_schema_derive.rs:172:27
[INFO] [stdout]     |
[INFO] [stdout] 159 | struct Product {
[INFO] [stdout]     | -------------- associated function or constant `json_schema` not found for this struct
[INFO] [stdout] ...
[INFO] [stdout] 172 |     let schema = Product::json_schema();
[INFO] [stdout]     |                           ^^^^^^^^^^^ associated function or constant not found in `Product`
[INFO] [stdout]     |
[INFO] [stdout]     = help: items from traits can only be used if the trait is implemented and in scope
[INFO] [stdout]     = note: the following trait defines an item `json_schema`, perhaps you need to implement it:
[INFO] [stdout]             candidate #1: `ToJsonSchema`
[INFO] [stdout] 
[INFO] [stdout] 
[INFO] [stdout] error[E0277]: the trait bound `SimpleUser: ToJsonSchema` is not satisfied
[INFO] [stdout]    --> tests/json_schema_derive.rs:195:21
[INFO] [stdout]     |
[INFO] [stdout] 195 |         .register::<SimpleUser>()
[INFO] [stdout]     |          --------   ^^^^^^^^^^ unsatisfied trait bound
[INFO] [stdout]     |          |
[INFO] [stdout]     |          required by a bound introduced by this call
[INFO] [stdout]     |
[INFO] [stdout] help: the trait `ToJsonSchema` is not implemented for `SimpleUser`
[INFO] [stdout]    --> tests/json_schema_derive.rs:7:1
[INFO] [stdout]     |
[INFO] [stdout]   7 | struct SimpleUser {
[INFO] [stdout]     | ^^^^^^^^^^^^^^^^^
[INFO] [stdout]     = help: the following other types implement trait `ToJsonSchema`:
[INFO] [stdout]               Option<T>
[INFO] [stdout]               Vec<T>
[INFO] [stdout]               bool
[INFO] [stdout]               f32
[INFO] [stdout]               f64
[INFO] [stdout]               i32
[INFO] [stdout]               i64
[INFO] [stdout]               std::string::String
[INFO] [stdout]             and 4 others
[INFO] [stdout] note: required by a bound in `JsonSchemaBuilder::register`
[INFO] [stdout]    --> /opt/rustwide/cargo-home/registry/src/index.crates.io-1949cf8c6b5b557f/domainstack-schema-1.0.0/src/json_schema.rs:642:24
[INFO] [stdout]     |
[INFO] [stdout] 612 | impl JsonSchemaBuilder {
[INFO] [stdout] ...
[INFO] [stdout] 642 |     pub fn register<T: ToJsonSchema>(mut self) -> Self {
[INFO] [stdout]     |                        ^^^^^^^^^^^^ required by this bound in `JsonSchemaBuilder::register`
[INFO] [stdout] 
[INFO] [stdout] 
[INFO] [stdout] error[E0277]: the trait bound `Product: ToJsonSchema` is not satisfied
[INFO] [stdout]    --> tests/json_schema_derive.rs:196:21
[INFO] [stdout]     |
[INFO] [stdout] 196 |         .register::<Product>()
[INFO] [stdout]     |          --------   ^^^^^^^ unsatisfied trait bound
[INFO] [stdout]     |          |
[INFO] [stdout]     |          required by a bound introduced by this call
[INFO] [stdout]     |
[INFO] [stdout] help: the trait `ToJsonSchema` is not implemented for `Product`
[INFO] [stdout]    --> tests/json_schema_derive.rs:159:1
[INFO] [stdout]     |
[INFO] [stdout] 159 | struct Product {
[INFO] [stdout]     | ^^^^^^^^^^^^^^
[INFO] [stdout]     = help: the following other types implement trait `ToJsonSchema`:
[INFO] [stdout]               Option<T>
[INFO] [stdout]               Vec<T>
[INFO] [stdout]               bool
[INFO] [stdout]               f32
[INFO] [stdout]               f64
[INFO] [stdout]               i32
[INFO] [stdout]               i64
[INFO] [stdout]               std::string::String
[INFO] [stdout]             and 4 others
[INFO] [stdout] note: required by a bound in `JsonSchemaBuilder::register`
[INFO] [stdout]    --> /opt/rustwide/cargo-home/registry/src/index.crates.io-1949cf8c6b5b557f/domainstack-schema-1.0.0/src/json_schema.rs:642:24
[INFO] [stdout]     |
[INFO] [stdout] 612 | impl JsonSchemaBuilder {
[INFO] [stdout] ...
[INFO] [stdout] 642 |     pub fn register<T: ToJsonSchema>(mut self) -> Self {
[INFO] [stdout]     |                        ^^^^^^^^^^^^ required by this bound in `JsonSchemaBuilder::register`
[INFO] [stdout] 
[INFO] [stdout] 
[INFO] [stdout] error[E0599]: no associated function or constant named `json_schema` found for struct `PatternTest` in the current scope
[INFO] [stdout]    --> tests/json_schema_derive.rs:236:31
[INFO] [stdout]     |
[INFO] [stdout] 218 | struct PatternTest {
[INFO] [stdout]     | ------------------ associated function or constant `json_schema` not found for this struct
[INFO] [stdout] ...
[INFO] [stdout] 236 |     let schema = PatternTest::json_schema();
[INFO] [stdout]     |                               ^^^^^^^^^^^ associated function or constant not found in `PatternTest`
[INFO] [stdout]     |
[INFO] [stdout]     = help: items from traits can only be used if the trait is implemented and in scope
[INFO] [stdout]     = note: the following trait defines an item `json_schema`, perhaps you need to implement it:
[INFO] [stdout]             candidate #1: `ToJsonSchema`
[INFO] [stdout] 
[INFO] [stdout] 
[INFO] [stdout] error[E0599]: no associated function or constant named `json_schema` found for struct `NumericRulesTest` in the current scope
[INFO] [stdout]    --> tests/json_schema_derive.rs:275:36
[INFO] [stdout]     |
[INFO] [stdout] 262 | struct NumericRulesTest {
[INFO] [stdout]     | ----------------------- associated function or constant `json_schema` not found for this struct
[INFO] [stdout] ...
[INFO] [stdout] 275 |     let schema = NumericRulesTest::json_schema();
[INFO] [stdout]     |                                    ^^^^^^^^^^^ associated function or constant not found in `NumericRulesTest`
[INFO] [stdout]     |
[INFO] [stdout]     = help: items from traits can only be used if the trait is implemented and in scope
[INFO] [stdout]     = note: the following trait defines an item `json_schema`, perhaps you need to implement it:
[INFO] [stdout]             candidate #1: `ToJsonSchema`
[INFO] [stdout] 
[INFO] [stdout] 
[INFO] [stdout] error[E0599]: no associated function or constant named `json_schema` found for struct `ArrayRulesTest` in the current scope
[INFO] [stdout]    --> tests/json_schema_derive.rs:319:34
[INFO] [stdout]     |
[INFO] [stdout] 308 | struct ArrayRulesTest {
[INFO] [stdout]     | --------------------- associated function or constant `json_schema` not found for this struct
[INFO] [stdout] ...
[INFO] [stdout] 319 |     let schema = ArrayRulesTest::json_schema();
[INFO] [stdout]     |                                  ^^^^^^^^^^^ associated function or constant not found in `ArrayRulesTest`
[INFO] [stdout]     |
[INFO] [stdout]     = help: items from traits can only be used if the trait is implemented and in scope
[INFO] [stdout]     = note: the following trait defines an item `json_schema`, perhaps you need to implement it:
[INFO] [stdout]             candidate #1: `ToJsonSchema`
[INFO] [stdout] 
[INFO] [stdout] 
[INFO] [stdout] error[E0599]: no associated function or constant named `json_schema` found for struct `FormatRulesTest` in the current scope
[INFO] [stdout]    --> tests/json_schema_derive.rs:347:35
[INFO] [stdout]     |
[INFO] [stdout] 337 | struct FormatRulesTest {
[INFO] [stdout]     | ---------------------- associated function or constant `json_schema` not found for this struct
[INFO] [stdout] ...
[INFO] [stdout] 347 |     let schema = FormatRulesTest::json_schema();
[INFO] [stdout]     |                                   ^^^^^^^^^^^ associated function or constant not found in `FormatRulesTest`
[INFO] [stdout]     |
[INFO] [stdout]     = help: items from traits can only be used if the trait is implemented and in scope
[INFO] [stdout]     = note: the following trait defines an item `json_schema`, perhaps you need to implement it:
[INFO] [stdout]             candidate #1: `ToJsonSchema`
[INFO] [stdout] 
[INFO] [stdout] 
[INFO] [stdout] error[E0599]: no associated function or constant named `json_schema` found for struct `LengthRulesTest` in the current scope
[INFO] [stdout]    --> tests/json_schema_derive.rs:373:35
[INFO] [stdout]     |
[INFO] [stdout] 360 | struct LengthRulesTest {
[INFO] [stdout]     | ---------------------- associated function or constant `json_schema` not found for this struct
[INFO] [stdout] ...
[INFO] [stdout] 373 |     let schema = LengthRulesTest::json_schema();
[INFO] [stdout]     |                                   ^^^^^^^^^^^ associated function or constant not found in `LengthRulesTest`
[INFO] [stdout]     |
[INFO] [stdout]     = help: items from traits can only be used if the trait is implemented and in scope
[INFO] [stdout]     = note: the following trait defines an item `json_schema`, perhaps you need to implement it:
[INFO] [stdout]             candidate #1: `ToJsonSchema`
[INFO] [stdout] 
[INFO] [stdout] 
[INFO] [stdout] error[E0599]: no associated function or constant named `json_schema` found for struct `RegexTest` in the current scope
[INFO] [stdout]    --> tests/json_schema_derive.rs:406:29
[INFO] [stdout]     |
[INFO] [stdout] 399 | struct RegexTest {
[INFO] [stdout]     | ---------------- associated function or constant `json_schema` not found for this struct
[INFO] [stdout] ...
[INFO] [stdout] 406 |     let schema = RegexTest::json_schema();
[INFO] [stdout]     |                             ^^^^^^^^^^^ associated function or constant not found in `RegexTest`
[INFO] [stdout]     |
[INFO] [stdout]     = help: items from traits can only be used if the trait is implemented and in scope
[INFO] [stdout]     = note: the following trait defines an item `json_schema`, perhaps you need to implement it:
[INFO] [stdout]             candidate #1: `ToJsonSchema`
[INFO] [stdout] 
[INFO] [stdout] 
[INFO] [stdout] error[E0599]: no associated function or constant named `json_schema` found for struct `StringContentTest` in the current scope
[INFO] [stdout]    --> tests/json_schema_derive.rs:428:37
[INFO] [stdout]     |
[INFO] [stdout] 415 | struct StringContentTest {
[INFO] [stdout]     | ------------------------ associated function or constant `json_schema` not found for this struct
[INFO] [stdout] ...
[INFO] [stdout] 428 |     let schema = StringContentTest::json_schema();
[INFO] [stdout]     |                                     ^^^^^^^^^^^ associated function or constant not found in `StringContentTest`
[INFO] [stdout]     |
[INFO] [stdout]     = help: items from traits can only be used if the trait is implemented and in scope
[INFO] [stdout]     = note: the following trait defines an item `json_schema`, perhaps you need to implement it:
[INFO] [stdout]             candidate #1: `ToJsonSchema`
[INFO] [stdout] 
[INFO] [stdout] 
[INFO] [stdout] Some errors have detailed explanations: E0277, E0432, E0599.
[INFO] [stdout] 
[INFO] [stdout] For more information about an error, try `rustc --explain E0277`.
[INFO] [stdout] 
[INFO] [stderr] error: could not compile `domainstack-derive` (test "json_schema_derive") due to 62 previous errors
[INFO] [stderr] warning: build failed, waiting for other jobs to finish...
[INFO] running `Command { std: "docker" "inspect" "c7bf33f21dc445b2c6f2f5529250ce56ce1c34091282be086900d3a330280f22", kill_on_drop: false }`
[INFO] running `Command { std: "docker" "rm" "-f" "c7bf33f21dc445b2c6f2f5529250ce56ce1c34091282be086900d3a330280f22", kill_on_drop: false }`
[INFO] [stdout] c7bf33f21dc445b2c6f2f5529250ce56ce1c34091282be086900d3a330280f22
