[INFO] fetching crate dolang-ext-time 0.1.0...
[INFO] testing dolang-ext-time-0.1.0 against 1.100.0-beta.1+cargoflags=--release for beta-release-1.100-2
[INFO] extracting crate dolang-ext-time 0.1.0 into /workspace/builds/worker-3-tc2/source
[INFO] started tweaking crates.io crate dolang-ext-time 0.1.0
[INFO] finished tweaking crates.io crate dolang-ext-time 0.1.0
[INFO] tweaked toml for crates.io crate dolang-ext-time 0.1.0 written to /workspace/builds/worker-3-tc2/source/Cargo.toml
[INFO] validating manifest of crates.io crate dolang-ext-time 0.1.0 on toolchain 1.100.0-beta.1
[INFO] running `Command { std: CARGO_HOME="/workspace/cargo-home" RUSTUP_HOME="/workspace/rustup-home" "/workspace/cargo-home/bin/cargo" "+1.100.0-beta.1" "metadata" "--manifest-path" "Cargo.toml" "--no-deps", kill_on_drop: false }`
[INFO] crate crates.io crate dolang-ext-time 0.1.0 already has a lockfile, it will not be regenerated
[INFO] running `Command { std: CARGO_HOME="/workspace/cargo-home" RUSTUP_HOME="/workspace/rustup-home" "/workspace/cargo-home/bin/cargo" "+1.100.0-beta.1" "fetch" "--manifest-path" "Cargo.toml", kill_on_drop: false }`
[INFO] running `Command { std: "docker" "create" "-v" "/var/lib/crater-agent-workspace/builds/worker-3-tc2/source:/opt/rustwide/workdir:ro,Z" "-v" "/var/lib/crater-agent-workspace/builds/worker-3-tc2/target:/opt/rustwide/target:rw,Z" "-v" "/var/lib/crater-agent-workspace/cargo-home:/opt/rustwide/cargo-home:ro,Z" "-v" "/var/lib/crater-agent-workspace/rustup-home:/opt/rustwide/rustup-home:ro,Z" "-m" "1610612736" "--network" "none" "ghcr.io/rust-lang/crates-build-env/linux@sha256:77db811e55d90add9212f6832c23229e3de5f1c1f9905e8cb07319ea15df73ac" "sleep" "infinity", kill_on_drop: false }`
[INFO] [stdout] 6d3a26ae5f2e02b0debb64d85712ccf60c0ed6e0f49290a350f4ad2f9e55e2ab
[INFO] running `Command { std: "docker" "start" "6d3a26ae5f2e02b0debb64d85712ccf60c0ed6e0f49290a350f4ad2f9e55e2ab", kill_on_drop: false }`
[INFO] running `Command { std: "docker" "inspect" "6d3a26ae5f2e02b0debb64d85712ccf60c0ed6e0f49290a350f4ad2f9e55e2ab", kill_on_drop: false }`
[INFO] running `Command { std: "docker" "exec" "-e" "SOURCE_DIR=/opt/rustwide/workdir" "-e" "CARGO_HOME=/opt/rustwide/cargo-home" "-e" "RUSTUP_HOME=/opt/rustwide/rustup-home" "-e" "CARGO_TARGET_DIR=/opt/rustwide/target" "-w" "/opt/rustwide/workdir" "--user" "0:0" "6d3a26ae5f2e02b0debb64d85712ccf60c0ed6e0f49290a350f4ad2f9e55e2ab" "/opt/rustwide/cargo-home/bin/cargo" "+1.100.0-beta.1" "metadata" "--no-deps" "--format-version=1", kill_on_drop: false }`
[INFO] running `Command { std: "docker" "inspect" "6d3a26ae5f2e02b0debb64d85712ccf60c0ed6e0f49290a350f4ad2f9e55e2ab", kill_on_drop: false }`
[INFO] running `Command { std: "docker" "exec" "-e" "SOURCE_DIR=/opt/rustwide/workdir" "-e" "CARGO_HOME=/opt/rustwide/cargo-home" "-e" "RUSTUP_HOME=/opt/rustwide/rustup-home" "-e" "CARGO_TARGET_DIR=/opt/rustwide/target" "-e" "CARGO_INCREMENTAL=0" "-e" "RUST_BACKTRACE=full" "-e" "RUSTFLAGS=--cap-lints=warn" "-e" "RUSTDOCFLAGS=--cap-lints=warn" "-w" "/opt/rustwide/workdir" "--user" "0:0" "6d3a26ae5f2e02b0debb64d85712ccf60c0ed6e0f49290a350f4ad2f9e55e2ab" "/opt/rustwide/cargo-home/bin/cargo" "+1.100.0-beta.1" "build" "--frozen" "--message-format=json" "--release", kill_on_drop: false }`
[INFO] [stderr]    Compiling proc-macro2 v1.0.106
[INFO] [stderr]    Compiling quote v1.0.45
[INFO] [stderr]    Compiling thiserror v2.0.18
[INFO] [stderr]    Compiling serde_core v1.0.228
[INFO] [stderr]    Compiling serde v1.0.228
[INFO] [stderr]    Compiling siphasher v1.0.2
[INFO] [stderr]    Compiling futures-sink v0.3.32
[INFO] [stderr]    Compiling futures-core v0.3.32
[INFO] [stderr]    Compiling memchr v2.8.0
[INFO] [stderr]    Compiling fastrand v2.4.1
[INFO] [stderr]    Compiling futures-io v0.3.32
[INFO] [stderr]    Compiling radium v0.7.0
[INFO] [stderr]    Compiling futures-task v0.3.32
[INFO] [stderr]    Compiling slab v0.4.12
[INFO] [stderr]    Compiling tap v1.0.1
[INFO] [stderr]    Compiling futures-channel v0.3.32
[INFO] [stderr]    Compiling linkme-impl v0.3.35
[INFO] [stderr]    Compiling dolang-private-util v0.1.0
[INFO] [stderr]    Compiling wyz v0.5.1
[INFO] [stderr]    Compiling linkme v0.3.35
[INFO] [stderr]    Compiling funty v2.0.0
[INFO] [stderr]    Compiling regex-automata v0.4.14
[INFO] [stderr]    Compiling powerfmt v0.2.0
[INFO] [stderr]    Compiling phf_shared v0.13.1
[INFO] [stderr]    Compiling deranged v0.5.8
[INFO] [stderr]    Compiling num-conv v0.2.1
[INFO] [stderr]    Compiling time-core v0.1.8
[INFO] [stderr]    Compiling tokio v1.51.1
[INFO] [stderr]    Compiling phf_generator v0.13.1
[INFO] [stderr]    Compiling web-time v1.1.0
[INFO] [stderr]    Compiling bitvec v1.0.1
[INFO] [stderr]    Compiling syn v2.0.117
[INFO] [stderr]    Compiling bstr v1.12.1
[INFO] [stderr]    Compiling time v0.3.47
[INFO] [stderr]    Compiling thiserror-impl v2.0.18
[INFO] [stderr]    Compiling serde_derive v1.0.228
[INFO] [stderr]    Compiling futures-macro v0.3.32
[INFO] [stderr]    Compiling phf_macros v0.13.1
[INFO] [stderr]    Compiling futures-util v0.3.32
[INFO] [stderr]    Compiling phf v0.13.1
[INFO] [stderr]    Compiling cobs v0.3.0
[INFO] [stderr]    Compiling postcard v1.1.3
[INFO] [stderr]    Compiling dolang-bytecode v0.1.0
[INFO] [stderr]    Compiling futures-executor v0.3.32
[INFO] [stderr]    Compiling futures v0.3.32
[INFO] [stderr]    Compiling dolang-compile v0.1.0
[INFO] [stderr]    Compiling dolang-runtime v0.1.0
[INFO] [stderr]    Compiling dolang v0.1.0
[INFO] [stderr]    Compiling dolang-ext-time v0.1.0 (/opt/rustwide/workdir)
[INFO] [stdout] error[E0432]: unresolved import `dolang::compile::Config`
[INFO] [stdout]  --> src/extension.rs:7:5
[INFO] [stdout]   |
[INFO] [stdout] 7 |     compile::Config,
[INFO] [stdout]   |     ^^^^^^^^^------
[INFO] [stdout]   |              |
[INFO] [stdout]   |              no `Config` in `compile`
[INFO] [stdout] 
[INFO] [stdout] 
[INFO] [stdout] error[E0432]: unresolved import `dolang::runtime::value::fmt`
[INFO] [stdout]  --> src/time.rs:7:29
[INFO] [stdout]   |
[INFO] [stdout] 7 | use dolang::runtime::value::fmt::Format;
[INFO] [stdout]   |                             ^^^ could not find `fmt` in `value`
[INFO] [stdout] 
[INFO] [stdout] 
[INFO] [stdout] error[E0432]: unresolved import `dolang::runtime::object::fmt`
[INFO] [stdout]  --> src/time.rs:9:5
[INFO] [stdout]   |
[INFO] [stdout] 9 | use dolang::runtime::object::fmt;
[INFO] [stdout]   |     ^^^^^^^^^^^^^^^^^^^^^^^^^---
[INFO] [stdout]   |                              |
[INFO] [stdout]   |                              no `fmt` in `runtime::object`
[INFO] [stdout]   |
[INFO] [stdout] help: consider importing this module instead
[INFO] [stdout]   |
[INFO] [stdout] 9 - use dolang::runtime::object::fmt;
[INFO] [stdout] 9 + use std::fmt;
[INFO] [stdout]   |
[INFO] [stdout] 
[INFO] [stdout] 
[INFO] [stdout] error[E0432]: unresolved import `dolang::runtime::strand::InterruptMask`
[INFO] [stdout]   --> src/time.rs:11:5
[INFO] [stdout]    |
[INFO] [stdout] 11 | use dolang::runtime::strand::InterruptMask;
[INFO] [stdout]    |     ^^^^^^^^^^^^^^^^^^^^^^^^^-------------
[INFO] [stdout]    |                              |
[INFO] [stdout]    |                              no `InterruptMask` in `runtime::strand`
[INFO] [stdout] 
[INFO] [stdout] 
[INFO] [stdout] error[E0433]: cannot find `package_version` in `dolang`
[INFO] [stdout]   --> src/extension.rs:32:38
[INFO] [stdout]    |
[INFO] [stdout] 32 |     const VERSION: Version = dolang::package_version!();
[INFO] [stdout]    |                                      ^^^^^^^^^^^^^^^ could not find `package_version` in `dolang`
[INFO] [stdout] 
[INFO] [stdout] 
[INFO] [stdout] error[E0407]: method `type_get` is not a member of trait `Object`
[INFO] [stdout]    --> src/time.rs:685:13
[INFO] [stdout]     |
[INFO] [stdout] 652 |   macro_rules! calendar_enum {
[INFO] [stdout] ...
[INFO] [stdout] 685 | /             fn type_get<'a, 's>(
[INFO] [stdout] 686 | |                 _this: Type<'v, Self>,
[INFO] [stdout] 687 | |                 strand: &'a mut Strand<'v, 's>,
[INFO] [stdout] 688 | |                 field: dolang::runtime::Sym<'v, 'a>,
[INFO] [stdout] ...   |
[INFO] [stdout] 705 | |             }
[INFO] [stdout]     | |_____________^ not a member of trait `Object`
[INFO] [stdout] ...
[INFO] [stdout] 750 | / calendar_enum!(
[INFO] [stdout] 751 | |     Weekday,
[INFO] [stdout] 752 | |     TimeWeekday,
[INFO] [stdout] 753 | |     weekday,
[INFO] [stdout] ...   |
[INFO] [stdout] 756 | |     weekday_name
[INFO] [stdout] 757 | | );
[INFO] [stdout]     | |_- in this macro invocation
[INFO] [stdout] 
[INFO] [stdout] 
[INFO] [stdout] error[E0407]: method `type_get` is not a member of trait `Object`
[INFO] [stdout]    --> src/time.rs:788:5
[INFO] [stdout]     |
[INFO] [stdout] 788 | /     fn type_get<'a, 's>(
[INFO] [stdout] 789 | |         _this: Type<'v, Self>,
[INFO] [stdout] 790 | |         strand: &'a mut Strand<'v, 's>,
[INFO] [stdout] 791 | |         field: dolang::runtime::Sym<'v, 'a>,
[INFO] [stdout] ...   |
[INFO] [stdout] 808 | |     }
[INFO] [stdout]     | |_____^ not a member of trait `Object`
[INFO] [stdout] 
[INFO] [stdout] 
[INFO] [stdout] error[E0407]: method `type_index` is not a member of trait `Object`
[INFO] [stdout]    --> src/time.rs:809:5
[INFO] [stdout]     |
[INFO] [stdout] 809 | /     fn type_index<'a, 's>(
[INFO] [stdout] 810 | |         _this: Type<'v, Self>,
[INFO] [stdout] 811 | |         strand: &'a mut Strand<'v, 's>,
[INFO] [stdout] 812 | |         index: &dolang::runtime::Value<'v>,
[INFO] [stdout] ...   |
[INFO] [stdout] 822 | |         Ok(())
[INFO] [stdout] 823 | |     }
[INFO] [stdout]     | |_____^ not a member of trait `Object`
[INFO] [stdout] 
[INFO] [stdout] 
[INFO] [stdout] Some errors have detailed explanations: E0407, E0432, E0433.
[INFO] [stdout] 
[INFO] [stdout] For more information about an error, try `rustc --explain E0407`.
[INFO] [stdout] 
[INFO] [stderr] error: could not compile `dolang-ext-time` (lib) due to 8 previous errors
[INFO] [stderr] warning: build failed, waiting for other jobs to finish...
[INFO] running `Command { std: "docker" "inspect" "6d3a26ae5f2e02b0debb64d85712ccf60c0ed6e0f49290a350f4ad2f9e55e2ab", kill_on_drop: false }`
[INFO] running `Command { std: "docker" "rm" "-f" "6d3a26ae5f2e02b0debb64d85712ccf60c0ed6e0f49290a350f4ad2f9e55e2ab", kill_on_drop: false }`
[INFO] [stdout] 6d3a26ae5f2e02b0debb64d85712ccf60c0ed6e0f49290a350f4ad2f9e55e2ab
