[INFO] fetching crate dolang-ext-term 0.1.0...
[INFO] testing dolang-ext-term-0.1.0 against 1.99.0-beta.8+cargoflags=--release for beta-release-1.100-2
[INFO] extracting crate dolang-ext-term 0.1.0 into /workspace/builds/worker-5-tc1/source
[INFO] started tweaking crates.io crate dolang-ext-term 0.1.0
[INFO] finished tweaking crates.io crate dolang-ext-term 0.1.0
[INFO] tweaked toml for crates.io crate dolang-ext-term 0.1.0 written to /workspace/builds/worker-5-tc1/source/Cargo.toml
[INFO] validating manifest of crates.io crate dolang-ext-term 0.1.0 on toolchain 1.99.0-beta.8
[INFO] running `Command { std: CARGO_HOME="/workspace/cargo-home" RUSTUP_HOME="/workspace/rustup-home" "/workspace/cargo-home/bin/cargo" "+1.99.0-beta.8" "metadata" "--manifest-path" "Cargo.toml" "--no-deps", kill_on_drop: false }`
[INFO] crate crates.io crate dolang-ext-term 0.1.0 already has a lockfile, it will not be regenerated
[INFO] running `Command { std: CARGO_HOME="/workspace/cargo-home" RUSTUP_HOME="/workspace/rustup-home" "/workspace/cargo-home/bin/cargo" "+1.99.0-beta.8" "fetch" "--manifest-path" "Cargo.toml", kill_on_drop: false }`
[INFO] [stderr]     Updating crates.io index
[INFO] [stderr]  Downloading crates ...
[INFO] [stderr]   Downloaded linkme v0.3.35
[INFO] [stderr]   Downloaded dolang v0.1.0
[INFO] [stderr]   Downloaded linkme-impl v0.3.35
[INFO] [stderr]   Downloaded dolang-bytecode v0.1.0
[INFO] [stderr]   Downloaded dolang-runtime v0.1.0
[INFO] [stderr]   Downloaded dolang-private-util v0.1.0
[INFO] [stderr]   Downloaded dolang-compile v0.1.0
[INFO] running `Command { std: "docker" "create" "-v" "/var/lib/crater-agent-workspace/builds/worker-5-tc1/source:/opt/rustwide/workdir:ro,Z" "-v" "/var/lib/crater-agent-workspace/builds/worker-5-tc1/target:/opt/rustwide/target:rw,Z" "-v" "/var/lib/crater-agent-workspace/cargo-home:/opt/rustwide/cargo-home:ro,Z" "-v" "/var/lib/crater-agent-workspace/rustup-home:/opt/rustwide/rustup-home:ro,Z" "-m" "1610612736" "--network" "none" "ghcr.io/rust-lang/crates-build-env/linux@sha256:77db811e55d90add9212f6832c23229e3de5f1c1f9905e8cb07319ea15df73ac" "sleep" "infinity", kill_on_drop: false }`
[INFO] [stdout] 56dace1487bd378c5f854170282d561a1437b1cf1e35f12ef8febbf7793e6e1a
[INFO] running `Command { std: "docker" "start" "56dace1487bd378c5f854170282d561a1437b1cf1e35f12ef8febbf7793e6e1a", kill_on_drop: false }`
[INFO] running `Command { std: "docker" "inspect" "56dace1487bd378c5f854170282d561a1437b1cf1e35f12ef8febbf7793e6e1a", kill_on_drop: false }`
[INFO] running `Command { std: "docker" "exec" "-e" "SOURCE_DIR=/opt/rustwide/workdir" "-e" "CARGO_HOME=/opt/rustwide/cargo-home" "-e" "RUSTUP_HOME=/opt/rustwide/rustup-home" "-e" "CARGO_TARGET_DIR=/opt/rustwide/target" "-w" "/opt/rustwide/workdir" "--user" "0:0" "56dace1487bd378c5f854170282d561a1437b1cf1e35f12ef8febbf7793e6e1a" "/opt/rustwide/cargo-home/bin/cargo" "+1.99.0-beta.8" "metadata" "--no-deps" "--format-version=1", kill_on_drop: false }`
[INFO] running `Command { std: "docker" "inspect" "56dace1487bd378c5f854170282d561a1437b1cf1e35f12ef8febbf7793e6e1a", kill_on_drop: false }`
[INFO] running `Command { std: "docker" "exec" "-e" "SOURCE_DIR=/opt/rustwide/workdir" "-e" "CARGO_HOME=/opt/rustwide/cargo-home" "-e" "RUSTUP_HOME=/opt/rustwide/rustup-home" "-e" "CARGO_TARGET_DIR=/opt/rustwide/target" "-e" "CARGO_INCREMENTAL=0" "-e" "RUST_BACKTRACE=full" "-e" "RUSTFLAGS=--cap-lints=warn" "-e" "RUSTDOCFLAGS=--cap-lints=warn" "-w" "/opt/rustwide/workdir" "--user" "0:0" "56dace1487bd378c5f854170282d561a1437b1cf1e35f12ef8febbf7793e6e1a" "/opt/rustwide/cargo-home/bin/cargo" "+1.99.0-beta.8" "build" "--frozen" "--message-format=json" "--release", kill_on_drop: false }`
[INFO] [stderr]    Compiling thiserror v2.0.18
[INFO] [stderr]    Compiling futures-core v0.3.32
[INFO] [stderr]    Compiling futures-sink v0.3.32
[INFO] [stderr]    Compiling futures-macro v0.3.32
[INFO] [stderr]    Compiling radium v0.7.0
[INFO] [stderr]    Compiling slab v0.4.12
[INFO] [stderr]    Compiling phf_shared v0.13.1
[INFO] [stderr]    Compiling dolang-private-util v0.1.0
[INFO] [stderr]    Compiling tap v1.0.1
[INFO] [stderr]    Compiling linkme-impl v0.3.35
[INFO] [stderr]    Compiling siphasher v1.0.2
[INFO] [stderr]    Compiling regex-automata v0.4.14
[INFO] [stderr]    Compiling linkme v0.3.35
[INFO] [stderr]    Compiling funty v2.0.0
[INFO] [stderr]    Compiling unicode-segmentation v1.13.2
[INFO] [stderr]    Compiling wyz v0.5.1
[INFO] [stderr]    Compiling futures-channel v0.3.32
[INFO] [stderr]    Compiling cobs v0.3.0
[INFO] [stderr]    Compiling phf_generator v0.13.1
[INFO] [stderr]    Compiling postcard v1.1.3
[INFO] [stderr]    Compiling phf_macros v0.13.1
[INFO] [stderr]    Compiling bitvec v1.0.1
[INFO] [stderr]    Compiling futures-util v0.3.32
[INFO] [stderr]    Compiling dolang-bytecode v0.1.0
[INFO] [stderr]    Compiling phf v0.13.1
[INFO] [stderr]    Compiling bstr v1.12.1
[INFO] [stderr]    Compiling dolang-compile v0.1.0
[INFO] [stderr]    Compiling futures-executor v0.3.32
[INFO] [stderr]    Compiling futures v0.3.32
[INFO] [stderr]    Compiling dolang-runtime v0.1.0
[INFO] [stderr]    Compiling dolang v0.1.0
[INFO] [stderr]    Compiling dolang-ext-term v0.1.0 (/opt/rustwide/workdir)
[INFO] [stdout] error[E0432]: unresolved import `dolang::runtime::value::fmt`
[INFO] [stdout]  --> src/console.rs:3:29
[INFO] [stdout]   |
[INFO] [stdout] 3 | use dolang::runtime::value::fmt::Format;
[INFO] [stdout]   |                             ^^^ could not find `fmt` in `value`
[INFO] [stdout] 
[INFO] [stdout] 
[INFO] [stdout] error[E0432]: unresolved import `dolang::runtime::object::fmt`
[INFO] [stdout]  --> src/console.rs:6:32
[INFO] [stdout]   |
[INFO] [stdout] 6 |     object::{Mut, TypeBuilder, fmt},
[INFO] [stdout]   |                                ^^^ no `fmt` in `runtime::object`
[INFO] [stdout]   |
[INFO] [stdout]   = help: consider importing this module instead:
[INFO] [stdout]           std::fmt
[INFO] [stdout] 
[INFO] [stdout] 
[INFO] [stdout] error[E0432]: unresolved import `dolang::compile::Config`
[INFO] [stdout]  --> src/extension.rs:4:5
[INFO] [stdout]   |
[INFO] [stdout] 4 |     compile::Config,
[INFO] [stdout]   |     ^^^^^^^^^------
[INFO] [stdout]   |              |
[INFO] [stdout]   |              no `Config` in `compile`
[INFO] [stdout] 
[INFO] [stdout] 
[INFO] [stdout] error[E0432]: unresolved import `dolang::runtime::object::fmt`
[INFO] [stdout]  --> src/term.rs:1:5
[INFO] [stdout]   |
[INFO] [stdout] 1 | use dolang::runtime::object::fmt;
[INFO] [stdout]   |     ^^^^^^^^^^^^^^^^^^^^^^^^^---
[INFO] [stdout]   |                              |
[INFO] [stdout]   |                              no `fmt` in `runtime::object`
[INFO] [stdout]   |
[INFO] [stdout] help: consider importing this module instead
[INFO] [stdout]   |
[INFO] [stdout] 1 - use dolang::runtime::object::fmt;
[INFO] [stdout] 1 + use std::fmt;
[INFO] [stdout]   |
[INFO] [stdout] 
[INFO] [stdout] 
[INFO] [stdout] error[E0432]: unresolved import `dolang::runtime::value::fmt`
[INFO] [stdout]  --> src/term.rs:2:29
[INFO] [stdout]   |
[INFO] [stdout] 2 | use dolang::runtime::value::fmt::{self as fmt_spec, Fill, Format, Kind, Pad, Spec};
[INFO] [stdout]   |                             ^^^ could not find `fmt` in `value`
[INFO] [stdout] 
[INFO] [stdout] 
[INFO] [stdout] error[E0432]: unresolved imports `dolang::compile::Config`, `dolang::runtime::value::StrEmbryo`
[INFO] [stdout]   --> src/term.rs:4:5
[INFO] [stdout]    |
[INFO] [stdout]  4 |     compile::Config,
[INFO] [stdout]    |     ^^^^^^^^^------
[INFO] [stdout]    |              |
[INFO] [stdout]    |              no `Config` in `compile`
[INFO] [stdout] ...
[INFO] [stdout] 11 |         value::{Singleton, StrEmbryo, TypeObject, View},
[INFO] [stdout]    |                            ^^^^^^^^^ no `StrEmbryo` in `runtime::value`
[INFO] [stdout] 
[INFO] [stdout] 
[INFO] [stdout] error[E0433]: cannot find `package_version` in `dolang`
[INFO] [stdout]   --> src/extension.rs:18:38
[INFO] [stdout]    |
[INFO] [stdout] 18 |     const VERSION: Version = dolang::package_version!();
[INFO] [stdout]    |                                      ^^^^^^^^^^^^^^^ could not find `package_version` in `dolang`
[INFO] [stdout] 
[INFO] [stdout] 
[INFO] [stdout] error[E0433]: cannot find `fmt` in `object`
[INFO] [stdout]    --> src/term.rs:256:34
[INFO] [stdout]     |
[INFO] [stdout] 256 |         dolang::runtime::object::fmt!(strand, out, "<term.Text {:?}>", &*text)
[INFO] [stdout]     |                                  ^^^ could not find `fmt` in `object`
[INFO] [stdout] 
[INFO] [stdout] 
[INFO] [stdout] error[E0407]: method `sink` is not a member of trait `Object`
[INFO] [stdout]   --> src/console.rs:90:5
[INFO] [stdout]    |
[INFO] [stdout] 90 | /     async fn sink<'a, 's>(
[INFO] [stdout] 91 | |         this: Instance<'v, 'a, Self>,
[INFO] [stdout] 92 | |         strand: &'a mut Strand<'v, 's>,
[INFO] [stdout] 93 | |         out: Slot<'v, 'a>,
[INFO] [stdout] ...  |
[INFO] [stdout] 96 | |         Ok(())
[INFO] [stdout] 97 | |     }
[INFO] [stdout]    | |_____^ not a member of trait `Object`
[INFO] [stdout] 
[INFO] [stdout] 
[INFO] [stdout] error[E0407]: method `sink` is not a member of trait `Object`
[INFO] [stdout]    --> src/console.rs:188:5
[INFO] [stdout]     |
[INFO] [stdout] 188 | /     async fn sink<'a, 's>(
[INFO] [stdout] 189 | |         this: Instance<'v, 'a, Self>,
[INFO] [stdout] 190 | |         strand: &'a mut Strand<'v, 's>,
[INFO] [stdout] 191 | |         out: Slot<'v, 'a>,
[INFO] [stdout] ...   |
[INFO] [stdout] 194 | |         Ok(())
[INFO] [stdout] 195 | |     }
[INFO] [stdout]     | |_____^ not a member of trait `Object`
[INFO] [stdout] 
[INFO] [stdout] 
[INFO] [stdout] error[E0407]: method `sink` is not a member of trait `Object`
[INFO] [stdout]    --> src/console.rs:334:5
[INFO] [stdout]     |
[INFO] [stdout] 334 | /     async fn sink<'a, 's>(
[INFO] [stdout] 335 | |         this: Instance<'v, 'a, Self>,
[INFO] [stdout] 336 | |         strand: &'a mut Strand<'v, 's>,
[INFO] [stdout] 337 | |         out: Slot<'v, 'a>,
[INFO] [stdout] ...   |
[INFO] [stdout] 340 | |         Ok(())
[INFO] [stdout] 341 | |     }
[INFO] [stdout]     | |_____^ not a member of trait `Object`
[INFO] [stdout] 
[INFO] [stdout] 
[INFO] [stdout] error[E0407]: method `sink` is not a member of trait `Object`
[INFO] [stdout]    --> src/console.rs:507:5
[INFO] [stdout]     |
[INFO] [stdout] 507 | /     async fn sink<'a, 's>(
[INFO] [stdout] 508 | |         this: Instance<'v, 'a, Self>,
[INFO] [stdout] 509 | |         strand: &'a mut Strand<'v, 's>,
[INFO] [stdout] 510 | |         out: Slot<'v, 'a>,
[INFO] [stdout] ...   |
[INFO] [stdout] 513 | |         Ok(())
[INFO] [stdout] 514 | |     }
[INFO] [stdout]     | |_____^ not a member of trait `Object`
[INFO] [stdout] 
[INFO] [stdout] 
[INFO] [stdout] error[E0407]: method `fmt` is not a member of trait `Object`
[INFO] [stdout]    --> src/term.rs:267:5
[INFO] [stdout]     |
[INFO] [stdout] 267 | /     fn fmt<'a, 's>(
[INFO] [stdout] 268 | |         this: Instance<'v, 'a, Self>,
[INFO] [stdout] 269 | |         strand: &'a mut Strand<'v, 's>,
[INFO] [stdout] 270 | |         spec: &Spec,
[INFO] [stdout] ...   |
[INFO] [stdout] 285 | |         lay_out(strand, spec, &rendered, w)
[INFO] [stdout] 286 | |     }
[INFO] [stdout]     | |_____^ not a member of trait `Object`
[INFO] [stdout] 
[INFO] [stdout] 
[INFO] [stdout] error[E0425]: cannot find type `InheritKind` in module `strand`
[INFO] [stdout]   --> src/local.rs:33:64
[INFO] [stdout]    |
[INFO] [stdout] 33 |     fn inherit(&self, _strand: &Strand<'v, '_>, _kind: strand::InheritKind) -> Self {
[INFO] [stdout]    |                                                                ^^^^^^^^^^^ not found in `strand`
[INFO] [stdout] 
[INFO] [stdout] 
[INFO] [stderr] error: could not compile `dolang-ext-term` (lib) due to 14 previous errors
[INFO] [stdout] Some errors have detailed explanations: E0407, E0425, E0432, E0433.
[INFO] [stdout] 
[INFO] [stderr] warning: build failed, waiting for other jobs to finish...
[INFO] [stdout] For more information about an error, try `rustc --explain E0407`.
[INFO] [stdout] 
[INFO] running `Command { std: "docker" "inspect" "56dace1487bd378c5f854170282d561a1437b1cf1e35f12ef8febbf7793e6e1a", kill_on_drop: false }`
[INFO] running `Command { std: "docker" "rm" "-f" "56dace1487bd378c5f854170282d561a1437b1cf1e35f12ef8febbf7793e6e1a", kill_on_drop: false }`
[INFO] [stdout] 56dace1487bd378c5f854170282d561a1437b1cf1e35f12ef8febbf7793e6e1a
