[INFO] fetching crate dolang-ext-tar 0.1.0...
[INFO] testing dolang-ext-tar-0.1.0 against 1.99.0-beta.8+cargoflags=--release for beta-release-1.100-2
[INFO] extracting crate dolang-ext-tar 0.1.0 into /workspace/builds/worker-7-tc1/source
[INFO] started tweaking crates.io crate dolang-ext-tar 0.1.0
[INFO] finished tweaking crates.io crate dolang-ext-tar 0.1.0
[INFO] tweaked toml for crates.io crate dolang-ext-tar 0.1.0 written to /workspace/builds/worker-7-tc1/source/Cargo.toml
[INFO] validating manifest of crates.io crate dolang-ext-tar 0.1.0 on toolchain 1.99.0-beta.8
[INFO] running `Command { std: CARGO_HOME="/workspace/cargo-home" RUSTUP_HOME="/workspace/rustup-home" "/workspace/cargo-home/bin/cargo" "+1.99.0-beta.8" "metadata" "--manifest-path" "Cargo.toml" "--no-deps", kill_on_drop: false }`
[INFO] crate crates.io crate dolang-ext-tar 0.1.0 already has a lockfile, it will not be regenerated
[INFO] running `Command { std: CARGO_HOME="/workspace/cargo-home" RUSTUP_HOME="/workspace/rustup-home" "/workspace/cargo-home/bin/cargo" "+1.99.0-beta.8" "fetch" "--manifest-path" "Cargo.toml", kill_on_drop: false }`
[INFO] [stderr]     Updating crates.io index
[INFO] [stderr]  Downloading crates ...
[INFO] [stderr]   Downloaded dolang-ext-shell v0.1.0
[INFO] [stderr]   Downloaded linkme v0.3.35
[INFO] [stderr]   Downloaded linkme-impl v0.3.35
[INFO] [stderr]   Downloaded pori v0.0.0
[INFO] [stderr]   Downloaded dolang-shell-vfs v0.1.0
[INFO] [stderr]   Downloaded dolang-private-ipc v0.1.0
[INFO] [stderr]   Downloaded dolang-bytecode v0.1.0
[INFO] [stderr]   Downloaded dolang-private-build v0.1.0
[INFO] [stderr]   Downloaded dolang v0.1.0
[INFO] [stderr]   Downloaded wax v0.7.0
[INFO] [stderr]   Downloaded dolang-private-util v0.1.0
[INFO] [stderr]   Downloaded dolang-compile v0.1.0
[INFO] [stderr]   Downloaded dolang-runtime v0.1.0
[INFO] running `Command { std: "docker" "create" "-v" "/var/lib/crater-agent-workspace/builds/worker-7-tc1/source:/opt/rustwide/workdir:ro,Z" "-v" "/var/lib/crater-agent-workspace/builds/worker-7-tc1/target:/opt/rustwide/target:rw,Z" "-v" "/var/lib/crater-agent-workspace/cargo-home:/opt/rustwide/cargo-home:ro,Z" "-v" "/var/lib/crater-agent-workspace/rustup-home:/opt/rustwide/rustup-home:ro,Z" "-m" "1610612736" "--network" "none" "ghcr.io/rust-lang/crates-build-env/linux@sha256:77db811e55d90add9212f6832c23229e3de5f1c1f9905e8cb07319ea15df73ac" "sleep" "infinity", kill_on_drop: false }`
[INFO] [stdout] d9cea3dd26cee3db270cc6d37b00fa7aaf0e380707177a3a121012be0ec6715e
[INFO] running `Command { std: "docker" "start" "d9cea3dd26cee3db270cc6d37b00fa7aaf0e380707177a3a121012be0ec6715e", kill_on_drop: false }`
[INFO] running `Command { std: "docker" "inspect" "d9cea3dd26cee3db270cc6d37b00fa7aaf0e380707177a3a121012be0ec6715e", kill_on_drop: false }`
[INFO] running `Command { std: "docker" "exec" "-e" "SOURCE_DIR=/opt/rustwide/workdir" "-e" "CARGO_HOME=/opt/rustwide/cargo-home" "-e" "RUSTUP_HOME=/opt/rustwide/rustup-home" "-e" "CARGO_TARGET_DIR=/opt/rustwide/target" "-w" "/opt/rustwide/workdir" "--user" "0:0" "d9cea3dd26cee3db270cc6d37b00fa7aaf0e380707177a3a121012be0ec6715e" "/opt/rustwide/cargo-home/bin/cargo" "+1.99.0-beta.8" "metadata" "--no-deps" "--format-version=1", kill_on_drop: false }`
[INFO] running `Command { std: "docker" "inspect" "d9cea3dd26cee3db270cc6d37b00fa7aaf0e380707177a3a121012be0ec6715e", kill_on_drop: false }`
[INFO] running `Command { std: "docker" "exec" "-e" "SOURCE_DIR=/opt/rustwide/workdir" "-e" "CARGO_HOME=/opt/rustwide/cargo-home" "-e" "RUSTUP_HOME=/opt/rustwide/rustup-home" "-e" "CARGO_TARGET_DIR=/opt/rustwide/target" "-e" "CARGO_INCREMENTAL=0" "-e" "RUST_BACKTRACE=full" "-e" "RUSTFLAGS=--cap-lints=warn" "-e" "RUSTDOCFLAGS=--cap-lints=warn" "-w" "/opt/rustwide/workdir" "--user" "0:0" "d9cea3dd26cee3db270cc6d37b00fa7aaf0e380707177a3a121012be0ec6715e" "/opt/rustwide/cargo-home/bin/cargo" "+1.99.0-beta.8" "build" "--frozen" "--message-format=json" "--release", kill_on_drop: false }`
[INFO] [stderr]    Compiling syn v2.0.117
[INFO] [stderr]    Compiling libc v0.2.184
[INFO] [stderr]    Compiling semver v1.0.28
[INFO] [stderr]    Compiling byteorder v1.5.0
[INFO] [stderr]    Compiling spin v0.9.9
[INFO] [stderr]    Compiling aho-corasick v1.1.4
[INFO] [stderr]    Compiling regex-syntax v0.8.10
[INFO] [stderr]    Compiling hash32 v0.2.1
[INFO] [stderr]    Compiling futures-channel v0.3.32
[INFO] [stderr]    Compiling rustc_version v0.4.1
[INFO] [stderr]    Compiling memoffset v0.9.1
[INFO] [stderr]    Compiling phf_shared v0.13.1
[INFO] [stderr]    Compiling bitflags v2.11.0
[INFO] [stderr]    Compiling heapless v0.7.17
[INFO] [stderr]    Compiling fastrand v2.4.1
[INFO] [stderr]    Compiling nix v0.31.2
[INFO] [stderr]    Compiling phf_generator v0.13.1
[INFO] [stderr]    Compiling zstd-safe v7.2.4
[INFO] [stderr]    Compiling linkme-impl v0.3.35
[INFO] [stderr]    Compiling dolang-private-util v0.1.0
[INFO] [stderr]    Compiling const_format_proc_macros v0.2.34
[INFO] [stderr]    Compiling nom v7.1.3
[INFO] [stderr]    Compiling jobserver v0.1.34
[INFO] [stderr]    Compiling simd-adler32 v0.3.9
[INFO] [stderr]    Compiling cc v1.2.60
[INFO] [stderr]    Compiling linkme v0.3.35
[INFO] [stderr]    Compiling miniz_oxide v0.8.9
[INFO] [stderr]    Compiling errno v0.3.14
[INFO] [stderr]    Compiling signal-hook-registry v1.4.8
[INFO] [stderr]    Compiling socket2 v0.6.3
[INFO] [stderr]    Compiling mio v1.2.0
[INFO] [stderr]    Compiling regex-automata v0.4.14
[INFO] [stderr]    Compiling zstd-sys v2.0.16+zstd.1.5.7
[INFO] [stderr]    Compiling getrandom v0.4.2
[INFO] [stderr]    Compiling pori v0.0.0
[INFO] [stderr]    Compiling rand v0.10.1
[INFO] [stderr]    Compiling itertools v0.14.0
[INFO] [stderr]    Compiling thiserror-impl v2.0.18
[INFO] [stderr]    Compiling serde_derive v1.0.228
[INFO] [stderr]    Compiling thiserror v2.0.18
[INFO] [stderr]    Compiling cobs v0.3.0
[INFO] [stderr]    Compiling tokio-macros v2.7.0
[INFO] [stderr]    Compiling futures-macro v0.3.32
[INFO] [stderr]    Compiling tokio v1.51.1
[INFO] [stderr]    Compiling futures-util v0.3.32
[INFO] [stderr]    Compiling phf_macros v0.13.1
[INFO] [stderr]    Compiling phf v0.13.1
[INFO] [stderr]    Compiling bstr v1.12.1
[INFO] [stderr]    Compiling regex v1.12.3
[INFO] [stderr]    Compiling serde v1.0.228
[INFO] [stderr]    Compiling bitvec v1.0.1
[INFO] [stderr]    Compiling const_format v0.2.35
[INFO] [stderr]    Compiling postcard v1.1.3
[INFO] [stderr]    Compiling dolang-private-build v0.1.0
[INFO] [stderr]    Compiling flate2 v1.1.9
[INFO] [stderr]    Compiling dolang-ext-shell v0.1.0
[INFO] [stderr]    Compiling wax v0.7.0
[INFO] [stderr]    Compiling dolang-bytecode v0.1.0
[INFO] [stderr]    Compiling futures-executor v0.3.32
[INFO] [stderr]    Compiling which v8.0.2
[INFO] [stderr]    Compiling futures v0.3.32
[INFO] [stderr]    Compiling compression-core v0.4.32
[INFO] [stderr]    Compiling num-conv v0.2.1
[INFO] [stderr]    Compiling rustix v1.1.4
[INFO] [stderr]    Compiling time v0.3.47
[INFO] [stderr]    Compiling dolang-runtime v0.1.0
[INFO] [stderr]    Compiling dolang-private-ipc v0.1.0
[INFO] [stderr]    Compiling dolang-compile v0.1.0
[INFO] [stderr]    Compiling tokio-stream v0.1.19
[INFO] [stderr]    Compiling rustc-hash v2.1.2
[INFO] [stderr]    Compiling shlex v1.3.0
[INFO] [stderr]    Compiling astral-tokio-tar v0.6.4
[INFO] [stderr]    Compiling dolang-shell-vfs v0.1.0
[INFO] [stderr]    Compiling dolang v0.1.0
[INFO] [stderr]    Compiling zstd v0.13.3
[INFO] [stderr]    Compiling compression-codecs v0.4.38
[INFO] [stderr]    Compiling async-compression v0.4.42
[INFO] [stderr]    Compiling dolang-ext-tar v0.1.0 (/opt/rustwide/workdir)
[INFO] [stdout] error[E0433]: cannot find `package_version` in `dolang`
[INFO] [stdout]   --> src/extension.rs:17:38
[INFO] [stdout]    |
[INFO] [stdout] 17 |     const VERSION: Version = dolang::package_version!();
[INFO] [stdout]    |                                      ^^^^^^^^^^^^^^^ could not find `package_version` in `dolang`
[INFO] [stdout] 
[INFO] [stdout] 
[INFO] [stdout] error[E0425]: cannot find function `as_unix_path` in crate `dolang_ext_shell`
[INFO] [stdout]    --> src/tar.rs:165:43
[INFO] [stdout]     |
[INFO] [stdout] 165 |     if let Some(path) = dolang_ext_shell::as_unix_path(strand, &value) {
[INFO] [stdout]     |                                           ^^^^^^^^^^^^ not found in `dolang_ext_shell`
[INFO] [stdout] 
[INFO] [stdout] 
[INFO] [stdout] error[E0425]: cannot find function `unix_path` in crate `dolang_ext_shell`
[INFO] [stdout]    --> src/tar.rs:297:35
[INFO] [stdout]     |
[INFO] [stdout] 297 |                 dolang_ext_shell::unix_path(strand, path, out)
[INFO] [stdout]     |                                   ^^^^^^^^^ not found in `dolang_ext_shell`
[INFO] [stdout] 
[INFO] [stdout] 
[INFO] [stdout] error[E0425]: cannot find function `unix_path` in crate `dolang_ext_shell`
[INFO] [stdout]    --> src/tar.rs:408:43
[INFO] [stdout]     |
[INFO] [stdout] 408 |                         dolang_ext_shell::unix_path(strand, value, out)?
[INFO] [stdout]     |                                           ^^^^^^^^^ not found in `dolang_ext_shell`
[INFO] [stdout] 
[INFO] [stdout] 
[INFO] [stdout] error[E0599]: no method named `to_int` found for struct `Slot<'v, '_>` in the current scope
[INFO] [stdout]    --> src/tar.rs:128:10
[INFO] [stdout]     |
[INFO] [stdout] 127 |       let value = value
[INFO] [stdout]     |  _________________-
[INFO] [stdout] 128 | |         .to_int(strand)
[INFO] [stdout]     | |_________-^^^^^^
[INFO] [stdout]     |
[INFO] [stdout] help: there is a method `try_into` with a similar name, but with different arguments
[INFO] [stdout]    --> /rustc/dfb0accb7f508ae8be965d8629557221c889dd98/library/core/src/convert/mod.rs:625:4
[INFO] [stdout] 
[INFO] [stdout] 
[INFO] [stdout] error[E0277]: the trait bound `u64: Input<'_>` is not satisfied
[INFO] [stdout]     --> src/tar.rs:314:42
[INFO] [stdout]      |
[INFO] [stdout]  314 |                 Output::set(strand, out, value);
[INFO] [stdout]      |                 -----------              ^^^^^ the trait `Input<'_>` is not implemented for `u64`
[INFO] [stdout]      |                 |
[INFO] [stdout]      |                 required by a bound introduced by this call
[INFO] [stdout]      |
[INFO] [stdout] help: the following other types implement trait `Input<'v>`
[INFO] [stdout]     --> /opt/rustwide/cargo-home/registry/src/index.crates.io-1949cf8c6b5b557f/dolang-runtime-0.1.0/src/value/mod.rs:1532:1
[INFO] [stdout]      |
[INFO] [stdout] 1532 | impl<'v> Input<'v> for i64 {
[INFO] [stdout]      | ^^^^^^^^^^^^^^^^^^^^^^^^^^ `i64`
[INFO] [stdout] ...
[INFO] [stdout] 1539 | impl<'v> Input<'v> for f64 {
[INFO] [stdout]      | ^^^^^^^^^^^^^^^^^^^^^^^^^^ `f64`
[INFO] [stdout] note: required by a bound in `dolang::runtime::Output::set`
[INFO] [stdout]     --> /opt/rustwide/cargo-home/registry/src/index.crates.io-1949cf8c6b5b557f/dolang-runtime-0.1.0/src/value/mod.rs:1435:53
[INFO] [stdout]      |
[INFO] [stdout] 1435 |     fn set(vm: &Vm<'v>, mut this: Self, input: impl Input<'v>) {
[INFO] [stdout]      |                                                     ^^^^^^^^^ required by this bound in `Output::set`
[INFO] [stdout] 
[INFO] [stdout] 
[INFO] [stdout] error[E0277]: the trait bound `u32: Input<'_>` is not satisfied
[INFO] [stdout]     --> src/tar.rs:326:42
[INFO] [stdout]      |
[INFO] [stdout]  326 |                 Output::set(strand, out, value);
[INFO] [stdout]      |                 -----------              ^^^^^ the trait `Input<'_>` is not implemented for `u32`
[INFO] [stdout]      |                 |
[INFO] [stdout]      |                 required by a bound introduced by this call
[INFO] [stdout]      |
[INFO] [stdout] help: the following other types implement trait `Input<'v>`
[INFO] [stdout]     --> /opt/rustwide/cargo-home/registry/src/index.crates.io-1949cf8c6b5b557f/dolang-runtime-0.1.0/src/value/mod.rs:1532:1
[INFO] [stdout]      |
[INFO] [stdout] 1532 | impl<'v> Input<'v> for i64 {
[INFO] [stdout]      | ^^^^^^^^^^^^^^^^^^^^^^^^^^ `i64`
[INFO] [stdout] ...
[INFO] [stdout] 1539 | impl<'v> Input<'v> for f64 {
[INFO] [stdout]      | ^^^^^^^^^^^^^^^^^^^^^^^^^^ `f64`
[INFO] [stdout] note: required by a bound in `dolang::runtime::Output::set`
[INFO] [stdout]     --> /opt/rustwide/cargo-home/registry/src/index.crates.io-1949cf8c6b5b557f/dolang-runtime-0.1.0/src/value/mod.rs:1435:53
[INFO] [stdout]      |
[INFO] [stdout] 1435 |     fn set(vm: &Vm<'v>, mut this: Self, input: impl Input<'v>) {
[INFO] [stdout]      |                                                     ^^^^^^^^^ required by this bound in `Output::set`
[INFO] [stdout] 
[INFO] [stdout] 
[INFO] [stdout] error[E0277]: the trait bound `u64: Input<'_>` is not satisfied
[INFO] [stdout]     --> src/tar.rs:338:42
[INFO] [stdout]      |
[INFO] [stdout]  338 |                 Output::set(strand, out, value);
[INFO] [stdout]      |                 -----------              ^^^^^ the trait `Input<'_>` is not implemented for `u64`
[INFO] [stdout]      |                 |
[INFO] [stdout]      |                 required by a bound introduced by this call
[INFO] [stdout]      |
[INFO] [stdout] help: the following other types implement trait `Input<'v>`
[INFO] [stdout]     --> /opt/rustwide/cargo-home/registry/src/index.crates.io-1949cf8c6b5b557f/dolang-runtime-0.1.0/src/value/mod.rs:1532:1
[INFO] [stdout]      |
[INFO] [stdout] 1532 | impl<'v> Input<'v> for i64 {
[INFO] [stdout]      | ^^^^^^^^^^^^^^^^^^^^^^^^^^ `i64`
[INFO] [stdout] ...
[INFO] [stdout] 1539 | impl<'v> Input<'v> for f64 {
[INFO] [stdout]      | ^^^^^^^^^^^^^^^^^^^^^^^^^^ `f64`
[INFO] [stdout] note: required by a bound in `dolang::runtime::Output::set`
[INFO] [stdout]     --> /opt/rustwide/cargo-home/registry/src/index.crates.io-1949cf8c6b5b557f/dolang-runtime-0.1.0/src/value/mod.rs:1435:53
[INFO] [stdout]      |
[INFO] [stdout] 1435 |     fn set(vm: &Vm<'v>, mut this: Self, input: impl Input<'v>) {
[INFO] [stdout]      |                                                     ^^^^^^^^^ required by this bound in `Output::set`
[INFO] [stdout] 
[INFO] [stdout] 
[INFO] [stdout] error[E0277]: the trait bound `u64: Input<'_>` is not satisfied
[INFO] [stdout]     --> src/tar.rs:350:42
[INFO] [stdout]      |
[INFO] [stdout]  350 |                 Output::set(strand, out, value);
[INFO] [stdout]      |                 -----------              ^^^^^ the trait `Input<'_>` is not implemented for `u64`
[INFO] [stdout]      |                 |
[INFO] [stdout]      |                 required by a bound introduced by this call
[INFO] [stdout]      |
[INFO] [stdout] help: the following other types implement trait `Input<'v>`
[INFO] [stdout]     --> /opt/rustwide/cargo-home/registry/src/index.crates.io-1949cf8c6b5b557f/dolang-runtime-0.1.0/src/value/mod.rs:1532:1
[INFO] [stdout]      |
[INFO] [stdout] 1532 | impl<'v> Input<'v> for i64 {
[INFO] [stdout]      | ^^^^^^^^^^^^^^^^^^^^^^^^^^ `i64`
[INFO] [stdout] ...
[INFO] [stdout] 1539 | impl<'v> Input<'v> for f64 {
[INFO] [stdout]      | ^^^^^^^^^^^^^^^^^^^^^^^^^^ `f64`
[INFO] [stdout] note: required by a bound in `dolang::runtime::Output::set`
[INFO] [stdout]     --> /opt/rustwide/cargo-home/registry/src/index.crates.io-1949cf8c6b5b557f/dolang-runtime-0.1.0/src/value/mod.rs:1435:53
[INFO] [stdout]      |
[INFO] [stdout] 1435 |     fn set(vm: &Vm<'v>, mut this: Self, input: impl Input<'v>) {
[INFO] [stdout]      |                                                     ^^^^^^^^^ required by this bound in `Output::set`
[INFO] [stdout] 
[INFO] [stdout] 
[INFO] [stdout] error[E0277]: the trait bound `u32: Input<'_>` is not satisfied
[INFO] [stdout]     --> src/tar.rs:424:61
[INFO] [stdout]      |
[INFO] [stdout]  424 |                     Some(value) => Output::set(strand, out, value),
[INFO] [stdout]      |                                    -----------              ^^^^^ the trait `Input<'_>` is not implemented for `u32`
[INFO] [stdout]      |                                    |
[INFO] [stdout]      |                                    required by a bound introduced by this call
[INFO] [stdout]      |
[INFO] [stdout] help: the following other types implement trait `Input<'v>`
[INFO] [stdout]     --> /opt/rustwide/cargo-home/registry/src/index.crates.io-1949cf8c6b5b557f/dolang-runtime-0.1.0/src/value/mod.rs:1532:1
[INFO] [stdout]      |
[INFO] [stdout] 1532 | impl<'v> Input<'v> for i64 {
[INFO] [stdout]      | ^^^^^^^^^^^^^^^^^^^^^^^^^^ `i64`
[INFO] [stdout] ...
[INFO] [stdout] 1539 | impl<'v> Input<'v> for f64 {
[INFO] [stdout]      | ^^^^^^^^^^^^^^^^^^^^^^^^^^ `f64`
[INFO] [stdout] note: required by a bound in `dolang::runtime::Output::set`
[INFO] [stdout]     --> /opt/rustwide/cargo-home/registry/src/index.crates.io-1949cf8c6b5b557f/dolang-runtime-0.1.0/src/value/mod.rs:1435:53
[INFO] [stdout]      |
[INFO] [stdout] 1435 |     fn set(vm: &Vm<'v>, mut this: Self, input: impl Input<'v>) {
[INFO] [stdout]      |                                                     ^^^^^^^^^ required by this bound in `Output::set`
[INFO] [stdout] 
[INFO] [stdout] 
[INFO] [stdout] error[E0277]: the trait bound `u32: Input<'_>` is not satisfied
[INFO] [stdout]     --> src/tar.rs:439:61
[INFO] [stdout]      |
[INFO] [stdout]  439 |                     Some(value) => Output::set(strand, out, value),
[INFO] [stdout]      |                                    -----------              ^^^^^ the trait `Input<'_>` is not implemented for `u32`
[INFO] [stdout]      |                                    |
[INFO] [stdout]      |                                    required by a bound introduced by this call
[INFO] [stdout]      |
[INFO] [stdout] help: the following other types implement trait `Input<'v>`
[INFO] [stdout]     --> /opt/rustwide/cargo-home/registry/src/index.crates.io-1949cf8c6b5b557f/dolang-runtime-0.1.0/src/value/mod.rs:1532:1
[INFO] [stdout]      |
[INFO] [stdout] 1532 | impl<'v> Input<'v> for i64 {
[INFO] [stdout]      | ^^^^^^^^^^^^^^^^^^^^^^^^^^ `i64`
[INFO] [stdout] ...
[INFO] [stdout] 1539 | impl<'v> Input<'v> for f64 {
[INFO] [stdout]      | ^^^^^^^^^^^^^^^^^^^^^^^^^^ `f64`
[INFO] [stdout] note: required by a bound in `dolang::runtime::Output::set`
[INFO] [stdout]     --> /opt/rustwide/cargo-home/registry/src/index.crates.io-1949cf8c6b5b557f/dolang-runtime-0.1.0/src/value/mod.rs:1435:53
[INFO] [stdout]      |
[INFO] [stdout] 1435 |     fn set(vm: &Vm<'v>, mut this: Self, input: impl Input<'v>) {
[INFO] [stdout]      |                                                     ^^^^^^^^^ required by this bound in `Output::set`
[INFO] [stdout] 
[INFO] [stdout] 
[INFO] [stdout] Some errors have detailed explanations: E0277, E0425, E0433, E0599.
[INFO] [stdout] 
[INFO] [stdout] For more information about an error, try `rustc --explain E0277`.
[INFO] [stdout] 
[INFO] [stderr] error: could not compile `dolang-ext-tar` (lib) due to 11 previous errors
[INFO] [stderr] warning: build failed, waiting for other jobs to finish...
[INFO] running `Command { std: "docker" "inspect" "d9cea3dd26cee3db270cc6d37b00fa7aaf0e380707177a3a121012be0ec6715e", kill_on_drop: false }`
[INFO] running `Command { std: "docker" "rm" "-f" "d9cea3dd26cee3db270cc6d37b00fa7aaf0e380707177a3a121012be0ec6715e", kill_on_drop: false }`
[INFO] [stdout] d9cea3dd26cee3db270cc6d37b00fa7aaf0e380707177a3a121012be0ec6715e
