[INFO] fetching crate dolang-ext-patch 0.1.0...
[INFO] testing dolang-ext-patch-0.1.0 against 1.100.0-beta.1+cargoflags=--release for beta-release-1.100-2
[INFO] extracting crate dolang-ext-patch 0.1.0 into /workspace/builds/worker-0-tc2/source
[INFO] started tweaking crates.io crate dolang-ext-patch 0.1.0
[INFO] finished tweaking crates.io crate dolang-ext-patch 0.1.0
[INFO] tweaked toml for crates.io crate dolang-ext-patch 0.1.0 written to /workspace/builds/worker-0-tc2/source/Cargo.toml
[INFO] validating manifest of crates.io crate dolang-ext-patch 0.1.0 on toolchain 1.100.0-beta.1
[INFO] running `Command { std: CARGO_HOME="/workspace/cargo-home" RUSTUP_HOME="/workspace/rustup-home" "/workspace/cargo-home/bin/cargo" "+1.100.0-beta.1" "metadata" "--manifest-path" "Cargo.toml" "--no-deps", kill_on_drop: false }`
[INFO] crate crates.io crate dolang-ext-patch 0.1.0 already has a lockfile, it will not be regenerated
[INFO] running `Command { std: CARGO_HOME="/workspace/cargo-home" RUSTUP_HOME="/workspace/rustup-home" "/workspace/cargo-home/bin/cargo" "+1.100.0-beta.1" "fetch" "--manifest-path" "Cargo.toml", kill_on_drop: false }`
[INFO] running `Command { std: "docker" "create" "-v" "/var/lib/crater-agent-workspace/builds/worker-0-tc2/source:/opt/rustwide/workdir:ro,Z" "-v" "/var/lib/crater-agent-workspace/builds/worker-0-tc2/target:/opt/rustwide/target:rw,Z" "-v" "/var/lib/crater-agent-workspace/cargo-home:/opt/rustwide/cargo-home:ro,Z" "-v" "/var/lib/crater-agent-workspace/rustup-home:/opt/rustwide/rustup-home:ro,Z" "-m" "1610612736" "--network" "none" "ghcr.io/rust-lang/crates-build-env/linux@sha256:77db811e55d90add9212f6832c23229e3de5f1c1f9905e8cb07319ea15df73ac" "sleep" "infinity", kill_on_drop: false }`
[INFO] [stdout] b2e98c1b6c78ceafb2d282eed08c833eb59deec47588253a30e04a73f98e203f
[INFO] running `Command { std: "docker" "start" "b2e98c1b6c78ceafb2d282eed08c833eb59deec47588253a30e04a73f98e203f", kill_on_drop: false }`
[INFO] running `Command { std: "docker" "inspect" "b2e98c1b6c78ceafb2d282eed08c833eb59deec47588253a30e04a73f98e203f", kill_on_drop: false }`
[INFO] running `Command { std: "docker" "exec" "-e" "SOURCE_DIR=/opt/rustwide/workdir" "-e" "CARGO_HOME=/opt/rustwide/cargo-home" "-e" "RUSTUP_HOME=/opt/rustwide/rustup-home" "-e" "CARGO_TARGET_DIR=/opt/rustwide/target" "-w" "/opt/rustwide/workdir" "--user" "0:0" "b2e98c1b6c78ceafb2d282eed08c833eb59deec47588253a30e04a73f98e203f" "/opt/rustwide/cargo-home/bin/cargo" "+1.100.0-beta.1" "metadata" "--no-deps" "--format-version=1", kill_on_drop: false }`
[INFO] running `Command { std: "docker" "inspect" "b2e98c1b6c78ceafb2d282eed08c833eb59deec47588253a30e04a73f98e203f", kill_on_drop: false }`
[INFO] running `Command { std: "docker" "exec" "-e" "SOURCE_DIR=/opt/rustwide/workdir" "-e" "CARGO_HOME=/opt/rustwide/cargo-home" "-e" "RUSTUP_HOME=/opt/rustwide/rustup-home" "-e" "CARGO_TARGET_DIR=/opt/rustwide/target" "-e" "CARGO_INCREMENTAL=0" "-e" "RUST_BACKTRACE=full" "-e" "RUSTFLAGS=--cap-lints=warn" "-e" "RUSTDOCFLAGS=--cap-lints=warn" "-w" "/opt/rustwide/workdir" "--user" "0:0" "b2e98c1b6c78ceafb2d282eed08c833eb59deec47588253a30e04a73f98e203f" "/opt/rustwide/cargo-home/bin/cargo" "+1.100.0-beta.1" "build" "--frozen" "--message-format=json" "--release", kill_on_drop: false }`
[INFO] [stderr]    Compiling quote v1.0.45
[INFO] [stderr]    Compiling memchr v2.8.0
[INFO] [stderr]    Compiling libc v0.2.184
[INFO] [stderr]    Compiling serde_core v1.0.228
[INFO] [stderr]    Compiling serde v1.0.228
[INFO] [stderr]    Compiling byteorder v1.5.0
[INFO] [stderr]    Compiling regex-syntax v0.8.10
[INFO] [stderr]    Compiling autocfg v1.5.0
[INFO] [stderr]    Compiling siphasher v1.0.2
[INFO] [stderr]    Compiling futures-core v0.3.32
[INFO] [stderr]    Compiling futures-sink v0.3.32
[INFO] [stderr]    Compiling heapless v0.7.17
[INFO] [stderr]    Compiling spin v0.9.9
[INFO] [stderr]    Compiling getrandom v0.4.2
[INFO] [stderr]    Compiling radium v0.7.0
[INFO] [stderr]    Compiling futures-task v0.3.32
[INFO] [stderr]    Compiling fastrand v2.4.1
[INFO] [stderr]    Compiling futures-io v0.3.32
[INFO] [stderr]    Compiling cfg_aliases v0.2.1
[INFO] [stderr]    Compiling rand_core v0.10.0
[INFO] [stderr]    Compiling slab v0.4.12
[INFO] [stderr]    Compiling phf_shared v0.13.1
[INFO] [stderr]    Compiling dolang-private-util v0.1.0
[INFO] [stderr]    Compiling futures-channel v0.3.32
[INFO] [stderr]    Compiling nix v0.31.2
[INFO] [stderr]    Compiling cpufeatures v0.3.0
[INFO] [stderr]    Compiling tap v1.0.1
[INFO] [stderr]    Compiling hash32 v0.2.1
[INFO] [stderr]    Compiling linkme-impl v0.3.35
[INFO] [stderr]    Compiling wyz v0.5.1
[INFO] [stderr]    Compiling chacha20 v0.10.0
[INFO] [stderr]    Compiling memoffset v0.9.1
[INFO] [stderr]    Compiling syn v2.0.117
[INFO] [stderr]    Compiling funty v2.0.0
[INFO] [stderr]    Compiling bytes v1.11.1
[INFO] [stderr]    Compiling aho-corasick v1.1.4
[INFO] [stderr]    Compiling phf_generator v0.13.1
[INFO] [stderr]    Compiling const_format_proc_macros v0.2.34
[INFO] [stderr]    Compiling nom v7.1.3
[INFO] [stderr]    Compiling bitflags v2.11.0
[INFO] [stderr]    Compiling linkme v0.3.35
[INFO] [stderr]    Compiling either v1.15.0
[INFO] [stderr]    Compiling dolang-private-build v0.1.0
[INFO] [stderr]    Compiling hex v0.4.3
[INFO] [stderr]    Compiling itertools v0.14.0
[INFO] [stderr]    Compiling powerfmt v0.2.0
[INFO] [stderr]    Compiling dolang-ext-shell v0.1.0
[INFO] [stderr]    Compiling time-core v0.1.8
[INFO] [stderr]    Compiling num-conv v0.2.1
[INFO] [stderr]    Compiling deranged v0.5.8
[INFO] [stderr]    Compiling bitvec v1.0.1
[INFO] [stderr]    Compiling foldhash v0.2.0
[INFO] [stderr]    Compiling shlex v1.3.0
[INFO] [stderr]    Compiling hashbrown v0.17.0
[INFO] [stderr]    Compiling zlib-rs v0.6.3
[INFO] [stderr]    Compiling const_format v0.2.35
[INFO] [stderr]    Compiling regex-automata v0.4.14
[INFO] [stderr]    Compiling pori v0.0.0
[INFO] [stderr]    Compiling errno v0.3.14
[INFO] [stderr]    Compiling signal-hook-registry v1.4.8
[INFO] [stderr]    Compiling socket2 v0.6.3
[INFO] [stderr]    Compiling mio v1.2.0
[INFO] [stderr]    Compiling which v8.0.2
[INFO] [stderr]    Compiling time v0.3.47
[INFO] [stderr]    Compiling rand v0.10.1
[INFO] [stderr]    Compiling diffy v0.5.0
[INFO] [stderr]    Compiling thiserror-impl v2.0.18
[INFO] [stderr]    Compiling serde_derive v1.0.228
[INFO] [stderr]    Compiling futures-macro v0.3.32
[INFO] [stderr]    Compiling phf_macros v0.13.1
[INFO] [stderr]    Compiling tokio-macros v2.7.0
[INFO] [stderr]    Compiling phf v0.13.1
[INFO] [stderr]    Compiling tokio v1.51.1
[INFO] [stderr]    Compiling futures-util v0.3.32
[INFO] [stderr]    Compiling thiserror v2.0.18
[INFO] [stderr]    Compiling cobs v0.3.0
[INFO] [stderr]    Compiling regex v1.12.3
[INFO] [stderr]    Compiling bstr v1.12.1
[INFO] [stderr]    Compiling wax v0.7.0
[INFO] [stderr]    Compiling postcard v1.1.3
[INFO] [stderr]    Compiling dolang-bytecode v0.1.0
[INFO] [stderr]    Compiling futures-executor v0.3.32
[INFO] [stderr]    Compiling futures v0.3.32
[INFO] [stderr]    Compiling dolang-compile v0.1.0
[INFO] [stderr]    Compiling dolang-runtime v0.1.0
[INFO] [stderr]    Compiling dolang-private-ipc v0.1.0
[INFO] [stderr]    Compiling dolang-shell-vfs v0.1.0
[INFO] [stderr]    Compiling dolang v0.1.0
[INFO] [stderr]    Compiling dolang-ext-patch v0.1.0 (/opt/rustwide/workdir)
[INFO] [stdout] error[E0432]: unresolved import `dolang::runtime::object::fmt`
[INFO] [stdout]   --> src/patch.rs:12:5
[INFO] [stdout]    |
[INFO] [stdout] 12 | use dolang::runtime::object::fmt;
[INFO] [stdout]    |     ^^^^^^^^^^^^^^^^^^^^^^^^^---
[INFO] [stdout]    |                              |
[INFO] [stdout]    |                              no `fmt` in `runtime::object`
[INFO] [stdout]    |
[INFO] [stdout] help: consider importing this module instead
[INFO] [stdout]    |
[INFO] [stdout] 12 - use dolang::runtime::object::fmt;
[INFO] [stdout] 12 + use std::fmt;
[INFO] [stdout]    |
[INFO] [stdout] 
[INFO] [stdout] 
[INFO] [stdout] error[E0432]: unresolved imports `dolang::runtime::value::PinBin`, `dolang::runtime::value::PinStr`
[INFO] [stdout]   --> src/patch.rs:19:18
[INFO] [stdout]    |
[INFO] [stdout] 19 |     value::{Nil, PinBin, PinStr, TypeObject},
[INFO] [stdout]    |                  ^^^^^^  ^^^^^^ no `PinStr` in `runtime::value`
[INFO] [stdout]    |                  |
[INFO] [stdout]    |                  no `PinBin` in `runtime::value`
[INFO] [stdout] 
[INFO] [stdout] 
[INFO] [stdout] error[E0423]: cannot find function `path` in crate `dolang_ext_shell`
[INFO] [stdout]    --> src/patch.rs:291:35
[INFO] [stdout]     |
[INFO] [stdout] 291 |                 dolang_ext_shell::path(strand, path, out)
[INFO] [stdout]     |                                   ^^^^ not found in `dolang_ext_shell`
[INFO] [stdout]     |
[INFO] [stdout]     = note: a module named `dolang_ext_shell::path` exists in another namespace
[INFO] [stdout] 
[INFO] [stdout] 
[INFO] [stdout] error[E0423]: cannot find function `path` in crate `dolang_ext_shell`
[INFO] [stdout]    --> src/patch.rs:299:35
[INFO] [stdout]     |
[INFO] [stdout] 299 |                 dolang_ext_shell::path(strand, path, out)
[INFO] [stdout]     |                                   ^^^^ not found in `dolang_ext_shell`
[INFO] [stdout]     |
[INFO] [stdout]     = note: a module named `dolang_ext_shell::path` exists in another namespace
[INFO] [stdout] 
[INFO] [stdout] 
[INFO] [stdout] error[E0405]: cannot find trait `Format` in module `dolang::runtime`
[INFO] [stdout]    --> src/patch.rs:373:38
[INFO] [stdout]     |
[INFO] [stdout] 373 |         w: &mut dyn dolang::runtime::Format<'v>,
[INFO] [stdout]     |                                      ^^^^^^ not found in `dolang::runtime`
[INFO] [stdout] 
[INFO] [stdout] 
[INFO] [stdout] error[E0405]: cannot find trait `Format` in module `dolang::runtime`
[INFO] [stdout]    --> src/patch.rs:381:38
[INFO] [stdout]     |
[INFO] [stdout] 381 |         w: &mut dyn dolang::runtime::Format<'v>,
[INFO] [stdout]     |                                      ^^^^^^ not found in `dolang::runtime`
[INFO] [stdout] 
[INFO] [stdout] 
[INFO] [stdout] error[E0405]: cannot find trait `Format` in module `dolang::runtime`
[INFO] [stdout]    --> src/patch.rs:403:38
[INFO] [stdout]     |
[INFO] [stdout] 403 |         w: &mut dyn dolang::runtime::Format<'v>,
[INFO] [stdout]     |                                      ^^^^^^ not found in `dolang::runtime`
[INFO] [stdout] 
[INFO] [stdout] 
[INFO] [stdout] error[E0405]: cannot find trait `Format` in module `dolang::runtime`
[INFO] [stdout]    --> src/patch.rs:411:38
[INFO] [stdout]     |
[INFO] [stdout] 411 |         w: &mut dyn dolang::runtime::Format<'v>,
[INFO] [stdout]     |                                      ^^^^^^ not found in `dolang::runtime`
[INFO] [stdout] 
[INFO] [stdout] 
[INFO] [stdout] error[E0603]: module `path` is private
[INFO] [stdout]    --> src/patch.rs:291:35
[INFO] [stdout]     |
[INFO] [stdout] 291 |                 dolang_ext_shell::path(strand, path, out)
[INFO] [stdout]     |                                   ^^^^ private module
[INFO] [stdout]     |
[INFO] [stdout] note: the module `path` is defined here
[INFO] [stdout]    --> /opt/rustwide/cargo-home/registry/src/index.crates.io-1949cf8c6b5b557f/dolang-ext-shell-0.1.0/src/lib.rs:18:5
[INFO] [stdout]     |
[INFO] [stdout]  18 | use std::path;
[INFO] [stdout]     |     ^^^^^^^^^
[INFO] [stdout] help: consider importing this module instead
[INFO] [stdout]     |
[INFO] [stdout] 291 -                 dolang_ext_shell::path(strand, path, out)
[INFO] [stdout] 291 +                 std::path(strand, path, out)
[INFO] [stdout]     |
[INFO] [stdout] 
[INFO] [stdout] 
[INFO] [stdout] error[E0603]: module `path` is private
[INFO] [stdout]    --> src/patch.rs:299:35
[INFO] [stdout]     |
[INFO] [stdout] 299 |                 dolang_ext_shell::path(strand, path, out)
[INFO] [stdout]     |                                   ^^^^ private module
[INFO] [stdout]     |
[INFO] [stdout] note: the module `path` is defined here
[INFO] [stdout]    --> /opt/rustwide/cargo-home/registry/src/index.crates.io-1949cf8c6b5b557f/dolang-ext-shell-0.1.0/src/lib.rs:18:5
[INFO] [stdout]     |
[INFO] [stdout]  18 | use std::path;
[INFO] [stdout]     |     ^^^^^^^^^
[INFO] [stdout] help: consider importing this module instead
[INFO] [stdout]     |
[INFO] [stdout] 299 -                 dolang_ext_shell::path(strand, path, out)
[INFO] [stdout] 299 +                 std::path(strand, path, out)
[INFO] [stdout]     |
[INFO] [stdout] 
[INFO] [stdout] 
[INFO] [stdout] Some errors have detailed explanations: E0405, E0423, E0432, E0603.
[INFO] [stdout] 
[INFO] [stdout] For more information about an error, try `rustc --explain E0405`.
[INFO] [stdout] 
[INFO] [stderr] error: could not compile `dolang-ext-patch` (lib) due to 10 previous errors
[INFO] [stderr] warning: build failed, waiting for other jobs to finish...
[INFO] running `Command { std: "docker" "inspect" "b2e98c1b6c78ceafb2d282eed08c833eb59deec47588253a30e04a73f98e203f", kill_on_drop: false }`
[INFO] running `Command { std: "docker" "rm" "-f" "b2e98c1b6c78ceafb2d282eed08c833eb59deec47588253a30e04a73f98e203f", kill_on_drop: false }`
[INFO] [stdout] b2e98c1b6c78ceafb2d282eed08c833eb59deec47588253a30e04a73f98e203f
