[INFO] fetching crate dogwood_engine_compute 0.0.1...
[INFO] testing dogwood_engine_compute-0.0.1 against 1.99.0-beta.8+cargoflags=--release for beta-release-1.100-2
[INFO] extracting crate dogwood_engine_compute 0.0.1 into /workspace/builds/worker-5-tc1/source
[INFO] started tweaking crates.io crate dogwood_engine_compute 0.0.1
[INFO] finished tweaking crates.io crate dogwood_engine_compute 0.0.1
[INFO] tweaked toml for crates.io crate dogwood_engine_compute 0.0.1 written to /workspace/builds/worker-5-tc1/source/Cargo.toml
[INFO] validating manifest of crates.io crate dogwood_engine_compute 0.0.1 on toolchain 1.99.0-beta.8
[INFO] running `Command { std: CARGO_HOME="/workspace/cargo-home" RUSTUP_HOME="/workspace/rustup-home" "/workspace/cargo-home/bin/cargo" "+1.99.0-beta.8" "metadata" "--manifest-path" "Cargo.toml" "--no-deps", kill_on_drop: false }`
[INFO] crate crates.io crate dogwood_engine_compute 0.0.1 already has a lockfile, it will not be regenerated
[INFO] running `Command { std: CARGO_HOME="/workspace/cargo-home" RUSTUP_HOME="/workspace/rustup-home" "/workspace/cargo-home/bin/cargo" "+1.99.0-beta.8" "fetch" "--manifest-path" "Cargo.toml", kill_on_drop: false }`
[INFO] [stderr]  Downloading crates ...
[INFO] [stderr]   Downloaded naga-types v30.0.0
[INFO] [stderr]   Downloaded wgpu-naga-bridge v30.0.0
[INFO] [stderr]   Downloaded wgpu-core-deps-emscripten v30.0.0
[INFO] [stderr]   Downloaded wgpu-core-deps-windows-linux-android v30.0.0
[INFO] [stderr]   Downloaded wgpu-core-deps-apple v30.0.0
[INFO] [stderr]   Downloaded wgpu v30.0.0
[INFO] [stderr]   Downloaded naga_oil v0.23.0
[INFO] [stderr]   Downloaded wgpu-types v30.0.0
[INFO] [stderr]   Downloaded wgpu-core v30.0.0
[INFO] [stderr]   Downloaded wgpu-hal v30.0.0
[INFO] [stderr]   Downloaded naga v30.0.0
[INFO] running `Command { std: "docker" "create" "-v" "/var/lib/crater-agent-workspace/builds/worker-5-tc1/source:/opt/rustwide/workdir:ro,Z" "-v" "/var/lib/crater-agent-workspace/builds/worker-5-tc1/target:/opt/rustwide/target:rw,Z" "-v" "/var/lib/crater-agent-workspace/cargo-home:/opt/rustwide/cargo-home:ro,Z" "-v" "/var/lib/crater-agent-workspace/rustup-home:/opt/rustwide/rustup-home:ro,Z" "-m" "1610612736" "--network" "none" "ghcr.io/rust-lang/crates-build-env/linux@sha256:77db811e55d90add9212f6832c23229e3de5f1c1f9905e8cb07319ea15df73ac" "sleep" "infinity", kill_on_drop: false }`
[INFO] [stdout] cb3285625ca9599c7fbef221e3e1e67a68c6c335f48d72c31b7149dbc090ac0b
[INFO] running `Command { std: "docker" "start" "cb3285625ca9599c7fbef221e3e1e67a68c6c335f48d72c31b7149dbc090ac0b", kill_on_drop: false }`
[INFO] running `Command { std: "docker" "inspect" "cb3285625ca9599c7fbef221e3e1e67a68c6c335f48d72c31b7149dbc090ac0b", kill_on_drop: false }`
[INFO] running `Command { std: "docker" "exec" "-e" "SOURCE_DIR=/opt/rustwide/workdir" "-e" "CARGO_HOME=/opt/rustwide/cargo-home" "-e" "RUSTUP_HOME=/opt/rustwide/rustup-home" "-e" "CARGO_TARGET_DIR=/opt/rustwide/target" "-w" "/opt/rustwide/workdir" "--user" "0:0" "cb3285625ca9599c7fbef221e3e1e67a68c6c335f48d72c31b7149dbc090ac0b" "/opt/rustwide/cargo-home/bin/cargo" "+1.99.0-beta.8" "metadata" "--no-deps" "--format-version=1", kill_on_drop: false }`
[INFO] running `Command { std: "docker" "inspect" "cb3285625ca9599c7fbef221e3e1e67a68c6c335f48d72c31b7149dbc090ac0b", kill_on_drop: false }`
[INFO] running `Command { std: "docker" "exec" "-e" "SOURCE_DIR=/opt/rustwide/workdir" "-e" "CARGO_HOME=/opt/rustwide/cargo-home" "-e" "RUSTUP_HOME=/opt/rustwide/rustup-home" "-e" "CARGO_TARGET_DIR=/opt/rustwide/target" "-e" "CARGO_INCREMENTAL=0" "-e" "RUST_BACKTRACE=full" "-e" "RUSTFLAGS=--cap-lints=warn" "-e" "RUSTDOCFLAGS=--cap-lints=warn" "-w" "/opt/rustwide/workdir" "--user" "0:0" "cb3285625ca9599c7fbef221e3e1e67a68c6c335f48d72c31b7149dbc090ac0b" "/opt/rustwide/cargo-home/bin/cargo" "+1.99.0-beta.8" "build" "--frozen" "--message-format=json" "--release", kill_on_drop: false }`
[INFO] [stderr]    Compiling cfg_aliases v0.2.2
[INFO] [stderr]    Compiling syn v3.0.3
[INFO] [stderr]    Compiling foldhash v0.2.0
[INFO] [stderr]    Compiling syn v2.0.119
[INFO] [stderr]    Compiling num-traits v0.2.19
[INFO] [stderr]    Compiling zerocopy v0.8.56
[INFO] [stderr]    Compiling libloading v0.8.9
[INFO] [stderr]    Compiling termcolor v1.4.1
[INFO] [stderr]    Compiling naga v30.0.0
[INFO] [stderr]    Compiling hashbrown v0.17.1
[INFO] [stderr]    Compiling bit-vec v0.9.1
[INFO] [stderr]    Compiling pp-rs v0.2.1
[INFO] [stderr]    Compiling spirv v0.4.0+sdk-1.4.341.0
[INFO] [stderr]    Compiling bit-set v0.10.0
[INFO] [stderr]    Compiling codespan-reporting v0.13.1
[INFO] [stderr]    Compiling ash v0.38.0+1.3.281
[INFO] [stderr]    Compiling unicode-ident v1.0.24
[INFO] [stderr]    Compiling wayland-sys v0.31.11
[INFO] [stderr]    Compiling raw-window-handle v0.6.2
[INFO] [stderr]    Compiling indexmap v2.14.0
[INFO] [stderr]    Compiling smallvec v1.15.2
[INFO] [stderr]    Compiling khronos-egl v6.0.0
[INFO] [stderr]    Compiling hashbrown v0.16.1
[INFO] [stderr]    Compiling parking_lot_core v0.9.12
[INFO] [stderr]    Compiling dlib v0.5.3
[INFO] [stderr]    Compiling wgpu-hal v30.0.0
[INFO] [stderr]    Compiling presser v0.3.1
[INFO] [stderr]    Compiling parking_lot v0.12.5
[INFO] [stderr]    Compiling ordered-float v5.3.0
[INFO] [stderr]    Compiling glow v0.17.0
[INFO] [stderr]    Compiling renderdoc-sys v1.1.0
[INFO] [stderr]    Compiling thiserror-impl v2.0.20
[INFO] [stderr]    Compiling bytemuck_derive v1.12.0
[INFO] [stderr]    Compiling profiling v1.0.18
[INFO] [stderr]    Compiling wgpu-core v30.0.0
[INFO] [stderr]    Compiling wgpu v30.0.0
[INFO] [stderr]    Compiling codespan-reporting v0.12.0
[INFO] [stderr]    Compiling pollster v0.4.0
[INFO] [stderr]    Compiling thiserror v2.0.20
[INFO] [stderr]    Compiling naga-types v30.0.0
[INFO] [stderr]    Compiling bytemuck v1.25.2
[INFO] [stderr]    Compiling wgpu-types v30.0.0
[INFO] [stderr]    Compiling zerocopy-derive v0.8.56
[INFO] [stderr]    Compiling tracing-attributes v0.1.31
[INFO] [stderr]    Compiling tracing v0.1.44
[INFO] [stderr]    Compiling half v2.7.1
[INFO] [stderr]    Compiling gpu-allocator v0.28.0
[INFO] [stderr]    Compiling wgpu-naga-bridge v30.0.0
[INFO] [stderr]    Compiling naga_oil v0.23.0
[INFO] [stderr]    Compiling wgpu-core-deps-windows-linux-android v30.0.0
[INFO] [stderr]    Compiling dogwood_engine_compute v0.0.1 (/opt/rustwide/workdir)
[INFO] [stderr]     Finished `release` profile [optimized] target(s) in 3m 48s
[INFO] running `Command { std: "docker" "inspect" "cb3285625ca9599c7fbef221e3e1e67a68c6c335f48d72c31b7149dbc090ac0b", kill_on_drop: false }`
[INFO] running `Command { std: "docker" "exec" "-e" "SOURCE_DIR=/opt/rustwide/workdir" "-e" "CARGO_HOME=/opt/rustwide/cargo-home" "-e" "RUSTUP_HOME=/opt/rustwide/rustup-home" "-e" "CARGO_TARGET_DIR=/opt/rustwide/target" "-e" "CARGO_INCREMENTAL=0" "-e" "RUST_BACKTRACE=full" "-e" "RUSTFLAGS=--cap-lints=warn" "-e" "RUSTDOCFLAGS=--cap-lints=warn" "-w" "/opt/rustwide/workdir" "--user" "0:0" "cb3285625ca9599c7fbef221e3e1e67a68c6c335f48d72c31b7149dbc090ac0b" "/opt/rustwide/cargo-home/bin/cargo" "+1.99.0-beta.8" "test" "--frozen" "--no-run" "--message-format=json" "--release", kill_on_drop: false }`
[INFO] [stderr]    Compiling log v0.4.33
[INFO] [stderr]    Compiling regex-automata v0.4.18
[INFO] [stderr]    Compiling tracing v0.1.44
[INFO] [stderr]    Compiling crossbeam-utils v0.8.22
[INFO] [stderr]    Compiling thread_local v1.1.10
[INFO] [stderr]    Compiling nu-ansi-term v0.50.3
[INFO] [stderr]    Compiling powerfmt v0.2.0
[INFO] [stderr]    Compiling deranged v0.5.8
[INFO] [stderr]    Compiling naga v30.0.0
[INFO] [stderr]    Compiling wgpu-types v30.0.0
[INFO] [stderr]    Compiling wayland-sys v0.31.11
[INFO] [stderr]    Compiling gpu-allocator v0.28.0
[INFO] [stderr]    Compiling tracing-log v0.2.0
[INFO] [stderr]    Compiling symlink v0.1.0
[INFO] [stderr]    Compiling crossbeam-channel v0.5.17
[INFO] [stderr]    Compiling time v0.3.55
[INFO] [stderr]    Compiling regex v1.13.1
[INFO] [stderr]    Compiling matchers v0.2.0
[INFO] [stderr]    Compiling tracing-subscriber v0.3.23
[INFO] [stderr]    Compiling tracing-appender v0.2.5
[INFO] [stderr]    Compiling wgpu-naga-bridge v30.0.0
[INFO] [stderr]    Compiling naga_oil v0.23.0
[INFO] [stderr]    Compiling wgpu-hal v30.0.0
[INFO] [stderr]    Compiling wgpu-core-deps-windows-linux-android v30.0.0
[INFO] [stderr]    Compiling wgpu-core v30.0.0
[INFO] [stderr]    Compiling wgpu v30.0.0
[INFO] [stderr]    Compiling dogwood_engine_compute v0.0.1 (/opt/rustwide/workdir)
[INFO] [stdout] error[E0433]: cannot find type `Ordering` in this scope
[INFO] [stdout]    --> src/accelerator_timing.rs:280:38
[INFO] [stdout]     |
[INFO] [stdout] 280 |                 readback.status.load(Ordering::Acquire) == AcceleratorTimingReadback::IDLE
[INFO] [stdout]     |                                      ^^^^^^^^ use of undeclared type `Ordering`
[INFO] [stdout]     |
[INFO] [stdout] help: consider importing one of these enums
[INFO] [stdout]     |
[INFO] [stdout]   3 + use std::cmp::Ordering;
[INFO] [stdout]     |
[INFO] [stdout]   3 + use std::sync::atomic::Ordering;
[INFO] [stdout]     |
[INFO] [stdout] 
[INFO] [stdout] 
[INFO] [stdout] error[E0609]: no field `query_set` on type `&AcceleratorTiming`
[INFO] [stdout]    --> src/accelerator_timing.rs:272:14
[INFO] [stdout]     |
[INFO] [stdout] 272 |         self.query_set.is_some()
[INFO] [stdout]     |              ^^^^^^^^^ unknown field
[INFO] [stdout] 
[INFO] [stdout] 
[INFO] [stdout] error[E0609]: no field `state` on type `&AcceleratorTiming`
[INFO] [stdout]    --> src/accelerator_timing.rs:277:26
[INFO] [stdout]     |
[INFO] [stdout] 277 |         let state = self.state.lock().unwrap_or_else(|error| error.into_inner());
[INFO] [stdout]     |                          ^^^^^ unknown field
[INFO] [stdout] 
[INFO] [stdout] 
[INFO] [stdout] error[E0433]: cannot find type `AcceleratorTimingReadback` in this scope
[INFO] [stdout]    --> src/accelerator_timing.rs:280:60
[INFO] [stdout]     |
[INFO] [stdout] 280 |                 readback.status.load(Ordering::Acquire) == AcceleratorTimingReadback::IDLE
[INFO] [stdout]     |                                                            ^^^^^^^^^^^^^^^^^^^^^^^^^ use of undeclared type `AcceleratorTimingReadback`
[INFO] [stdout]     |
[INFO] [stdout] help: a struct with a similar name exists
[INFO] [stdout]     |
[INFO] [stdout] 280 -                 readback.status.load(Ordering::Acquire) == AcceleratorTimingReadback::IDLE
[INFO] [stdout] 280 +                 readback.status.load(Ordering::Acquire) == AcceleratorTiming::IDLE
[INFO] [stdout]     |
[INFO] [stdout] 
[INFO] [stdout] 
[INFO] [stdout] Some errors have detailed explanations: E0433, E0609.
[INFO] [stdout] 
[INFO] [stdout] For more information about an error, try `rustc --explain E0433`.
[INFO] [stdout] 
[INFO] [stderr] error: could not compile `dogwood_engine_compute` (lib test) due to 4 previous errors
[INFO] running `Command { std: "docker" "inspect" "cb3285625ca9599c7fbef221e3e1e67a68c6c335f48d72c31b7149dbc090ac0b", kill_on_drop: false }`
[INFO] running `Command { std: "docker" "rm" "-f" "cb3285625ca9599c7fbef221e3e1e67a68c6c335f48d72c31b7149dbc090ac0b", kill_on_drop: false }`
[INFO] [stdout] cb3285625ca9599c7fbef221e3e1e67a68c6c335f48d72c31b7149dbc090ac0b
