[INFO] fetching crate docspec 1.21.9...
[INFO] testing docspec-1.21.9 against 1.100.0-beta.1+cargoflags=--release for beta-release-1.100-2
[INFO] extracting crate docspec 1.21.9 into /workspace/builds/worker-7-tc2/source
[INFO] started tweaking crates.io crate docspec 1.21.9
[INFO] removed 0 missing examples
[INFO] removed 0 missing tests
[INFO] finished tweaking crates.io crate docspec 1.21.9
[INFO] tweaked toml for crates.io crate docspec 1.21.9 written to /workspace/builds/worker-7-tc2/source/Cargo.toml
[INFO] validating manifest of crates.io crate docspec 1.21.9 on toolchain 1.100.0-beta.1
[INFO] running `Command { std: CARGO_HOME="/workspace/cargo-home" RUSTUP_HOME="/workspace/rustup-home" "/workspace/cargo-home/bin/cargo" "+1.100.0-beta.1" "metadata" "--manifest-path" "Cargo.toml" "--no-deps", kill_on_drop: false }`
[INFO] crate crates.io crate docspec 1.21.9 already has a lockfile, it will not be regenerated
[INFO] running `Command { std: CARGO_HOME="/workspace/cargo-home" RUSTUP_HOME="/workspace/rustup-home" "/workspace/cargo-home/bin/cargo" "+1.100.0-beta.1" "fetch" "--manifest-path" "Cargo.toml", kill_on_drop: false }`
[INFO] running `Command { std: "docker" "create" "-v" "/var/lib/crater-agent-workspace/builds/worker-7-tc2/source:/opt/rustwide/workdir:ro,Z" "-v" "/var/lib/crater-agent-workspace/builds/worker-7-tc2/target:/opt/rustwide/target:rw,Z" "-v" "/var/lib/crater-agent-workspace/cargo-home:/opt/rustwide/cargo-home:ro,Z" "-v" "/var/lib/crater-agent-workspace/rustup-home:/opt/rustwide/rustup-home:ro,Z" "-m" "1610612736" "--network" "none" "ghcr.io/rust-lang/crates-build-env/linux@sha256:77db811e55d90add9212f6832c23229e3de5f1c1f9905e8cb07319ea15df73ac" "sleep" "infinity", kill_on_drop: false }`
[INFO] [stdout] beee8512bdbc990353acbd931cdd7bbf46404380d45502d5c98c2bdb3737a8dd
[INFO] running `Command { std: "docker" "start" "beee8512bdbc990353acbd931cdd7bbf46404380d45502d5c98c2bdb3737a8dd", kill_on_drop: false }`
[INFO] running `Command { std: "docker" "inspect" "beee8512bdbc990353acbd931cdd7bbf46404380d45502d5c98c2bdb3737a8dd", kill_on_drop: false }`
[INFO] running `Command { std: "docker" "exec" "-e" "SOURCE_DIR=/opt/rustwide/workdir" "-e" "CARGO_HOME=/opt/rustwide/cargo-home" "-e" "RUSTUP_HOME=/opt/rustwide/rustup-home" "-e" "CARGO_TARGET_DIR=/opt/rustwide/target" "-w" "/opt/rustwide/workdir" "--user" "0:0" "beee8512bdbc990353acbd931cdd7bbf46404380d45502d5c98c2bdb3737a8dd" "/opt/rustwide/cargo-home/bin/cargo" "+1.100.0-beta.1" "metadata" "--no-deps" "--format-version=1", kill_on_drop: false }`
[INFO] running `Command { std: "docker" "inspect" "beee8512bdbc990353acbd931cdd7bbf46404380d45502d5c98c2bdb3737a8dd", kill_on_drop: false }`
[INFO] running `Command { std: "docker" "exec" "-e" "SOURCE_DIR=/opt/rustwide/workdir" "-e" "CARGO_HOME=/opt/rustwide/cargo-home" "-e" "RUSTUP_HOME=/opt/rustwide/rustup-home" "-e" "CARGO_TARGET_DIR=/opt/rustwide/target" "-e" "CARGO_INCREMENTAL=0" "-e" "RUST_BACKTRACE=full" "-e" "RUSTFLAGS=--cap-lints=warn" "-e" "RUSTDOCFLAGS=--cap-lints=warn" "-w" "/opt/rustwide/workdir" "--user" "0:0" "beee8512bdbc990353acbd931cdd7bbf46404380d45502d5c98c2bdb3737a8dd" "/opt/rustwide/cargo-home/bin/cargo" "+1.100.0-beta.1" "build" "--frozen" "--message-format=json" "--release", kill_on_drop: false }`
[INFO] [stderr]    Compiling jetscii v0.5.3
[INFO] [stderr]    Compiling unicode-width v0.2.2
[INFO] [stderr]    Compiling pulldown-cmark v0.13.4
[INFO] [stderr]    Compiling bitflags v2.12.1
[INFO] [stderr]    Compiling pulldown-cmark-escape v0.11.0
[INFO] [stderr]    Compiling memchr v2.8.1
[INFO] [stderr]    Compiling base64 v0.23.1
[INFO] [stderr]    Compiling docspec v1.21.9 (/opt/rustwide/workdir)
[INFO] [stderr]    Compiling proc-macro2-diagnostics v0.10.1
[INFO] [stderr]    Compiling syn v3.0.2
[INFO] [stderr]    Compiling strum_macros v0.27.2
[INFO] [stderr]    Compiling duplicate v2.0.1
[INFO] [stderr]    Compiling html5gum v0.8.4
[INFO] [stderr]    Compiling getopts v0.2.24
[INFO] [stderr]    Compiling thiserror-impl v2.0.20
[INFO] [stderr]    Compiling strum v0.27.2
[INFO] [stderr]    Compiling thiserror v2.0.20
[INFO] [stderr]    Compiling docspec-core v1.21.9
[INFO] [stderr]    Compiling struson v0.7.2
[INFO] [stderr]    Compiling docspec-pandoc-native-writer v1.21.9
[INFO] [stderr]    Compiling docspec-markdown-reader v1.21.9
[INFO] [stderr]    Compiling docspec-json v1.21.9
[INFO] [stderr]    Compiling docspec-blocknote-writer v1.21.9
[INFO] [stderr]     Finished `release` profile [optimized] target(s) in 12.23s
[INFO] running `Command { std: "docker" "inspect" "beee8512bdbc990353acbd931cdd7bbf46404380d45502d5c98c2bdb3737a8dd", kill_on_drop: false }`
[INFO] running `Command { std: "docker" "exec" "-e" "SOURCE_DIR=/opt/rustwide/workdir" "-e" "CARGO_HOME=/opt/rustwide/cargo-home" "-e" "RUSTUP_HOME=/opt/rustwide/rustup-home" "-e" "CARGO_TARGET_DIR=/opt/rustwide/target" "-e" "CARGO_INCREMENTAL=0" "-e" "RUST_BACKTRACE=full" "-e" "RUSTFLAGS=--cap-lints=warn" "-e" "RUSTDOCFLAGS=--cap-lints=warn" "-w" "/opt/rustwide/workdir" "--user" "0:0" "beee8512bdbc990353acbd931cdd7bbf46404380d45502d5c98c2bdb3737a8dd" "/opt/rustwide/cargo-home/bin/cargo" "+1.100.0-beta.1" "test" "--frozen" "--no-run" "--message-format=json" "--release", kill_on_drop: false }`
[INFO] [stderr]    Compiling bitflags v2.12.1
[INFO] [stderr]    Compiling libc v0.2.186
[INFO] [stderr]    Compiling serde_core v1.0.228
[INFO] [stderr]    Compiling getrandom v0.4.2
[INFO] [stderr]    Compiling once_cell v1.21.4
[INFO] [stderr]    Compiling pulldown-cmark v0.13.4
[INFO] [stderr]    Compiling rustix v1.1.4
[INFO] [stderr]    Compiling docspec-markdown-reader v1.21.9
[INFO] [stderr]    Compiling docspec v1.21.9 (/opt/rustwide/workdir)
[INFO] [stderr]    Compiling tempfile v3.27.0
[INFO] [stderr]    Compiling serde_json v1.0.151
[INFO] [stdout] error: couldn't read `tests/../../../tests/fixtures/markdown/empty.md`: No such file or directory (os error 2)
[INFO] [stdout]   --> tests/blocknote_markdown_pipeline.rs:51:24
[INFO] [stdout]    |
[INFO] [stdout] 51 |         let markdown = include_str!("../../../tests/fixtures/markdown/empty.md");
[INFO] [stdout]    |                        ^^^^^^^^^^^^^^^^^^^^^^^^^^^^^^^^^^^^^^^^^^^^^^^^^^^^^^^^^
[INFO] [stdout] 
[INFO] [stdout] 
[INFO] [stdout] error: couldn't read `tests/../../../tests/fixtures/blocknote/empty.json`: No such file or directory (os error 2)
[INFO] [stdout]   --> tests/blocknote_markdown_pipeline.rs:52:24
[INFO] [stdout]    |
[INFO] [stdout] 52 |         let expected = include_str!("../../../tests/fixtures/blocknote/empty.json");
[INFO] [stdout]    |                        ^^^^^^^^^^^^^^^^^^^^^^^^^^^^^^^^^^^^^^^^^^^^^^^^^^^^^^^^^^^^
[INFO] [stdout] 
[INFO] [stdout] 
[INFO] [stdout] error: couldn't read `tests/../../../tests/fixtures/markdown/heading_levels.md`: No such file or directory (os error 2)
[INFO] [stdout]   --> tests/blocknote_markdown_pipeline.rs:59:24
[INFO] [stdout]    |
[INFO] [stdout] 59 |         let markdown = include_str!("../../../tests/fixtures/markdown/heading_levels.md");
[INFO] [stdout]    |                        ^^^^^^^^^^^^^^^^^^^^^^^^^^^^^^^^^^^^^^^^^^^^^^^^^^^^^^^^^^^^^^^^^^
[INFO] [stdout] 
[INFO] [stdout] 
[INFO] [stdout] error: couldn't read `tests/../../../tests/fixtures/blocknote/heading_levels.json`: No such file or directory (os error 2)
[INFO] [stdout]   --> tests/blocknote_markdown_pipeline.rs:60:24
[INFO] [stdout]    |
[INFO] [stdout] 60 |         let expected = include_str!("../../../tests/fixtures/blocknote/heading_levels.json");
[INFO] [stdout]    |                        ^^^^^^^^^^^^^^^^^^^^^^^^^^^^^^^^^^^^^^^^^^^^^^^^^^^^^^^^^^^^^^^^^^^^^
[INFO] [stdout] 
[INFO] [stdout] 
[INFO] [stdout] error: couldn't read `tests/../../../tests/fixtures/markdown/paragraphs.md`: No such file or directory (os error 2)
[INFO] [stdout]   --> tests/blocknote_markdown_pipeline.rs:67:24
[INFO] [stdout]    |
[INFO] [stdout] 67 |         let markdown = include_str!("../../../tests/fixtures/markdown/paragraphs.md");
[INFO] [stdout]    |                        ^^^^^^^^^^^^^^^^^^^^^^^^^^^^^^^^^^^^^^^^^^^^^^^^^^^^^^^^^^^^^^
[INFO] [stdout] 
[INFO] [stdout] 
[INFO] [stdout] error: couldn't read `tests/../../../tests/fixtures/blocknote/paragraphs.json`: No such file or directory (os error 2)
[INFO] [stdout]   --> tests/blocknote_markdown_pipeline.rs:68:24
[INFO] [stdout]    |
[INFO] [stdout] 68 |         let expected = include_str!("../../../tests/fixtures/blocknote/paragraphs.json");
[INFO] [stdout]    |                        ^^^^^^^^^^^^^^^^^^^^^^^^^^^^^^^^^^^^^^^^^^^^^^^^^^^^^^^^^^^^^^^^^
[INFO] [stdout] 
[INFO] [stdout] 
[INFO] [stdout] error: couldn't read `tests/../../../tests/fixtures/markdown/images.md`: No such file or directory (os error 2)
[INFO] [stdout]   --> tests/blocknote_markdown_pipeline.rs:75:24
[INFO] [stdout]    |
[INFO] [stdout] 75 |         let markdown = include_str!("../../../tests/fixtures/markdown/images.md");
[INFO] [stdout]    |                        ^^^^^^^^^^^^^^^^^^^^^^^^^^^^^^^^^^^^^^^^^^^^^^^^^^^^^^^^^^
[INFO] [stdout] 
[INFO] [stdout] 
[INFO] [stdout] error: couldn't read `tests/../../../tests/fixtures/blocknote/images.json`: No such file or directory (os error 2)
[INFO] [stdout]   --> tests/blocknote_markdown_pipeline.rs:76:24
[INFO] [stdout]    |
[INFO] [stdout] 76 |         let expected = include_str!("../../../tests/fixtures/blocknote/images.json");
[INFO] [stdout]    |                        ^^^^^^^^^^^^^^^^^^^^^^^^^^^^^^^^^^^^^^^^^^^^^^^^^^^^^^^^^^^^^
[INFO] [stdout] 
[INFO] [stdout] 
[INFO] [stdout] error: couldn't read `tests/../../../tests/fixtures/markdown/mixed.md`: No such file or directory (os error 2)
[INFO] [stdout]   --> tests/blocknote_markdown_pipeline.rs:83:24
[INFO] [stdout]    |
[INFO] [stdout] 83 |         let markdown = include_str!("../../../tests/fixtures/markdown/mixed.md");
[INFO] [stdout]    |                        ^^^^^^^^^^^^^^^^^^^^^^^^^^^^^^^^^^^^^^^^^^^^^^^^^^^^^^^^^
[INFO] [stdout] 
[INFO] [stdout] 
[INFO] [stdout] error: couldn't read `tests/../../../tests/fixtures/blocknote/mixed.json`: No such file or directory (os error 2)
[INFO] [stdout]   --> tests/blocknote_markdown_pipeline.rs:84:24
[INFO] [stdout]    |
[INFO] [stdout] 84 |         let expected = include_str!("../../../tests/fixtures/blocknote/mixed.json");
[INFO] [stdout]    |                        ^^^^^^^^^^^^^^^^^^^^^^^^^^^^^^^^^^^^^^^^^^^^^^^^^^^^^^^^^^^^
[INFO] [stdout] 
[INFO] [stdout] 
[INFO] [stdout] error: couldn't read `tests/../../../tests/fixtures/markdown/nested_content.md`: No such file or directory (os error 2)
[INFO] [stdout]   --> tests/blocknote_markdown_pipeline.rs:91:24
[INFO] [stdout]    |
[INFO] [stdout] 91 |         let markdown = include_str!("../../../tests/fixtures/markdown/nested_content.md");
[INFO] [stdout]    |                        ^^^^^^^^^^^^^^^^^^^^^^^^^^^^^^^^^^^^^^^^^^^^^^^^^^^^^^^^^^^^^^^^^^
[INFO] [stdout] 
[INFO] [stdout] 
[INFO] [stdout] error: couldn't read `tests/../../../tests/fixtures/blocknote/nested_content.json`: No such file or directory (os error 2)
[INFO] [stdout]   --> tests/blocknote_markdown_pipeline.rs:92:24
[INFO] [stdout]    |
[INFO] [stdout] 92 |         let expected = include_str!("../../../tests/fixtures/blocknote/nested_content.json");
[INFO] [stdout]    |                        ^^^^^^^^^^^^^^^^^^^^^^^^^^^^^^^^^^^^^^^^^^^^^^^^^^^^^^^^^^^^^^^^^^^^^
[INFO] [stdout] 
[INFO] [stdout] 
[INFO] [stdout] error: couldn't read `tests/../../../tests/fixtures/markdown/inline_images.md`: No such file or directory (os error 2)
[INFO] [stdout]   --> tests/blocknote_markdown_pipeline.rs:99:24
[INFO] [stdout]    |
[INFO] [stdout] 99 |         let markdown = include_str!("../../../tests/fixtures/markdown/inline_images.md");
[INFO] [stdout]    |                        ^^^^^^^^^^^^^^^^^^^^^^^^^^^^^^^^^^^^^^^^^^^^^^^^^^^^^^^^^^^^^^^^^
[INFO] [stdout] 
[INFO] [stdout] 
[INFO] [stdout] error: couldn't read `tests/../../../tests/fixtures/blocknote/inline_images.json`: No such file or directory (os error 2)
[INFO] [stdout]    --> tests/blocknote_markdown_pipeline.rs:100:24
[INFO] [stdout]     |
[INFO] [stdout] 100 |         let expected = include_str!("../../../tests/fixtures/blocknote/inline_images.json");
[INFO] [stdout]     |                        ^^^^^^^^^^^^^^^^^^^^^^^^^^^^^^^^^^^^^^^^^^^^^^^^^^^^^^^^^^^^^^^^^^^^
[INFO] [stdout] 
[INFO] [stdout] 
[INFO] [stdout] error: couldn't read `tests/../../../tests/fixtures/markdown/blockquote.md`: No such file or directory (os error 2)
[INFO] [stdout]    --> tests/blocknote_markdown_pipeline.rs:107:24
[INFO] [stdout]     |
[INFO] [stdout] 107 |         let markdown = include_str!("../../../tests/fixtures/markdown/blockquote.md");
[INFO] [stdout]     |                        ^^^^^^^^^^^^^^^^^^^^^^^^^^^^^^^^^^^^^^^^^^^^^^^^^^^^^^^^^^^^^^
[INFO] [stdout] 
[INFO] [stdout] 
[INFO] [stdout] error: couldn't read `tests/../../../tests/fixtures/blocknote/blockquote.json`: No such file or directory (os error 2)
[INFO] [stdout]    --> tests/blocknote_markdown_pipeline.rs:108:24
[INFO] [stdout]     |
[INFO] [stdout] 108 |         let expected = include_str!("../../../tests/fixtures/blocknote/blockquote.json");
[INFO] [stdout]     |                        ^^^^^^^^^^^^^^^^^^^^^^^^^^^^^^^^^^^^^^^^^^^^^^^^^^^^^^^^^^^^^^^^^
[INFO] [stdout] 
[INFO] [stdout] 
[INFO] [stdout] error: couldn't read `tests/../../../tests/fixtures/markdown/blockquote_multiline.md`: No such file or directory (os error 2)
[INFO] [stdout]    --> tests/blocknote_markdown_pipeline.rs:115:24
[INFO] [stdout]     |
[INFO] [stdout] 115 |         let markdown = include_str!("../../../tests/fixtures/markdown/blockquote_multiline.md");
[INFO] [stdout]     |                        ^^^^^^^^^^^^^^^^^^^^^^^^^^^^^^^^^^^^^^^^^^^^^^^^^^^^^^^^^^^^^^^^^^^^^^^^
[INFO] [stdout] 
[INFO] [stdout] 
[INFO] [stdout] error: couldn't read `tests/../../../tests/fixtures/blocknote/blockquote_multiline.json`: No such file or directory (os error 2)
[INFO] [stdout]    --> tests/blocknote_markdown_pipeline.rs:116:24
[INFO] [stdout]     |
[INFO] [stdout] 116 |         let expected = include_str!("../../../tests/fixtures/blocknote/blockquote_multiline.json");
[INFO] [stdout]     |                        ^^^^^^^^^^^^^^^^^^^^^^^^^^^^^^^^^^^^^^^^^^^^^^^^^^^^^^^^^^^^^^^^^^^^^^^^^^^
[INFO] [stdout] 
[INFO] [stdout] 
[INFO] [stdout] error: couldn't read `tests/../../../tests/fixtures/markdown/text_formatting.md`: No such file or directory (os error 2)
[INFO] [stdout]    --> tests/blocknote_markdown_pipeline.rs:123:24
[INFO] [stdout]     |
[INFO] [stdout] 123 |         let markdown = include_str!("../../../tests/fixtures/markdown/text_formatting.md");
[INFO] [stdout]     |                        ^^^^^^^^^^^^^^^^^^^^^^^^^^^^^^^^^^^^^^^^^^^^^^^^^^^^^^^^^^^^^^^^^^^
[INFO] [stdout] 
[INFO] [stdout] 
[INFO] [stdout] error: couldn't read `tests/../../../tests/fixtures/blocknote/text_formatting.json`: No such file or directory (os error 2)
[INFO] [stdout]    --> tests/blocknote_markdown_pipeline.rs:124:24
[INFO] [stdout]     |
[INFO] [stdout] 124 |         let expected = include_str!("../../../tests/fixtures/blocknote/text_formatting.json");
[INFO] [stdout]     |                        ^^^^^^^^^^^^^^^^^^^^^^^^^^^^^^^^^^^^^^^^^^^^^^^^^^^^^^^^^^^^^^^^^^^^^^
[INFO] [stdout] 
[INFO] [stdout] 
[INFO] [stdout] error: couldn't read `tests/../../../tests/fixtures/markdown/tables.md`: No such file or directory (os error 2)
[INFO] [stdout]    --> tests/blocknote_markdown_pipeline.rs:131:24
[INFO] [stdout]     |
[INFO] [stdout] 131 |         let markdown = include_str!("../../../tests/fixtures/markdown/tables.md");
[INFO] [stdout]     |                        ^^^^^^^^^^^^^^^^^^^^^^^^^^^^^^^^^^^^^^^^^^^^^^^^^^^^^^^^^^
[INFO] [stdout] 
[INFO] [stdout] 
[INFO] [stdout] error: couldn't read `tests/../../../tests/fixtures/blocknote/tables.json`: No such file or directory (os error 2)
[INFO] [stdout]    --> tests/blocknote_markdown_pipeline.rs:132:24
[INFO] [stdout]     |
[INFO] [stdout] 132 |         let expected = include_str!("../../../tests/fixtures/blocknote/tables.json");
[INFO] [stdout]     |                        ^^^^^^^^^^^^^^^^^^^^^^^^^^^^^^^^^^^^^^^^^^^^^^^^^^^^^^^^^^^^^
[INFO] [stdout] 
[INFO] [stdout] 
[INFO] [stdout] error: couldn't read `tests/../../../tests/fixtures/markdown/lists.md`: No such file or directory (os error 2)
[INFO] [stdout]    --> tests/blocknote_markdown_pipeline.rs:139:24
[INFO] [stdout]     |
[INFO] [stdout] 139 |         let markdown = include_str!("../../../tests/fixtures/markdown/lists.md");
[INFO] [stdout]     |                        ^^^^^^^^^^^^^^^^^^^^^^^^^^^^^^^^^^^^^^^^^^^^^^^^^^^^^^^^^
[INFO] [stdout] 
[INFO] [stdout] 
[INFO] [stdout] error: couldn't read `tests/../../../tests/fixtures/blocknote/lists.json`: No such file or directory (os error 2)
[INFO] [stdout]    --> tests/blocknote_markdown_pipeline.rs:140:24
[INFO] [stdout]     |
[INFO] [stdout] 140 |         let expected = include_str!("../../../tests/fixtures/blocknote/lists.json");
[INFO] [stdout]     |                        ^^^^^^^^^^^^^^^^^^^^^^^^^^^^^^^^^^^^^^^^^^^^^^^^^^^^^^^^^^^^
[INFO] [stdout] 
[INFO] [stdout] 
[INFO] [stdout] error: couldn't read `tests/../../../tests/fixtures/markdown/links.md`: No such file or directory (os error 2)
[INFO] [stdout]    --> tests/blocknote_markdown_pipeline.rs:147:24
[INFO] [stdout]     |
[INFO] [stdout] 147 |         let markdown = include_str!("../../../tests/fixtures/markdown/links.md");
[INFO] [stdout]     |                        ^^^^^^^^^^^^^^^^^^^^^^^^^^^^^^^^^^^^^^^^^^^^^^^^^^^^^^^^^
[INFO] [stdout] 
[INFO] [stdout] 
[INFO] [stdout] error: couldn't read `tests/../../../tests/fixtures/blocknote/links.json`: No such file or directory (os error 2)
[INFO] [stdout]    --> tests/blocknote_markdown_pipeline.rs:148:24
[INFO] [stdout]     |
[INFO] [stdout] 148 |         let expected = include_str!("../../../tests/fixtures/blocknote/links.json");
[INFO] [stdout]     |                        ^^^^^^^^^^^^^^^^^^^^^^^^^^^^^^^^^^^^^^^^^^^^^^^^^^^^^^^^^^^^
[INFO] [stdout] 
[INFO] [stdout] 
[INFO] [stdout] error[E0433]: cannot find module or crate `docspec_test_utils` in this scope
[INFO] [stdout]   --> tests/factory_writer.rs:35:9
[INFO] [stdout]    |
[INFO] [stdout] 35 |     use docspec_test_utils::builders::{start_document, start_paragraph, text};
[INFO] [stdout]    |         ^^^^^^^^^^^^^^^^^^ use of unresolved module or unlinked crate `docspec_test_utils`
[INFO] [stdout]    |
[INFO] [stdout]    = help: if you wanted to use a crate named `docspec_test_utils`, use `cargo add docspec_test_utils` to add it to your `Cargo.toml`
[INFO] [stdout] 
[INFO] [stdout] 
[INFO] [stdout] error: couldn't read `tests/../../../tests/fixtures/markdown/soft_break.md`: No such file or directory (os error 2)
[INFO] [stdout]    --> tests/blocknote_markdown_pipeline.rs:155:24
[INFO] [stdout]     |
[INFO] [stdout] 155 |         let markdown = include_str!("../../../tests/fixtures/markdown/soft_break.md");
[INFO] [stdout]     |                        ^^^^^^^^^^^^^^^^^^^^^^^^^^^^^^^^^^^^^^^^^^^^^^^^^^^^^^^^^^^^^^
[INFO] [stdout] 
[INFO] [stdout] 
[INFO] [stdout] error: couldn't read `tests/../../../tests/fixtures/blocknote/soft_break.json`: No such file or directory (os error 2)
[INFO] [stdout]    --> tests/blocknote_markdown_pipeline.rs:156:24
[INFO] [stdout]     |
[INFO] [stdout] 156 |         let expected = include_str!("../../../tests/fixtures/blocknote/soft_break.json");
[INFO] [stdout]     |                        ^^^^^^^^^^^^^^^^^^^^^^^^^^^^^^^^^^^^^^^^^^^^^^^^^^^^^^^^^^^^^^^^^
[INFO] [stdout] 
[INFO] [stdout] 
[INFO] [stdout] error[E0432]: unresolved import `docspec_test_utils`
[INFO] [stdout]   --> tests/factory_writer.rs:38:9
[INFO] [stdout]    |
[INFO] [stdout] 38 |     use docspec_test_utils::assert_json_eq;
[INFO] [stdout]    |         ^^^^^^^^^^^^^^^^^^ use of unresolved module or unlinked crate `docspec_test_utils`
[INFO] [stdout]    |
[INFO] [stdout]    = help: if you wanted to use a crate named `docspec_test_utils`, use `cargo add docspec_test_utils` to add it to your `Cargo.toml`
[INFO] [stdout] 
[INFO] [stdout] 
[INFO] [stdout] error[E0432]: unresolved import `docspec_test_utils`
[INFO] [stdout]   --> tests/blocknote_markdown_pipeline.rs:28:9
[INFO] [stdout]    |
[INFO] [stdout] 28 |     use docspec_test_utils::{assert_json_eq, assert_json_text_eq};
[INFO] [stdout]    |         ^^^^^^^^^^^^^^^^^^ use of unresolved module or unlinked crate `docspec_test_utils`
[INFO] [stdout]    |
[INFO] [stdout]    = help: if you wanted to use a crate named `docspec_test_utils`, use `cargo add docspec_test_utils` to add it to your `Cargo.toml`
[INFO] [stdout] 
[INFO] [stdout] 
[INFO] [stdout] Some errors have detailed explanations: E0432, E0433.
[INFO] [stdout] 
[INFO] [stdout] For more information about an error, try `rustc --explain E0432`.
[INFO] [stdout] 
[INFO] [stderr] error: could not compile `docspec` (test "factory_writer") due to 2 previous errors
[INFO] [stderr] warning: build failed, waiting for other jobs to finish...
[INFO] [stdout] For more information about this error, try `rustc --explain E0432`.
[INFO] [stdout] 
[INFO] [stderr] error: could not compile `docspec` (test "blocknote_markdown_pipeline") due to 29 previous errors
[INFO] [stdout] warning: unused import: `Read`
[INFO] [stdout]   --> src/factory/bom_stripping_reader.rs:96:27
[INFO] [stdout]    |
[INFO] [stdout] 96 |     use std::io::{Cursor, Read as _};
[INFO] [stdout]    |                           ^^^^
[INFO] [stdout]    |
[INFO] [stdout]    = note: `#[warn(unused_imports)]` (part of `#[warn(unused)]`) on by default
[INFO] [stdout] 
[INFO] [stdout] 
[INFO] running `Command { std: "docker" "inspect" "beee8512bdbc990353acbd931cdd7bbf46404380d45502d5c98c2bdb3737a8dd", kill_on_drop: false }`
[INFO] running `Command { std: "docker" "rm" "-f" "beee8512bdbc990353acbd931cdd7bbf46404380d45502d5c98c2bdb3737a8dd", kill_on_drop: false }`
[INFO] [stdout] beee8512bdbc990353acbd931cdd7bbf46404380d45502d5c98c2bdb3737a8dd
