[INFO] fetching crate docspec-pandoc-native-writer 1.21.9...
[INFO] testing docspec-pandoc-native-writer-1.21.9 against 1.99.0-beta.8+cargoflags=--release for beta-release-1.100-2
[INFO] extracting crate docspec-pandoc-native-writer 1.21.9 into /workspace/builds/worker-0-tc1/source
[INFO] started tweaking crates.io crate docspec-pandoc-native-writer 1.21.9
[INFO] removed 0 missing examples
[INFO] removed 0 missing tests
[INFO] finished tweaking crates.io crate docspec-pandoc-native-writer 1.21.9
[INFO] tweaked toml for crates.io crate docspec-pandoc-native-writer 1.21.9 written to /workspace/builds/worker-0-tc1/source/Cargo.toml
[INFO] validating manifest of crates.io crate docspec-pandoc-native-writer 1.21.9 on toolchain 1.99.0-beta.8
[INFO] running `Command { std: CARGO_HOME="/workspace/cargo-home" RUSTUP_HOME="/workspace/rustup-home" "/workspace/cargo-home/bin/cargo" "+1.99.0-beta.8" "metadata" "--manifest-path" "Cargo.toml" "--no-deps", kill_on_drop: false }`
[INFO] crate crates.io crate docspec-pandoc-native-writer 1.21.9 already has a lockfile, it will not be regenerated
[INFO] running `Command { std: CARGO_HOME="/workspace/cargo-home" RUSTUP_HOME="/workspace/rustup-home" "/workspace/cargo-home/bin/cargo" "+1.99.0-beta.8" "fetch" "--manifest-path" "Cargo.toml", kill_on_drop: false }`
[INFO] [stderr]     Updating crates.io index
[INFO] [stderr]  Downloading crates ...
[INFO] [stderr]   Downloaded docspec-core v1.21.9
[INFO] running `Command { std: "docker" "create" "-v" "/var/lib/crater-agent-workspace/builds/worker-0-tc1/source:/opt/rustwide/workdir:ro,Z" "-v" "/var/lib/crater-agent-workspace/builds/worker-0-tc1/target:/opt/rustwide/target:rw,Z" "-v" "/var/lib/crater-agent-workspace/cargo-home:/opt/rustwide/cargo-home:ro,Z" "-v" "/var/lib/crater-agent-workspace/rustup-home:/opt/rustwide/rustup-home:ro,Z" "-m" "1610612736" "--network" "none" "ghcr.io/rust-lang/crates-build-env/linux@sha256:77db811e55d90add9212f6832c23229e3de5f1c1f9905e8cb07319ea15df73ac" "sleep" "infinity", kill_on_drop: false }`
[INFO] [stdout] 355d18c5e8df6e76b46db582e9d52a9df419978ad29f757100755cfcc09b2ad3
[INFO] running `Command { std: "docker" "start" "355d18c5e8df6e76b46db582e9d52a9df419978ad29f757100755cfcc09b2ad3", kill_on_drop: false }`
[INFO] running `Command { std: "docker" "inspect" "355d18c5e8df6e76b46db582e9d52a9df419978ad29f757100755cfcc09b2ad3", kill_on_drop: false }`
[INFO] running `Command { std: "docker" "exec" "-e" "SOURCE_DIR=/opt/rustwide/workdir" "-e" "CARGO_HOME=/opt/rustwide/cargo-home" "-e" "RUSTUP_HOME=/opt/rustwide/rustup-home" "-e" "CARGO_TARGET_DIR=/opt/rustwide/target" "-w" "/opt/rustwide/workdir" "--user" "0:0" "355d18c5e8df6e76b46db582e9d52a9df419978ad29f757100755cfcc09b2ad3" "/opt/rustwide/cargo-home/bin/cargo" "+1.99.0-beta.8" "metadata" "--no-deps" "--format-version=1", kill_on_drop: false }`
[INFO] running `Command { std: "docker" "inspect" "355d18c5e8df6e76b46db582e9d52a9df419978ad29f757100755cfcc09b2ad3", kill_on_drop: false }`
[INFO] running `Command { std: "docker" "exec" "-e" "SOURCE_DIR=/opt/rustwide/workdir" "-e" "CARGO_HOME=/opt/rustwide/cargo-home" "-e" "RUSTUP_HOME=/opt/rustwide/rustup-home" "-e" "CARGO_TARGET_DIR=/opt/rustwide/target" "-e" "CARGO_INCREMENTAL=0" "-e" "RUST_BACKTRACE=full" "-e" "RUSTFLAGS=--cap-lints=warn" "-e" "RUSTDOCFLAGS=--cap-lints=warn" "-w" "/opt/rustwide/workdir" "--user" "0:0" "355d18c5e8df6e76b46db582e9d52a9df419978ad29f757100755cfcc09b2ad3" "/opt/rustwide/cargo-home/bin/cargo" "+1.99.0-beta.8" "build" "--frozen" "--message-format=json" "--release", kill_on_drop: false }`
[INFO] [stderr]    Compiling syn v3.0.2
[INFO] [stderr]    Compiling thiserror v2.0.20
[INFO] [stderr]    Compiling thiserror-impl v2.0.20
[INFO] [stderr]    Compiling docspec-core v1.21.9
[INFO] [stderr]    Compiling docspec-pandoc-native-writer v1.21.9 (/opt/rustwide/workdir)
[INFO] [stderr]     Finished `release` profile [optimized] target(s) in 4.88s
[INFO] running `Command { std: "docker" "inspect" "355d18c5e8df6e76b46db582e9d52a9df419978ad29f757100755cfcc09b2ad3", kill_on_drop: false }`
[INFO] running `Command { std: "docker" "exec" "-e" "SOURCE_DIR=/opt/rustwide/workdir" "-e" "CARGO_HOME=/opt/rustwide/cargo-home" "-e" "RUSTUP_HOME=/opt/rustwide/rustup-home" "-e" "CARGO_TARGET_DIR=/opt/rustwide/target" "-e" "CARGO_INCREMENTAL=0" "-e" "RUST_BACKTRACE=full" "-e" "RUSTFLAGS=--cap-lints=warn" "-e" "RUSTDOCFLAGS=--cap-lints=warn" "-w" "/opt/rustwide/workdir" "--user" "0:0" "355d18c5e8df6e76b46db582e9d52a9df419978ad29f757100755cfcc09b2ad3" "/opt/rustwide/cargo-home/bin/cargo" "+1.99.0-beta.8" "test" "--frozen" "--no-run" "--message-format=json" "--release", kill_on_drop: false }`
[INFO] [stderr]    Compiling docspec-pandoc-native-writer v1.21.9 (/opt/rustwide/workdir)
[INFO] [stdout] error[E0433]: cannot find module or crate `docspec_test_utils` in this scope
[INFO] [stdout]   --> tests/writer.rs:15:9
[INFO] [stdout]    |
[INFO] [stdout] 15 |     use docspec_test_utils::builders::{start_document, start_paragraph, text};
[INFO] [stdout]    |         ^^^^^^^^^^^^^^^^^^ use of unresolved module or unlinked crate `docspec_test_utils`
[INFO] [stdout]    |
[INFO] [stdout]    = help: if you wanted to use a crate named `docspec_test_utils`, use `cargo add docspec_test_utils` to add it to your `Cargo.toml`
[INFO] [stdout] 
[INFO] [stdout] 
[INFO] [stdout] error[E0432]: unresolved import `docspec_test_utils`
[INFO] [stdout]  --> tests/writer.rs:7:5
[INFO] [stdout]   |
[INFO] [stdout] 7 | use docspec_test_utils::FailingWriter;
[INFO] [stdout]   |     ^^^^^^^^^^^^^^^^^^ use of unresolved module or unlinked crate `docspec_test_utils`
[INFO] [stdout]   |
[INFO] [stdout]   = help: if you wanted to use a crate named `docspec_test_utils`, use `cargo add docspec_test_utils` to add it to your `Cargo.toml`
[INFO] [stdout] 
[INFO] [stdout] 
[INFO] [stdout] error[E0433]: cannot find module or crate `docspec_test_utils` in this scope
[INFO] [stdout]   --> tests/writer.rs:20:9
[INFO] [stdout]    |
[INFO] [stdout] 20 |         docspec_test_utils::drive(writer, events);
[INFO] [stdout]    |         ^^^^^^^^^^^^^^^^^^ use of unresolved module or unlinked crate `docspec_test_utils`
[INFO] [stdout]    |
[INFO] [stdout]    = help: if you wanted to use a crate named `docspec_test_utils`, use `cargo add docspec_test_utils` to add it to your `Cargo.toml`
[INFO] [stdout] 
[INFO] [stdout] 
[INFO] [stdout] error[E0433]: cannot find module or crate `docspec_test_utils` in this scope
[INFO] [stdout]   --> tests/writer.rs:27:9
[INFO] [stdout]    |
[INFO] [stdout] 27 |         docspec_test_utils::try_drive(writer, events)?;
[INFO] [stdout]    |         ^^^^^^^^^^^^^^^^^^ use of unresolved module or unlinked crate `docspec_test_utils`
[INFO] [stdout]    |
[INFO] [stdout]    = help: if you wanted to use a crate named `docspec_test_utils`, use `cargo add docspec_test_utils` to add it to your `Cargo.toml`
[INFO] [stdout] 
[INFO] [stdout] 
[INFO] [stdout] Some errors have detailed explanations: E0432, E0433.
[INFO] [stdout] 
[INFO] [stdout] For more information about an error, try `rustc --explain E0432`.
[INFO] [stdout] 
[INFO] [stderr] error: could not compile `docspec-pandoc-native-writer` (test "writer") due to 4 previous errors
[INFO] [stderr] warning: build failed, waiting for other jobs to finish...
[INFO] running `Command { std: "docker" "inspect" "355d18c5e8df6e76b46db582e9d52a9df419978ad29f757100755cfcc09b2ad3", kill_on_drop: false }`
[INFO] running `Command { std: "docker" "rm" "-f" "355d18c5e8df6e76b46db582e9d52a9df419978ad29f757100755cfcc09b2ad3", kill_on_drop: false }`
[INFO] [stdout] 355d18c5e8df6e76b46db582e9d52a9df419978ad29f757100755cfcc09b2ad3
