[INFO] fetching crate doclite 0.1.0...
[INFO] testing doclite-0.1.0 against 1.100.0-beta.1+cargoflags=--release for beta-release-1.100-2
[INFO] extracting crate doclite 0.1.0 into /workspace/builds/worker-3-tc2/source
[INFO] started tweaking crates.io crate doclite 0.1.0
[INFO] removed 0 missing examples
[INFO] removed 0 missing tests
[INFO] finished tweaking crates.io crate doclite 0.1.0
[INFO] tweaked toml for crates.io crate doclite 0.1.0 written to /workspace/builds/worker-3-tc2/source/Cargo.toml
[INFO] validating manifest of crates.io crate doclite 0.1.0 on toolchain 1.100.0-beta.1
[INFO] running `Command { std: CARGO_HOME="/workspace/cargo-home" RUSTUP_HOME="/workspace/rustup-home" "/workspace/cargo-home/bin/cargo" "+1.100.0-beta.1" "metadata" "--manifest-path" "Cargo.toml" "--no-deps", kill_on_drop: false }`
[INFO] crate crates.io crate doclite 0.1.0 already has a lockfile, it will not be regenerated
[INFO] running `Command { std: CARGO_HOME="/workspace/cargo-home" RUSTUP_HOME="/workspace/rustup-home" "/workspace/cargo-home/bin/cargo" "+1.100.0-beta.1" "fetch" "--manifest-path" "Cargo.toml", kill_on_drop: false }`
[INFO] running `Command { std: "docker" "create" "-v" "/var/lib/crater-agent-workspace/builds/worker-3-tc2/source:/opt/rustwide/workdir:ro,Z" "-v" "/var/lib/crater-agent-workspace/builds/worker-3-tc2/target:/opt/rustwide/target:rw,Z" "-v" "/var/lib/crater-agent-workspace/cargo-home:/opt/rustwide/cargo-home:ro,Z" "-v" "/var/lib/crater-agent-workspace/rustup-home:/opt/rustwide/rustup-home:ro,Z" "-m" "1610612736" "--network" "none" "ghcr.io/rust-lang/crates-build-env/linux@sha256:77db811e55d90add9212f6832c23229e3de5f1c1f9905e8cb07319ea15df73ac" "sleep" "infinity", kill_on_drop: false }`
[INFO] [stdout] 4f5d0cec6db3f89ca56f712334a9adacf83d80224842c8d004e27580b0136dd6
[INFO] running `Command { std: "docker" "start" "4f5d0cec6db3f89ca56f712334a9adacf83d80224842c8d004e27580b0136dd6", kill_on_drop: false }`
[INFO] running `Command { std: "docker" "inspect" "4f5d0cec6db3f89ca56f712334a9adacf83d80224842c8d004e27580b0136dd6", kill_on_drop: false }`
[INFO] running `Command { std: "docker" "exec" "-e" "SOURCE_DIR=/opt/rustwide/workdir" "-e" "CARGO_HOME=/opt/rustwide/cargo-home" "-e" "RUSTUP_HOME=/opt/rustwide/rustup-home" "-e" "CARGO_TARGET_DIR=/opt/rustwide/target" "-w" "/opt/rustwide/workdir" "--user" "0:0" "4f5d0cec6db3f89ca56f712334a9adacf83d80224842c8d004e27580b0136dd6" "/opt/rustwide/cargo-home/bin/cargo" "+1.100.0-beta.1" "metadata" "--no-deps" "--format-version=1", kill_on_drop: false }`
[INFO] running `Command { std: "docker" "inspect" "4f5d0cec6db3f89ca56f712334a9adacf83d80224842c8d004e27580b0136dd6", kill_on_drop: false }`
[INFO] running `Command { std: "docker" "exec" "-e" "SOURCE_DIR=/opt/rustwide/workdir" "-e" "CARGO_HOME=/opt/rustwide/cargo-home" "-e" "RUSTUP_HOME=/opt/rustwide/rustup-home" "-e" "CARGO_TARGET_DIR=/opt/rustwide/target" "-e" "CARGO_INCREMENTAL=0" "-e" "RUST_BACKTRACE=full" "-e" "RUSTFLAGS=--cap-lints=warn" "-e" "RUSTDOCFLAGS=--cap-lints=warn" "-w" "/opt/rustwide/workdir" "--user" "0:0" "4f5d0cec6db3f89ca56f712334a9adacf83d80224842c8d004e27580b0136dd6" "/opt/rustwide/cargo-home/bin/cargo" "+1.100.0-beta.1" "build" "--frozen" "--message-format=json" "--release", kill_on_drop: false }`
[INFO] [stderr]    Compiling serde_json v1.0.151
[INFO] [stderr]    Compiling syn v3.0.4
[INFO] [stderr]    Compiling zerocopy-derive v0.8.56
[INFO] [stderr]    Compiling doclite-derive v0.1.0
[INFO] [stderr]    Compiling zerocopy v0.8.56
[INFO] [stderr]    Compiling serde_derive v1.0.229
[INFO] [stderr]    Compiling thiserror-impl v2.0.20
[INFO] [stderr]    Compiling async-trait v0.1.92
[INFO] [stderr]    Compiling thiserror v2.0.20
[INFO] [stderr]    Compiling half v2.7.1
[INFO] [stderr]    Compiling serde v1.0.229
[INFO] [stderr]    Compiling ciborium-ll v0.2.2
[INFO] [stderr]    Compiling ciborium v0.2.2
[INFO] [stderr]    Compiling doclite-core v0.1.0
[INFO] [stderr]    Compiling doclite v0.1.0 (/opt/rustwide/workdir)
[INFO] [stderr]     Finished `release` profile [optimized] target(s) in 23.20s
[INFO] running `Command { std: "docker" "inspect" "4f5d0cec6db3f89ca56f712334a9adacf83d80224842c8d004e27580b0136dd6", kill_on_drop: false }`
[INFO] running `Command { std: "docker" "exec" "-e" "SOURCE_DIR=/opt/rustwide/workdir" "-e" "CARGO_HOME=/opt/rustwide/cargo-home" "-e" "RUSTUP_HOME=/opt/rustwide/rustup-home" "-e" "CARGO_TARGET_DIR=/opt/rustwide/target" "-e" "CARGO_INCREMENTAL=0" "-e" "RUST_BACKTRACE=full" "-e" "RUSTFLAGS=--cap-lints=warn" "-e" "RUSTDOCFLAGS=--cap-lints=warn" "-w" "/opt/rustwide/workdir" "--user" "0:0" "4f5d0cec6db3f89ca56f712334a9adacf83d80224842c8d004e27580b0136dd6" "/opt/rustwide/cargo-home/bin/cargo" "+1.100.0-beta.1" "test" "--frozen" "--no-run" "--message-format=json" "--release", kill_on_drop: false }`
[INFO] [stderr]    Compiling tokio-macros v2.7.2
[INFO] [stderr]    Compiling tokio v1.53.1
[INFO] [stderr]    Compiling doclite v0.1.0 (/opt/rustwide/workdir)
[INFO] [stdout] error[E0432]: unresolved import `doclite_memory`
[INFO] [stdout]   --> tests/under/mod.rs:16:5
[INFO] [stdout]    |
[INFO] [stdout] 16 | use doclite_memory::MemoryEngine;
[INFO] [stdout]    |     ^^^^^^^^^^^^^^ use of unresolved module or unlinked crate `doclite_memory`
[INFO] [stdout]    |
[INFO] [stdout] help: there is a crate or module with a similar name
[INFO] [stdout]    |
[INFO] [stdout] 16 - use doclite_memory::MemoryEngine;
[INFO] [stdout] 16 + use doclite_core::MemoryEngine;
[INFO] [stdout]    |
[INFO] [stdout] 
[INFO] [stdout] 
[INFO] [stdout] error[E0432]: unresolved import `doclite_sqlite`
[INFO] [stdout]   --> tests/under/mod.rs:17:5
[INFO] [stdout]    |
[INFO] [stdout] 17 | use doclite_sqlite::SqliteEngine;
[INFO] [stdout]    |     ^^^^^^^^^^^^^^ use of unresolved module or unlinked crate `doclite_sqlite`
[INFO] [stdout]    |
[INFO] [stdout] help: there is a crate or module with a similar name
[INFO] [stdout]    |
[INFO] [stdout] 17 - use doclite_sqlite::SqliteEngine;
[INFO] [stdout] 17 + use doclite_derive::SqliteEngine;
[INFO] [stdout]    |
[INFO] [stdout] 
[INFO] [stdout] 
[INFO] [stdout] error[E0432]: unresolved import `doclite_memory`
[INFO] [stdout]   --> tests/under/mod.rs:16:5
[INFO] [stdout]    |
[INFO] [stdout] 16 | use doclite_memory::MemoryEngine;
[INFO] [stdout]    |     ^^^^^^^^^^^^^^ use of unresolved module or unlinked crate `doclite_memory`
[INFO] [stdout]    |
[INFO] [stdout] help: there is a crate or module with a similar name
[INFO] [stdout]    |
[INFO] [stdout] 16 - use doclite_memory::MemoryEngine;
[INFO] [stdout] 16 + use doclite_core::MemoryEngine;
[INFO] [stdout]    |
[INFO] [stdout] 
[INFO] [stdout] 
[INFO] [stdout] error[E0432]: unresolved import `doclite_sqlite`
[INFO] [stdout]   --> tests/under/mod.rs:17:5
[INFO] [stdout]    |
[INFO] [stdout] 17 | use doclite_sqlite::SqliteEngine;
[INFO] [stdout]    |     ^^^^^^^^^^^^^^ use of unresolved module or unlinked crate `doclite_sqlite`
[INFO] [stdout]    |
[INFO] [stdout] help: there is a crate or module with a similar name
[INFO] [stdout]    |
[INFO] [stdout] 17 - use doclite_sqlite::SqliteEngine;
[INFO] [stdout] 17 + use doclite_derive::SqliteEngine;
[INFO] [stdout]    |
[INFO] [stdout] 
[INFO] [stdout] 
[INFO] [stdout] error[E0432]: unresolved import `doclite_memory`
[INFO] [stdout]   --> tests/under/mod.rs:16:5
[INFO] [stdout]    |
[INFO] [stdout] 16 | use doclite_memory::MemoryEngine;
[INFO] [stdout]    |     ^^^^^^^^^^^^^^ use of unresolved module or unlinked crate `doclite_memory`
[INFO] [stdout]    |
[INFO] [stdout] help: there is a crate or module with a similar name
[INFO] [stdout]    |
[INFO] [stdout] 16 - use doclite_memory::MemoryEngine;
[INFO] [stdout] 16 + use doclite_core::MemoryEngine;
[INFO] [stdout]    |
[INFO] [stdout] 
[INFO] [stdout] 
[INFO] [stdout] error[E0432]: unresolved import `doclite_sqlite`
[INFO] [stdout]   --> tests/under/mod.rs:17:5
[INFO] [stdout]    |
[INFO] [stdout] 17 | use doclite_sqlite::SqliteEngine;
[INFO] [stdout]    |     ^^^^^^^^^^^^^^ use of unresolved module or unlinked crate `doclite_sqlite`
[INFO] [stdout]    |
[INFO] [stdout] help: there is a crate or module with a similar name
[INFO] [stdout]    |
[INFO] [stdout] 17 - use doclite_sqlite::SqliteEngine;
[INFO] [stdout] 17 + use doclite_derive::SqliteEngine;
[INFO] [stdout]    |
[INFO] [stdout] 
[INFO] [stdout] 
[INFO] [stdout] error[E0432]: unresolved import `doclite_memory`
[INFO] [stdout]   --> tests/under/mod.rs:16:5
[INFO] [stdout]    |
[INFO] [stdout] 16 | use doclite_memory::MemoryEngine;
[INFO] [stdout]    |     ^^^^^^^^^^^^^^ use of unresolved module or unlinked crate `doclite_memory`
[INFO] [stdout]    |
[INFO] [stdout] help: there is a crate or module with a similar name
[INFO] [stdout]    |
[INFO] [stdout] 16 - use doclite_memory::MemoryEngine;
[INFO] [stdout] 16 + use doclite_core::MemoryEngine;
[INFO] [stdout]    |
[INFO] [stdout] 
[INFO] [stdout] 
[INFO] [stdout] error[E0432]: unresolved import `doclite_sqlite`
[INFO] [stdout]   --> tests/under/mod.rs:17:5
[INFO] [stdout]    |
[INFO] [stdout] 17 | use doclite_sqlite::SqliteEngine;
[INFO] [stdout]    |     ^^^^^^^^^^^^^^ use of unresolved module or unlinked crate `doclite_sqlite`
[INFO] [stdout]    |
[INFO] [stdout] help: there is a crate or module with a similar name
[INFO] [stdout]    |
[INFO] [stdout] 17 - use doclite_sqlite::SqliteEngine;
[INFO] [stdout] 17 + use doclite_derive::SqliteEngine;
[INFO] [stdout]    |
[INFO] [stdout] 
[INFO] [stdout] 
[INFO] [stdout] error[E0432]: unresolved import `doclite_memory`
[INFO] [stdout]   --> examples/crm.rs:10:5
[INFO] [stdout]    |
[INFO] [stdout] 10 | use doclite_memory::MemoryEngine;
[INFO] [stdout]    |     ^^^^^^^^^^^^^^ use of unresolved module or unlinked crate `doclite_memory`
[INFO] [stdout]    |
[INFO] [stdout] help: there is a crate or module with a similar name
[INFO] [stdout]    |
[INFO] [stdout] 10 - use doclite_memory::MemoryEngine;
[INFO] [stdout] 10 + use doclite_core::MemoryEngine;
[INFO] [stdout]    |
[INFO] [stdout] 
[INFO] [stdout] 
[INFO] [stdout] error[E0432]: unresolved import `doclite_memory`
[INFO] [stdout]   --> tests/under/mod.rs:16:5
[INFO] [stdout]    |
[INFO] [stdout] 16 | use doclite_memory::MemoryEngine;
[INFO] [stdout]    |     ^^^^^^^^^^^^^^ use of unresolved module or unlinked crate `doclite_memory`
[INFO] [stdout]    |
[INFO] [stdout] help: there is a crate or module with a similar name
[INFO] [stdout]    |
[INFO] [stdout] 16 - use doclite_memory::MemoryEngine;
[INFO] [stdout] 16 + use doclite_core::MemoryEngine;
[INFO] [stdout]    |
[INFO] [stdout] 
[INFO] [stdout] 
[INFO] [stdout] error[E0432]: unresolved import `doclite_sqlite`
[INFO] [stdout]   --> tests/under/mod.rs:17:5
[INFO] [stdout]    |
[INFO] [stdout] 17 | use doclite_sqlite::SqliteEngine;
[INFO] [stdout]    |     ^^^^^^^^^^^^^^ use of unresolved module or unlinked crate `doclite_sqlite`
[INFO] [stdout]    |
[INFO] [stdout] help: there is a crate or module with a similar name
[INFO] [stdout]    |
[INFO] [stdout] 17 - use doclite_sqlite::SqliteEngine;
[INFO] [stdout] 17 + use doclite_derive::SqliteEngine;
[INFO] [stdout]    |
[INFO] [stdout] 
[INFO] [stdout] 
[INFO] [stdout] error[E0432]: unresolved import `doclite_memory`
[INFO] [stdout]   --> tests/under/mod.rs:16:5
[INFO] [stdout]    |
[INFO] [stdout] 16 | use doclite_memory::MemoryEngine;
[INFO] [stdout]    |     ^^^^^^^^^^^^^^ use of unresolved module or unlinked crate `doclite_memory`
[INFO] [stdout]    |
[INFO] [stdout] help: there is a crate or module with a similar name
[INFO] [stdout]    |
[INFO] [stdout] 16 - use doclite_memory::MemoryEngine;
[INFO] [stdout] 16 + use doclite_core::MemoryEngine;
[INFO] [stdout]    |
[INFO] [stdout] 
[INFO] [stdout] 
[INFO] [stdout] error[E0432]: unresolved import `doclite_sqlite`
[INFO] [stdout]   --> tests/under/mod.rs:17:5
[INFO] [stdout]    |
[INFO] [stdout] 17 | use doclite_sqlite::SqliteEngine;
[INFO] [stdout]    |     ^^^^^^^^^^^^^^ use of unresolved module or unlinked crate `doclite_sqlite`
[INFO] [stdout]    |
[INFO] [stdout] help: there is a crate or module with a similar name
[INFO] [stdout]    |
[INFO] [stdout] 17 - use doclite_sqlite::SqliteEngine;
[INFO] [stdout] 17 + use doclite_derive::SqliteEngine;
[INFO] [stdout]    |
[INFO] [stdout] 
[INFO] [stdout] 
[INFO] [stdout] warning: method call on a diverging inference variable
[INFO] [stdout]    --> examples/crm.rs:129:18
[INFO] [stdout]     |
[INFO] [stdout] 129 |             roma.reference(),
[INFO] [stdout]     |                  ^^^^^^^^^
[INFO] [stdout]     |
[INFO] [stdout]     = help: consider providing a type annotation
[INFO] [stdout]     = warning: this was previously accepted by the compiler but is being phased out; it will become a hard error in a future release!
[INFO] [stdout]     = note: for more information, see issue #156047 <https://github.com/rust-lang/rust/issues/156047>
[INFO] [stdout]     = note: `#[warn(method_call_on_diverging_infer_var)]` (part of `#[warn(future_incompatible)]`) on by default
[INFO] [stdout] 
[INFO] [stdout] 
[INFO] [stdout] error[E0599]: no method named `reference` found for type `!` in the current scope
[INFO] [stdout]    --> examples/crm.rs:129:18
[INFO] [stdout]     |
[INFO] [stdout] 129 |             roma.reference(),
[INFO] [stdout]     |                  ^^^^^^^^^ method not found in `!`
[INFO] [stdout] 
[INFO] [stdout] 
[INFO] [stdout] error[E0599]: no method named `reference` found for type `!` in the current scope
[INFO] [stdout]    --> examples/crm.rs:136:18
[INFO] [stdout]     |
[INFO] [stdout] 136 |             roma.reference(),
[INFO] [stdout]     |                  ^^^^^^^^^ method not found in `!`
[INFO] [stdout] 
[INFO] [stdout] 
[INFO] [stdout] warning: unreachable call
[INFO] [stdout]    --> examples/crm.rs:136:18
[INFO] [stdout]     |
[INFO] [stdout] 136 |             roma.reference(),
[INFO] [stdout]     |             ---- ^^^^^^^^^ unreachable call
[INFO] [stdout]     |             |
[INFO] [stdout]     |             any code following this expression is unreachable
[INFO] [stdout]     |
[INFO] [stdout]     = note: `#[warn(unreachable_code)]` (part of `#[warn(unused)]`) on by default
[INFO] [stdout] 
[INFO] [stdout] 
[INFO] [stdout] warning: method call on a diverging inference variable
[INFO] [stdout]    --> examples/crm.rs:143:17
[INFO] [stdout]     |
[INFO] [stdout] 143 |             sur.reference(),
[INFO] [stdout]     |                 ^^^^^^^^^
[INFO] [stdout]     |
[INFO] [stdout]     = help: consider providing a type annotation
[INFO] [stdout]     = warning: this was previously accepted by the compiler but is being phased out; it will become a hard error in a future release!
[INFO] [stdout]     = note: for more information, see issue #156047 <https://github.com/rust-lang/rust/issues/156047>
[INFO] [stdout] 
[INFO] [stdout] 
[INFO] [stdout] error[E0599]: no method named `reference` found for type `!` in the current scope
[INFO] [stdout]    --> examples/crm.rs:143:17
[INFO] [stdout]     |
[INFO] [stdout] 143 |             sur.reference(),
[INFO] [stdout]     |                 ^^^^^^^^^ method not found in `!`
[INFO] [stdout] 
[INFO] [stdout] 
[INFO] [stdout] error[E0599]: no method named `reference` found for type `!` in the current scope
[INFO] [stdout]    --> examples/crm.rs:150:17
[INFO] [stdout]     |
[INFO] [stdout] 150 |             sur.reference(),
[INFO] [stdout]     |                 ^^^^^^^^^ method not found in `!`
[INFO] [stdout] 
[INFO] [stdout] 
[INFO] [stdout] warning: unreachable call
[INFO] [stdout]    --> examples/crm.rs:150:17
[INFO] [stdout]     |
[INFO] [stdout] 150 |             sur.reference(),
[INFO] [stdout]     |             --- ^^^^^^^^^ unreachable call
[INFO] [stdout]     |             |
[INFO] [stdout]     |             any code following this expression is unreachable
[INFO] [stdout] 
[INFO] [stdout] 
[INFO] [stdout] error[E0599]: no method named `reference` found for type `!` in the current scope
[INFO] [stdout]    --> examples/crm.rs:157:18
[INFO] [stdout]     |
[INFO] [stdout] 157 |             roma.reference(),
[INFO] [stdout]     |                  ^^^^^^^^^ method not found in `!`
[INFO] [stdout] 
[INFO] [stdout] 
[INFO] [stdout] warning: unreachable call
[INFO] [stdout]    --> examples/crm.rs:157:18
[INFO] [stdout]     |
[INFO] [stdout] 157 |             roma.reference(),
[INFO] [stdout]     |             ---- ^^^^^^^^^ unreachable call
[INFO] [stdout]     |             |
[INFO] [stdout]     |             any code following this expression is unreachable
[INFO] [stdout] 
[INFO] [stdout] 
[INFO] [stdout] warning: unreachable expression
[INFO] [stdout]    --> examples/crm.rs:175:15
[INFO] [stdout]     |
[INFO] [stdout] 175 |     Ok((roma, sur))
[INFO] [stdout]     |         ----  ^^^ unreachable expression
[INFO] [stdout]     |         |
[INFO] [stdout]     |         any code following this expression is unreachable
[INFO] [stdout] 
[INFO] [stdout] 
[INFO] [stdout] For more information about this error, try `rustc --explain E0432`.
[INFO] [stdout] 
[INFO] [stderr] error: could not compile `doclite` (test "immutable") due to 2 previous errors
[INFO] [stderr] warning: build failed, waiting for other jobs to finish...
[INFO] [stdout] warning: method call on a diverging inference variable
[INFO] [stdout]    --> examples/crm.rs:231:14
[INFO] [stdout]     |
[INFO] [stdout] 231 |         held.len()
[INFO] [stdout]     |              ^^^
[INFO] [stdout]     |
[INFO] [stdout]     = help: consider providing a type annotation
[INFO] [stdout]     = warning: this was previously accepted by the compiler but is being phased out; it will become a hard error in a future release!
[INFO] [stdout]     = note: for more information, see issue #156047 <https://github.com/rust-lang/rust/issues/156047>
[INFO] [stdout] 
[INFO] [stdout] 
[INFO] [stdout] error[E0599]: no method named `len` found for type `!` in the current scope
[INFO] [stdout]    --> examples/crm.rs:231:14
[INFO] [stdout]     |
[INFO] [stdout] 231 |         held.len()
[INFO] [stdout]     |              ^^^
[INFO] [stdout]     |
[INFO] [stdout] help: there is a method `le` with a similar name, but with different arguments
[INFO] [stdout]    --> /rustc/e3feeb59cd1bdd011a2bfcc0747b55125d9b8527/library/core/src/cmp.rs:1520:4
[INFO] [stdout] 
[INFO] [stdout] 
[INFO] [stdout] For more information about this error, try `rustc --explain E0432`.
[INFO] [stdout] 
[INFO] [stderr] error: could not compile `doclite` (test "contention") due to 2 previous errors
[INFO] [stdout] error[E0277]: `&!` is not an iterator
[INFO] [stdout]    --> examples/crm.rs:233:20
[INFO] [stdout]     |
[INFO] [stdout] 233 |     for account in &held {
[INFO] [stdout]     |                    ^^^^^ `&!` is not an iterator
[INFO] [stdout]     |
[INFO] [stdout]     = help: the trait `Iterator` is not implemented for `&!`
[INFO] [stdout]     = note: required for `&!` to implement `IntoIterator`
[INFO] [stdout] 
[INFO] [stdout] 
[INFO] [stdout] For more information about this error, try `rustc --explain E0432`.
[INFO] [stdout] 
[INFO] [stderr] error: could not compile `doclite` (test "transaction") due to 2 previous errors
[INFO] [stdout] For more information about this error, try `rustc --explain E0432`.
[INFO] [stdout] 
[INFO] [stderr] error: could not compile `doclite` (test "user") due to 2 previous errors
[INFO] [stdout] Some errors have detailed explanations: E0277, E0432, E0599.
[INFO] [stdout] 
[INFO] [stdout] For more information about an error, try `rustc --explain E0277`.
[INFO] [stdout] 
[INFO] [stderr] error: could not compile `doclite` (example "crm") due to 8 previous errors; 10 warnings emitted
[INFO] [stdout] For more information about this error, try `rustc --explain E0432`.
[INFO] [stdout] 
[INFO] [stderr] error: could not compile `doclite` (test "stale") due to 2 previous errors
[INFO] [stdout] For more information about this error, try `rustc --explain E0432`.
[INFO] [stdout] 
[INFO] [stderr] error: could not compile `doclite` (test "crm") due to 2 previous errors
[INFO] running `Command { std: "docker" "inspect" "4f5d0cec6db3f89ca56f712334a9adacf83d80224842c8d004e27580b0136dd6", kill_on_drop: false }`
[INFO] running `Command { std: "docker" "rm" "-f" "4f5d0cec6db3f89ca56f712334a9adacf83d80224842c8d004e27580b0136dd6", kill_on_drop: false }`
[INFO] [stdout] 4f5d0cec6db3f89ca56f712334a9adacf83d80224842c8d004e27580b0136dd6
