[INFO] fetching crate docker-network 0.0.2...
[INFO] testing docker-network-0.0.2 against 1.100.0-beta.1+cargoflags=--release for beta-release-1.100-2
[INFO] extracting crate docker-network 0.0.2 into /workspace/builds/worker-5-tc2/source
[INFO] started tweaking crates.io crate docker-network 0.0.2
[INFO] finished tweaking crates.io crate docker-network 0.0.2
[INFO] tweaked toml for crates.io crate docker-network 0.0.2 written to /workspace/builds/worker-5-tc2/source/Cargo.toml
[INFO] validating manifest of crates.io crate docker-network 0.0.2 on toolchain 1.100.0-beta.1
[INFO] running `Command { std: CARGO_HOME="/workspace/cargo-home" RUSTUP_HOME="/workspace/rustup-home" "/workspace/cargo-home/bin/cargo" "+1.100.0-beta.1" "metadata" "--manifest-path" "Cargo.toml" "--no-deps", kill_on_drop: false }`
[INFO] crate crates.io crate docker-network 0.0.2 already has a lockfile, it will not be regenerated
[INFO] running `Command { std: CARGO_HOME="/workspace/cargo-home" RUSTUP_HOME="/workspace/rustup-home" "/workspace/cargo-home/bin/cargo" "+1.100.0-beta.1" "fetch" "--manifest-path" "Cargo.toml", kill_on_drop: false }`
[INFO] running `Command { std: "docker" "create" "-v" "/var/lib/crater-agent-workspace/builds/worker-5-tc2/source:/opt/rustwide/workdir:ro,Z" "-v" "/var/lib/crater-agent-workspace/builds/worker-5-tc2/target:/opt/rustwide/target:rw,Z" "-v" "/var/lib/crater-agent-workspace/cargo-home:/opt/rustwide/cargo-home:ro,Z" "-v" "/var/lib/crater-agent-workspace/rustup-home:/opt/rustwide/rustup-home:ro,Z" "-m" "1610612736" "--network" "none" "ghcr.io/rust-lang/crates-build-env/linux@sha256:77db811e55d90add9212f6832c23229e3de5f1c1f9905e8cb07319ea15df73ac" "sleep" "infinity", kill_on_drop: false }`
[INFO] [stdout] 262e53d4b01d152537272bf7e273b7df51bb7e791bbeb766201d36c53e8b7db8
[INFO] running `Command { std: "docker" "start" "262e53d4b01d152537272bf7e273b7df51bb7e791bbeb766201d36c53e8b7db8", kill_on_drop: false }`
[INFO] running `Command { std: "docker" "inspect" "262e53d4b01d152537272bf7e273b7df51bb7e791bbeb766201d36c53e8b7db8", kill_on_drop: false }`
[INFO] running `Command { std: "docker" "exec" "-e" "SOURCE_DIR=/opt/rustwide/workdir" "-e" "CARGO_HOME=/opt/rustwide/cargo-home" "-e" "RUSTUP_HOME=/opt/rustwide/rustup-home" "-e" "CARGO_TARGET_DIR=/opt/rustwide/target" "-w" "/opt/rustwide/workdir" "--user" "0:0" "262e53d4b01d152537272bf7e273b7df51bb7e791bbeb766201d36c53e8b7db8" "/opt/rustwide/cargo-home/bin/cargo" "+1.100.0-beta.1" "metadata" "--no-deps" "--format-version=1", kill_on_drop: false }`
[INFO] running `Command { std: "docker" "inspect" "262e53d4b01d152537272bf7e273b7df51bb7e791bbeb766201d36c53e8b7db8", kill_on_drop: false }`
[INFO] running `Command { std: "docker" "exec" "-e" "SOURCE_DIR=/opt/rustwide/workdir" "-e" "CARGO_HOME=/opt/rustwide/cargo-home" "-e" "RUSTUP_HOME=/opt/rustwide/rustup-home" "-e" "CARGO_TARGET_DIR=/opt/rustwide/target" "-e" "CARGO_INCREMENTAL=0" "-e" "RUST_BACKTRACE=full" "-e" "RUSTFLAGS=--cap-lints=warn" "-e" "RUSTDOCFLAGS=--cap-lints=warn" "-w" "/opt/rustwide/workdir" "--user" "0:0" "262e53d4b01d152537272bf7e273b7df51bb7e791bbeb766201d36c53e8b7db8" "/opt/rustwide/cargo-home/bin/cargo" "+1.100.0-beta.1" "build" "--frozen" "--message-format=json" "--release", kill_on_drop: false }`
[INFO] [stderr]    Compiling smallvec v1.15.1
[INFO] [stderr]    Compiling bytes v1.11.1
[INFO] [stderr]    Compiling writeable v0.6.2
[INFO] [stderr]    Compiling syn v2.0.117
[INFO] [stderr]    Compiling litemap v0.8.1
[INFO] [stderr]    Compiling errno v0.3.14
[INFO] [stderr]    Compiling icu_normalizer_data v2.1.1
[INFO] [stderr]    Compiling icu_properties_data v2.1.2
[INFO] [stderr]    Compiling signal-hook-registry v1.4.8
[INFO] [stderr]    Compiling mio v1.1.1
[INFO] [stderr]    Compiling socket2 v0.6.3
[INFO] [stderr]    Compiling parking_lot_core v0.9.12
[INFO] [stderr]    Compiling want v0.3.1
[INFO] [stderr]    Compiling parking_lot v0.12.5
[INFO] [stderr]    Compiling futures-channel v0.3.32
[INFO] [stderr]    Compiling futures-task v0.3.32
[INFO] [stderr]    Compiling form_urlencoded v1.2.2
[INFO] [stderr]    Compiling tracing v0.1.44
[INFO] [stderr]    Compiling toml_parser v1.0.9+spec-1.1.0
[INFO] [stderr]    Compiling http v1.4.0
[INFO] [stderr]    Compiling toml_datetime v1.0.0+spec-1.1.0
[INFO] [stderr]    Compiling futures-sink v0.3.32
[INFO] [stderr]    Compiling log v0.4.29
[INFO] [stderr]    Compiling toml v1.0.6+spec-1.1.0
[INFO] [stderr]    Compiling http-body v1.0.1
[INFO] [stderr]    Compiling http-body-util v0.1.3
[INFO] [stderr]    Compiling synstructure v0.13.2
[INFO] [stderr]    Compiling zerofrom-derive v0.1.6
[INFO] [stderr]    Compiling yoke-derive v0.8.1
[INFO] [stderr]    Compiling zerovec-derive v0.11.2
[INFO] [stderr]    Compiling displaydoc v0.2.5
[INFO] [stderr]    Compiling tokio-macros v2.6.1
[INFO] [stderr]    Compiling serde_derive v1.0.228
[INFO] [stderr]    Compiling futures-macro v0.3.32
[INFO] [stderr]    Compiling serde_repr v0.1.20
[INFO] [stderr]    Compiling thiserror-impl v2.0.18
[INFO] [stderr]    Compiling tokio v1.50.0
[INFO] [stderr]    Compiling futures-util v0.3.32
[INFO] [stderr]    Compiling zerofrom v0.1.6
[INFO] [stderr]    Compiling yoke v0.8.1
[INFO] [stderr]    Compiling zerovec v0.11.5
[INFO] [stderr]    Compiling zerotrie v0.2.3
[INFO] [stderr]    Compiling thiserror v2.0.18
[INFO] [stderr]    Compiling tinystr v0.8.2
[INFO] [stderr]    Compiling potential_utf v0.1.4
[INFO] [stderr]    Compiling icu_collections v2.1.1
[INFO] [stderr]    Compiling icu_locale_core v2.1.1
[INFO] [stderr]    Compiling serde v1.0.228
[INFO] [stderr]    Compiling icu_provider v2.1.1
[INFO] [stderr]    Compiling icu_normalizer v2.1.1
[INFO] [stderr]    Compiling icu_properties v2.1.2
[INFO] [stderr]    Compiling serde_urlencoded v0.7.1
[INFO] [stderr]    Compiling bollard-stubs v1.52.1-rc.29.1.3
[INFO] [stderr]    Compiling docker-types v0.0.2
[INFO] [stderr]    Compiling idna_adapter v1.2.1
[INFO] [stderr]    Compiling idna v1.1.0
[INFO] [stderr]    Compiling url v2.5.8
[INFO] [stderr]    Compiling hyper v1.8.1
[INFO] [stderr]    Compiling tokio-util v0.7.18
[INFO] [stderr]    Compiling hyper-util v0.1.20
[INFO] [stderr]    Compiling hyperlocal v0.9.1
[INFO] [stderr]    Compiling bollard v0.20.2
[INFO] [stderr]    Compiling docker-network v0.0.2 (/opt/rustwide/workdir)
[INFO] [stdout] error[E0432]: unresolved imports `bollard::network::ConnectNetworkOptions`, `bollard::network::DisconnectNetworkOptions`, `bollard::network::InspectNetworkOptions`, `bollard::network::ListNetworksOptions`
[INFO] [stdout]  --> src/linux.rs:4:5
[INFO] [stdout]   |
[INFO] [stdout] 4 |     ConnectNetworkOptions, DisconnectNetworkOptions, InspectNetworkOptions, ListNetworksOptions,
[INFO] [stdout]   |     ^^^^^^^^^^^^^^^^^^^^^  ^^^^^^^^^^^^^^^^^^^^^^^^  ^^^^^^^^^^^^^^^^^^^^^  ^^^^^^^^^^^^^^^^^^^ no `ListNetworksOptions` in `network`
[INFO] [stdout]   |     |                      |                         |
[INFO] [stdout]   |     |                      |                         no `InspectNetworkOptions` in `network`
[INFO] [stdout]   |     |                      no `DisconnectNetworkOptions` in `network`
[INFO] [stdout]   |     no `ConnectNetworkOptions` in `network`
[INFO] [stdout] 
[INFO] [stdout] 
[INFO] [stdout] error[E0422]: cannot find struct, variant or union type `NetworkCreate` in module `bollard::models`
[INFO] [stdout]   --> src/linux.rs:26:51
[INFO] [stdout]    |
[INFO] [stdout] 26 |             let network_create = bollard::models::NetworkCreate {
[INFO] [stdout]    |                                                   ^^^^^^^^^^^^^ not found in `bollard::models`
[INFO] [stdout] 
[INFO] [stdout] 
[INFO] [stdout] error[E0422]: cannot find struct, variant or union type `ConnectNetworkOptions` in module `bollard::network`
[INFO] [stdout]   --> src/linux.rs:53:53
[INFO] [stdout]    |
[INFO] [stdout] 53 |             let connect_options = bollard::network::ConnectNetworkOptions {
[INFO] [stdout]    |                                                     ^^^^^^^^^^^^^^^^^^^^^ not found in `bollard::network`
[INFO] [stdout] 
[INFO] [stdout] 
[INFO] [stdout] error[E0422]: cannot find struct, variant or union type `DisconnectNetworkOptions` in module `bollard::network`
[INFO] [stdout]   --> src/linux.rs:75:56
[INFO] [stdout]    |
[INFO] [stdout] 75 |             let disconnect_options = bollard::network::DisconnectNetworkOptions {
[INFO] [stdout]    |                                                        ^^^^^^^^^^^^^^^^^^^^^^^^ not found in `bollard::network`
[INFO] [stdout] 
[INFO] [stdout] 
[INFO] [stdout] error[E0603]: struct `NetworkCreateRequest` is private
[INFO] [stdout]   --> src/linux.rs:5:5
[INFO] [stdout]    |
[INFO] [stdout]  5 |     NetworkCreateRequest,
[INFO] [stdout]    |     ^^^^^^^^^^^^^^^^^^^^ private struct
[INFO] [stdout]    |
[INFO] [stdout] note: the struct `NetworkCreateRequest` is defined here
[INFO] [stdout]   --> /opt/rustwide/cargo-home/registry/src/index.crates.io-1949cf8c6b5b557f/bollard-0.20.2/src/network.rs:12:5
[INFO] [stdout]    |
[INFO] [stdout] 12 | use crate::models::*;
[INFO] [stdout]    |     ^^^^^^^^^^^^^
[INFO] [stdout] 
[INFO] [stdout] 
[INFO] [stdout] warning: unused imports: `API_DEFAULT_VERSION` and `Docker`
[INFO] [stdout]  --> src/lib.rs:3:15
[INFO] [stdout]   |
[INFO] [stdout] 3 | use bollard::{API_DEFAULT_VERSION, Docker};
[INFO] [stdout]   |               ^^^^^^^^^^^^^^^^^^^  ^^^^^^
[INFO] [stdout]   |
[INFO] [stdout]   = note: `#[warn(unused_imports)]` (part of `#[warn(unused)]`) on by default
[INFO] [stdout] 
[INFO] [stdout] 
[INFO] [stdout] error[E0061]: this method takes 1 argument but 2 arguments were supplied
[INFO] [stdout]   --> src/linux.rs:36:18
[INFO] [stdout]    |
[INFO] [stdout] 36 |                 .create_network(None, network_create)
[INFO] [stdout]    |                  ^^^^^^^^^^^^^^       -------------- unexpected argument #2
[INFO] [stdout]    |
[INFO] [stdout] note: expected `NetworkCreateRequest`, found `Option<_>`
[INFO] [stdout]   --> src/linux.rs:36:33
[INFO] [stdout]    |
[INFO] [stdout] 36 |                 .create_network(None, network_create)
[INFO] [stdout]    |                                 ^^^^
[INFO] [stdout]    = note: expected struct `NetworkCreateRequest`
[INFO] [stdout]                 found enum `std::option::Option<_>`
[INFO] [stdout] note: method defined here
[INFO] [stdout]   --> /opt/rustwide/cargo-home/registry/src/index.crates.io-1949cf8c6b5b557f/bollard-0.20.2/src/network.rs:44:18
[INFO] [stdout]    |
[INFO] [stdout] 44 |     pub async fn create_network(
[INFO] [stdout]    |                  ^^^^^^^^^^^^^^
[INFO] [stdout] help: remove the extra argument
[INFO] [stdout]    |
[INFO] [stdout] 36 -                 .create_network(None, network_create)
[INFO] [stdout] 36 +                 .create_network(/* NetworkCreateRequest */)
[INFO] [stdout]    |
[INFO] [stdout] 
[INFO] [stdout] 
[INFO] [stdout] error[E0599]: no method named `map_err` found for opaque type `impl Future<Output = std::result::Result<NetworkCreateResponse, bollard::errors::Error>>` in the current scope
[INFO] [stdout]    --> src/linux.rs:37:18
[INFO] [stdout]     |
[INFO] [stdout]  34 |             let response = self
[INFO] [stdout]  35 |                 .docker
[INFO] [stdout]  36 |                 .create_network(None, network_create)
[INFO] [stdout]  37 |                 .map_err(|e| {
[INFO] [stdout]     |                  ^^^^^^^ method not found in `impl Future<Output = std::result::Result<NetworkCreateResponse, bollard::errors::Error>>`
[INFO] [stdout]     |
[INFO] [stdout]    ::: /opt/rustwide/cargo-home/registry/src/index.crates.io-1949cf8c6b5b557f/futures-util-0.3.32/src/future/try_future/mod.rs:308:8
[INFO] [stdout]     |
[INFO] [stdout] 308 |     fn map_err<E, F>(self, f: F) -> MapErr<Self, F>
[INFO] [stdout]     |        ------- the method is available for `impl Future<Output = std::result::Result<NetworkCreateResponse, bollard::errors::Error>>` here
[INFO] [stdout]     |
[INFO] [stdout]     = help: items from traits can only be used if the trait is in scope
[INFO] [stdout] help: consider `await`ing on the `Future` and calling the method on its `Output`
[INFO] [stdout]     |
[INFO] [stdout]  37 |                 .await.map_err(|e| {
[INFO] [stdout]     |                  ++++++
[INFO] [stdout] help: trait `TryFutureExt` which provides `map_err` is implemented but not in scope; perhaps you want to import it
[INFO] [stdout]     |
[INFO] [stdout]   1 + use futures_util::future::try_future::TryFutureExt;
[INFO] [stdout]     |
[INFO] [stdout] 
[INFO] [stdout] 
[INFO] [stdout] error[E0599]: no method named `map_err` found for opaque type `impl Future<Output = std::result::Result<(), bollard::errors::Error>>` in the current scope
[INFO] [stdout]    --> src/linux.rs:61:18
[INFO] [stdout]     |
[INFO] [stdout]  59 |             self.docker
[INFO] [stdout]  60 |                 .connect_network(network_id, connect_options)
[INFO] [stdout]  61 |                 .map_err(|e| {
[INFO] [stdout]     |                  ^^^^^^^ method not found in `impl Future<Output = std::result::Result<(), bollard::errors::Error>>`
[INFO] [stdout]     |
[INFO] [stdout]    ::: /opt/rustwide/cargo-home/registry/src/index.crates.io-1949cf8c6b5b557f/futures-util-0.3.32/src/future/try_future/mod.rs:308:8
[INFO] [stdout]     |
[INFO] [stdout] 308 |     fn map_err<E, F>(self, f: F) -> MapErr<Self, F>
[INFO] [stdout]     |        ------- the method is available for `impl Future<Output = std::result::Result<(), bollard::errors::Error>>` here
[INFO] [stdout]     |
[INFO] [stdout]     = help: items from traits can only be used if the trait is in scope
[INFO] [stdout] help: consider `await`ing on the `Future` and calling the method on its `Output`
[INFO] [stdout]     |
[INFO] [stdout]  61 |                 .await.map_err(|e| {
[INFO] [stdout]     |                  ++++++
[INFO] [stdout] help: trait `TryFutureExt` which provides `map_err` is implemented but not in scope; perhaps you want to import it
[INFO] [stdout]     |
[INFO] [stdout]   1 + use futures_util::future::try_future::TryFutureExt;
[INFO] [stdout]     |
[INFO] [stdout] 
[INFO] [stdout] 
[INFO] [stdout] error[E0599]: no method named `map_err` found for opaque type `impl Future<Output = std::result::Result<(), bollard::errors::Error>>` in the current scope
[INFO] [stdout]    --> src/linux.rs:83:18
[INFO] [stdout]     |
[INFO] [stdout]  81 |             self.docker
[INFO] [stdout]  82 |                 .disconnect_network(network_id, disconnect_options)
[INFO] [stdout]  83 |                 .map_err(|e| {
[INFO] [stdout]     |                  ^^^^^^^ method not found in `impl Future<Output = std::result::Result<(), bollard::errors::Error>>`
[INFO] [stdout]     |
[INFO] [stdout]    ::: /opt/rustwide/cargo-home/registry/src/index.crates.io-1949cf8c6b5b557f/futures-util-0.3.32/src/future/try_future/mod.rs:308:8
[INFO] [stdout]     |
[INFO] [stdout] 308 |     fn map_err<E, F>(self, f: F) -> MapErr<Self, F>
[INFO] [stdout]     |        ------- the method is available for `impl Future<Output = std::result::Result<(), bollard::errors::Error>>` here
[INFO] [stdout]     |
[INFO] [stdout]     = help: items from traits can only be used if the trait is in scope
[INFO] [stdout] help: consider `await`ing on the `Future` and calling the method on its `Output`
[INFO] [stdout]     |
[INFO] [stdout]  83 |                 .await.map_err(|e| {
[INFO] [stdout]     |                  ++++++
[INFO] [stdout] help: trait `TryFutureExt` which provides `map_err` is implemented but not in scope; perhaps you want to import it
[INFO] [stdout]     |
[INFO] [stdout]   1 + use futures_util::future::try_future::TryFutureExt;
[INFO] [stdout]     |
[INFO] [stdout] 
[INFO] [stdout] 
[INFO] [stdout] error[E0599]: no method named `map_err` found for opaque type `impl Future<Output = std::result::Result<(), bollard::errors::Error>>` in the current scope
[INFO] [stdout]    --> src/linux.rs:96:52
[INFO] [stdout]     |
[INFO] [stdout]  96 |             self.docker.remove_network(network_id).map_err(|e| {
[INFO] [stdout]     |                                                    ^^^^^^^ method not found in `impl Future<Output = std::result::Result<(), bollard::errors::Error>>`
[INFO] [stdout]     |
[INFO] [stdout]    ::: /opt/rustwide/cargo-home/registry/src/index.crates.io-1949cf8c6b5b557f/futures-util-0.3.32/src/future/try_future/mod.rs:308:8
[INFO] [stdout]     |
[INFO] [stdout] 308 |     fn map_err<E, F>(self, f: F) -> MapErr<Self, F>
[INFO] [stdout]     |        ------- the method is available for `impl Future<Output = std::result::Result<(), bollard::errors::Error>>` here
[INFO] [stdout]     |
[INFO] [stdout]     = help: items from traits can only be used if the trait is in scope
[INFO] [stdout] help: consider `await`ing on the `Future` and calling the method on its `Output`
[INFO] [stdout]     |
[INFO] [stdout]  96 |             self.docker.remove_network(network_id).await.map_err(|e| {
[INFO] [stdout]     |                                                    ++++++
[INFO] [stdout] help: trait `TryFutureExt` which provides `map_err` is implemented but not in scope; perhaps you want to import it
[INFO] [stdout]     |
[INFO] [stdout]   1 + use futures_util::future::try_future::TryFutureExt;
[INFO] [stdout]     |
[INFO] [stdout] 
[INFO] [stdout] 
[INFO] [stdout] error[E0599]: no method named `map_err` found for opaque type `impl Future<Output = Result<Vec<Network>, Error>>` in the current scope
[INFO] [stdout]    --> src/linux.rs:110:69
[INFO] [stdout]     |
[INFO] [stdout] 110 |             let networks = self.docker.list_networks(Some(options)).map_err(|e| {
[INFO] [stdout]     |                                                                     ^^^^^^^ method not found in `impl Future<Output = Result<Vec<Network>, Error>>`
[INFO] [stdout]     |
[INFO] [stdout]    ::: /opt/rustwide/cargo-home/registry/src/index.crates.io-1949cf8c6b5b557f/futures-util-0.3.32/src/future/try_future/mod.rs:308:8
[INFO] [stdout]     |
[INFO] [stdout] 308 |     fn map_err<E, F>(self, f: F) -> MapErr<Self, F>
[INFO] [stdout]     |        ------- the method is available for `impl Future<Output = std::result::Result<Vec<bollard::config::Network>, bollard::errors::Error>>` here
[INFO] [stdout]     |
[INFO] [stdout]     = help: items from traits can only be used if the trait is in scope
[INFO] [stdout]     = note: the full name for the type has been written to '/opt/rustwide/target/release/build/docker-network/a359b7d6fd53b5ba/out/docker_network-a359b7d6fd53b5ba.long-type-9370266532962015548.txt'
[INFO] [stdout]     = note: consider using `--verbose` to print the full type name to the console
[INFO] [stdout] help: consider `await`ing on the `Future` and calling the method on its `Output`
[INFO] [stdout]     |
[INFO] [stdout] 110 |             let networks = self.docker.list_networks(Some(options)).await.map_err(|e| {
[INFO] [stdout]     |                                                                     ++++++
[INFO] [stdout] help: trait `TryFutureExt` which provides `map_err` is implemented but not in scope; perhaps you want to import it
[INFO] [stdout]     |
[INFO] [stdout]   1 + use futures_util::future::try_future::TryFutureExt;
[INFO] [stdout]     |
[INFO] [stdout] 
[INFO] [stdout] 
[INFO] [stdout] error[E0308]: mismatched types
[INFO] [stdout]    --> src/linux.rs:142:26
[INFO] [stdout]     |
[INFO] [stdout] 142 |                 verbose: None,
[INFO] [stdout]     |                          ^^^^ expected `bool`, found `Option<_>`
[INFO] [stdout]     |
[INFO] [stdout]     = note: expected type `bool`
[INFO] [stdout]                found enum `std::option::Option<_>`
[INFO] [stdout] help: use `Option::is_some` to test if the `Option` has a value
[INFO] [stdout]     |
[INFO] [stdout] 142 |                 verbose: None.is_some(),
[INFO] [stdout]     |                              ++++++++++
[INFO] [stdout] 
[INFO] [stdout] 
[INFO] [stdout] error[E0599]: no method named `map_err` found for opaque type `impl Future<Output = std::result::Result<NetworkInspect, bollard::errors::Error>>` in the current scope
[INFO] [stdout]    --> src/linux.rs:147:18
[INFO] [stdout]     |
[INFO] [stdout] 144 |             let network = self
[INFO] [stdout] 145 |                 .docker
[INFO] [stdout] 146 |                 .inspect_network(network_id, Some(options))
[INFO] [stdout] 147 |                 .map_err(|e| {
[INFO] [stdout]     |                  ^^^^^^^ method not found in `impl Future<Output = std::result::Result<NetworkInspect, bollard::errors::Error>>`
[INFO] [stdout]     |
[INFO] [stdout]    ::: /opt/rustwide/cargo-home/registry/src/index.crates.io-1949cf8c6b5b557f/futures-util-0.3.32/src/future/try_future/mod.rs:308:8
[INFO] [stdout]     |
[INFO] [stdout] 308 |     fn map_err<E, F>(self, f: F) -> MapErr<Self, F>
[INFO] [stdout]     |        ------- the method is available for `impl Future<Output = std::result::Result<NetworkInspect, bollard::errors::Error>>` here
[INFO] [stdout]     |
[INFO] [stdout]     = help: items from traits can only be used if the trait is in scope
[INFO] [stdout] help: consider `await`ing on the `Future` and calling the method on its `Output`
[INFO] [stdout]     |
[INFO] [stdout] 147 |                 .await.map_err(|e| {
[INFO] [stdout]     |                  ++++++
[INFO] [stdout] help: trait `TryFutureExt` which provides `map_err` is implemented but not in scope; perhaps you want to import it
[INFO] [stdout]     |
[INFO] [stdout]   1 + use futures_util::future::try_future::TryFutureExt;
[INFO] [stdout]     |
[INFO] [stdout] 
[INFO] [stdout] 
[INFO] [stdout] Some errors have detailed explanations: E0061, E0308, E0422, E0432, E0599, E0603.
[INFO] [stdout] 
[INFO] [stdout] For more information about an error, try `rustc --explain E0061`.
[INFO] [stdout] 
[INFO] [stderr] error: could not compile `docker-network` (lib) due to 13 previous errors; 1 warning emitted
[INFO] [stderr] warning: build failed, waiting for other jobs to finish...
[INFO] running `Command { std: "docker" "inspect" "262e53d4b01d152537272bf7e273b7df51bb7e791bbeb766201d36c53e8b7db8", kill_on_drop: false }`
[INFO] running `Command { std: "docker" "rm" "-f" "262e53d4b01d152537272bf7e273b7df51bb7e791bbeb766201d36c53e8b7db8", kill_on_drop: false }`
[INFO] [stdout] 262e53d4b01d152537272bf7e273b7df51bb7e791bbeb766201d36c53e8b7db8
