[INFO] fetching crate dnf-derive 0.2.3...
[INFO] testing dnf-derive-0.2.3 against 1.99.0-beta.8+cargoflags=--release for beta-release-1.100-2
[INFO] extracting crate dnf-derive 0.2.3 into /workspace/builds/worker-6-tc1/source
[INFO] started tweaking crates.io crate dnf-derive 0.2.3
[INFO] removed 0 missing tests
[INFO] finished tweaking crates.io crate dnf-derive 0.2.3
[INFO] tweaked toml for crates.io crate dnf-derive 0.2.3 written to /workspace/builds/worker-6-tc1/source/Cargo.toml
[INFO] validating manifest of crates.io crate dnf-derive 0.2.3 on toolchain 1.99.0-beta.8
[INFO] running `Command { std: CARGO_HOME="/workspace/cargo-home" RUSTUP_HOME="/workspace/rustup-home" "/workspace/cargo-home/bin/cargo" "+1.99.0-beta.8" "metadata" "--manifest-path" "Cargo.toml" "--no-deps", kill_on_drop: false }`
[INFO] crate crates.io crate dnf-derive 0.2.3 already has a lockfile, it will not be regenerated
[INFO] running `Command { std: CARGO_HOME="/workspace/cargo-home" RUSTUP_HOME="/workspace/rustup-home" "/workspace/cargo-home/bin/cargo" "+1.99.0-beta.8" "fetch" "--manifest-path" "Cargo.toml", kill_on_drop: false }`
[INFO] running `Command { std: "docker" "create" "-v" "/var/lib/crater-agent-workspace/builds/worker-6-tc1/source:/opt/rustwide/workdir:ro,Z" "-v" "/var/lib/crater-agent-workspace/builds/worker-6-tc1/target:/opt/rustwide/target:rw,Z" "-v" "/var/lib/crater-agent-workspace/cargo-home:/opt/rustwide/cargo-home:ro,Z" "-v" "/var/lib/crater-agent-workspace/rustup-home:/opt/rustwide/rustup-home:ro,Z" "-m" "1610612736" "--network" "none" "ghcr.io/rust-lang/crates-build-env/linux@sha256:77db811e55d90add9212f6832c23229e3de5f1c1f9905e8cb07319ea15df73ac" "sleep" "infinity", kill_on_drop: false }`
[INFO] [stdout] ac38b9cc0f6e9724641d1234aa48fcb7a6ce63dc92c26bb4c7ccf8f507b7e33f
[INFO] running `Command { std: "docker" "start" "ac38b9cc0f6e9724641d1234aa48fcb7a6ce63dc92c26bb4c7ccf8f507b7e33f", kill_on_drop: false }`
[INFO] running `Command { std: "docker" "inspect" "ac38b9cc0f6e9724641d1234aa48fcb7a6ce63dc92c26bb4c7ccf8f507b7e33f", kill_on_drop: false }`
[INFO] running `Command { std: "docker" "exec" "-e" "SOURCE_DIR=/opt/rustwide/workdir" "-e" "CARGO_HOME=/opt/rustwide/cargo-home" "-e" "RUSTUP_HOME=/opt/rustwide/rustup-home" "-e" "CARGO_TARGET_DIR=/opt/rustwide/target" "-w" "/opt/rustwide/workdir" "--user" "0:0" "ac38b9cc0f6e9724641d1234aa48fcb7a6ce63dc92c26bb4c7ccf8f507b7e33f" "/opt/rustwide/cargo-home/bin/cargo" "+1.99.0-beta.8" "metadata" "--no-deps" "--format-version=1", kill_on_drop: false }`
[INFO] running `Command { std: "docker" "inspect" "ac38b9cc0f6e9724641d1234aa48fcb7a6ce63dc92c26bb4c7ccf8f507b7e33f", kill_on_drop: false }`
[INFO] running `Command { std: "docker" "exec" "-e" "SOURCE_DIR=/opt/rustwide/workdir" "-e" "CARGO_HOME=/opt/rustwide/cargo-home" "-e" "RUSTUP_HOME=/opt/rustwide/rustup-home" "-e" "CARGO_TARGET_DIR=/opt/rustwide/target" "-e" "CARGO_INCREMENTAL=0" "-e" "RUST_BACKTRACE=full" "-e" "RUSTFLAGS=--cap-lints=warn" "-e" "RUSTDOCFLAGS=--cap-lints=warn" "-w" "/opt/rustwide/workdir" "--user" "0:0" "ac38b9cc0f6e9724641d1234aa48fcb7a6ce63dc92c26bb4c7ccf8f507b7e33f" "/opt/rustwide/cargo-home/bin/cargo" "+1.99.0-beta.8" "build" "--frozen" "--message-format=json" "--release", kill_on_drop: false }`
[INFO] [stderr]    Compiling unicode-ident v1.0.26
[INFO] [stderr]    Compiling proc-macro2 v1.0.107
[INFO] [stderr]    Compiling quote v1.0.47
[INFO] [stderr]    Compiling syn v2.0.119
[INFO] [stderr]    Compiling dnf-derive v0.2.3 (/opt/rustwide/workdir)
[INFO] [stderr]     Finished `release` profile [optimized] target(s) in 5.26s
[INFO] running `Command { std: "docker" "inspect" "ac38b9cc0f6e9724641d1234aa48fcb7a6ce63dc92c26bb4c7ccf8f507b7e33f", kill_on_drop: false }`
[INFO] running `Command { std: "docker" "exec" "-e" "SOURCE_DIR=/opt/rustwide/workdir" "-e" "CARGO_HOME=/opt/rustwide/cargo-home" "-e" "RUSTUP_HOME=/opt/rustwide/rustup-home" "-e" "CARGO_TARGET_DIR=/opt/rustwide/target" "-e" "CARGO_INCREMENTAL=0" "-e" "RUST_BACKTRACE=full" "-e" "RUSTFLAGS=--cap-lints=warn" "-e" "RUSTDOCFLAGS=--cap-lints=warn" "-w" "/opt/rustwide/workdir" "--user" "0:0" "ac38b9cc0f6e9724641d1234aa48fcb7a6ce63dc92c26bb4c7ccf8f507b7e33f" "/opt/rustwide/cargo-home/bin/cargo" "+1.99.0-beta.8" "test" "--frozen" "--no-run" "--message-format=json" "--release", kill_on_drop: false }`
[INFO] [stderr]    Compiling proc-macro2 v1.0.107
[INFO] [stderr]    Compiling unicode-ident v1.0.26
[INFO] [stderr]    Compiling quote v1.0.47
[INFO] [stderr]    Compiling dnf-derive v0.2.3 (/opt/rustwide/workdir)
[INFO] [stderr]    Compiling syn v2.0.119
[INFO] [stdout] error[E0432]: unresolved import `dnf`
[INFO] [stdout]  --> tests/derive_tests.rs:1:5
[INFO] [stdout]   |
[INFO] [stdout] 1 | use dnf::{DnfEvaluable, DnfQuery, Op, Value};
[INFO] [stdout]   |     ^^^ use of unresolved module or unlinked crate `dnf`
[INFO] [stdout]   |
[INFO] [stdout]   = help: if you wanted to use a crate named `dnf`, use `cargo add dnf` to add it to your `Cargo.toml`
[INFO] [stdout] 
[INFO] [stdout] 
[INFO] [stdout] error: cannot find attribute `dnf` in this scope
[INFO] [stdout]   --> tests/derive_tests.rs:93:7
[INFO] [stdout]    |
[INFO] [stdout] 93 |     #[dnf(rename = "product_id")]
[INFO] [stdout]    |       ^^^
[INFO] [stdout]    |
[INFO] [stdout]    = note: `dnf` is an attribute that can be used by the derive macro `DnfEvaluable`, you might be missing a `derive` attribute
[INFO] [stdout] 
[INFO] [stdout] 
[INFO] [stdout] error: cannot find attribute `dnf` in this scope
[INFO] [stdout]   --> tests/derive_tests.rs:98:7
[INFO] [stdout]    |
[INFO] [stdout] 98 |     #[dnf(skip)]
[INFO] [stdout]    |       ^^^
[INFO] [stdout]    |
[INFO] [stdout]    = note: `dnf` is an attribute that can be used by the derive macro `DnfEvaluable`, you might be missing a `derive` attribute
[INFO] [stdout] 
[INFO] [stdout] 
[INFO] [stdout] error: cannot find attribute `dnf` in this scope
[INFO] [stdout]    --> tests/derive_tests.rs:297:7
[INFO] [stdout]     |
[INFO] [stdout] 297 |     #[dnf(nested)]
[INFO] [stdout]     |       ^^^
[INFO] [stdout]     |
[INFO] [stdout]     = note: `dnf` is an attribute that can be used by the derive macro `DnfEvaluable`, you might be missing a `derive` attribute
[INFO] [stdout] 
[INFO] [stdout] 
[INFO] [stdout] error: cannot find attribute `dnf` in this scope
[INFO] [stdout]    --> tests/derive_tests.rs:299:7
[INFO] [stdout]     |
[INFO] [stdout] 299 |     #[dnf(nested)]
[INFO] [stdout]     |       ^^^
[INFO] [stdout]     |
[INFO] [stdout]     = note: `dnf` is an attribute that can be used by the derive macro `DnfEvaluable`, you might be missing a `derive` attribute
[INFO] [stdout] 
[INFO] [stdout] 
[INFO] [stdout] error: cannot find attribute `dnf` in this scope
[INFO] [stdout]    --> tests/derive_tests.rs:447:7
[INFO] [stdout]     |
[INFO] [stdout] 447 |     #[dnf(nested)]
[INFO] [stdout]     |       ^^^
[INFO] [stdout]     |
[INFO] [stdout]     = note: `dnf` is an attribute that can be used by the derive macro `DnfEvaluable`, you might be missing a `derive` attribute
[INFO] [stdout] 
[INFO] [stdout] 
[INFO] [stdout] error: cannot find attribute `dnf` in this scope
[INFO] [stdout]    --> tests/derive_tests.rs:494:7
[INFO] [stdout]     |
[INFO] [stdout] 494 |     #[dnf(nested)]
[INFO] [stdout]     |       ^^^
[INFO] [stdout]     |
[INFO] [stdout]     = note: `dnf` is an attribute that can be used by the derive macro `DnfEvaluable`, you might be missing a `derive` attribute
[INFO] [stdout] 
[INFO] [stdout] 
[INFO] [stdout] error: cannot find attribute `dnf` in this scope
[INFO] [stdout]    --> tests/derive_tests.rs:500:7
[INFO] [stdout]     |
[INFO] [stdout] 500 |     #[dnf(nested)]
[INFO] [stdout]     |       ^^^
[INFO] [stdout]     |
[INFO] [stdout]     = note: `dnf` is an attribute that can be used by the derive macro `DnfEvaluable`, you might be missing a `derive` attribute
[INFO] [stdout] 
[INFO] [stdout] 
[INFO] [stdout] error: cannot find attribute `dnf` in this scope
[INFO] [stdout]    --> tests/derive_tests.rs:506:7
[INFO] [stdout]     |
[INFO] [stdout] 506 |     #[dnf(nested)]
[INFO] [stdout]     |       ^^^
[INFO] [stdout]     |
[INFO] [stdout]     = note: `dnf` is an attribute that can be used by the derive macro `DnfEvaluable`, you might be missing a `derive` attribute
[INFO] [stdout] 
[INFO] [stdout] 
[INFO] [stdout] error: cannot find attribute `dnf` in this scope
[INFO] [stdout]     --> tests/derive_tests.rs:1268:7
[INFO] [stdout]      |
[INFO] [stdout] 1268 |     #[dnf(nested)]
[INFO] [stdout]      |       ^^^
[INFO] [stdout]      |
[INFO] [stdout]      = note: `dnf` is an attribute that can be used by the derive macro `DnfEvaluable`, you might be missing a `derive` attribute
[INFO] [stdout] 
[INFO] [stdout] 
[INFO] [stdout] error: cannot find attribute `dnf` in this scope
[INFO] [stdout]     --> tests/derive_tests.rs:1278:7
[INFO] [stdout]      |
[INFO] [stdout] 1278 |     #[dnf(nested)]
[INFO] [stdout]      |       ^^^
[INFO] [stdout]      |
[INFO] [stdout]      = note: `dnf` is an attribute that can be used by the derive macro `DnfEvaluable`, you might be missing a `derive` attribute
[INFO] [stdout] 
[INFO] [stdout] 
[INFO] [stdout] error: cannot find attribute `dnf` in this scope
[INFO] [stdout]     --> tests/derive_tests.rs:1427:7
[INFO] [stdout]      |
[INFO] [stdout] 1427 |     #[dnf(iter)]
[INFO] [stdout]      |       ^^^
[INFO] [stdout]      |
[INFO] [stdout]      = note: `dnf` is an attribute that can be used by the derive macro `DnfEvaluable`, you might be missing a `derive` attribute
[INFO] [stdout] 
[INFO] [stdout] 
[INFO] [stdout] error: cannot find attribute `dnf` in this scope
[INFO] [stdout]     --> tests/derive_tests.rs:1429:7
[INFO] [stdout]      |
[INFO] [stdout] 1429 |     #[dnf(iter)]
[INFO] [stdout]      |       ^^^
[INFO] [stdout]      |
[INFO] [stdout]      = note: `dnf` is an attribute that can be used by the derive macro `DnfEvaluable`, you might be missing a `derive` attribute
[INFO] [stdout] 
[INFO] [stdout] 
[INFO] [stdout] error[E0433]: cannot find module or crate `dnf` in this scope
[INFO] [stdout]     --> tests/derive_tests.rs:1498:35
[INFO] [stdout]      |
[INFO] [stdout] 1498 |     assert_eq!(tags_field.kind(), dnf::FieldKind::Iter);
[INFO] [stdout]      |                                   ^^^ use of unresolved module or unlinked crate `dnf`
[INFO] [stdout]      |
[INFO] [stdout]      = help: if you wanted to use a crate named `dnf`, use `cargo add dnf` to add it to your `Cargo.toml`
[INFO] [stdout] 
[INFO] [stdout] 
[INFO] [stdout] error[E0433]: cannot find module or crate `dnf` in this scope
[INFO] [stdout]     --> tests/derive_tests.rs:1501:37
[INFO] [stdout]      |
[INFO] [stdout] 1501 |     assert_eq!(scores_field.kind(), dnf::FieldKind::Iter);
[INFO] [stdout]      |                                     ^^^ use of unresolved module or unlinked crate `dnf`
[INFO] [stdout]      |
[INFO] [stdout]      = help: if you wanted to use a crate named `dnf`, use `cargo add dnf` to add it to your `Cargo.toml`
[INFO] [stdout] 
[INFO] [stdout] 
[INFO] [stdout] Some errors have detailed explanations: E0432, E0433.
[INFO] [stdout] 
[INFO] [stdout] For more information about an error, try `rustc --explain E0432`.
[INFO] [stdout] 
[INFO] [stderr] error: could not compile `dnf-derive` (test "derive_tests") due to 15 previous errors
[INFO] running `Command { std: "docker" "inspect" "ac38b9cc0f6e9724641d1234aa48fcb7a6ce63dc92c26bb4c7ccf8f507b7e33f", kill_on_drop: false }`
[INFO] running `Command { std: "docker" "rm" "-f" "ac38b9cc0f6e9724641d1234aa48fcb7a6ce63dc92c26bb4c7ccf8f507b7e33f", kill_on_drop: false }`
[INFO] [stdout] ac38b9cc0f6e9724641d1234aa48fcb7a6ce63dc92c26bb4c7ccf8f507b7e33f
