[INFO] fetching crate dmsg_types 0.4.1...
[INFO] testing dmsg_types-0.4.1 against 1.99.0-beta.8+cargoflags=--release for beta-release-1.100-2
[INFO] extracting crate dmsg_types 0.4.1 into /workspace/builds/worker-1-tc1/source
[INFO] started tweaking crates.io crate dmsg_types 0.4.1
[INFO] removed 0 missing examples
[INFO] removed 0 missing tests
[INFO] finished tweaking crates.io crate dmsg_types 0.4.1
[INFO] tweaked toml for crates.io crate dmsg_types 0.4.1 written to /workspace/builds/worker-1-tc1/source/Cargo.toml
[INFO] validating manifest of crates.io crate dmsg_types 0.4.1 on toolchain 1.99.0-beta.8
[INFO] running `Command { std: CARGO_HOME="/workspace/cargo-home" RUSTUP_HOME="/workspace/rustup-home" "/workspace/cargo-home/bin/cargo" "+1.99.0-beta.8" "metadata" "--manifest-path" "Cargo.toml" "--no-deps", kill_on_drop: false }`
[INFO] crate crates.io crate dmsg_types 0.4.1 already has a lockfile, it will not be regenerated
[INFO] running `Command { std: CARGO_HOME="/workspace/cargo-home" RUSTUP_HOME="/workspace/rustup-home" "/workspace/cargo-home/bin/cargo" "+1.99.0-beta.8" "fetch" "--manifest-path" "Cargo.toml", kill_on_drop: false }`
[INFO] [stderr]     Updating crates.io index
[INFO] [stderr]  Downloading crates ...
[INFO] [stderr]   Downloaded minicbor v0.19.1
[INFO] [stderr]   Downloaded icrc-ledger-types v0.2.0
[INFO] [stderr]   Downloaded minicbor-derive v0.13.0
[INFO] [stderr]   Downloaded candid_derive v0.10.37
[INFO] [stderr]   Downloaded pairing v0.23.0
[INFO] [stderr]   Downloaded icrc-cbor v0.1.0
[INFO] [stderr]   Downloaded ic_principal v0.1.5
[INFO] [stderr]   Downloaded cbor2-derive v1.1.6
[INFO] [stderr]   Downloaded ic_auth_types v0.10.5
[INFO] [stderr]   Downloaded binrw_derive v0.15.2
[INFO] [stderr]   Downloaded serde_json v1.0.152
[INFO] [stderr]   Downloaded candid v0.10.37
[INFO] [stderr]   Downloaded binrw v0.15.2
[INFO] [stderr]   Downloaded cc v1.7.0
[INFO] [stderr]   Downloaded cose2 v0.5.1
[INFO] [stderr]   Downloaded syn v3.0.7
[INFO] [stderr]   Downloaded cbor2 v1.1.6
[INFO] [stderr]   Downloaded ic_bls12_381 v0.10.1
[INFO] running `Command { std: "docker" "create" "-v" "/var/lib/crater-agent-workspace/builds/worker-1-tc1/source:/opt/rustwide/workdir:ro,Z" "-v" "/var/lib/crater-agent-workspace/builds/worker-1-tc1/target:/opt/rustwide/target:rw,Z" "-v" "/var/lib/crater-agent-workspace/cargo-home:/opt/rustwide/cargo-home:ro,Z" "-v" "/var/lib/crater-agent-workspace/rustup-home:/opt/rustwide/rustup-home:ro,Z" "-m" "1610612736" "--network" "none" "ghcr.io/rust-lang/crates-build-env/linux@sha256:77db811e55d90add9212f6832c23229e3de5f1c1f9905e8cb07319ea15df73ac" "sleep" "infinity", kill_on_drop: false }`
[INFO] [stdout] dae380257faaf546752cbb4b6578ce04bec9f8bd4ae6b79839e2a6aaea7f9f84
[INFO] running `Command { std: "docker" "start" "dae380257faaf546752cbb4b6578ce04bec9f8bd4ae6b79839e2a6aaea7f9f84", kill_on_drop: false }`
[INFO] running `Command { std: "docker" "inspect" "dae380257faaf546752cbb4b6578ce04bec9f8bd4ae6b79839e2a6aaea7f9f84", kill_on_drop: false }`
[INFO] running `Command { std: "docker" "exec" "-e" "SOURCE_DIR=/opt/rustwide/workdir" "-e" "CARGO_HOME=/opt/rustwide/cargo-home" "-e" "RUSTUP_HOME=/opt/rustwide/rustup-home" "-e" "CARGO_TARGET_DIR=/opt/rustwide/target" "-w" "/opt/rustwide/workdir" "--user" "0:0" "dae380257faaf546752cbb4b6578ce04bec9f8bd4ae6b79839e2a6aaea7f9f84" "/opt/rustwide/cargo-home/bin/cargo" "+1.99.0-beta.8" "metadata" "--no-deps" "--format-version=1", kill_on_drop: false }`
[INFO] running `Command { std: "docker" "inspect" "dae380257faaf546752cbb4b6578ce04bec9f8bd4ae6b79839e2a6aaea7f9f84", kill_on_drop: false }`
[INFO] running `Command { std: "docker" "exec" "-e" "SOURCE_DIR=/opt/rustwide/workdir" "-e" "CARGO_HOME=/opt/rustwide/cargo-home" "-e" "RUSTUP_HOME=/opt/rustwide/rustup-home" "-e" "CARGO_TARGET_DIR=/opt/rustwide/target" "-e" "CARGO_INCREMENTAL=0" "-e" "RUST_BACKTRACE=full" "-e" "RUSTFLAGS=--cap-lints=warn" "-e" "RUSTDOCFLAGS=--cap-lints=warn" "-w" "/opt/rustwide/workdir" "--user" "0:0" "dae380257faaf546752cbb4b6578ce04bec9f8bd4ae6b79839e2a6aaea7f9f84" "/opt/rustwide/cargo-home/bin/cargo" "+1.99.0-beta.8" "build" "--frozen" "--message-format=json" "--release", kill_on_drop: false }`
[INFO] [stderr]    Compiling proc-macro2 v1.0.107
[INFO] [stderr]    Compiling object v0.39.1
[INFO] [stderr]    Compiling memchr v2.8.3
[INFO] [stderr]    Compiling cc v1.7.0
[INFO] [stderr]    Compiling generic-array v0.14.9
[INFO] [stderr]    Compiling num-traits v0.2.19
[INFO] [stderr]    Compiling binrw_derive v0.15.2
[INFO] [stderr]    Compiling libc v0.2.190
[INFO] [stderr]    Compiling crc32fast v1.5.2
[INFO] [stderr]    Compiling binrw v0.15.2
[INFO] [stderr]    Compiling either v1.19.0
[INFO] [stderr]    Compiling syn v1.0.109
[INFO] [stderr]    Compiling lazy_static v1.5.1
[INFO] [stderr]    Compiling bytemuck v1.25.2
[INFO] [stderr]    Compiling block-buffer v0.10.4
[INFO] [stderr]    Compiling crypto-common v0.1.6
[INFO] [stderr]    Compiling array-init v2.1.0
[INFO] [stderr]    Compiling digest v0.10.7
[INFO] [stderr]    Compiling quote v1.0.47
[INFO] [stderr]    Compiling data-encoding v2.11.1
[INFO] [stderr]    Compiling sha2 v0.10.9
[INFO] [stderr]    Compiling syn v2.0.119
[INFO] [stderr]    Compiling syn v3.0.7
[INFO] [stderr]    Compiling num-integer v0.1.47
[INFO] [stderr]    Compiling stacker v0.1.25
[INFO] [stderr]    Compiling pretty v0.12.5
[INFO] [stderr]    Compiling serde_bytes v0.11.19
[INFO] [stderr]    Compiling minicbor v0.19.1
[INFO] [stderr]    Compiling leb128 v0.2.7
[INFO] [stderr]    Compiling time v0.3.55
[INFO] [stderr]    Compiling base32 v0.4.0
[INFO] [stderr]    Compiling base64 v0.23.1
[INFO] [stderr]    Compiling serde_derive v1.0.229
[INFO] [stderr]    Compiling minicbor-derive v0.13.0
[INFO] [stderr]    Compiling ar_archive_writer v0.5.3
[INFO] [stderr]    Compiling psm v0.1.32
[INFO] [stderr]    Compiling thiserror-impl v1.0.69
[INFO] [stderr]    Compiling candid_derive v0.10.37
[INFO] [stderr]    Compiling strum_macros v0.26.4
[INFO] [stderr]    Compiling serde v1.0.229
[INFO] [stderr]    Compiling thiserror v1.0.69
[INFO] [stderr]    Compiling ic_principal v0.1.5
[INFO] [stderr]    Compiling hex v0.4.3
[INFO] [stderr]    Compiling num-bigint v0.4.8
[INFO] [stderr]    Compiling cbor2 v1.1.6
[INFO] [stderr]    Compiling strum v0.26.3
[INFO] [stderr]    Compiling candid v0.10.37
[INFO] [stderr]    Compiling icrc-cbor v0.1.0
[INFO] [stderr]    Compiling ic_auth_types v0.10.5
[INFO] [stderr]    Compiling icrc-ledger-types v0.2.0
[INFO] [stderr]    Compiling dmsg_types v0.4.1 (/opt/rustwide/workdir)
[INFO] [stderr]     Finished `release` profile [optimized] target(s) in 2m 00s
[INFO] running `Command { std: "docker" "inspect" "dae380257faaf546752cbb4b6578ce04bec9f8bd4ae6b79839e2a6aaea7f9f84", kill_on_drop: false }`
[INFO] running `Command { std: "docker" "exec" "-e" "SOURCE_DIR=/opt/rustwide/workdir" "-e" "CARGO_HOME=/opt/rustwide/cargo-home" "-e" "RUSTUP_HOME=/opt/rustwide/rustup-home" "-e" "CARGO_TARGET_DIR=/opt/rustwide/target" "-e" "CARGO_INCREMENTAL=0" "-e" "RUST_BACKTRACE=full" "-e" "RUSTFLAGS=--cap-lints=warn" "-e" "RUSTDOCFLAGS=--cap-lints=warn" "-w" "/opt/rustwide/workdir" "--user" "0:0" "dae380257faaf546752cbb4b6578ce04bec9f8bd4ae6b79839e2a6aaea7f9f84" "/opt/rustwide/cargo-home/bin/cargo" "+1.99.0-beta.8" "test" "--frozen" "--no-run" "--message-format=json" "--release", kill_on_drop: false }`
[INFO] [stderr]    Compiling syn v3.0.7
[INFO] [stderr]    Compiling generic-array v0.14.9
[INFO] [stderr]    Compiling subtle v2.6.1
[INFO] [stderr]    Compiling bitvec v1.1.1
[INFO] [stderr]    Compiling digest v0.11.3
[INFO] [stderr]    Compiling curve25519-dalek v5.0.0
[INFO] [stderr]    Compiling curve25519-dalek-derive v0.1.1
[INFO] [stderr]    Compiling signature v3.0.0
[INFO] [stderr]    Compiling zeroize v1.9.1
[INFO] [stderr]    Compiling serde_json v1.0.152
[INFO] [stderr]    Compiling sha2 v0.11.0
[INFO] [stderr]    Compiling ed25519 v3.0.0
[INFO] [stderr]    Compiling crypto-common v0.1.6
[INFO] [stderr]    Compiling block-buffer v0.10.4
[INFO] [stderr]    Compiling digest v0.10.7
[INFO] [stderr]    Compiling sha2 v0.10.9
[INFO] [stderr]    Compiling ed25519-dalek v3.0.0
[INFO] [stderr]    Compiling serde_derive v1.0.229
[INFO] [stderr]    Compiling cbor2-derive v1.1.6
[INFO] [stderr]    Compiling ff v0.13.1
[INFO] [stderr]    Compiling group v0.13.0
[INFO] [stderr]    Compiling pairing v0.23.0
[INFO] [stderr]    Compiling ic_bls12_381 v0.10.1
[INFO] [stderr]    Compiling serde v1.0.229
[INFO] [stderr]    Compiling hex v0.4.3
[INFO] [stderr]    Compiling ic_principal v0.1.5
[INFO] [stderr]    Compiling num-bigint v0.4.8
[INFO] [stderr]    Compiling cbor2 v1.1.6
[INFO] [stderr]    Compiling candid v0.10.37
[INFO] [stderr]    Compiling cose2 v0.5.1
[INFO] [stderr]    Compiling icrc-cbor v0.1.0
[INFO] [stderr]    Compiling ic_auth_types v0.10.5
[INFO] [stderr]    Compiling icrc-ledger-types v0.2.0
[INFO] [stderr]    Compiling dmsg_types v0.4.1 (/opt/rustwide/workdir)
[INFO] [stdout] error[E0433]: cannot find module or crate `dmsg_protocol` in this scope
[INFO] [stdout]  --> tests/integration_contract.rs:1:5
[INFO] [stdout]   |
[INFO] [stdout] 1 | use dmsg_protocol::{canonical, decode_canonical, integration::*, validate_origin};
[INFO] [stdout]   |     ^^^^^^^^^^^^^ use of unresolved module or unlinked crate `dmsg_protocol`
[INFO] [stdout]   |
[INFO] [stdout]   = help: if you wanted to use a crate named `dmsg_protocol`, use `cargo add dmsg_protocol` to add it to your `Cargo.toml`
[INFO] [stdout] 
[INFO] [stdout] 
[INFO] [stdout] error[E0432]: unresolved import `dmsg_protocol`
[INFO] [stdout]  --> tests/contracts.rs:2:5
[INFO] [stdout]   |
[INFO] [stdout] 2 | use dmsg_protocol::*;
[INFO] [stdout]   |     ^^^^^^^^^^^^^ use of unresolved module or unlinked crate `dmsg_protocol`
[INFO] [stdout]   |
[INFO] [stdout]   = help: if you wanted to use a crate named `dmsg_protocol`, use `cargo add dmsg_protocol` to add it to your `Cargo.toml`
[INFO] [stdout] 
[INFO] [stdout] 
[INFO] [stdout] error[E0432]: unresolved import `dmsg_protocol`
[INFO] [stdout]  --> tests/integration_contract.rs:1:5
[INFO] [stdout]   |
[INFO] [stdout] 1 | use dmsg_protocol::{canonical, decode_canonical, integration::*, validate_origin};
[INFO] [stdout]   |     ^^^^^^^^^^^^^ use of unresolved module or unlinked crate `dmsg_protocol`
[INFO] [stdout]   |
[INFO] [stdout]   = help: if you wanted to use a crate named `dmsg_protocol`, use `cargo add dmsg_protocol` to add it to your `Cargo.toml`
[INFO] [stdout] 
[INFO] [stdout] 
[INFO] [stdout] error[E0433]: cannot find module or crate `dmsg_protocol` in this scope
[INFO] [stdout]  --> examples/../tests/support/commerce.rs:5:5
[INFO] [stdout]   |
[INFO] [stdout] 5 | use dmsg_protocol::billing::default_plans;
[INFO] [stdout]   |     ^^^^^^^^^^^^^ use of unresolved module or unlinked crate `dmsg_protocol`
[INFO] [stdout]   |
[INFO] [stdout]   = help: if you wanted to use a crate named `dmsg_protocol`, use `cargo add dmsg_protocol` to add it to your `Cargo.toml`
[INFO] [stdout] 
[INFO] [stdout] 
[INFO] [stdout] error[E0433]: cannot find module or crate `dmsg_protocol` in this scope
[INFO] [stdout]  --> examples/../tests/support/commerce.rs:6:5
[INFO] [stdout]   |
[INFO] [stdout] 6 | use dmsg_protocol::commerce_v2::{
[INFO] [stdout]   |     ^^^^^^^^^^^^^ use of unresolved module or unlinked crate `dmsg_protocol`
[INFO] [stdout]   |
[INFO] [stdout]   = help: if you wanted to use a crate named `dmsg_protocol`, use `cargo add dmsg_protocol` to add it to your `Cargo.toml`
[INFO] [stdout] 
[INFO] [stdout] 
[INFO] [stdout] error[E0433]: cannot find module or crate `dmsg_protocol` in this scope
[INFO] [stdout]  --> examples/../tests/support/commerce.rs:9:5
[INFO] [stdout]   |
[INFO] [stdout] 9 | use dmsg_protocol::integration::quote_panda;
[INFO] [stdout]   |     ^^^^^^^^^^^^^ use of unresolved module or unlinked crate `dmsg_protocol`
[INFO] [stdout]   |
[INFO] [stdout]   = help: if you wanted to use a crate named `dmsg_protocol`, use `cargo add dmsg_protocol` to add it to your `Cargo.toml`
[INFO] [stdout] 
[INFO] [stdout] 
[INFO] [stdout] error[E0433]: cannot find module or crate `dmsg_protocol` in this scope
[INFO] [stdout]  --> examples/commerce_vectors.rs:4:5
[INFO] [stdout]   |
[INFO] [stdout] 4 | use dmsg_protocol::billing::*;
[INFO] [stdout]   |     ^^^^^^^^^^^^^ use of unresolved module or unlinked crate `dmsg_protocol`
[INFO] [stdout]   |
[INFO] [stdout]   = help: if you wanted to use a crate named `dmsg_protocol`, use `cargo add dmsg_protocol` to add it to your `Cargo.toml`
[INFO] [stdout] 
[INFO] [stdout] 
[INFO] [stdout] error[E0432]: unresolved import `dmsg_protocol`
[INFO] [stdout]  --> examples/support/mod.rs:2:5
[INFO] [stdout]   |
[INFO] [stdout] 2 | use dmsg_protocol::sha256;
[INFO] [stdout]   |     ^^^^^^^^^^^^^ use of unresolved module or unlinked crate `dmsg_protocol`
[INFO] [stdout]   |
[INFO] [stdout]   = help: if you wanted to use a crate named `dmsg_protocol`, use `cargo add dmsg_protocol` to add it to your `Cargo.toml`
[INFO] [stdout] 
[INFO] [stdout] 
[INFO] [stdout] error[E0432]: unresolved import `dmsg_protocol`
[INFO] [stdout]  --> examples/commerce_vectors.rs:5:5
[INFO] [stdout]   |
[INFO] [stdout] 5 | use dmsg_protocol::*;
[INFO] [stdout]   |     ^^^^^^^^^^^^^ use of unresolved module or unlinked crate `dmsg_protocol`
[INFO] [stdout]   |
[INFO] [stdout]   = help: if you wanted to use a crate named `dmsg_protocol`, use `cargo add dmsg_protocol` to add it to your `Cargo.toml`
[INFO] [stdout] 
[INFO] [stdout] 
[INFO] [stdout] error[E0433]: cannot find module or crate `dmsg_protocol` in this scope
[INFO] [stdout]    --> tests/support/integration.rs:137:21
[INFO] [stdout]     |
[INFO] [stdout] 137 |         offer_hash: dmsg_protocol::integration::billing_offer_hash(&offer()),
[INFO] [stdout]     |                     ^^^^^^^^^^^^^ use of unresolved module or unlinked crate `dmsg_protocol`
[INFO] [stdout]     |
[INFO] [stdout]     = help: if you wanted to use a crate named `dmsg_protocol`, use `cargo add dmsg_protocol` to add it to your `Cargo.toml`
[INFO] [stdout] 
[INFO] [stdout] 
[INFO] [stdout] error[E0433]: cannot find module or crate `dmsg_protocol` in this scope
[INFO] [stdout]  --> examples/integration_vectors.rs:2:5
[INFO] [stdout]   |
[INFO] [stdout] 2 | use dmsg_protocol::{canonical, integration::*};
[INFO] [stdout]   |     ^^^^^^^^^^^^^ use of unresolved module or unlinked crate `dmsg_protocol`
[INFO] [stdout]   |
[INFO] [stdout]   = help: if you wanted to use a crate named `dmsg_protocol`, use `cargo add dmsg_protocol` to add it to your `Cargo.toml`
[INFO] [stdout] 
[INFO] [stdout] 
[INFO] [stdout] error[E0432]: unresolved import `dmsg_protocol`
[INFO] [stdout]  --> examples/support/mod.rs:2:5
[INFO] [stdout]   |
[INFO] [stdout] 2 | use dmsg_protocol::sha256;
[INFO] [stdout]   |     ^^^^^^^^^^^^^ use of unresolved module or unlinked crate `dmsg_protocol`
[INFO] [stdout]   |
[INFO] [stdout]   = help: if you wanted to use a crate named `dmsg_protocol`, use `cargo add dmsg_protocol` to add it to your `Cargo.toml`
[INFO] [stdout] 
[INFO] [stdout] 
[INFO] [stdout] error[E0432]: unresolved import `dmsg_protocol`
[INFO] [stdout]  --> examples/integration_vectors.rs:2:5
[INFO] [stdout]   |
[INFO] [stdout] 2 | use dmsg_protocol::{canonical, integration::*};
[INFO] [stdout]   |     ^^^^^^^^^^^^^ use of unresolved module or unlinked crate `dmsg_protocol`
[INFO] [stdout]   |
[INFO] [stdout]   = help: if you wanted to use a crate named `dmsg_protocol`, use `cargo add dmsg_protocol` to add it to your `Cargo.toml`
[INFO] [stdout] 
[INFO] [stdout] 
[INFO] [stdout] error[E0432]: unresolved import `dmsg_protocol`
[INFO] [stdout]   --> examples/integration_vectors.rs:62:13
[INFO] [stdout]    |
[INFO] [stdout] 62 |         use dmsg_protocol::*;
[INFO] [stdout]    |             ^^^^^^^^^^^^^ use of unresolved module or unlinked crate `dmsg_protocol`
[INFO] [stdout]    |
[INFO] [stdout]    = help: if you wanted to use a crate named `dmsg_protocol`, use `cargo add dmsg_protocol` to add it to your `Cargo.toml`
[INFO] [stdout] 
[INFO] [stdout] 
[INFO] [stdout] error[E0432]: unresolved import `dmsg_protocol`
[INFO] [stdout]  --> examples/support/mod.rs:2:5
[INFO] [stdout]   |
[INFO] [stdout] 2 | use dmsg_protocol::sha256;
[INFO] [stdout]   |     ^^^^^^^^^^^^^ use of unresolved module or unlinked crate `dmsg_protocol`
[INFO] [stdout]   |
[INFO] [stdout]   = help: if you wanted to use a crate named `dmsg_protocol`, use `cargo add dmsg_protocol` to add it to your `Cargo.toml`
[INFO] [stdout] 
[INFO] [stdout] 
[INFO] [stdout] error[E0432]: unresolved import `dmsg_protocol`
[INFO] [stdout]  --> examples/protocol_vectors.rs:4:5
[INFO] [stdout]   |
[INFO] [stdout] 4 | use dmsg_protocol::*;
[INFO] [stdout]   |     ^^^^^^^^^^^^^ use of unresolved module or unlinked crate `dmsg_protocol`
[INFO] [stdout]   |
[INFO] [stdout]   = help: if you wanted to use a crate named `dmsg_protocol`, use `cargo add dmsg_protocol` to add it to your `Cargo.toml`
[INFO] [stdout] 
[INFO] [stdout] 
[INFO] [stdout] Some errors have detailed explanations: E0432, E0433.
[INFO] [stdout] 
[INFO] [stdout] For more information about an error, try `rustc --explain E0432`.
[INFO] [stdout] 
[INFO] [stderr] error: could not compile `dmsg_types` (example "commerce_vectors") due to 6 previous errors
[INFO] [stderr] warning: build failed, waiting for other jobs to finish...
[INFO] [stdout] error[E0599]: no method named `validate` found for struct `dmsg_types::cose::CoseInit` in the current scope
[INFO] [stdout]    --> tests/contracts.rs:120:15
[INFO] [stdout]     |
[INFO] [stdout] 120 |     assert!(c.validate(id).is_err());
[INFO] [stdout]     |               ^^^^^^^^ method not found in `dmsg_types::cose::CoseInit`
[INFO] [stdout] 
[INFO] [stdout] 
[INFO] [stdout] error[E0599]: no method named `validate` found for struct `dmsg_types::cose::CoseInit` in the current scope
[INFO] [stdout]    --> tests/contracts.rs:122:15
[INFO] [stdout]     |
[INFO] [stdout] 122 |     assert!(c.validate(id).is_err());
[INFO] [stdout]     |               ^^^^^^^^ method not found in `dmsg_types::cose::CoseInit`
[INFO] [stdout] 
[INFO] [stdout] 
[INFO] [stdout] error[E0599]: no method named `validate` found for struct `dmsg_types::cose::CoseInit` in the current scope
[INFO] [stdout]    --> tests/contracts.rs:125:15
[INFO] [stdout]     |
[INFO] [stdout] 125 |     assert!(c.validate(id).is_err());
[INFO] [stdout]     |               ^^^^^^^^ method not found in `dmsg_types::cose::CoseInit`
[INFO] [stdout] 
[INFO] [stdout] 
[INFO] [stdout] For more information about this error, try `rustc --explain E0432`.
[INFO] [stdout] 
[INFO] [stdout] error[E0599]: no method named `validate` found for struct `dmsg_types::cose::CoseInit` in the current scope
[INFO] [stdout]    --> tests/contracts.rs:127:15
[INFO] [stdout]     |
[INFO] [stdout] 127 |     assert!(c.validate(id).is_ok());
[INFO] [stdout]     |               ^^^^^^^^ method not found in `dmsg_types::cose::CoseInit`
[INFO] [stdout] 
[INFO] [stdout] 
[INFO] [stderr] error: could not compile `dmsg_types` (example "protocol_vectors") due to 2 previous errors
[INFO] [stdout] error[E0599]: no method named `validate` found for struct `dmsg_types::cose::CoseInit` in the current scope
[INFO] [stdout]    --> tests/contracts.rs:128:15
[INFO] [stdout]     |
[INFO] [stdout] 128 |     assert!(c.validate(c.user_homes[0]).is_err());
[INFO] [stdout]     |               ^^^^^^^^ method not found in `dmsg_types::cose::CoseInit`
[INFO] [stdout] 
[INFO] [stdout] 
[INFO] [stdout] error[E0599]: no method named `validate` found for struct `dmsg_types::cose::CoseInit` in the current scope
[INFO] [stdout]    --> tests/contracts.rs:132:15
[INFO] [stdout]     |
[INFO] [stdout] 132 |     assert!(c.validate(id).is_ok());
[INFO] [stdout]     |               ^^^^^^^^ method not found in `dmsg_types::cose::CoseInit`
[INFO] [stdout] 
[INFO] [stdout] 
[INFO] [stdout] Some errors have detailed explanations: E0432, E0599.
[INFO] [stdout] 
[INFO] [stdout] For more information about an error, try `rustc --explain E0432`.
[INFO] [stdout] 
[INFO] [stderr] error: could not compile `dmsg_types` (test "contracts") due to 7 previous errors
[INFO] [stdout] Some errors have detailed explanations: E0432, E0433.
[INFO] [stdout] 
[INFO] [stdout] For more information about an error, try `rustc --explain E0432`.
[INFO] [stdout] 
[INFO] [stderr] error: could not compile `dmsg_types` (example "integration_vectors") due to 4 previous errors
[INFO] [stdout] error[E0425]: cannot find function `required_panda_stake` in this scope
[INFO] [stdout]   --> tests/integration_contract.rs:14:20
[INFO] [stdout]    |
[INFO] [stdout] 14 |         assert_eq!(required_panda_stake(amount, num, den), Ok(expected));
[INFO] [stdout]    |                    ^^^^^^^^^^^^^^^^^^^^ not found in this scope
[INFO] [stdout] 
[INFO] [stdout] 
[INFO] [stdout] error[E0425]: cannot find function `required_panda_stake` in this scope
[INFO] [stdout]   --> tests/integration_contract.rs:16:16
[INFO] [stdout]    |
[INFO] [stdout] 16 |     assert_eq!(required_panda_stake(u128::MAX, 1, 100), Ok(u128::MAX));
[INFO] [stdout]    |                ^^^^^^^^^^^^^^^^^^^^ not found in this scope
[INFO] [stdout] 
[INFO] [stdout] 
[INFO] [stdout] error[E0425]: cannot find function `required_panda_stake` in this scope
[INFO] [stdout]   --> tests/integration_contract.rs:18:9
[INFO] [stdout]    |
[INFO] [stdout] 18 |         required_panda_stake(u128::MAX, 1, 1),
[INFO] [stdout]    |         ^^^^^^^^^^^^^^^^^^^^ not found in this scope
[INFO] [stdout] 
[INFO] [stdout] 
[INFO] [stdout] error[E0425]: cannot find function `required_panda_stake` in this scope
[INFO] [stdout]   --> tests/integration_contract.rs:22:9
[INFO] [stdout]    |
[INFO] [stdout] 22 |         required_panda_stake(u128::MAX, u128::MAX, u128::MAX),
[INFO] [stdout]    |         ^^^^^^^^^^^^^^^^^^^^ not found in this scope
[INFO] [stdout] 
[INFO] [stdout] 
[INFO] [stdout] error[E0425]: cannot find function `required_panda_stake` in this scope
[INFO] [stdout]   --> tests/integration_contract.rs:25:13
[INFO] [stdout]    |
[INFO] [stdout] 25 |     assert!(required_panda_stake(0, 1, 1).is_err());
[INFO] [stdout]    |             ^^^^^^^^^^^^^^^^^^^^ not found in this scope
[INFO] [stdout] 
[INFO] [stdout] 
[INFO] [stdout] error[E0425]: cannot find function `required_panda_stake` in this scope
[INFO] [stdout]   --> tests/integration_contract.rs:26:13
[INFO] [stdout]    |
[INFO] [stdout] 26 |     assert!(required_panda_stake(1, 0, 1).is_err());
[INFO] [stdout]    |             ^^^^^^^^^^^^^^^^^^^^ not found in this scope
[INFO] [stdout] 
[INFO] [stdout] 
[INFO] [stdout] error[E0425]: cannot find function `required_panda_stake` in this scope
[INFO] [stdout]   --> tests/integration_contract.rs:27:13
[INFO] [stdout]    |
[INFO] [stdout] 27 |     assert!(required_panda_stake(1, 1, 0).is_err());
[INFO] [stdout]    |             ^^^^^^^^^^^^^^^^^^^^ not found in this scope
[INFO] [stdout] 
[INFO] [stdout] 
[INFO] [stdout] error[E0425]: cannot find function `quote_panda` in this scope
[INFO] [stdout]   --> tests/integration_contract.rs:28:16
[INFO] [stdout]    |
[INFO] [stdout] 28 |     let year = quote_panda(&offer(), &app(), &product(), &rate(), NOW).unwrap();
[INFO] [stdout]    |                ^^^^^^^^^^^ not found in this scope
[INFO] [stdout] 
[INFO] [stdout] 
[INFO] [stdout] error[E0425]: cannot find function `quote_panda` in this scope
[INFO] [stdout]   --> tests/integration_contract.rs:31:19
[INFO] [stdout]    |
[INFO] [stdout] 31 |     let quarter = quote_panda(&quarter, &app(), &product(), &rate(), NOW).unwrap();
[INFO] [stdout]    |                   ^^^^^^^^^^^ not found in this scope
[INFO] [stdout] 
[INFO] [stdout] 
[INFO] [stdout] error[E0425]: cannot find function `validate_billing_offer` in this scope
[INFO] [stdout]   --> tests/integration_contract.rs:39:5
[INFO] [stdout]    |
[INFO] [stdout] 39 |     validate_billing_offer(&offer(), &app(), &product(), NOW).unwrap();
[INFO] [stdout]    |     ^^^^^^^^^^^^^^^^^^^^^^ not found in this scope
[INFO] [stdout] 
[INFO] [stdout] 
[INFO] [stdout] error[E0425]: cannot find function `validate_billing_offer` in this scope
[INFO] [stdout]   --> tests/integration_contract.rs:45:5
[INFO] [stdout]    |
[INFO] [stdout] 45 |     validate_billing_offer(&account, &app(), &p, NOW).unwrap();
[INFO] [stdout]    |     ^^^^^^^^^^^^^^^^^^^^^^ not found in this scope
[INFO] [stdout] 
[INFO] [stdout] 
[INFO] [stdout] error[E0425]: cannot find function `validate_billing_offer` in this scope
[INFO] [stdout]   --> tests/integration_contract.rs:46:13
[INFO] [stdout]    |
[INFO] [stdout] 46 |     assert!(validate_billing_offer(&account, &app(), &product(), NOW).is_err());
[INFO] [stdout]    |             ^^^^^^^^^^^^^^^^^^^^^^ not found in this scope
[INFO] [stdout] 
[INFO] [stdout] 
[INFO] [stdout] error[E0425]: cannot find function `validate_billing_offer` in this scope
[INFO] [stdout]   --> tests/integration_contract.rs:49:13
[INFO] [stdout]    |
[INFO] [stdout] 49 |     assert!(validate_billing_offer(&wrong, &app(), &product(), NOW).is_err());
[INFO] [stdout]    |             ^^^^^^^^^^^^^^^^^^^^^^ not found in this scope
[INFO] [stdout] 
[INFO] [stdout] 
[INFO] [stdout] error[E0425]: cannot find function `validate_billing_offer` in this scope
[INFO] [stdout]   --> tests/integration_contract.rs:52:13
[INFO] [stdout]    |
[INFO] [stdout] 52 |     assert!(validate_billing_offer(&wrong, &app(), &product(), NOW).is_err());
[INFO] [stdout]    |             ^^^^^^^^^^^^^^^^^^^^^^ not found in this scope
[INFO] [stdout] 
[INFO] [stdout] 
[INFO] [stdout] error[E0425]: cannot find function `validate_billing_offer` in this scope
[INFO] [stdout]   --> tests/integration_contract.rs:55:13
[INFO] [stdout]    |
[INFO] [stdout] 55 |     assert!(validate_billing_offer(&wrong, &app(), &product(), NOW).is_err());
[INFO] [stdout]    |             ^^^^^^^^^^^^^^^^^^^^^^ not found in this scope
[INFO] [stdout] 
[INFO] [stdout] 
[INFO] [stdout] error[E0425]: cannot find function `validate_application_approval` in this scope
[INFO] [stdout]   --> tests/integration_contract.rs:61:5
[INFO] [stdout]    |
[INFO] [stdout] 61 |     validate_application_approval(&a, &app(), &product(), principal(8), NOW).unwrap();
[INFO] [stdout]    |     ^^^^^^^^^^^^^^^^^^^^^^^^^^^^^ not found in this scope
[INFO] [stdout] 
[INFO] [stdout] 
[INFO] [stdout] error[E0425]: cannot find function `validate_application_approval` in this scope
[INFO] [stdout]   --> tests/integration_contract.rs:66:13
[INFO] [stdout]    |
[INFO] [stdout] 66 |     assert!(validate_application_approval(&a, &app(), &product(), principal(9), NOW).is_err());
[INFO] [stdout]    |             ^^^^^^^^^^^^^^^^^^^^^^^^^^^^^ not found in this scope
[INFO] [stdout] 
[INFO] [stdout] 
[INFO] [stdout] error[E0425]: cannot find function `validate_application_approval` in this scope
[INFO] [stdout]   --> tests/integration_contract.rs:68:9
[INFO] [stdout]    |
[INFO] [stdout] 68 |         validate_application_approval(&a, &app(), &product(), principal(8), a.expires_at_ms)
[INFO] [stdout]    |         ^^^^^^^^^^^^^^^^^^^^^^^^^^^^^ not found in this scope
[INFO] [stdout] 
[INFO] [stdout] 
[INFO] [stdout] error[E0425]: cannot find function `application_approval_hash` in this scope
[INFO] [stdout]   --> tests/integration_contract.rs:74:9
[INFO] [stdout]    |
[INFO] [stdout] 74 |         application_approval_hash(&a),
[INFO] [stdout]    |         ^^^^^^^^^^^^^^^^^^^^^^^^^ not found in this scope
[INFO] [stdout] 
[INFO] [stdout] 
[INFO] [stdout] error[E0425]: cannot find function `application_approval_hash` in this scope
[INFO] [stdout]   --> tests/integration_contract.rs:75:9
[INFO] [stdout]    |
[INFO] [stdout] 75 |         application_approval_hash(&altered)
[INFO] [stdout]    |         ^^^^^^^^^^^^^^^^^^^^^^^^^ not found in this scope
[INFO] [stdout] 
[INFO] [stdout] 
[INFO] [stdout] error[E0425]: cannot find function `application_approval_hash` in this scope
[INFO] [stdout]   --> tests/integration_contract.rs:80:9
[INFO] [stdout]    |
[INFO] [stdout] 80 |         application_approval_hash(&a),
[INFO] [stdout]    |         ^^^^^^^^^^^^^^^^^^^^^^^^^ not found in this scope
[INFO] [stdout] 
[INFO] [stdout] 
[INFO] [stdout] error[E0425]: cannot find function `application_approval_hash` in this scope
[INFO] [stdout]   --> tests/integration_contract.rs:81:9
[INFO] [stdout]    |
[INFO] [stdout] 81 |         application_approval_hash(&altered)
[INFO] [stdout]    |         ^^^^^^^^^^^^^^^^^^^^^^^^^ not found in this scope
[INFO] [stdout] 
[INFO] [stdout] 
[INFO] [stdout] error[E0425]: cannot find function `validate_application_approval` in this scope
[INFO] [stdout]   --> tests/integration_contract.rs:86:9
[INFO] [stdout]    |
[INFO] [stdout] 86 |         validate_application_approval(&altered, &app(), &product(), principal(8), NOW).is_err()
[INFO] [stdout]    |         ^^^^^^^^^^^^^^^^^^^^^^^^^^^^^ not found in this scope
[INFO] [stdout] 
[INFO] [stdout] 
[INFO] [stdout] error[E0425]: cannot find function `validate_billing_offer` in this scope
[INFO] [stdout]   --> tests/integration_contract.rs:95:9
[INFO] [stdout]    |
[INFO] [stdout] 95 |         validate_billing_offer(&o, &app(), &product(), NOW),
[INFO] [stdout]    |         ^^^^^^^^^^^^^^^^^^^^^^ not found in this scope
[INFO] [stdout] 
[INFO] [stdout] 
[INFO] [stdout] error[E0425]: cannot find function `validate_billing_offer` in this scope
[INFO] [stdout]    --> tests/integration_contract.rs:100:13
[INFO] [stdout]     |
[INFO] [stdout] 100 |     assert!(validate_billing_offer(&o, &app(), &product(), NOW).is_err());
[INFO] [stdout]     |             ^^^^^^^^^^^^^^^^^^^^^^ not found in this scope
[INFO] [stdout] 
[INFO] [stdout] 
[INFO] [stdout] error[E0425]: cannot find function `validate_billing_offer` in this scope
[INFO] [stdout]    --> tests/integration_contract.rs:103:13
[INFO] [stdout]     |
[INFO] [stdout] 103 |     assert!(validate_billing_offer(&o, &app(), &product(), NOW).is_err());
[INFO] [stdout]     |             ^^^^^^^^^^^^^^^^^^^^^^ not found in this scope
[INFO] [stdout] 
[INFO] [stdout] 
[INFO] [stdout] error[E0425]: cannot find function `validate_billing_offer` in this scope
[INFO] [stdout]    --> tests/integration_contract.rs:106:13
[INFO] [stdout]     |
[INFO] [stdout] 106 |     assert!(validate_billing_offer(&o, &app(), &product(), NOW).is_err());
[INFO] [stdout]     |             ^^^^^^^^^^^^^^^^^^^^^^ not found in this scope
[INFO] [stdout] 
[INFO] [stdout] 
[INFO] [stdout] error[E0425]: cannot find function `validate_app` in this scope
[INFO] [stdout]    --> tests/integration_contract.rs:118:13
[INFO] [stdout]     |
[INFO] [stdout] 118 |     assert!(validate_app(&a).is_err());
[INFO] [stdout]     |             ^^^^^^^^^^^^ not found in this scope
[INFO] [stdout] 
[INFO] [stdout] 
[INFO] [stdout] error[E0425]: cannot find function `quote_panda` in this scope
[INFO] [stdout]    --> tests/integration_contract.rs:154:9
[INFO] [stdout]     |
[INFO] [stdout] 154 |         quote_panda(&offer(), &app(), &product(), &p, NOW),
[INFO] [stdout]     |         ^^^^^^^^^^^ not found in this scope
[INFO] [stdout] 
[INFO] [stdout] 
[INFO] [stdout] error[E0425]: cannot find function `quote_panda` in this scope
[INFO] [stdout]    --> tests/integration_contract.rs:159:13
[INFO] [stdout]     |
[INFO] [stdout] 159 |     assert!(quote_panda(&offer(), &app(), &product(), &p, NOW).is_err());
[INFO] [stdout]     |             ^^^^^^^^^^^ not found in this scope
[INFO] [stdout] 
[INFO] [stdout] 
[INFO] [stdout] error[E0425]: cannot find function `quote_panda` in this scope
[INFO] [stdout]    --> tests/integration_contract.rs:163:9
[INFO] [stdout]     |
[INFO] [stdout] 163 |         quote_panda(&offer(), &a, &product(), &rate(), NOW),
[INFO] [stdout]     |         ^^^^^^^^^^^ not found in this scope
[INFO] [stdout] 
[INFO] [stdout] 
[INFO] [stdout] error[E0425]: cannot find function `quote_panda` in this scope
[INFO] [stdout]    --> tests/integration_contract.rs:166:13
[INFO] [stdout]     |
[INFO] [stdout] 166 |     assert!(quote_panda(&offer(), &app(), &product(), &rate(), offer().accept_by_ms).is_err());
[INFO] [stdout]     |             ^^^^^^^^^^^ not found in this scope
[INFO] [stdout] 
[INFO] [stdout] 
[INFO] [stdout] error[E0425]: cannot find function `quote_panda` in this scope
[INFO] [stdout]    --> tests/integration_contract.rs:171:9
[INFO] [stdout]     |
[INFO] [stdout] 171 |         quote_panda(&o, &app(), &product(), &rate(), NOW),
[INFO] [stdout]     |         ^^^^^^^^^^^ not found in this scope
[INFO] [stdout] 
[INFO] [stdout] 
[INFO] [stdout] error[E0425]: cannot find function `quote_panda` in this scope
[INFO] [stdout]    --> tests/integration_contract.rs:176:13
[INFO] [stdout]     |
[INFO] [stdout] 176 |     assert!(quote_panda(&o, &app(), &product(), &rate(), NOW).is_err());
[INFO] [stdout]     |             ^^^^^^^^^^^ not found in this scope
[INFO] [stdout] 
[INFO] [stdout] 
[INFO] [stdout] error[E0425]: cannot find function `validate_cash_quote` in this scope
[INFO] [stdout]    --> tests/integration_contract.rs:183:5
[INFO] [stdout]     |
[INFO] [stdout] 183 |     validate_cash_quote(&first, &offer(), &product(), NOW).unwrap();
[INFO] [stdout]     |     ^^^^^^^^^^^^^^^^^^^ not found in this scope
[INFO] [stdout] 
[INFO] [stdout] 
[INFO] [stdout] error[E0425]: cannot find function `validate_cash_quote` in this scope
[INFO] [stdout]    --> tests/integration_contract.rs:184:5
[INFO] [stdout]     |
[INFO] [stdout] 184 |     validate_cash_quote(&second, &offer(), &product(), NOW).unwrap();
[INFO] [stdout]     |     ^^^^^^^^^^^^^^^^^^^ not found in this scope
[INFO] [stdout] 
[INFO] [stdout] 
[INFO] [stdout] error[E0425]: cannot find function `validate_cash_quote` in this scope
[INFO] [stdout]    --> tests/integration_contract.rs:187:13
[INFO] [stdout]     |
[INFO] [stdout] 187 |     assert!(validate_cash_quote(&wrong, &offer(), &product(), NOW).is_err());
[INFO] [stdout]     |             ^^^^^^^^^^^^^^^^^^^ not found in this scope
[INFO] [stdout] 
[INFO] [stdout] 
[INFO] [stdout] error[E0425]: cannot find function `validate_cash_quote` in this scope
[INFO] [stdout]    --> tests/integration_contract.rs:190:13
[INFO] [stdout]     |
[INFO] [stdout] 190 |     assert!(validate_cash_quote(&wrong, &offer(), &product(), NOW).is_err());
[INFO] [stdout]     |             ^^^^^^^^^^^^^^^^^^^ not found in this scope
[INFO] [stdout] 
[INFO] [stdout] 
[INFO] [stdout] error[E0425]: cannot find function `validate_cash_quote` in this scope
[INFO] [stdout]    --> tests/integration_contract.rs:193:13
[INFO] [stdout]     |
[INFO] [stdout] 193 |     assert!(validate_cash_quote(&wrong, &offer(), &product(), NOW).is_err());
[INFO] [stdout]     |             ^^^^^^^^^^^^^^^^^^^ not found in this scope
[INFO] [stdout] 
[INFO] [stdout] 
[INFO] [stdout] error[E0425]: cannot find function `validate_product` in this scope
[INFO] [stdout]    --> tests/integration_contract.rs:196:13
[INFO] [stdout]     |
[INFO] [stdout] 196 |     assert!(validate_product(&p).is_err());
[INFO] [stdout]     |             ^^^^^^^^^^^^^^^^ not found in this scope
[INFO] [stdout] 
[INFO] [stdout] 
[INFO] [stdout] error[E0425]: cannot find function `validate_product` in this scope
[INFO] [stdout]    --> tests/integration_contract.rs:201:5
[INFO] [stdout]     |
[INFO] [stdout] 201 |     validate_product(&p).unwrap();
[INFO] [stdout]     |     ^^^^^^^^^^^^^^^^ not found in this scope
[INFO] [stdout] 
[INFO] [stdout] 
[INFO] [stdout] error[E0425]: cannot find function `validate_authentication` in this scope
[INFO] [stdout]    --> tests/integration_contract.rs:207:5
[INFO] [stdout]     |
[INFO] [stdout] 207 |     validate_authentication(&request, &app(), NOW).unwrap();
[INFO] [stdout]     |     ^^^^^^^^^^^^^^^^^^^^^^^ not found in this scope
[INFO] [stdout] 
[INFO] [stdout] 
[INFO] [stdout] error[E0425]: cannot find function `match_authentication_result` in this scope
[INFO] [stdout]    --> tests/integration_contract.rs:218:5
[INFO] [stdout]     |
[INFO] [stdout] 218 |     match_authentication_result(&result, &request, principal(1), NOW, NOW).unwrap();
[INFO] [stdout]     |     ^^^^^^^^^^^^^^^^^^^^^^^^^^^ not found in this scope
[INFO] [stdout] 
[INFO] [stdout] 
[INFO] [stdout] error[E0425]: cannot find function `match_authentication_result` in this scope
[INFO] [stdout]    --> tests/integration_contract.rs:221:13
[INFO] [stdout]     |
[INFO] [stdout] 221 |     assert!(match_authentication_result(&result, &other, principal(1), NOW, NOW).is_err());
[INFO] [stdout]     |             ^^^^^^^^^^^^^^^^^^^^^^^^^^^ not found in this scope
[INFO] [stdout] 
[INFO] [stdout] 
[INFO] [stdout] error[E0425]: cannot find function `match_authentication_result` in this scope
[INFO] [stdout]    --> tests/integration_contract.rs:224:13
[INFO] [stdout]     |
[INFO] [stdout] 224 |     assert!(match_authentication_result(&result, &other, principal(1), NOW, NOW).is_err());
[INFO] [stdout]     |             ^^^^^^^^^^^^^^^^^^^^^^^^^^^ not found in this scope
[INFO] [stdout] 
[INFO] [stdout] 
[INFO] [stdout] error[E0425]: cannot find function `match_authentication_result` in this scope
[INFO] [stdout]    --> tests/integration_contract.rs:225:13
[INFO] [stdout]     |
[INFO] [stdout] 225 |     assert!(match_authentication_result(&result, &request, principal(2), NOW, NOW).is_err());
[INFO] [stdout]     |             ^^^^^^^^^^^^^^^^^^^^^^^^^^^ not found in this scope
[INFO] [stdout] 
[INFO] [stdout] 
[INFO] [stdout] error[E0425]: cannot find function `match_authentication_result` in this scope
[INFO] [stdout]    --> tests/integration_contract.rs:227:9
[INFO] [stdout]     |
[INFO] [stdout] 227 |         match_authentication_result(&result, &request, principal(1), NOW, NOW + 61_000).is_err()
[INFO] [stdout]     |         ^^^^^^^^^^^^^^^^^^^^^^^^^^^ not found in this scope
[INFO] [stdout] 
[INFO] [stdout] 
[INFO] [stdout] error[E0425]: cannot find function `match_authentication_result` in this scope
[INFO] [stdout]    --> tests/integration_contract.rs:229:13
[INFO] [stdout]     |
[INFO] [stdout] 229 |     assert!(match_authentication_result(
[INFO] [stdout]     |             ^^^^^^^^^^^^^^^^^^^^^^^^^^^ not found in this scope
[INFO] [stdout] 
[INFO] [stdout] 
[INFO] [stdout] error[E0425]: cannot find function `authentication_key` in this scope
[INFO] [stdout]    --> tests/integration_contract.rs:238:9
[INFO] [stdout]     |
[INFO] [stdout] 238 |         authentication_key(&result.account_id, &request.operation_id)
[INFO] [stdout]     |         ^^^^^^^^^^^^^^^^^^
[INFO] [stdout]     |
[INFO] [stdout]    ::: tests/support/integration.rs:97:1
[INFO] [stdout]     |
[INFO] [stdout]  97 | pub fn authentication() -> AuthenticationRequest {
[INFO] [stdout]     | ------------------------------------------------ similarly named function `authentication` defined here
[INFO] [stdout]     |
[INFO] [stdout] help: a function with a similar name exists
[INFO] [stdout]     |
[INFO] [stdout] 238 -         authentication_key(&result.account_id, &request.operation_id)
[INFO] [stdout] 238 +         authentication(&result.account_id, &request.operation_id)
[INFO] [stdout]     |
[INFO] [stdout] 
[INFO] [stdout] 
[INFO] [stdout] error[E0425]: cannot find function `product_decision_hash` in this scope
[INFO] [stdout]    --> tests/integration_contract.rs:249:24
[INFO] [stdout]     |
[INFO] [stdout] 249 |         decision_hash: product_decision_hash(&d),
[INFO] [stdout]     |                        ^^^^^^^^^^^^^^^^^^^^^ not found in this scope
[INFO] [stdout] 
[INFO] [stdout] 
[INFO] [stdout] error[E0425]: cannot find function `match_product_receipt` in this scope
[INFO] [stdout]    --> tests/integration_contract.rs:258:5
[INFO] [stdout]     |
[INFO] [stdout] 258 |     match_product_receipt(&receipt, &d).unwrap();
[INFO] [stdout]     |     ^^^^^^^^^^^^^^^^^^^^^ not found in this scope
[INFO] [stdout] 
[INFO] [stdout] 
[INFO] [stdout] error[E0425]: cannot find function `match_product_receipt` in this scope
[INFO] [stdout]    --> tests/integration_contract.rs:261:13
[INFO] [stdout]     |
[INFO] [stdout] 261 |     assert!(match_product_receipt(&receipt, &other).is_err());
[INFO] [stdout]     |             ^^^^^^^^^^^^^^^^^^^^^ not found in this scope
[INFO] [stdout] 
[INFO] [stdout] 
[INFO] [stdout] error[E0425]: cannot find function `match_product_receipt` in this scope
[INFO] [stdout]    --> tests/integration_contract.rs:267:13
[INFO] [stdout]     |
[INFO] [stdout] 267 |     assert!(match_product_receipt(&receipt, &d).is_err());
[INFO] [stdout]     |             ^^^^^^^^^^^^^^^^^^^^^ not found in this scope
[INFO] [stdout] 
[INFO] [stdout] 
[INFO] [stdout] error[E0425]: cannot find function `match_product_receipt` in this scope
[INFO] [stdout]    --> tests/integration_contract.rs:271:5
[INFO] [stdout]     |
[INFO] [stdout] 271 |     match_product_receipt(&receipt, &d).unwrap();
[INFO] [stdout]     |     ^^^^^^^^^^^^^^^^^^^^^ not found in this scope
[INFO] [stdout] 
[INFO] [stdout] 
[INFO] [stdout] error[E0425]: cannot find function `match_product_receipt` in this scope
[INFO] [stdout]    --> tests/integration_contract.rs:273:13
[INFO] [stdout]     |
[INFO] [stdout] 273 |     assert!(match_product_receipt(&receipt, &d).is_err());
[INFO] [stdout]     |             ^^^^^^^^^^^^^^^^^^^^^ not found in this scope
[INFO] [stdout] 
[INFO] [stdout] 
[INFO] [stdout] Some errors have detailed explanations: E0425, E0432, E0433.
[INFO] [stdout] 
[INFO] [stdout] For more information about an error, try `rustc --explain E0425`.
[INFO] [stdout] 
[INFO] [stderr] error: could not compile `dmsg_types` (test "integration_contract") due to 58 previous errors
[INFO] running `Command { std: "docker" "inspect" "dae380257faaf546752cbb4b6578ce04bec9f8bd4ae6b79839e2a6aaea7f9f84", kill_on_drop: false }`
[INFO] running `Command { std: "docker" "rm" "-f" "dae380257faaf546752cbb4b6578ce04bec9f8bd4ae6b79839e2a6aaea7f9f84", kill_on_drop: false }`
[INFO] [stdout] dae380257faaf546752cbb4b6578ce04bec9f8bd4ae6b79839e2a6aaea7f9f84
