[INFO] fetching crate dm2-music 0.2.1...
[INFO] testing dm2-music-0.2.1 against 1.100.0-beta.1+cargoflags=--release for beta-release-1.100-2
[INFO] extracting crate dm2-music 0.2.1 into /workspace/builds/worker-0-tc2/source
[INFO] started tweaking crates.io crate dm2-music 0.2.1
[INFO] removed 0 missing examples
[INFO] removed 0 missing tests
[INFO] finished tweaking crates.io crate dm2-music 0.2.1
[INFO] tweaked toml for crates.io crate dm2-music 0.2.1 written to /workspace/builds/worker-0-tc2/source/Cargo.toml
[INFO] validating manifest of crates.io crate dm2-music 0.2.1 on toolchain 1.100.0-beta.1
[INFO] running `Command { std: CARGO_HOME="/workspace/cargo-home" RUSTUP_HOME="/workspace/rustup-home" "/workspace/cargo-home/bin/cargo" "+1.100.0-beta.1" "metadata" "--manifest-path" "Cargo.toml" "--no-deps", kill_on_drop: false }`
[INFO] crate crates.io crate dm2-music 0.2.1 already has a lockfile, it will not be regenerated
[INFO] running `Command { std: CARGO_HOME="/workspace/cargo-home" RUSTUP_HOME="/workspace/rustup-home" "/workspace/cargo-home/bin/cargo" "+1.100.0-beta.1" "fetch" "--manifest-path" "Cargo.toml", kill_on_drop: false }`
[INFO] running `Command { std: "docker" "create" "-v" "/var/lib/crater-agent-workspace/builds/worker-0-tc2/source:/opt/rustwide/workdir:ro,Z" "-v" "/var/lib/crater-agent-workspace/builds/worker-0-tc2/target:/opt/rustwide/target:rw,Z" "-v" "/var/lib/crater-agent-workspace/cargo-home:/opt/rustwide/cargo-home:ro,Z" "-v" "/var/lib/crater-agent-workspace/rustup-home:/opt/rustwide/rustup-home:ro,Z" "-m" "1610612736" "--network" "none" "ghcr.io/rust-lang/crates-build-env/linux@sha256:77db811e55d90add9212f6832c23229e3de5f1c1f9905e8cb07319ea15df73ac" "sleep" "infinity", kill_on_drop: false }`
[INFO] [stdout] 01cb16b0a9839b5bc326a3e43e9f19efe77fb4e544dd29c9e6f968ea2f271553
[INFO] running `Command { std: "docker" "start" "01cb16b0a9839b5bc326a3e43e9f19efe77fb4e544dd29c9e6f968ea2f271553", kill_on_drop: false }`
[INFO] running `Command { std: "docker" "inspect" "01cb16b0a9839b5bc326a3e43e9f19efe77fb4e544dd29c9e6f968ea2f271553", kill_on_drop: false }`
[INFO] running `Command { std: "docker" "exec" "-e" "SOURCE_DIR=/opt/rustwide/workdir" "-e" "CARGO_HOME=/opt/rustwide/cargo-home" "-e" "RUSTUP_HOME=/opt/rustwide/rustup-home" "-e" "CARGO_TARGET_DIR=/opt/rustwide/target" "-w" "/opt/rustwide/workdir" "--user" "0:0" "01cb16b0a9839b5bc326a3e43e9f19efe77fb4e544dd29c9e6f968ea2f271553" "/opt/rustwide/cargo-home/bin/cargo" "+1.100.0-beta.1" "metadata" "--no-deps" "--format-version=1", kill_on_drop: false }`
[INFO] running `Command { std: "docker" "inspect" "01cb16b0a9839b5bc326a3e43e9f19efe77fb4e544dd29c9e6f968ea2f271553", kill_on_drop: false }`
[INFO] running `Command { std: "docker" "exec" "-e" "SOURCE_DIR=/opt/rustwide/workdir" "-e" "CARGO_HOME=/opt/rustwide/cargo-home" "-e" "RUSTUP_HOME=/opt/rustwide/rustup-home" "-e" "CARGO_TARGET_DIR=/opt/rustwide/target" "-e" "CARGO_INCREMENTAL=0" "-e" "RUST_BACKTRACE=full" "-e" "RUSTFLAGS=--cap-lints=warn" "-e" "RUSTDOCFLAGS=--cap-lints=warn" "-w" "/opt/rustwide/workdir" "--user" "0:0" "01cb16b0a9839b5bc326a3e43e9f19efe77fb4e544dd29c9e6f968ea2f271553" "/opt/rustwide/cargo-home/bin/cargo" "+1.100.0-beta.1" "build" "--frozen" "--message-format=json" "--release", kill_on_drop: false }`
[INFO] [stderr]    Compiling proc-macro2 v1.0.107
[INFO] [stderr]    Compiling serde_core v1.0.229
[INFO] [stderr]    Compiling serde v1.0.229
[INFO] [stderr]    Compiling binrw_derive v0.15.2
[INFO] [stderr]    Compiling binrw v0.15.2
[INFO] [stderr]    Compiling either v1.18.0
[INFO] [stderr]    Compiling owo-colors v4.4.0
[INFO] [stderr]    Compiling array-init v2.1.0
[INFO] [stderr]    Compiling bytemuck v1.25.2
[INFO] [stderr]    Compiling dm2-wav v0.2.1
[INFO] [stderr]    Compiling quote v1.0.47
[INFO] [stderr]    Compiling syn v3.0.4
[INFO] [stderr]    Compiling syn v2.0.119
[INFO] [stderr]    Compiling serde_derive v1.0.229
[INFO] [stderr]    Compiling thiserror-impl v2.0.20
[INFO] [stderr]    Compiling thiserror v2.0.20
[INFO] [stderr]    Compiling sms-audio v0.1.0
[INFO] [stderr]    Compiling opl-audio v0.1.0
[INFO] [stderr]    Compiling xmrs v0.14.7
[INFO] [stderr]    Compiling dm2-binrw v0.2.1
[INFO] [stderr]    Compiling xmrsplayer v0.14.4
[INFO] [stderr]    Compiling mod-audio v0.2.1
[INFO] [stderr]    Compiling dm2-music v0.2.1 (/opt/rustwide/workdir)
[INFO] [stderr]     Finished `release` profile [optimized] target(s) in 32.49s
[INFO] running `Command { std: "docker" "inspect" "01cb16b0a9839b5bc326a3e43e9f19efe77fb4e544dd29c9e6f968ea2f271553", kill_on_drop: false }`
[INFO] running `Command { std: "docker" "exec" "-e" "SOURCE_DIR=/opt/rustwide/workdir" "-e" "CARGO_HOME=/opt/rustwide/cargo-home" "-e" "RUSTUP_HOME=/opt/rustwide/rustup-home" "-e" "CARGO_TARGET_DIR=/opt/rustwide/target" "-e" "CARGO_INCREMENTAL=0" "-e" "RUST_BACKTRACE=full" "-e" "RUSTFLAGS=--cap-lints=warn" "-e" "RUSTDOCFLAGS=--cap-lints=warn" "-w" "/opt/rustwide/workdir" "--user" "0:0" "01cb16b0a9839b5bc326a3e43e9f19efe77fb4e544dd29c9e6f968ea2f271553" "/opt/rustwide/cargo-home/bin/cargo" "+1.100.0-beta.1" "test" "--frozen" "--no-run" "--message-format=json" "--release", kill_on_drop: false }`
[INFO] [stderr]    Compiling simd-adler32 v0.3.10
[INFO] [stderr]    Compiling crc32fast v1.5.1
[INFO] [stderr]    Compiling bytemuck v1.25.2
[INFO] [stderr]    Compiling num-traits v0.2.19
[INFO] [stderr]    Compiling pxfm v0.1.30
[INFO] [stderr]    Compiling byteorder-lite v0.1.0
[INFO] [stderr]    Compiling encoding_rs v0.8.35
[INFO] [stderr]    Compiling miniz_oxide v0.9.1
[INFO] [stderr]    Compiling fdeflate v0.3.7
[INFO] [stderr]    Compiling miniz_oxide v0.8.9
[INFO] [stderr]    Compiling binrw v0.15.2
[INFO] [stderr]    Compiling flate2 v1.1.10
[INFO] [stderr]    Compiling png v0.18.1
[INFO] [stderr]    Compiling dm2-binrw v0.2.1
[INFO] [stderr]    Compiling dm2-music v0.2.1 (/opt/rustwide/workdir)
[INFO] [stderr]    Compiling moxcms v0.8.1
[INFO] [stderr]    Compiling image v0.25.10
[INFO] [stderr]    Compiling dm2-graphics v0.2.1
[INFO] [stdout] error: couldn't read `tests/../../../fixtures/amiga-eu/song-goldens/00.fp`: No such file or directory (os error 2)
[INFO] [stdout]   --> tests/mod_render_oracle.rs:59:14
[INFO] [stdout]    |
[INFO] [stdout] 59 |         0 => include_str!("../../../fixtures/amiga-eu/song-goldens/00.fp"),
[INFO] [stdout]    |              ^^^^^^^^^^^^^^^^^^^^^^^^^^^^^^^^^^^^^^^^^^^^^^^^^^^^^^^^^^^^^
[INFO] [stdout] 
[INFO] [stdout] 
[INFO] [stdout] error: couldn't read `tests/../../../fixtures/amiga-eu/song-goldens/01.fp`: No such file or directory (os error 2)
[INFO] [stdout]   --> tests/mod_render_oracle.rs:60:14
[INFO] [stdout]    |
[INFO] [stdout] 60 |         1 => include_str!("../../../fixtures/amiga-eu/song-goldens/01.fp"),
[INFO] [stdout]    |              ^^^^^^^^^^^^^^^^^^^^^^^^^^^^^^^^^^^^^^^^^^^^^^^^^^^^^^^^^^^^^
[INFO] [stdout] 
[INFO] [stdout] 
[INFO] [stdout] error: couldn't read `tests/../../../fixtures/amiga-eu/song-goldens/02.fp`: No such file or directory (os error 2)
[INFO] [stdout]   --> tests/mod_render_oracle.rs:61:14
[INFO] [stdout]    |
[INFO] [stdout] 61 |         2 => include_str!("../../../fixtures/amiga-eu/song-goldens/02.fp"),
[INFO] [stdout]    |              ^^^^^^^^^^^^^^^^^^^^^^^^^^^^^^^^^^^^^^^^^^^^^^^^^^^^^^^^^^^^^
[INFO] [stdout] 
[INFO] [stdout] 
[INFO] [stdout] error: couldn't read `tests/../../../fixtures/amiga-eu/song-goldens/03.fp`: No such file or directory (os error 2)
[INFO] [stdout]   --> tests/mod_render_oracle.rs:62:14
[INFO] [stdout]    |
[INFO] [stdout] 62 |         3 => include_str!("../../../fixtures/amiga-eu/song-goldens/03.fp"),
[INFO] [stdout]    |              ^^^^^^^^^^^^^^^^^^^^^^^^^^^^^^^^^^^^^^^^^^^^^^^^^^^^^^^^^^^^^
[INFO] [stdout] 
[INFO] [stdout] 
[INFO] [stdout] error: couldn't read `tests/../../../fixtures/amiga-eu/song-goldens/04.fp`: No such file or directory (os error 2)
[INFO] [stdout]   --> tests/mod_render_oracle.rs:63:14
[INFO] [stdout]    |
[INFO] [stdout] 63 |         4 => include_str!("../../../fixtures/amiga-eu/song-goldens/04.fp"),
[INFO] [stdout]    |              ^^^^^^^^^^^^^^^^^^^^^^^^^^^^^^^^^^^^^^^^^^^^^^^^^^^^^^^^^^^^^
[INFO] [stdout] 
[INFO] [stdout] 
[INFO] [stdout] error: couldn't read `tests/../../../fixtures/amiga-eu/song-goldens/05.fp`: No such file or directory (os error 2)
[INFO] [stdout]   --> tests/mod_render_oracle.rs:64:14
[INFO] [stdout]    |
[INFO] [stdout] 64 |         5 => include_str!("../../../fixtures/amiga-eu/song-goldens/05.fp"),
[INFO] [stdout]    |              ^^^^^^^^^^^^^^^^^^^^^^^^^^^^^^^^^^^^^^^^^^^^^^^^^^^^^^^^^^^^^
[INFO] [stdout] 
[INFO] [stdout] 
[INFO] [stdout] error: couldn't read `tests/../../../fixtures/amiga-eu/song-goldens/06.fp`: No such file or directory (os error 2)
[INFO] [stdout]   --> tests/mod_render_oracle.rs:65:14
[INFO] [stdout]    |
[INFO] [stdout] 65 |         6 => include_str!("../../../fixtures/amiga-eu/song-goldens/06.fp"),
[INFO] [stdout]    |              ^^^^^^^^^^^^^^^^^^^^^^^^^^^^^^^^^^^^^^^^^^^^^^^^^^^^^^^^^^^^^
[INFO] [stdout] 
[INFO] [stdout] 
[INFO] [stdout] error: couldn't read `tests/../../../fixtures/amiga-eu/song-goldens/07.fp`: No such file or directory (os error 2)
[INFO] [stdout]   --> tests/mod_render_oracle.rs:66:14
[INFO] [stdout]    |
[INFO] [stdout] 66 |         7 => include_str!("../../../fixtures/amiga-eu/song-goldens/07.fp"),
[INFO] [stdout]    |              ^^^^^^^^^^^^^^^^^^^^^^^^^^^^^^^^^^^^^^^^^^^^^^^^^^^^^^^^^^^^^
[INFO] [stdout] 
[INFO] [stdout] 
[INFO] [stdout] error: couldn't read `tests/../../../fixtures/amiga-eu/song-goldens/08.fp`: No such file or directory (os error 2)
[INFO] [stdout]   --> tests/mod_render_oracle.rs:67:14
[INFO] [stdout]    |
[INFO] [stdout] 67 |         8 => include_str!("../../../fixtures/amiga-eu/song-goldens/08.fp"),
[INFO] [stdout]    |              ^^^^^^^^^^^^^^^^^^^^^^^^^^^^^^^^^^^^^^^^^^^^^^^^^^^^^^^^^^^^^
[INFO] [stdout] 
[INFO] [stdout] 
[INFO] [stdout] error: couldn't read `tests/../../../fixtures/amiga-eu/song-goldens/09.fp`: No such file or directory (os error 2)
[INFO] [stdout]   --> tests/mod_render_oracle.rs:68:14
[INFO] [stdout]    |
[INFO] [stdout] 68 |         9 => include_str!("../../../fixtures/amiga-eu/song-goldens/09.fp"),
[INFO] [stdout]    |              ^^^^^^^^^^^^^^^^^^^^^^^^^^^^^^^^^^^^^^^^^^^^^^^^^^^^^^^^^^^^^
[INFO] [stdout] 
[INFO] [stdout] 
[INFO] [stdout] error[E0432]: unresolved import `dm2_test_fixtures`
[INFO] [stdout]  --> tests/format2_routing_fixture.rs:5:5
[INFO] [stdout]   |
[INFO] [stdout] 5 | use dm2_test_fixtures::fixture_bytes;
[INFO] [stdout]   |     ^^^^^^^^^^^^^^^^^ use of unresolved module or unlinked crate `dm2_test_fixtures`
[INFO] [stdout]   |
[INFO] [stdout]   = help: if you wanted to use a crate named `dm2_test_fixtures`, use `cargo add dm2_test_fixtures` to add it to your `Cargo.toml`
[INFO] [stdout] 
[INFO] [stdout] 
[INFO] [stdout] error[E0432]: unresolved import `dm2_test_fixtures`
[INFO] [stdout]   --> tests/mod_render_oracle.rs:32:5
[INFO] [stdout]    |
[INFO] [stdout] 32 | use dm2_test_fixtures::fixture_bytes;
[INFO] [stdout]    |     ^^^^^^^^^^^^^^^^^ use of unresolved module or unlinked crate `dm2_test_fixtures`
[INFO] [stdout]    |
[INFO] [stdout]    = help: if you wanted to use a crate named `dm2_test_fixtures`, use `cargo add dm2_test_fixtures` to add it to your `Cargo.toml`
[INFO] [stdout] 
[INFO] [stdout] 
[INFO] [stdout] error[E0432]: unresolved import `dm2_test_fixtures`
[INFO] [stdout]  --> tests/sms_percussion.rs:5:5
[INFO] [stdout]   |
[INFO] [stdout] 5 | use dm2_test_fixtures::fixture_bytes;
[INFO] [stdout]   |     ^^^^^^^^^^^^^^^^^ use of unresolved module or unlinked crate `dm2_test_fixtures`
[INFO] [stdout]   |
[INFO] [stdout]   = help: if you wanted to use a crate named `dm2_test_fixtures`, use `cargo add dm2_test_fixtures` to add it to your `Cargo.toml`
[INFO] [stdout] 
[INFO] [stdout] 
[INFO] [stdout] For more information about this error, try `rustc --explain E0432`.
[INFO] [stdout] 
[INFO] [stderr] error: could not compile `dm2-music` (test "mod_render_oracle") due to 11 previous errors
[INFO] [stderr] warning: build failed, waiting for other jobs to finish...
[INFO] [stdout] For more information about this error, try `rustc --explain E0432`.
[INFO] [stdout] 
[INFO] [stdout] For more information about this error, try `rustc --explain E0432`.
[INFO] [stdout] 
[INFO] [stdout] error[E0432]: unresolved import `dm2_test_fixtures`
[INFO] [stdout]  --> tests/cdda_fixture.rs:5:5
[INFO] [stdout]   |
[INFO] [stdout] 5 | use dm2_test_fixtures::fixture_bytes;
[INFO] [stdout]   |     ^^^^^^^^^^^^^^^^^ use of unresolved module or unlinked crate `dm2_test_fixtures`
[INFO] [stdout]   |
[INFO] [stdout]   = help: if you wanted to use a crate named `dm2_test_fixtures`, use `cargo add dm2_test_fixtures` to add it to your `Cargo.toml`
[INFO] [stdout] 
[INFO] [stdout] 
[INFO] [stderr] error: could not compile `dm2-music` (test "format2_routing_fixture") due to 1 previous error
[INFO] [stderr] error: could not compile `dm2-music` (test "sms_percussion") due to 1 previous error
[INFO] [stdout] error[E0432]: unresolved import `dm2_test_fixtures`
[INFO] [stdout]  --> tests/opl_bank_fixture.rs:5:5
[INFO] [stdout]   |
[INFO] [stdout] 5 | use dm2_test_fixtures::fixture_bytes;
[INFO] [stdout]   |     ^^^^^^^^^^^^^^^^^ use of unresolved module or unlinked crate `dm2_test_fixtures`
[INFO] [stdout]   |
[INFO] [stdout]   = help: if you wanted to use a crate named `dm2_test_fixtures`, use `cargo add dm2_test_fixtures` to add it to your `Cargo.toml`
[INFO] [stdout] 
[INFO] [stdout] 
[INFO] [stdout] error[E0432]: unresolved import `dm2_test_fixtures`
[INFO] [stdout]  --> tests/hmp_opl_events.rs:5:5
[INFO] [stdout]   |
[INFO] [stdout] 5 | use dm2_test_fixtures::fixture_bytes;
[INFO] [stdout]   |     ^^^^^^^^^^^^^^^^^ use of unresolved module or unlinked crate `dm2_test_fixtures`
[INFO] [stdout]   |
[INFO] [stdout]   = help: if you wanted to use a crate named `dm2_test_fixtures`, use `cargo add dm2_test_fixtures` to add it to your `Cargo.toml`
[INFO] [stdout] 
[INFO] [stdout] 
[INFO] [stdout] error: couldn't read `tests/../../../fixtures/mac-us/song-goldens/1000.fp`: No such file or directory (os error 2)
[INFO] [stdout]   --> tests/sms_render_oracle.rs:68:17
[INFO] [stdout]    |
[INFO] [stdout] 68 |         1000 => include_str!("../../../fixtures/mac-us/song-goldens/1000.fp"),
[INFO] [stdout]    |                 ^^^^^^^^^^^^^^^^^^^^^^^^^^^^^^^^^^^^^^^^^^^^^^^^^^^^^^^^^^^^^
[INFO] [stdout] 
[INFO] [stdout] 
[INFO] [stdout] error: couldn't read `tests/../../../fixtures/mac-us/song-goldens/1001.fp`: No such file or directory (os error 2)
[INFO] [stdout]   --> tests/sms_render_oracle.rs:69:17
[INFO] [stdout]    |
[INFO] [stdout] 69 |         1001 => include_str!("../../../fixtures/mac-us/song-goldens/1001.fp"),
[INFO] [stdout]    |                 ^^^^^^^^^^^^^^^^^^^^^^^^^^^^^^^^^^^^^^^^^^^^^^^^^^^^^^^^^^^^^
[INFO] [stdout] 
[INFO] [stdout] 
[INFO] [stdout] error: couldn't read `tests/../../../fixtures/mac-us/song-goldens/1002.fp`: No such file or directory (os error 2)
[INFO] [stdout]   --> tests/sms_render_oracle.rs:70:17
[INFO] [stdout]    |
[INFO] [stdout] 70 |         1002 => include_str!("../../../fixtures/mac-us/song-goldens/1002.fp"),
[INFO] [stdout]    |                 ^^^^^^^^^^^^^^^^^^^^^^^^^^^^^^^^^^^^^^^^^^^^^^^^^^^^^^^^^^^^^
[INFO] [stdout] 
[INFO] [stdout] 
[INFO] [stdout] error: couldn't read `tests/../../../fixtures/mac-us/song-goldens/1003.fp`: No such file or directory (os error 2)
[INFO] [stdout]   --> tests/sms_render_oracle.rs:71:17
[INFO] [stdout]    |
[INFO] [stdout] 71 |         1003 => include_str!("../../../fixtures/mac-us/song-goldens/1003.fp"),
[INFO] [stdout]    |                 ^^^^^^^^^^^^^^^^^^^^^^^^^^^^^^^^^^^^^^^^^^^^^^^^^^^^^^^^^^^^^
[INFO] [stdout] 
[INFO] [stdout] 
[INFO] [stdout] error: couldn't read `tests/../../../fixtures/mac-us/song-goldens/1004.fp`: No such file or directory (os error 2)
[INFO] [stdout]   --> tests/sms_render_oracle.rs:72:17
[INFO] [stdout]    |
[INFO] [stdout] 72 |         1004 => include_str!("../../../fixtures/mac-us/song-goldens/1004.fp"),
[INFO] [stdout]    |                 ^^^^^^^^^^^^^^^^^^^^^^^^^^^^^^^^^^^^^^^^^^^^^^^^^^^^^^^^^^^^^
[INFO] [stdout] 
[INFO] [stdout] 
[INFO] [stdout] error: couldn't read `tests/../../../fixtures/mac-us/song-goldens/1005.fp`: No such file or directory (os error 2)
[INFO] [stdout]   --> tests/sms_render_oracle.rs:73:17
[INFO] [stdout]    |
[INFO] [stdout] 73 |         1005 => include_str!("../../../fixtures/mac-us/song-goldens/1005.fp"),
[INFO] [stdout]    |                 ^^^^^^^^^^^^^^^^^^^^^^^^^^^^^^^^^^^^^^^^^^^^^^^^^^^^^^^^^^^^^
[INFO] [stdout] 
[INFO] [stdout] 
[INFO] [stdout] error: couldn't read `tests/../../../fixtures/mac-us/song-goldens/1006.fp`: No such file or directory (os error 2)
[INFO] [stdout]   --> tests/sms_render_oracle.rs:74:17
[INFO] [stdout]    |
[INFO] [stdout] 74 |         1006 => include_str!("../../../fixtures/mac-us/song-goldens/1006.fp"),
[INFO] [stdout]    |                 ^^^^^^^^^^^^^^^^^^^^^^^^^^^^^^^^^^^^^^^^^^^^^^^^^^^^^^^^^^^^^
[INFO] [stdout] 
[INFO] [stdout] 
[INFO] [stdout] error: couldn't read `tests/../../../fixtures/mac-us/song-goldens/1007.fp`: No such file or directory (os error 2)
[INFO] [stdout]   --> tests/sms_render_oracle.rs:75:17
[INFO] [stdout]    |
[INFO] [stdout] 75 |         1007 => include_str!("../../../fixtures/mac-us/song-goldens/1007.fp"),
[INFO] [stdout]    |                 ^^^^^^^^^^^^^^^^^^^^^^^^^^^^^^^^^^^^^^^^^^^^^^^^^^^^^^^^^^^^^
[INFO] [stdout] 
[INFO] [stdout] 
[INFO] [stdout] error: couldn't read `tests/../../../fixtures/mac-us/song-goldens/1008.fp`: No such file or directory (os error 2)
[INFO] [stdout]   --> tests/sms_render_oracle.rs:76:17
[INFO] [stdout]    |
[INFO] [stdout] 76 |         1008 => include_str!("../../../fixtures/mac-us/song-goldens/1008.fp"),
[INFO] [stdout]    |                 ^^^^^^^^^^^^^^^^^^^^^^^^^^^^^^^^^^^^^^^^^^^^^^^^^^^^^^^^^^^^^
[INFO] [stdout] 
[INFO] [stdout] 
[INFO] [stdout] error: couldn't read `tests/../../../fixtures/mac-us/song-goldens/1009.fp`: No such file or directory (os error 2)
[INFO] [stdout]   --> tests/sms_render_oracle.rs:77:17
[INFO] [stdout]    |
[INFO] [stdout] 77 |         1009 => include_str!("../../../fixtures/mac-us/song-goldens/1009.fp"),
[INFO] [stdout]    |                 ^^^^^^^^^^^^^^^^^^^^^^^^^^^^^^^^^^^^^^^^^^^^^^^^^^^^^^^^^^^^^
[INFO] [stdout] 
[INFO] [stdout] 
[INFO] [stdout] error: couldn't read `tests/../../../fixtures/mac-us/song-goldens/1010.fp`: No such file or directory (os error 2)
[INFO] [stdout]   --> tests/sms_render_oracle.rs:78:17
[INFO] [stdout]    |
[INFO] [stdout] 78 |         1010 => include_str!("../../../fixtures/mac-us/song-goldens/1010.fp"),
[INFO] [stdout]    |                 ^^^^^^^^^^^^^^^^^^^^^^^^^^^^^^^^^^^^^^^^^^^^^^^^^^^^^^^^^^^^^
[INFO] [stdout] 
[INFO] [stdout] 
[INFO] [stdout] error: couldn't read `tests/../../../fixtures/mac-us/song-goldens/1011.fp`: No such file or directory (os error 2)
[INFO] [stdout]   --> tests/sms_render_oracle.rs:79:17
[INFO] [stdout]    |
[INFO] [stdout] 79 |         1011 => include_str!("../../../fixtures/mac-us/song-goldens/1011.fp"),
[INFO] [stdout]    |                 ^^^^^^^^^^^^^^^^^^^^^^^^^^^^^^^^^^^^^^^^^^^^^^^^^^^^^^^^^^^^^
[INFO] [stdout] 
[INFO] [stdout] 
[INFO] [stdout] error: couldn't read `tests/../../../fixtures/mac-us/song-goldens/1012.fp`: No such file or directory (os error 2)
[INFO] [stdout]   --> tests/sms_render_oracle.rs:80:17
[INFO] [stdout]    |
[INFO] [stdout] 80 |         1012 => include_str!("../../../fixtures/mac-us/song-goldens/1012.fp"),
[INFO] [stdout]    |                 ^^^^^^^^^^^^^^^^^^^^^^^^^^^^^^^^^^^^^^^^^^^^^^^^^^^^^^^^^^^^^
[INFO] [stdout] 
[INFO] [stdout] 
[INFO] [stdout] error: couldn't read `tests/../../../fixtures/mac-us/song-goldens/1013.fp`: No such file or directory (os error 2)
[INFO] [stdout]   --> tests/sms_render_oracle.rs:81:17
[INFO] [stdout]    |
[INFO] [stdout] 81 |         1013 => include_str!("../../../fixtures/mac-us/song-goldens/1013.fp"),
[INFO] [stdout]    |                 ^^^^^^^^^^^^^^^^^^^^^^^^^^^^^^^^^^^^^^^^^^^^^^^^^^^^^^^^^^^^^
[INFO] [stdout] 
[INFO] [stdout] 
[INFO] [stdout] error: couldn't read `tests/../../../fixtures/mac-us/song-goldens/1014.fp`: No such file or directory (os error 2)
[INFO] [stdout]   --> tests/sms_render_oracle.rs:82:17
[INFO] [stdout]    |
[INFO] [stdout] 82 |         1014 => include_str!("../../../fixtures/mac-us/song-goldens/1014.fp"),
[INFO] [stdout]    |                 ^^^^^^^^^^^^^^^^^^^^^^^^^^^^^^^^^^^^^^^^^^^^^^^^^^^^^^^^^^^^^
[INFO] [stdout] 
[INFO] [stdout] 
[INFO] [stdout] error: couldn't read `tests/../../../fixtures/mac-us/song-goldens/1015.fp`: No such file or directory (os error 2)
[INFO] [stdout]   --> tests/sms_render_oracle.rs:83:17
[INFO] [stdout]    |
[INFO] [stdout] 83 |         1015 => include_str!("../../../fixtures/mac-us/song-goldens/1015.fp"),
[INFO] [stdout]    |                 ^^^^^^^^^^^^^^^^^^^^^^^^^^^^^^^^^^^^^^^^^^^^^^^^^^^^^^^^^^^^^
[INFO] [stdout] 
[INFO] [stdout] 
[INFO] [stdout] error: couldn't read `tests/../../../fixtures/mac-us/song-goldens/1016.fp`: No such file or directory (os error 2)
[INFO] [stdout]   --> tests/sms_render_oracle.rs:84:17
[INFO] [stdout]    |
[INFO] [stdout] 84 |         1016 => include_str!("../../../fixtures/mac-us/song-goldens/1016.fp"),
[INFO] [stdout]    |                 ^^^^^^^^^^^^^^^^^^^^^^^^^^^^^^^^^^^^^^^^^^^^^^^^^^^^^^^^^^^^^
[INFO] [stdout] 
[INFO] [stdout] 
[INFO] [stdout] error: couldn't read `tests/../../../fixtures/mac-us/song-goldens/1017.fp`: No such file or directory (os error 2)
[INFO] [stdout]   --> tests/sms_render_oracle.rs:85:17
[INFO] [stdout]    |
[INFO] [stdout] 85 |         1017 => include_str!("../../../fixtures/mac-us/song-goldens/1017.fp"),
[INFO] [stdout]    |                 ^^^^^^^^^^^^^^^^^^^^^^^^^^^^^^^^^^^^^^^^^^^^^^^^^^^^^^^^^^^^^
[INFO] [stdout] 
[INFO] [stdout] 
[INFO] [stdout] error: couldn't read `tests/../../../fixtures/mac-us/song-goldens/1018.fp`: No such file or directory (os error 2)
[INFO] [stdout]   --> tests/sms_render_oracle.rs:86:17
[INFO] [stdout]    |
[INFO] [stdout] 86 |         1018 => include_str!("../../../fixtures/mac-us/song-goldens/1018.fp"),
[INFO] [stdout]    |                 ^^^^^^^^^^^^^^^^^^^^^^^^^^^^^^^^^^^^^^^^^^^^^^^^^^^^^^^^^^^^^
[INFO] [stdout] 
[INFO] [stdout] 
[INFO] [stdout] error: couldn't read `tests/../../../fixtures/mac-us/song-goldens/1019.fp`: No such file or directory (os error 2)
[INFO] [stdout]   --> tests/sms_render_oracle.rs:87:17
[INFO] [stdout]    |
[INFO] [stdout] 87 |         1019 => include_str!("../../../fixtures/mac-us/song-goldens/1019.fp"),
[INFO] [stdout]    |                 ^^^^^^^^^^^^^^^^^^^^^^^^^^^^^^^^^^^^^^^^^^^^^^^^^^^^^^^^^^^^^
[INFO] [stdout] 
[INFO] [stdout] 
[INFO] [stdout] error: couldn't read `tests/../../../fixtures/mac-us/song-goldens/1020.fp`: No such file or directory (os error 2)
[INFO] [stdout]   --> tests/sms_render_oracle.rs:88:17
[INFO] [stdout]    |
[INFO] [stdout] 88 |         1020 => include_str!("../../../fixtures/mac-us/song-goldens/1020.fp"),
[INFO] [stdout]    |                 ^^^^^^^^^^^^^^^^^^^^^^^^^^^^^^^^^^^^^^^^^^^^^^^^^^^^^^^^^^^^^
[INFO] [stdout] 
[INFO] [stdout] 
[INFO] [stdout] error: couldn't read `tests/../../../fixtures/mac-us/song-goldens/1021.fp`: No such file or directory (os error 2)
[INFO] [stdout]   --> tests/sms_render_oracle.rs:89:17
[INFO] [stdout]    |
[INFO] [stdout] 89 |         1021 => include_str!("../../../fixtures/mac-us/song-goldens/1021.fp"),
[INFO] [stdout]    |                 ^^^^^^^^^^^^^^^^^^^^^^^^^^^^^^^^^^^^^^^^^^^^^^^^^^^^^^^^^^^^^
[INFO] [stdout] 
[INFO] [stdout] 
[INFO] [stdout] error: couldn't read `tests/../../../fixtures/mac-us/song-goldens/1022.fp`: No such file or directory (os error 2)
[INFO] [stdout]   --> tests/sms_render_oracle.rs:90:17
[INFO] [stdout]    |
[INFO] [stdout] 90 |         1022 => include_str!("../../../fixtures/mac-us/song-goldens/1022.fp"),
[INFO] [stdout]    |                 ^^^^^^^^^^^^^^^^^^^^^^^^^^^^^^^^^^^^^^^^^^^^^^^^^^^^^^^^^^^^^
[INFO] [stdout] 
[INFO] [stdout] 
[INFO] [stdout] error: couldn't read `tests/../../../fixtures/mac-us/song-goldens/1023.fp`: No such file or directory (os error 2)
[INFO] [stdout]   --> tests/sms_render_oracle.rs:91:17
[INFO] [stdout]    |
[INFO] [stdout] 91 |         1023 => include_str!("../../../fixtures/mac-us/song-goldens/1023.fp"),
[INFO] [stdout]    |                 ^^^^^^^^^^^^^^^^^^^^^^^^^^^^^^^^^^^^^^^^^^^^^^^^^^^^^^^^^^^^^
[INFO] [stdout] 
[INFO] [stdout] 
[INFO] [stdout] error: couldn't read `tests/../../../fixtures/mac-us/song-goldens/1024.fp`: No such file or directory (os error 2)
[INFO] [stdout]   --> tests/sms_render_oracle.rs:92:17
[INFO] [stdout]    |
[INFO] [stdout] 92 |         1024 => include_str!("../../../fixtures/mac-us/song-goldens/1024.fp"),
[INFO] [stdout]    |                 ^^^^^^^^^^^^^^^^^^^^^^^^^^^^^^^^^^^^^^^^^^^^^^^^^^^^^^^^^^^^^
[INFO] [stdout] 
[INFO] [stdout] 
[INFO] [stdout] error: couldn't read `tests/../../../fixtures/mac-us/song-goldens/1025.fp`: No such file or directory (os error 2)
[INFO] [stdout]   --> tests/sms_render_oracle.rs:93:17
[INFO] [stdout]    |
[INFO] [stdout] 93 |         1025 => include_str!("../../../fixtures/mac-us/song-goldens/1025.fp"),
[INFO] [stdout]    |                 ^^^^^^^^^^^^^^^^^^^^^^^^^^^^^^^^^^^^^^^^^^^^^^^^^^^^^^^^^^^^^
[INFO] [stdout] 
[INFO] [stdout] 
[INFO] [stdout] error: couldn't read `tests/../../../fixtures/mac-us/song-goldens/1026.fp`: No such file or directory (os error 2)
[INFO] [stdout]   --> tests/sms_render_oracle.rs:94:17
[INFO] [stdout]    |
[INFO] [stdout] 94 |         1026 => include_str!("../../../fixtures/mac-us/song-goldens/1026.fp"),
[INFO] [stdout]    |                 ^^^^^^^^^^^^^^^^^^^^^^^^^^^^^^^^^^^^^^^^^^^^^^^^^^^^^^^^^^^^^
[INFO] [stdout] 
[INFO] [stdout] 
[INFO] [stdout] error: couldn't read `tests/../../../fixtures/mac-us/song-goldens/1027.fp`: No such file or directory (os error 2)
[INFO] [stdout]   --> tests/sms_render_oracle.rs:95:17
[INFO] [stdout]    |
[INFO] [stdout] 95 |         1027 => include_str!("../../../fixtures/mac-us/song-goldens/1027.fp"),
[INFO] [stdout]    |                 ^^^^^^^^^^^^^^^^^^^^^^^^^^^^^^^^^^^^^^^^^^^^^^^^^^^^^^^^^^^^^
[INFO] [stdout] 
[INFO] [stdout] 
[INFO] [stdout] error[E0432]: unresolved import `dm2_test_fixtures`
[INFO] [stdout]  --> tests/songlist_fixture.rs:4:5
[INFO] [stdout]   |
[INFO] [stdout] 4 | use dm2_test_fixtures::fixture_bytes;
[INFO] [stdout]   |     ^^^^^^^^^^^^^^^^^ use of unresolved module or unlinked crate `dm2_test_fixtures`
[INFO] [stdout]   |
[INFO] [stdout]   = help: if you wanted to use a crate named `dm2_test_fixtures`, use `cargo add dm2_test_fixtures` to add it to your `Cargo.toml`
[INFO] [stdout] 
[INFO] [stdout] 
[INFO] [stdout] error[E0432]: unresolved import `dm2_test_fixtures`
[INFO] [stdout]   --> tests/mod_p41_golden.rs:11:5
[INFO] [stdout]    |
[INFO] [stdout] 11 | use dm2_test_fixtures::fixture_bytes;
[INFO] [stdout]    |     ^^^^^^^^^^^^^^^^^ use of unresolved module or unlinked crate `dm2_test_fixtures`
[INFO] [stdout]    |
[INFO] [stdout]    = help: if you wanted to use a crate named `dm2_test_fixtures`, use `cargo add dm2_test_fixtures` to add it to your `Cargo.toml`
[INFO] [stdout] 
[INFO] [stdout] 
[INFO] [stdout] error[E0432]: unresolved import `dm2_test_fixtures`
[INFO] [stdout]   --> tests/sms_render_oracle.rs:16:5
[INFO] [stdout]    |
[INFO] [stdout] 16 | use dm2_test_fixtures::fixture_bytes;
[INFO] [stdout]    |     ^^^^^^^^^^^^^^^^^ use of unresolved module or unlinked crate `dm2_test_fixtures`
[INFO] [stdout]    |
[INFO] [stdout]    = help: if you wanted to use a crate named `dm2_test_fixtures`, use `cargo add dm2_test_fixtures` to add it to your `Cargo.toml`
[INFO] [stdout] 
[INFO] [stdout] 
[INFO] [stdout] error[E0432]: unresolved import `dm2_test_fixtures`
[INFO] [stdout]  --> tests/song_inst_fixture.rs:6:5
[INFO] [stdout]   |
[INFO] [stdout] 6 | use dm2_test_fixtures::fixture_bytes;
[INFO] [stdout]   |     ^^^^^^^^^^^^^^^^^ use of unresolved module or unlinked crate `dm2_test_fixtures`
[INFO] [stdout]   |
[INFO] [stdout]   = help: if you wanted to use a crate named `dm2_test_fixtures`, use `cargo add dm2_test_fixtures` to add it to your `Cargo.toml`
[INFO] [stdout] 
[INFO] [stdout] 
[INFO] [stdout] error[E0432]: unresolved import `dm2_test_fixtures`
[INFO] [stdout]  --> tests/hmp_smoke.rs:6:5
[INFO] [stdout]   |
[INFO] [stdout] 6 | use dm2_test_fixtures::fixture_bytes;
[INFO] [stdout]   |     ^^^^^^^^^^^^^^^^^ use of unresolved module or unlinked crate `dm2_test_fixtures`
[INFO] [stdout]   |
[INFO] [stdout]   = help: if you wanted to use a crate named `dm2_test_fixtures`, use `cargo add dm2_test_fixtures` to add it to your `Cargo.toml`
[INFO] [stdout] 
[INFO] [stdout] 
[INFO] [stdout] error[E0432]: unresolved import `dm2_test_fixtures`
[INFO] [stdout]  --> tests/snd_fixture.rs:7:5
[INFO] [stdout]   |
[INFO] [stdout] 7 | use dm2_test_fixtures::fixture_bytes;
[INFO] [stdout]   |     ^^^^^^^^^^^^^^^^^ use of unresolved module or unlinked crate `dm2_test_fixtures`
[INFO] [stdout]   |
[INFO] [stdout]   = help: if you wanted to use a crate named `dm2_test_fixtures`, use `cargo add dm2_test_fixtures` to add it to your `Cargo.toml`
[INFO] [stdout] 
[INFO] [stdout] 
[INFO] [stdout] For more information about this error, try `rustc --explain E0432`.
[INFO] [stdout] 
[INFO] [stdout] For more information about this error, try `rustc --explain E0432`.
[INFO] [stdout] 
[INFO] [stdout] error[E0432]: unresolved import `dm2_test_fixtures`
[INFO] [stdout]  --> tests/sms_bank_fixture.rs:5:5
[INFO] [stdout]   |
[INFO] [stdout] 5 | use dm2_test_fixtures::fixture_bytes;
[INFO] [stdout]   |     ^^^^^^^^^^^^^^^^^ use of unresolved module or unlinked crate `dm2_test_fixtures`
[INFO] [stdout]   |
[INFO] [stdout]   = help: if you wanted to use a crate named `dm2_test_fixtures`, use `cargo add dm2_test_fixtures` to add it to your `Cargo.toml`
[INFO] [stdout] 
[INFO] [stdout] 
[INFO] [stderr] error: could not compile `dm2-music` (test "opl_bank_fixture") due to 1 previous error
[INFO] [stderr] error: could not compile `dm2-music` (test "cdda_fixture") due to 1 previous error
[INFO] [stdout] For more information about this error, try `rustc --explain E0432`.
[INFO] [stdout] 
[INFO] [stdout] For more information about this error, try `rustc --explain E0432`.
[INFO] [stdout] 
[INFO] [stdout] For more information about this error, try `rustc --explain E0432`.
[INFO] [stdout] 
[INFO] [stderr] error: could not compile `dm2-music` (test "songlist_fixture") due to 1 previous error
[INFO] [stderr] error: could not compile `dm2-music` (test "sms_render_oracle") due to 29 previous errors
[INFO] [stderr] error: could not compile `dm2-music` (test "hmp_opl_events") due to 1 previous error
[INFO] [stdout] For more information about this error, try `rustc --explain E0432`.
[INFO] [stdout] 
[INFO] [stderr] error: could not compile `dm2-music` (test "song_inst_fixture") due to 1 previous error
[INFO] [stdout] For more information about this error, try `rustc --explain E0432`.
[INFO] [stdout] 
[INFO] [stderr] error: could not compile `dm2-music` (test "mod_p41_golden") due to 1 previous error
[INFO] [stdout] For more information about this error, try `rustc --explain E0432`.
[INFO] [stdout] 
[INFO] [stderr] error: could not compile `dm2-music` (test "snd_fixture") due to 1 previous error
[INFO] [stdout] For more information about this error, try `rustc --explain E0432`.
[INFO] [stdout] 
[INFO] [stdout] error[E0432]: unresolved import `dm2_test_fixtures`
[INFO] [stdout]    --> src/hmp/parser.rs:626:9
[INFO] [stdout]     |
[INFO] [stdout] 626 |     use dm2_test_fixtures::fixture_bytes;
[INFO] [stdout]     |         ^^^^^^^^^^^^^^^^^ use of unresolved module or unlinked crate `dm2_test_fixtures`
[INFO] [stdout]     |
[INFO] [stdout]     = help: if you wanted to use a crate named `dm2_test_fixtures`, use `cargo add dm2_test_fixtures` to add it to your `Cargo.toml`
[INFO] [stdout] 
[INFO] [stdout] 
[INFO] [stdout] For more information about this error, try `rustc --explain E0432`.
[INFO] [stdout] 
[INFO] [stderr] error: could not compile `dm2-music` (test "hmp_smoke") due to 1 previous error
[INFO] [stderr] error: could not compile `dm2-music` (test "sms_bank_fixture") due to 1 previous error
[INFO] [stdout] For more information about this error, try `rustc --explain E0432`.
[INFO] [stdout] 
[INFO] [stderr] error: could not compile `dm2-music` (lib test) due to 1 previous error
[INFO] running `Command { std: "docker" "inspect" "01cb16b0a9839b5bc326a3e43e9f19efe77fb4e544dd29c9e6f968ea2f271553", kill_on_drop: false }`
[INFO] running `Command { std: "docker" "rm" "-f" "01cb16b0a9839b5bc326a3e43e9f19efe77fb4e544dd29c9e6f968ea2f271553", kill_on_drop: false }`
[INFO] [stdout] 01cb16b0a9839b5bc326a3e43e9f19efe77fb4e544dd29c9e6f968ea2f271553
