[INFO] fetching crate dm2-dungeon 0.2.1...
[INFO] testing dm2-dungeon-0.2.1 against 1.99.0-beta.8+cargoflags=--release for beta-release-1.100-2
[INFO] extracting crate dm2-dungeon 0.2.1 into /workspace/builds/worker-4-tc1/source
[INFO] started tweaking crates.io crate dm2-dungeon 0.2.1
[INFO] removed 0 missing examples
[INFO] removed 0 missing tests
[INFO] finished tweaking crates.io crate dm2-dungeon 0.2.1
[INFO] tweaked toml for crates.io crate dm2-dungeon 0.2.1 written to /workspace/builds/worker-4-tc1/source/Cargo.toml
[INFO] validating manifest of crates.io crate dm2-dungeon 0.2.1 on toolchain 1.99.0-beta.8
[INFO] running `Command { std: CARGO_HOME="/workspace/cargo-home" RUSTUP_HOME="/workspace/rustup-home" "/workspace/cargo-home/bin/cargo" "+1.99.0-beta.8" "metadata" "--manifest-path" "Cargo.toml" "--no-deps", kill_on_drop: false }`
[INFO] crate crates.io crate dm2-dungeon 0.2.1 already has a lockfile, it will not be regenerated
[INFO] running `Command { std: CARGO_HOME="/workspace/cargo-home" RUSTUP_HOME="/workspace/rustup-home" "/workspace/cargo-home/bin/cargo" "+1.99.0-beta.8" "fetch" "--manifest-path" "Cargo.toml", kill_on_drop: false }`
[INFO] [stderr]     Updating crates.io index
[INFO] [stderr]  Downloading crates ...
[INFO] [stderr]   Downloaded binrw_derive v0.15.2
[INFO] [stderr]   Downloaded dm2-binrw v0.2.1
[INFO] [stderr]   Downloaded array-init v2.1.0
[INFO] [stderr]   Downloaded owo-colors v4.4.0
[INFO] [stderr]   Downloaded binrw v0.15.2
[INFO] running `Command { std: "docker" "create" "-v" "/var/lib/crater-agent-workspace/builds/worker-4-tc1/source:/opt/rustwide/workdir:ro,Z" "-v" "/var/lib/crater-agent-workspace/builds/worker-4-tc1/target:/opt/rustwide/target:rw,Z" "-v" "/var/lib/crater-agent-workspace/cargo-home:/opt/rustwide/cargo-home:ro,Z" "-v" "/var/lib/crater-agent-workspace/rustup-home:/opt/rustwide/rustup-home:ro,Z" "-m" "1610612736" "--network" "none" "ghcr.io/rust-lang/crates-build-env/linux@sha256:77db811e55d90add9212f6832c23229e3de5f1c1f9905e8cb07319ea15df73ac" "sleep" "infinity", kill_on_drop: false }`
[INFO] [stdout] 06bfdb6eab54570276182519ebb1f50470335902ce8f15fdb078f07e93c526f3
[INFO] running `Command { std: "docker" "start" "06bfdb6eab54570276182519ebb1f50470335902ce8f15fdb078f07e93c526f3", kill_on_drop: false }`
[INFO] running `Command { std: "docker" "inspect" "06bfdb6eab54570276182519ebb1f50470335902ce8f15fdb078f07e93c526f3", kill_on_drop: false }`
[INFO] running `Command { std: "docker" "exec" "-e" "SOURCE_DIR=/opt/rustwide/workdir" "-e" "CARGO_HOME=/opt/rustwide/cargo-home" "-e" "RUSTUP_HOME=/opt/rustwide/rustup-home" "-e" "CARGO_TARGET_DIR=/opt/rustwide/target" "-w" "/opt/rustwide/workdir" "--user" "0:0" "06bfdb6eab54570276182519ebb1f50470335902ce8f15fdb078f07e93c526f3" "/opt/rustwide/cargo-home/bin/cargo" "+1.99.0-beta.8" "metadata" "--no-deps" "--format-version=1", kill_on_drop: false }`
[INFO] running `Command { std: "docker" "inspect" "06bfdb6eab54570276182519ebb1f50470335902ce8f15fdb078f07e93c526f3", kill_on_drop: false }`
[INFO] running `Command { std: "docker" "exec" "-e" "SOURCE_DIR=/opt/rustwide/workdir" "-e" "CARGO_HOME=/opt/rustwide/cargo-home" "-e" "RUSTUP_HOME=/opt/rustwide/rustup-home" "-e" "CARGO_TARGET_DIR=/opt/rustwide/target" "-e" "CARGO_INCREMENTAL=0" "-e" "RUST_BACKTRACE=full" "-e" "RUSTFLAGS=--cap-lints=warn" "-e" "RUSTDOCFLAGS=--cap-lints=warn" "-w" "/opt/rustwide/workdir" "--user" "0:0" "06bfdb6eab54570276182519ebb1f50470335902ce8f15fdb078f07e93c526f3" "/opt/rustwide/cargo-home/bin/cargo" "+1.99.0-beta.8" "build" "--frozen" "--message-format=json" "--release", kill_on_drop: false }`
[INFO] [stderr]    Compiling proc-macro2 v1.0.107
[INFO] [stderr]    Compiling binrw_derive v0.15.2
[INFO] [stderr]    Compiling binrw v0.15.2
[INFO] [stderr]    Compiling owo-colors v4.4.0
[INFO] [stderr]    Compiling either v1.18.0
[INFO] [stderr]    Compiling bytemuck v1.25.2
[INFO] [stderr]    Compiling array-init v2.1.0
[INFO] [stderr]    Compiling serde v1.0.229
[INFO] [stderr]    Compiling thiserror v2.0.20
[INFO] [stderr]    Compiling serde_core v1.0.229
[INFO] [stderr]    Compiling serde_json v1.0.151
[INFO] [stderr]    Compiling quote v1.0.47
[INFO] [stderr]    Compiling syn v3.0.4
[INFO] [stderr]    Compiling syn v2.0.119
[INFO] [stderr]    Compiling thiserror-impl v2.0.20
[INFO] [stderr]    Compiling serde_derive v1.0.229
[INFO] [stderr]    Compiling dm2-binrw v0.2.1
[INFO] [stderr]    Compiling dm2-dungeon v0.2.1 (/opt/rustwide/workdir)
[INFO] [stderr]     Finished `release` profile [optimized] target(s) in 24.23s
[INFO] running `Command { std: "docker" "inspect" "06bfdb6eab54570276182519ebb1f50470335902ce8f15fdb078f07e93c526f3", kill_on_drop: false }`
[INFO] running `Command { std: "docker" "exec" "-e" "SOURCE_DIR=/opt/rustwide/workdir" "-e" "CARGO_HOME=/opt/rustwide/cargo-home" "-e" "RUSTUP_HOME=/opt/rustwide/rustup-home" "-e" "CARGO_TARGET_DIR=/opt/rustwide/target" "-e" "CARGO_INCREMENTAL=0" "-e" "RUST_BACKTRACE=full" "-e" "RUSTFLAGS=--cap-lints=warn" "-e" "RUSTDOCFLAGS=--cap-lints=warn" "-w" "/opt/rustwide/workdir" "--user" "0:0" "06bfdb6eab54570276182519ebb1f50470335902ce8f15fdb078f07e93c526f3" "/opt/rustwide/cargo-home/bin/cargo" "+1.99.0-beta.8" "test" "--frozen" "--no-run" "--message-format=json" "--release", kill_on_drop: false }`
[INFO] [stderr]    Compiling dm2-dungeon v0.2.1 (/opt/rustwide/workdir)
[INFO] [stdout] error[E0432]: unresolved import `dm2_test_fixtures`
[INFO] [stdout]   --> tests/dump_fixture_parity.rs:44:5
[INFO] [stdout]    |
[INFO] [stdout] 44 | use dm2_test_fixtures::fixture_bytes;
[INFO] [stdout]    |     ^^^^^^^^^^^^^^^^^ use of unresolved module or unlinked crate `dm2_test_fixtures`
[INFO] [stdout]    |
[INFO] [stdout]    = help: if you wanted to use a crate named `dm2_test_fixtures`, use `cargo add dm2_test_fixtures` to add it to your `Cargo.toml`
[INFO] [stdout] 
[INFO] [stdout] 
[INFO] [stdout] error[E0432]: unresolved import `dm2_test_fixtures`
[INFO] [stdout]  --> tests/dos_en_beta_fixture.rs:9:5
[INFO] [stdout]   |
[INFO] [stdout] 9 | use dm2_test_fixtures::fixture_bytes;
[INFO] [stdout]   |     ^^^^^^^^^^^^^^^^^ use of unresolved module or unlinked crate `dm2_test_fixtures`
[INFO] [stdout]   |
[INFO] [stdout]   = help: if you wanted to use a crate named `dm2_test_fixtures`, use `cargo add dm2_test_fixtures` to add it to your `Cargo.toml`
[INFO] [stdout] 
[INFO] [stdout] 
[INFO] [stdout] error[E0432]: unresolved import `dm2_test_fixtures`
[INFO] [stdout]  --> tests/mac_demo_fixture.rs:9:5
[INFO] [stdout]   |
[INFO] [stdout] 9 | use dm2_test_fixtures::fixture_bytes;
[INFO] [stdout]   |     ^^^^^^^^^^^^^^^^^ use of unresolved module or unlinked crate `dm2_test_fixtures`
[INFO] [stdout]   |
[INFO] [stdout]   = help: if you wanted to use a crate named `dm2_test_fixtures`, use `cargo add dm2_test_fixtures` to add it to your `Cargo.toml`
[INFO] [stdout] 
[INFO] [stdout] 
[INFO] [stdout] error[E0432]: unresolved import `dm2_test_fixtures`
[INFO] [stdout]   --> tests/pc9801_jp_fixture.rs:11:5
[INFO] [stdout]    |
[INFO] [stdout] 11 | use dm2_test_fixtures::fixture_bytes;
[INFO] [stdout]    |     ^^^^^^^^^^^^^^^^^ use of unresolved module or unlinked crate `dm2_test_fixtures`
[INFO] [stdout]    |
[INFO] [stdout]    = help: if you wanted to use a crate named `dm2_test_fixtures`, use `cargo add dm2_test_fixtures` to add it to your `Cargo.toml`
[INFO] [stdout] 
[INFO] [stdout] 
[INFO] [stdout] For more information about this error, try `rustc --explain E0432`.
[INFO] [stdout] 
[INFO] [stdout] error[E0432]: unresolved import `dm2_test_fixtures`
[INFO] [stdout]  --> tests/dos_demo_fixture.rs:8:5
[INFO] [stdout]   |
[INFO] [stdout] 8 | use dm2_test_fixtures::fixture_bytes;
[INFO] [stdout]   |     ^^^^^^^^^^^^^^^^^ use of unresolved module or unlinked crate `dm2_test_fixtures`
[INFO] [stdout]   |
[INFO] [stdout]   = help: if you wanted to use a crate named `dm2_test_fixtures`, use `cargo add dm2_test_fixtures` to add it to your `Cargo.toml`
[INFO] [stdout] 
[INFO] [stdout] 
[INFO] [stdout] error[E0432]: unresolved import `dm2_test_fixtures`
[INFO] [stdout]   --> tests/fm_towns_jp_fixture.rs:11:5
[INFO] [stdout]    |
[INFO] [stdout] 11 | use dm2_test_fixtures::fixture_bytes;
[INFO] [stdout]    |     ^^^^^^^^^^^^^^^^^ use of unresolved module or unlinked crate `dm2_test_fixtures`
[INFO] [stdout]    |
[INFO] [stdout]    = help: if you wanted to use a crate named `dm2_test_fixtures`, use `cargo add dm2_test_fixtures` to add it to your `Cargo.toml`
[INFO] [stdout] 
[INFO] [stdout] 
[INFO] [stdout] error[E0432]: unresolved import `dm2_test_fixtures`
[INFO] [stdout]  --> tests/dos_de_fixture.rs:4:5
[INFO] [stdout]   |
[INFO] [stdout] 4 | use dm2_test_fixtures::fixture_bytes;
[INFO] [stdout]   |     ^^^^^^^^^^^^^^^^^ use of unresolved module or unlinked crate `dm2_test_fixtures`
[INFO] [stdout]   |
[INFO] [stdout]   = help: if you wanted to use a crate named `dm2_test_fixtures`, use `cargo add dm2_test_fixtures` to add it to your `Cargo.toml`
[INFO] [stdout] 
[INFO] [stdout] 
[INFO] [stderr] error: could not compile `dm2-dungeon` (test "mac_demo_fixture") due to 1 previous error
[INFO] [stdout] For more information about this error, try `rustc --explain E0432`.
[INFO] [stdout] 
[INFO] [stderr] warning: build failed, waiting for other jobs to finish...
[INFO] [stdout] For more information about this error, try `rustc --explain E0432`.
[INFO] [stdout] 
[INFO] [stderr] error: could not compile `dm2-dungeon` (test "pc9801_jp_fixture") due to 1 previous error
[INFO] [stdout] error[E0432]: unresolved import `dm2_test_fixtures`
[INFO] [stdout]  --> tests/dos_fr_fixture.rs:4:5
[INFO] [stdout]   |
[INFO] [stdout] 4 | use dm2_test_fixtures::fixture_bytes;
[INFO] [stdout]   |     ^^^^^^^^^^^^^^^^^ use of unresolved module or unlinked crate `dm2_test_fixtures`
[INFO] [stdout]   |
[INFO] [stdout]   = help: if you wanted to use a crate named `dm2_test_fixtures`, use `cargo add dm2_test_fixtures` to add it to your `Cargo.toml`
[INFO] [stdout] 
[INFO] [stdout] 
[INFO] [stderr] error: could not compile `dm2-dungeon` (test "dos_en_beta_fixture") due to 1 previous error
[INFO] [stdout] error[E0432]: unresolved import `dm2_test_fixtures`
[INFO] [stdout]   --> tests/json_lossless_roundtrip.rs:22:5
[INFO] [stdout]    |
[INFO] [stdout] 22 | use dm2_test_fixtures::fixture_bytes;
[INFO] [stdout]    |     ^^^^^^^^^^^^^^^^^ use of unresolved module or unlinked crate `dm2_test_fixtures`
[INFO] [stdout]    |
[INFO] [stdout]    = help: if you wanted to use a crate named `dm2_test_fixtures`, use `cargo add dm2_test_fixtures` to add it to your `Cargo.toml`
[INFO] [stdout] 
[INFO] [stdout] 
[INFO] [stdout] For more information about this error, try `rustc --explain E0432`.
[INFO] [stdout] 
[INFO] [stderr] error: could not compile `dm2-dungeon` (test "dump_fixture_parity") due to 1 previous error
[INFO] [stdout] For more information about this error, try `rustc --explain E0432`.
[INFO] [stdout] 
[INFO] [stdout] For more information about this error, try `rustc --explain E0432`.
[INFO] [stdout] 
[INFO] [stdout] For more information about this error, try `rustc --explain E0432`.
[INFO] [stdout] 
[INFO] [stderr] error: could not compile `dm2-dungeon` (test "ibm_psv_jp_fixture") due to 1 previous error
[INFO] [stdout] error[E0432]: unresolved import `dm2_test_fixtures`
[INFO] [stdout]  --> tests/ibm_psv_jp_fixture.rs:8:5
[INFO] [stdout]   |
[INFO] [stdout] 8 | use dm2_test_fixtures::fixture_bytes;
[INFO] [stdout]   |     ^^^^^^^^^^^^^^^^^ use of unresolved module or unlinked crate `dm2_test_fixtures`
[INFO] [stdout]   |
[INFO] [stdout]   = help: if you wanted to use a crate named `dm2_test_fixtures`, use `cargo add dm2_test_fixtures` to add it to your `Cargo.toml`
[INFO] [stdout] 
[INFO] [stdout] 
[INFO] [stdout] For more information about this error, try `rustc --explain E0432`.
[INFO] [stdout] 
[INFO] [stderr] error: could not compile `dm2-dungeon` (test "dos_demo_fixture") due to 1 previous error
[INFO] [stderr] error: could not compile `dm2-dungeon` (test "fm_towns_jp_fixture") due to 1 previous error
[INFO] [stderr] error: could not compile `dm2-dungeon` (test "dos_de_fixture") due to 1 previous error
[INFO] [stdout] error[E0432]: unresolved import `dm2_test_fixtures`
[INFO] [stdout]  --> tests/mac_us_fixture.rs:4:5
[INFO] [stdout]   |
[INFO] [stdout] 4 | use dm2_test_fixtures::fixture_bytes;
[INFO] [stdout]   |     ^^^^^^^^^^^^^^^^^ use of unresolved module or unlinked crate `dm2_test_fixtures`
[INFO] [stdout]   |
[INFO] [stdout]   = help: if you wanted to use a crate named `dm2_test_fixtures`, use `cargo add dm2_test_fixtures` to add it to your `Cargo.toml`
[INFO] [stdout] 
[INFO] [stdout] 
[INFO] [stdout] For more information about this error, try `rustc --explain E0432`.
[INFO] [stdout] 
[INFO] [stderr] error: could not compile `dm2-dungeon` (test "dos_fr_fixture") due to 1 previous error
[INFO] [stdout] error[E0432]: unresolved import `dm2_test_fixtures`
[INFO] [stdout]  --> tests/pc9801_jp_demo_fixture.rs:8:5
[INFO] [stdout]   |
[INFO] [stdout] 8 | use dm2_test_fixtures::fixture_bytes;
[INFO] [stdout]   |     ^^^^^^^^^^^^^^^^^ use of unresolved module or unlinked crate `dm2_test_fixtures`
[INFO] [stdout]   |
[INFO] [stdout]   = help: if you wanted to use a crate named `dm2_test_fixtures`, use `cargo add dm2_test_fixtures` to add it to your `Cargo.toml`
[INFO] [stdout] 
[INFO] [stdout] 
[INFO] [stdout] error[E0432]: unresolved import `dm2_test_fixtures`
[INFO] [stdout]   --> tests/pc9821_jp_fixture.rs:10:5
[INFO] [stdout]    |
[INFO] [stdout] 10 | use dm2_test_fixtures::fixture_bytes;
[INFO] [stdout]    |     ^^^^^^^^^^^^^^^^^ use of unresolved module or unlinked crate `dm2_test_fixtures`
[INFO] [stdout]    |
[INFO] [stdout]    = help: if you wanted to use a crate named `dm2_test_fixtures`, use `cargo add dm2_test_fixtures` to add it to your `Cargo.toml`
[INFO] [stdout] 
[INFO] [stdout] 
[INFO] [stdout] For more information about this error, try `rustc --explain E0432`.
[INFO] [stdout] 
[INFO] [stdout] error[E0432]: unresolved import `dm2_test_fixtures`
[INFO] [stdout]  --> tests/dos_en_fixture.rs:5:5
[INFO] [stdout]   |
[INFO] [stdout] 5 | use dm2_test_fixtures::fixture_bytes;
[INFO] [stdout]   |     ^^^^^^^^^^^^^^^^^ use of unresolved module or unlinked crate `dm2_test_fixtures`
[INFO] [stdout]   |
[INFO] [stdout]   = help: if you wanted to use a crate named `dm2_test_fixtures`, use `cargo add dm2_test_fixtures` to add it to your `Cargo.toml`
[INFO] [stdout] 
[INFO] [stdout] 
[INFO] [stdout] For more information about this error, try `rustc --explain E0432`.
[INFO] [stdout] 
[INFO] [stderr] error: could not compile `dm2-dungeon` (test "mac_us_fixture") due to 1 previous error
[INFO] [stderr] error: could not compile `dm2-dungeon` (test "pc9801_jp_demo_fixture") due to 1 previous error
[INFO] [stderr] error: could not compile `dm2-dungeon` (test "dos_en_fixture") due to 1 previous error
[INFO] [stdout] For more information about this error, try `rustc --explain E0432`.
[INFO] [stdout] 
[INFO] [stdout] error[E0277]: the size for values of type `[u8]` cannot be known at compilation time
[INFO] [stdout]   --> tests/json_lossless_roundtrip.rs:43:17
[INFO] [stdout]    |
[INFO] [stdout] 43 |     for (label, bytes, byte_order) in [
[INFO] [stdout]    |                 ^^^^^ doesn't have a size known at compile-time
[INFO] [stdout]    |
[INFO] [stdout]    = help: the trait `Sized` is not implemented for `[u8]`
[INFO] [stdout]    = note: all local variables must have a statically known size
[INFO] [stdout] 
[INFO] [stdout] 
[INFO] [stdout] error[E0277]: the size for values of type `[u8]` cannot be known at compilation time
[INFO] [stdout]   --> tests/json_lossless_roundtrip.rs:43:39
[INFO] [stdout]    |
[INFO] [stdout] 43 |       for (label, bytes, byte_order) in [
[INFO] [stdout]    |  _______________________________________^
[INFO] [stdout] 44 | |         (
[INFO] [stdout] 45 | |             "dos-en",
[INFO] [stdout] 46 | |             fixture_bytes!("dos-en/dungeon.dat"),
[INFO] [stdout] ...  |
[INFO] [stdout] 93 | |         ),
[INFO] [stdout] 94 | |     ] {
[INFO] [stdout]    | |_____^ doesn't have a size known at compile-time
[INFO] [stdout]    |
[INFO] [stdout]    = help: the trait `Sized` is not implemented for `[u8]`
[INFO] [stdout]    = note: only the last element of a tuple may have a dynamically sized type
[INFO] [stdout] 
[INFO] [stdout] 
[INFO] [stdout] error[E0277]: the size for values of type `[u8]` cannot be known at compilation time
[INFO] [stdout]    --> tests/json_lossless_roundtrip.rs:107:17
[INFO] [stdout]     |
[INFO] [stdout] 107 |     for (label, bytes, byte_order) in [
[INFO] [stdout]     |                 ^^^^^ doesn't have a size known at compile-time
[INFO] [stdout]     |
[INFO] [stdout]     = help: the trait `Sized` is not implemented for `[u8]`
[INFO] [stdout]     = note: all local variables must have a statically known size
[INFO] [stdout] 
[INFO] [stdout] 
[INFO] [stdout] For more information about this error, try `rustc --explain E0432`.
[INFO] [stdout] 
[INFO] [stdout] error[E0277]: the size for values of type `[u8]` cannot be known at compilation time
[INFO] [stdout]    --> tests/json_lossless_roundtrip.rs:107:39
[INFO] [stdout]     |
[INFO] [stdout] 107 |       for (label, bytes, byte_order) in [
[INFO] [stdout]     |  _______________________________________^
[INFO] [stdout] 108 | |         (
[INFO] [stdout] 109 | |             "mac-us",
[INFO] [stdout] 110 | |             fixture_bytes!("mac-us/DMFiles/Dungeon.dat"),
[INFO] [stdout] ...   |
[INFO] [stdout] 137 | |         ),
[INFO] [stdout] 138 | |     ] {
[INFO] [stdout]     | |_____^ doesn't have a size known at compile-time
[INFO] [stdout]     |
[INFO] [stdout]     = help: the trait `Sized` is not implemented for `[u8]`
[INFO] [stdout]     = note: only the last element of a tuple may have a dynamically sized type
[INFO] [stdout] 
[INFO] [stdout] 
[INFO] [stderr] error: could not compile `dm2-dungeon` (test "pc9821_jp_fixture") due to 1 previous error
[INFO] [stdout] Some errors have detailed explanations: E0277, E0432.
[INFO] [stdout] 
[INFO] [stdout] For more information about an error, try `rustc --explain E0277`.
[INFO] [stdout] 
[INFO] [stderr] error: could not compile `dm2-dungeon` (test "json_lossless_roundtrip") due to 5 previous errors
[INFO] running `Command { std: "docker" "inspect" "06bfdb6eab54570276182519ebb1f50470335902ce8f15fdb078f07e93c526f3", kill_on_drop: false }`
[INFO] running `Command { std: "docker" "rm" "-f" "06bfdb6eab54570276182519ebb1f50470335902ce8f15fdb078f07e93c526f3", kill_on_drop: false }`
[INFO] [stdout] 06bfdb6eab54570276182519ebb1f50470335902ce8f15fdb078f07e93c526f3
