[INFO] fetching crate dm2-convert 0.2.1...
[INFO] testing dm2-convert-0.2.1 against 1.99.0-beta.8+cargoflags=--release for beta-release-1.100-2
[INFO] extracting crate dm2-convert 0.2.1 into /workspace/builds/worker-6-tc1/source
[INFO] started tweaking crates.io crate dm2-convert 0.2.1
[INFO] removed 0 missing tests
[INFO] finished tweaking crates.io crate dm2-convert 0.2.1
[INFO] tweaked toml for crates.io crate dm2-convert 0.2.1 written to /workspace/builds/worker-6-tc1/source/Cargo.toml
[INFO] validating manifest of crates.io crate dm2-convert 0.2.1 on toolchain 1.99.0-beta.8
[INFO] running `Command { std: CARGO_HOME="/workspace/cargo-home" RUSTUP_HOME="/workspace/rustup-home" "/workspace/cargo-home/bin/cargo" "+1.99.0-beta.8" "metadata" "--manifest-path" "Cargo.toml" "--no-deps", kill_on_drop: false }`
[INFO] crate crates.io crate dm2-convert 0.2.1 already has a lockfile, it will not be regenerated
[INFO] running `Command { std: CARGO_HOME="/workspace/cargo-home" RUSTUP_HOME="/workspace/rustup-home" "/workspace/cargo-home/bin/cargo" "+1.99.0-beta.8" "fetch" "--manifest-path" "Cargo.toml", kill_on_drop: false }`
[INFO] [stderr]     Updating crates.io index
[INFO] [stderr]  Downloading crates ...
[INFO] [stderr]   Downloaded mod-audio v0.2.1
[INFO] [stderr]   Downloaded dm2-wav v0.2.1
[INFO] [stderr]   Downloaded array-init v2.1.0
[INFO] [stderr]   Downloaded dm2-binrw v0.2.1
[INFO] [stderr]   Downloaded opl-audio v0.1.0
[INFO] [stderr]   Downloaded dm2-ftl v0.2.1
[INFO] [stderr]   Downloaded sms-audio v0.1.0
[INFO] [stderr]   Downloaded binrw_derive v0.15.2
[INFO] [stderr]   Downloaded binrw v0.15.2
[INFO] [stderr]   Downloaded dm2-music v0.2.1
[INFO] [stderr]   Downloaded dm2-dungeon v0.2.1
[INFO] [stderr]   Downloaded dm2-graphics v0.2.1
[INFO] [stderr]   Downloaded xmrsplayer v0.14.4
[INFO] [stderr]   Downloaded syn v3.0.4
[INFO] [stderr]   Downloaded dm2-saves v0.2.1
[INFO] [stderr]   Downloaded xmrs v0.14.7
[INFO] running `Command { std: "docker" "create" "-v" "/var/lib/crater-agent-workspace/builds/worker-6-tc1/source:/opt/rustwide/workdir:ro,Z" "-v" "/var/lib/crater-agent-workspace/builds/worker-6-tc1/target:/opt/rustwide/target:rw,Z" "-v" "/var/lib/crater-agent-workspace/cargo-home:/opt/rustwide/cargo-home:ro,Z" "-v" "/var/lib/crater-agent-workspace/rustup-home:/opt/rustwide/rustup-home:ro,Z" "-m" "1610612736" "--network" "none" "ghcr.io/rust-lang/crates-build-env/linux@sha256:77db811e55d90add9212f6832c23229e3de5f1c1f9905e8cb07319ea15df73ac" "sleep" "infinity", kill_on_drop: false }`
[INFO] [stdout] 8ad3cfa09099f88e2278f21510afd37602263619155c974e401566127954a01e
[INFO] running `Command { std: "docker" "start" "8ad3cfa09099f88e2278f21510afd37602263619155c974e401566127954a01e", kill_on_drop: false }`
[INFO] running `Command { std: "docker" "inspect" "8ad3cfa09099f88e2278f21510afd37602263619155c974e401566127954a01e", kill_on_drop: false }`
[INFO] running `Command { std: "docker" "exec" "-e" "SOURCE_DIR=/opt/rustwide/workdir" "-e" "CARGO_HOME=/opt/rustwide/cargo-home" "-e" "RUSTUP_HOME=/opt/rustwide/rustup-home" "-e" "CARGO_TARGET_DIR=/opt/rustwide/target" "-w" "/opt/rustwide/workdir" "--user" "0:0" "8ad3cfa09099f88e2278f21510afd37602263619155c974e401566127954a01e" "/opt/rustwide/cargo-home/bin/cargo" "+1.99.0-beta.8" "metadata" "--no-deps" "--format-version=1", kill_on_drop: false }`
[INFO] running `Command { std: "docker" "inspect" "8ad3cfa09099f88e2278f21510afd37602263619155c974e401566127954a01e", kill_on_drop: false }`
[INFO] running `Command { std: "docker" "exec" "-e" "SOURCE_DIR=/opt/rustwide/workdir" "-e" "CARGO_HOME=/opt/rustwide/cargo-home" "-e" "RUSTUP_HOME=/opt/rustwide/rustup-home" "-e" "CARGO_TARGET_DIR=/opt/rustwide/target" "-e" "CARGO_INCREMENTAL=0" "-e" "RUST_BACKTRACE=full" "-e" "RUSTFLAGS=--cap-lints=warn" "-e" "RUSTDOCFLAGS=--cap-lints=warn" "-w" "/opt/rustwide/workdir" "--user" "0:0" "8ad3cfa09099f88e2278f21510afd37602263619155c974e401566127954a01e" "/opt/rustwide/cargo-home/bin/cargo" "+1.99.0-beta.8" "build" "--frozen" "--message-format=json" "--release", kill_on_drop: false }`
[INFO] [stderr]    Compiling proc-macro2 v1.0.107
[INFO] [stderr]    Compiling thiserror v2.0.20
[INFO] [stderr]    Compiling binrw_derive v0.15.2
[INFO] [stderr]    Compiling simd-adler32 v0.3.10
[INFO] [stderr]    Compiling binrw v0.15.2
[INFO] [stderr]    Compiling bytemuck v1.25.2
[INFO] [stderr]    Compiling owo-colors v4.4.0
[INFO] [stderr]    Compiling either v1.18.0
[INFO] [stderr]    Compiling adler2 v2.0.1
[INFO] [stderr]    Compiling array-init v2.1.0
[INFO] [stderr]    Compiling crc32fast v1.5.1
[INFO] [stderr]    Compiling zmij v1.0.23
[INFO] [stderr]    Compiling num-traits v0.2.19
[INFO] [stderr]    Compiling serde_json v1.0.151
[INFO] [stderr]    Compiling bitflags v2.13.1
[INFO] [stderr]    Compiling dm2-wav v0.2.1
[INFO] [stderr]    Compiling encoding_rs v0.8.35
[INFO] [stderr]    Compiling miniz_oxide v0.9.1
[INFO] [stderr]    Compiling fdeflate v0.3.7
[INFO] [stderr]    Compiling miniz_oxide v0.8.9
[INFO] [stderr]    Compiling quote v1.0.47
[INFO] [stderr]    Compiling moxcms v0.8.1
[INFO] [stderr]    Compiling syn v3.0.4
[INFO] [stderr]    Compiling syn v2.0.119
[INFO] [stderr]    Compiling flate2 v1.1.10
[INFO] [stderr]    Compiling png v0.18.1
[INFO] [stderr]    Compiling thiserror-impl v2.0.20
[INFO] [stderr]    Compiling serde_derive v1.0.229
[INFO] [stderr]    Compiling opl-audio v0.1.0
[INFO] [stderr]    Compiling sms-audio v0.1.0
[INFO] [stderr]    Compiling image v0.25.10
[INFO] [stderr]    Compiling serde v1.0.229
[INFO] [stderr]    Compiling xmrs v0.14.7
[INFO] [stderr]    Compiling dm2-binrw v0.2.1
[INFO] [stderr]    Compiling dm2-graphics v0.2.1
[INFO] [stderr]    Compiling dm2-dungeon v0.2.1
[INFO] [stderr]    Compiling dm2-ftl v0.2.1
[INFO] [stderr]    Compiling dm2-saves v0.2.1
[INFO] [stderr]    Compiling xmrsplayer v0.14.4
[INFO] [stderr]    Compiling mod-audio v0.2.1
[INFO] [stderr]    Compiling dm2-music v0.2.1
[INFO] [stderr]    Compiling dm2-convert v0.2.1 (/opt/rustwide/workdir)
[INFO] [stderr]     Finished `release` profile [optimized] target(s) in 1m 15s
[INFO] running `Command { std: "docker" "inspect" "8ad3cfa09099f88e2278f21510afd37602263619155c974e401566127954a01e", kill_on_drop: false }`
[INFO] running `Command { std: "docker" "exec" "-e" "SOURCE_DIR=/opt/rustwide/workdir" "-e" "CARGO_HOME=/opt/rustwide/cargo-home" "-e" "RUSTUP_HOME=/opt/rustwide/rustup-home" "-e" "CARGO_TARGET_DIR=/opt/rustwide/target" "-e" "CARGO_INCREMENTAL=0" "-e" "RUST_BACKTRACE=full" "-e" "RUSTFLAGS=--cap-lints=warn" "-e" "RUSTDOCFLAGS=--cap-lints=warn" "-w" "/opt/rustwide/workdir" "--user" "0:0" "8ad3cfa09099f88e2278f21510afd37602263619155c974e401566127954a01e" "/opt/rustwide/cargo-home/bin/cargo" "+1.99.0-beta.8" "test" "--frozen" "--no-run" "--message-format=json" "--release", kill_on_drop: false }`
[INFO] [stderr]    Compiling dm2-convert v0.2.1 (/opt/rustwide/workdir)
[INFO] [stdout] error[E0432]: unresolved import `dm2_test_fixtures`
[INFO] [stdout]   --> tests/reads.rs:12:5
[INFO] [stdout]    |
[INFO] [stdout] 12 | use dm2_test_fixtures::{fixture_bytes, fixture_dir};
[INFO] [stdout]    |     ^^^^^^^^^^^^^^^^^ use of unresolved module or unlinked crate `dm2_test_fixtures`
[INFO] [stdout]    |
[INFO] [stdout]    = help: if you wanted to use a crate named `dm2_test_fixtures`, use `cargo add dm2_test_fixtures` to add it to your `Cargo.toml`
[INFO] [stdout] 
[INFO] [stdout] 
[INFO] [stdout] For more information about this error, try `rustc --explain E0432`.
[INFO] [stdout] 
[INFO] [stderr] error: could not compile `dm2-convert` (test "reads") due to 1 previous error
[INFO] [stderr] warning: build failed, waiting for other jobs to finish...
[INFO] [stdout] error[E0432]: unresolved import `dm2_test_fixtures`
[INFO] [stdout]   --> tests/roundtrip.rs:10:5
[INFO] [stdout]    |
[INFO] [stdout] 10 | use dm2_test_fixtures::{fixture_bytes, require_fixture_dir};
[INFO] [stdout]    |     ^^^^^^^^^^^^^^^^^ use of unresolved module or unlinked crate `dm2_test_fixtures`
[INFO] [stdout]    |
[INFO] [stdout]    = help: if you wanted to use a crate named `dm2_test_fixtures`, use `cargo add dm2_test_fixtures` to add it to your `Cargo.toml`
[INFO] [stdout] 
[INFO] [stdout] 
[INFO] [stdout] error[E0277]: the size for values of type `[u8]` cannot be known at compilation time
[INFO] [stdout]   --> tests/roundtrip.rs:60:17
[INFO] [stdout]    |
[INFO] [stdout] 60 |     for (label, bytes) in [
[INFO] [stdout]    |                 ^^^^^ doesn't have a size known at compile-time
[INFO] [stdout]    |
[INFO] [stdout]    = help: the trait `Sized` is not implemented for `[u8]`
[INFO] [stdout]    = note: all local variables must have a statically known size
[INFO] [stdout] 
[INFO] [stdout] 
[INFO] [stdout] error[E0277]: the size for values of type `[u8]` cannot be known at compilation time
[INFO] [stdout]   --> tests/roundtrip.rs:60:27
[INFO] [stdout]    |
[INFO] [stdout] 60 |       for (label, bytes) in [
[INFO] [stdout]    |  ___________________________^
[INFO] [stdout] 61 | |         ("dos-en (LE)", fixture_bytes!("dos-en/dungeon.dat")),
[INFO] [stdout] 62 | |         ("mac-us (BE)", fixture_bytes!("mac-us/DMFiles/Dungeon.dat")),
[INFO] [stdout] 63 | |     ] {
[INFO] [stdout]    | |_____^ doesn't have a size known at compile-time
[INFO] [stdout]    |
[INFO] [stdout]    = help: within `(_, [u8])`, the trait `Sized` is not implemented for `[u8]`
[INFO] [stdout]    = note: required because it appears within the type `(_, [u8])`
[INFO] [stdout] note: required by an implicit `Sized` bound in `Option`
[INFO] [stdout]   --> /rustc/dfb0accb7f508ae8be965d8629557221c889dd98/library/core/src/option.rs:598:0
[INFO] [stdout] 
[INFO] [stdout] 
[INFO] [stdout] Some errors have detailed explanations: E0277, E0432.
[INFO] [stdout] 
[INFO] [stderr] error: could not compile `dm2-convert` (test "roundtrip") due to 3 previous errors
[INFO] [stdout] For more information about an error, try `rustc --explain E0277`.
[INFO] [stdout] 
[INFO] running `Command { std: "docker" "inspect" "8ad3cfa09099f88e2278f21510afd37602263619155c974e401566127954a01e", kill_on_drop: false }`
[INFO] running `Command { std: "docker" "rm" "-f" "8ad3cfa09099f88e2278f21510afd37602263619155c974e401566127954a01e", kill_on_drop: false }`
[INFO] [stdout] 8ad3cfa09099f88e2278f21510afd37602263619155c974e401566127954a01e
