[INFO] fetching crate dlmgr 0.4.0...
[INFO] testing dlmgr-0.4.0 against 1.99.0-beta.8+cargoflags=--release for beta-release-1.100-2
[INFO] extracting crate dlmgr 0.4.0 into /workspace/builds/worker-1-tc1/source
[INFO] started tweaking crates.io crate dlmgr 0.4.0
[INFO] removed 0 missing tests
[INFO] finished tweaking crates.io crate dlmgr 0.4.0
[INFO] tweaked toml for crates.io crate dlmgr 0.4.0 written to /workspace/builds/worker-1-tc1/source/Cargo.toml
[INFO] validating manifest of crates.io crate dlmgr 0.4.0 on toolchain 1.99.0-beta.8
[INFO] running `Command { std: CARGO_HOME="/workspace/cargo-home" RUSTUP_HOME="/workspace/rustup-home" "/workspace/cargo-home/bin/cargo" "+1.99.0-beta.8" "metadata" "--manifest-path" "Cargo.toml" "--no-deps", kill_on_drop: false }`
[INFO] crate crates.io crate dlmgr 0.4.0 already has a lockfile, it will not be regenerated
[INFO] running `Command { std: CARGO_HOME="/workspace/cargo-home" RUSTUP_HOME="/workspace/rustup-home" "/workspace/cargo-home/bin/cargo" "+1.99.0-beta.8" "fetch" "--manifest-path" "Cargo.toml", kill_on_drop: false }`
[INFO] [stderr]     Updating crates.io index
[INFO] [stderr]  Downloading crates ...
[INFO] [stderr]   Downloaded atomic-write-file v0.3.0
[INFO] [stderr]   Downloaded reqwest v0.13.4
[INFO] running `Command { std: "docker" "create" "-v" "/var/lib/crater-agent-workspace/builds/worker-1-tc1/source:/opt/rustwide/workdir:ro,Z" "-v" "/var/lib/crater-agent-workspace/builds/worker-1-tc1/target:/opt/rustwide/target:rw,Z" "-v" "/var/lib/crater-agent-workspace/cargo-home:/opt/rustwide/cargo-home:ro,Z" "-v" "/var/lib/crater-agent-workspace/rustup-home:/opt/rustwide/rustup-home:ro,Z" "-m" "1610612736" "--network" "none" "ghcr.io/rust-lang/crates-build-env/linux@sha256:77db811e55d90add9212f6832c23229e3de5f1c1f9905e8cb07319ea15df73ac" "sleep" "infinity", kill_on_drop: false }`
[INFO] [stdout] d811c904c7f1afc521c7ed27aa00304b61dc26d9abcdec9aa926fc1b82183a32
[INFO] running `Command { std: "docker" "start" "d811c904c7f1afc521c7ed27aa00304b61dc26d9abcdec9aa926fc1b82183a32", kill_on_drop: false }`
[INFO] running `Command { std: "docker" "inspect" "d811c904c7f1afc521c7ed27aa00304b61dc26d9abcdec9aa926fc1b82183a32", kill_on_drop: false }`
[INFO] running `Command { std: "docker" "exec" "-e" "SOURCE_DIR=/opt/rustwide/workdir" "-e" "CARGO_HOME=/opt/rustwide/cargo-home" "-e" "RUSTUP_HOME=/opt/rustwide/rustup-home" "-e" "CARGO_TARGET_DIR=/opt/rustwide/target" "-w" "/opt/rustwide/workdir" "--user" "0:0" "d811c904c7f1afc521c7ed27aa00304b61dc26d9abcdec9aa926fc1b82183a32" "/opt/rustwide/cargo-home/bin/cargo" "+1.99.0-beta.8" "metadata" "--no-deps" "--format-version=1", kill_on_drop: false }`
[INFO] running `Command { std: "docker" "inspect" "d811c904c7f1afc521c7ed27aa00304b61dc26d9abcdec9aa926fc1b82183a32", kill_on_drop: false }`
[INFO] running `Command { std: "docker" "exec" "-e" "SOURCE_DIR=/opt/rustwide/workdir" "-e" "CARGO_HOME=/opt/rustwide/cargo-home" "-e" "RUSTUP_HOME=/opt/rustwide/rustup-home" "-e" "CARGO_TARGET_DIR=/opt/rustwide/target" "-e" "CARGO_INCREMENTAL=0" "-e" "RUST_BACKTRACE=full" "-e" "RUSTFLAGS=--cap-lints=warn" "-e" "RUSTDOCFLAGS=--cap-lints=warn" "-w" "/opt/rustwide/workdir" "--user" "0:0" "d811c904c7f1afc521c7ed27aa00304b61dc26d9abcdec9aa926fc1b82183a32" "/opt/rustwide/cargo-home/bin/cargo" "+1.99.0-beta.8" "build" "--frozen" "--message-format=json" "--release", kill_on_drop: false }`
[INFO] [stderr]    Compiling quote v1.0.46
[INFO] [stderr]    Compiling libc v0.2.186
[INFO] [stderr]    Compiling smallvec v1.15.2
[INFO] [stderr]    Compiling bytes v1.12.0
[INFO] [stderr]    Compiling bitflags v2.13.0
[INFO] [stderr]    Compiling cfg_aliases v0.2.1
[INFO] [stderr]    Compiling ppv-lite86 v0.2.21
[INFO] [stderr]    Compiling crypto-common v0.1.7
[INFO] [stderr]    Compiling nix v0.30.1
[INFO] [stderr]    Compiling anyhow v1.0.103
[INFO] [stderr]    Compiling digest v0.10.7
[INFO] [stderr]    Compiling syn v2.0.118
[INFO] [stderr]    Compiling sha2 v0.10.9
[INFO] [stderr]    Compiling http v1.4.2
[INFO] [stderr]    Compiling socket2 v0.6.4
[INFO] [stderr]    Compiling mio v1.2.1
[INFO] [stderr]    Compiling getrandom v0.3.4
[INFO] [stderr]    Compiling http-body v1.0.1
[INFO] [stderr]    Compiling rand_core v0.9.5
[INFO] [stderr]    Compiling http-body-util v0.1.3
[INFO] [stderr]    Compiling rand_chacha v0.9.0
[INFO] [stderr]    Compiling tokio v1.52.3
[INFO] [stderr]    Compiling rand v0.9.4
[INFO] [stderr]    Compiling atomic-write-file v0.3.0
[INFO] [stderr]    Compiling synstructure v0.13.2
[INFO] [stderr]    Compiling zerovec-derive v0.11.3
[INFO] [stderr]    Compiling displaydoc v0.2.6
[INFO] [stderr]    Compiling tracing-attributes v0.1.31
[INFO] [stderr]    Compiling thiserror-impl v2.0.18
[INFO] [stderr]    Compiling async-trait v0.1.89
[INFO] [stderr]    Compiling zerofrom-derive v0.1.7
[INFO] [stderr]    Compiling yoke-derive v0.8.2
[INFO] [stderr]    Compiling zerofrom v0.1.8
[INFO] [stderr]    Compiling hyper v1.10.1
[INFO] [stderr]    Compiling tower v0.5.3
[INFO] [stderr]    Compiling yoke v0.8.3
[INFO] [stderr]    Compiling tracing v0.1.44
[INFO] [stderr]    Compiling thiserror v2.0.18
[INFO] [stderr]    Compiling zerovec v0.11.6
[INFO] [stderr]    Compiling zerotrie v0.2.4
[INFO] [stderr]    Compiling tinystr v0.8.3
[INFO] [stderr]    Compiling potential_utf v0.1.5
[INFO] [stderr]    Compiling hyper-util v0.1.20
[INFO] [stderr]    Compiling icu_collections v2.2.0
[INFO] [stderr]    Compiling icu_locale_core v2.2.0
[INFO] [stderr]    Compiling icu_provider v2.2.0
[INFO] [stderr]    Compiling icu_normalizer v2.2.0
[INFO] [stderr]    Compiling icu_properties v2.2.0
[INFO] [stderr]    Compiling idna_adapter v1.2.2
[INFO] [stderr]    Compiling idna v1.1.0
[INFO] [stderr]    Compiling url v2.5.8
[INFO] [stderr]    Compiling tower-http v0.6.11
[INFO] [stderr]    Compiling reqwest v0.13.4
[INFO] [stderr]    Compiling dlmgr v0.4.0 (/opt/rustwide/workdir)
[INFO] [stderr]     Finished `release` profile [optimized] target(s) in 1m 23s
[INFO] running `Command { std: "docker" "inspect" "d811c904c7f1afc521c7ed27aa00304b61dc26d9abcdec9aa926fc1b82183a32", kill_on_drop: false }`
[INFO] running `Command { std: "docker" "exec" "-e" "SOURCE_DIR=/opt/rustwide/workdir" "-e" "CARGO_HOME=/opt/rustwide/cargo-home" "-e" "RUSTUP_HOME=/opt/rustwide/rustup-home" "-e" "CARGO_TARGET_DIR=/opt/rustwide/target" "-e" "CARGO_INCREMENTAL=0" "-e" "RUST_BACKTRACE=full" "-e" "RUSTFLAGS=--cap-lints=warn" "-e" "RUSTDOCFLAGS=--cap-lints=warn" "-w" "/opt/rustwide/workdir" "--user" "0:0" "d811c904c7f1afc521c7ed27aa00304b61dc26d9abcdec9aa926fc1b82183a32" "/opt/rustwide/cargo-home/bin/cargo" "+1.99.0-beta.8" "test" "--frozen" "--no-run" "--message-format=json" "--release", kill_on_drop: false }`
[INFO] [stderr]    Compiling getrandom v0.4.3
[INFO] [stderr]    Compiling rand_core v0.10.1
[INFO] [stderr]    Compiling cpufeatures v0.3.0
[INFO] [stderr]    Compiling tower-http v0.6.11
[INFO] [stderr]    Compiling nix v0.30.1
[INFO] [stderr]    Compiling chacha20 v0.10.1
[INFO] [stderr]    Compiling tempfile v3.27.0
[INFO] [stderr]    Compiling reqwest v0.13.4
[INFO] [stderr]    Compiling rand v0.10.2
[INFO] [stderr]    Compiling uuid v1.23.4
[INFO] [stderr]    Compiling atomic-write-file v0.3.0
[INFO] [stderr]    Compiling dlmgr v0.4.0 (/opt/rustwide/workdir)
[INFO] [stdout] error[E0433]: cannot find `test` in `tokio`
[INFO] [stdout]  --> tests/happypath.rs:4:10
[INFO] [stdout]   |
[INFO] [stdout] 4 | #[tokio::test]
[INFO] [stdout]   |          ^^^^ could not find `test` in `tokio`
[INFO] [stdout] 
[INFO] [stdout] 
[INFO] [stdout] error[E0433]: cannot find `test` in `tokio`
[INFO] [stdout]   --> tests/consumer_error.rs:19:10
[INFO] [stdout]    |
[INFO] [stdout] 19 | #[tokio::test]
[INFO] [stdout]    |          ^^^^ could not find `test` in `tokio`
[INFO] [stdout] 
[INFO] [stdout] 
[INFO] [stdout] error[E0433]: cannot find `test` in `tokio`
[INFO] [stdout]  --> tests/file_consumer.rs:6:10
[INFO] [stdout]   |
[INFO] [stdout] 6 | #[tokio::test]
[INFO] [stdout]   |          ^^^^ could not find `test` in `tokio`
[INFO] [stdout] 
[INFO] [stdout] 
[INFO] [stdout] error[E0433]: cannot find `test` in `tokio`
[INFO] [stdout]   --> tests/file_consumer.rs:45:10
[INFO] [stdout]    |
[INFO] [stdout] 45 | #[tokio::test]
[INFO] [stdout]    |          ^^^^ could not find `test` in `tokio`
[INFO] [stdout] 
[INFO] [stdout] 
[INFO] [stdout] error[E0433]: cannot find `test` in `tokio`
[INFO] [stdout]   --> tests/file_consumer.rs:78:10
[INFO] [stdout]    |
[INFO] [stdout] 78 | #[tokio::test]
[INFO] [stdout]    |          ^^^^ could not find `test` in `tokio`
[INFO] [stdout] 
[INFO] [stdout] 
[INFO] [stdout] error[E0433]: cannot find module or crate `range_server` in this scope
[INFO] [stdout]  --> tests/happypath.rs:6:22
[INFO] [stdout]   |
[INFO] [stdout] 6 |     let tmp_server = range_server::simple::start_temp_server().await;
[INFO] [stdout]   |                      ^^^^^^^^^^^^ use of unresolved module or unlinked crate `range_server`
[INFO] [stdout]   |
[INFO] [stdout]   = help: if you wanted to use a crate named `range_server`, use `cargo add range_server` to add it to your `Cargo.toml`
[INFO] [stdout] 
[INFO] [stdout] 
[INFO] [stdout] error[E0433]: cannot find `test` in `tokio`
[INFO] [stdout]  --> tests/fallback.rs:6:10
[INFO] [stdout]   |
[INFO] [stdout] 6 | #[tokio::test]
[INFO] [stdout]   |          ^^^^ could not find `test` in `tokio`
[INFO] [stdout] 
[INFO] [stdout] 
[INFO] [stdout] error[E0433]: cannot find `test` in `tokio`
[INFO] [stdout]   --> tests/fallback.rs:27:10
[INFO] [stdout]    |
[INFO] [stdout] 27 | #[tokio::test]
[INFO] [stdout]    |          ^^^^ could not find `test` in `tokio`
[INFO] [stdout] 
[INFO] [stdout] 
[INFO] [stdout] error[E0433]: cannot find `test` in `tokio`
[INFO] [stdout]   --> tests/fallback.rs:51:10
[INFO] [stdout]    |
[INFO] [stdout] 51 | #[tokio::test]
[INFO] [stdout]    |          ^^^^ could not find `test` in `tokio`
[INFO] [stdout] 
[INFO] [stdout] 
[INFO] [stdout] For more information about this error, try `rustc --explain E0433`.
[INFO] [stdout] 
[INFO] [stdout] error[E0433]: cannot find module or crate `range_server` in this scope
[INFO] [stdout]   --> tests/file_consumer.rs:11:18
[INFO] [stdout]    |
[INFO] [stdout] 11 |     let server = range_server::simple::start_temp_server().await;
[INFO] [stdout]    |                  ^^^^^^^^^^^^ use of unresolved module or unlinked crate `range_server`
[INFO] [stdout]    |
[INFO] [stdout]    = help: if you wanted to use a crate named `range_server`, use `cargo add range_server` to add it to your `Cargo.toml`
[INFO] [stdout] 
[INFO] [stdout] 
[INFO] [stderr] error: could not compile `dlmgr` (test "happypath") due to 2 previous errors
[INFO] [stderr] warning: build failed, waiting for other jobs to finish...
[INFO] [stdout] error[E0433]: cannot find module or crate `range_server` in this scope
[INFO] [stdout]   --> tests/consumer_error.rs:21:22
[INFO] [stdout]    |
[INFO] [stdout] 21 |     let tmp_server = range_server::simple::start_temp_server().await;
[INFO] [stdout]    |                      ^^^^^^^^^^^^ use of unresolved module or unlinked crate `range_server`
[INFO] [stdout]    |
[INFO] [stdout]    = help: if you wanted to use a crate named `range_server`, use `cargo add range_server` to add it to your `Cargo.toml`
[INFO] [stdout] 
[INFO] [stdout] 
[INFO] [stdout] error[E0433]: cannot find module or crate `range_server` in this scope
[INFO] [stdout]   --> tests/file_consumer.rs:50:18
[INFO] [stdout]    |
[INFO] [stdout] 50 |     let server = range_server::simple::start_temp_server().await;
[INFO] [stdout]    |                  ^^^^^^^^^^^^ use of unresolved module or unlinked crate `range_server`
[INFO] [stdout]    |
[INFO] [stdout]    = help: if you wanted to use a crate named `range_server`, use `cargo add range_server` to add it to your `Cargo.toml`
[INFO] [stdout] 
[INFO] [stdout] 
[INFO] [stdout] error[E0433]: cannot find module or crate `range_server` in this scope
[INFO] [stdout]  --> tests/fallback.rs:8:18
[INFO] [stdout]   |
[INFO] [stdout] 8 |     let server = range_server::no_range::start_no_range_server(1024 * 1024).await;
[INFO] [stdout]   |                  ^^^^^^^^^^^^ use of unresolved module or unlinked crate `range_server`
[INFO] [stdout]   |
[INFO] [stdout]   = help: if you wanted to use a crate named `range_server`, use `cargo add range_server` to add it to your `Cargo.toml`
[INFO] [stdout] 
[INFO] [stdout] 
[INFO] [stdout] For more information about this error, try `rustc --explain E0433`.
[INFO] [stdout] 
[INFO] [stderr] error: could not compile `dlmgr` (test "consumer_error") due to 2 previous errors
[INFO] [stdout] error[E0433]: cannot find module or crate `range_server` in this scope
[INFO] [stdout]   --> tests/fallback.rs:29:18
[INFO] [stdout]    |
[INFO] [stdout] 29 |     let server = range_server::simple::start_temp_server().await;
[INFO] [stdout]    |                  ^^^^^^^^^^^^ use of unresolved module or unlinked crate `range_server`
[INFO] [stdout]    |
[INFO] [stdout]    = help: if you wanted to use a crate named `range_server`, use `cargo add range_server` to add it to your `Cargo.toml`
[INFO] [stdout] 
[INFO] [stdout] 
[INFO] [stdout] error[E0433]: cannot find module or crate `range_server` in this scope
[INFO] [stdout]   --> tests/file_consumer.rs:83:18
[INFO] [stdout]    |
[INFO] [stdout] 83 |     let server = range_server::simple::start_temp_server().await;
[INFO] [stdout]    |                  ^^^^^^^^^^^^ use of unresolved module or unlinked crate `range_server`
[INFO] [stdout]    |
[INFO] [stdout]    = help: if you wanted to use a crate named `range_server`, use `cargo add range_server` to add it to your `Cargo.toml`
[INFO] [stdout] 
[INFO] [stdout] 
[INFO] [stdout] error[E0433]: cannot find module or crate `range_server` in this scope
[INFO] [stdout]   --> tests/fallback.rs:53:18
[INFO] [stdout]    |
[INFO] [stdout] 53 |     let server = range_server::no_range::start_no_range_server(100 * 1024 * 1024).await;
[INFO] [stdout]    |                  ^^^^^^^^^^^^ use of unresolved module or unlinked crate `range_server`
[INFO] [stdout]    |
[INFO] [stdout]    = help: if you wanted to use a crate named `range_server`, use `cargo add range_server` to add it to your `Cargo.toml`
[INFO] [stdout] 
[INFO] [stdout] 
[INFO] [stdout] error[E0433]: cannot find `fs` in `tokio`
[INFO] [stdout]    --> tests/file_consumer.rs:41:26
[INFO] [stdout]     |
[INFO] [stdout]  41 |     hasher.update(tokio::fs::read(&target_path).await.unwrap());
[INFO] [stdout]     |                          ^^ could not find `fs` in `tokio`
[INFO] [stdout]     |
[INFO] [stdout] note: found an item that was configured out
[INFO] [stdout]    --> /opt/rustwide/cargo-home/registry/src/index.crates.io-1949cf8c6b5b557f/tokio-1.52.3/src/lib.rs:508:13
[INFO] [stdout]     |
[INFO] [stdout] 508 |     pub mod fs;
[INFO] [stdout]     |             ^^
[INFO] [stdout]     |
[INFO] [stdout]    ::: /opt/rustwide/cargo-home/registry/src/index.crates.io-1949cf8c6b5b557f/tokio-1.52.3/src/macros/cfg.rs:132:19
[INFO] [stdout]     |
[INFO] [stdout] 132 |             #[cfg(feature = "fs")]
[INFO] [stdout]     |                   -------------- the item is gated behind the `fs` feature
[INFO] [stdout] help: consider importing this module
[INFO] [stdout]     |
[INFO] [stdout]   1 + use std::fs;
[INFO] [stdout]     |
[INFO] [stdout] help: if you import `fs`, refer to it directly
[INFO] [stdout]     |
[INFO] [stdout]  41 -     hasher.update(tokio::fs::read(&target_path).await.unwrap());
[INFO] [stdout]  41 +     hasher.update(fs::read(&target_path).await.unwrap());
[INFO] [stdout]     |
[INFO] [stdout] 
[INFO] [stdout] 
[INFO] [stdout] error[E0433]: cannot find `fs` in `tokio`
[INFO] [stdout]    --> tests/file_consumer.rs:111:26
[INFO] [stdout]     |
[INFO] [stdout] 111 |     hasher.update(tokio::fs::read(&target_path).await.unwrap());
[INFO] [stdout]     |                          ^^ could not find `fs` in `tokio`
[INFO] [stdout]     |
[INFO] [stdout] note: found an item that was configured out
[INFO] [stdout]    --> /opt/rustwide/cargo-home/registry/src/index.crates.io-1949cf8c6b5b557f/tokio-1.52.3/src/lib.rs:508:13
[INFO] [stdout]     |
[INFO] [stdout] 508 |     pub mod fs;
[INFO] [stdout]     |             ^^
[INFO] [stdout]     |
[INFO] [stdout]    ::: /opt/rustwide/cargo-home/registry/src/index.crates.io-1949cf8c6b5b557f/tokio-1.52.3/src/macros/cfg.rs:132:19
[INFO] [stdout]     |
[INFO] [stdout] 132 |             #[cfg(feature = "fs")]
[INFO] [stdout]     |                   -------------- the item is gated behind the `fs` feature
[INFO] [stdout] help: consider importing this module
[INFO] [stdout]     |
[INFO] [stdout]   1 + use std::fs;
[INFO] [stdout]     |
[INFO] [stdout] help: if you import `fs`, refer to it directly
[INFO] [stdout]     |
[INFO] [stdout] 111 -     hasher.update(tokio::fs::read(&target_path).await.unwrap());
[INFO] [stdout] 111 +     hasher.update(fs::read(&target_path).await.unwrap());
[INFO] [stdout]     |
[INFO] [stdout] 
[INFO] [stdout] 
[INFO] [stdout] For more information about this error, try `rustc --explain E0433`.
[INFO] [stdout] 
[INFO] [stderr] error: could not compile `dlmgr` (test "fallback") due to 6 previous errors
[INFO] [stderr] error: could not compile `dlmgr` (test "file_consumer") due to 8 previous errors
[INFO] [stdout] For more information about this error, try `rustc --explain E0433`.
[INFO] [stdout] 
[INFO] running `Command { std: "docker" "inspect" "d811c904c7f1afc521c7ed27aa00304b61dc26d9abcdec9aa926fc1b82183a32", kill_on_drop: false }`
[INFO] running `Command { std: "docker" "rm" "-f" "d811c904c7f1afc521c7ed27aa00304b61dc26d9abcdec9aa926fc1b82183a32", kill_on_drop: false }`
[INFO] [stdout] d811c904c7f1afc521c7ed27aa00304b61dc26d9abcdec9aa926fc1b82183a32
