[INFO] fetching crate dkg-promote 0.6.1...
[INFO] testing dkg-promote-0.6.1 against 1.100.0-beta.1+cargoflags=--release for beta-release-1.100-2
[INFO] extracting crate dkg-promote 0.6.1 into /workspace/builds/worker-6-tc2/source
[INFO] started tweaking crates.io crate dkg-promote 0.6.1
[INFO] finished tweaking crates.io crate dkg-promote 0.6.1
[INFO] tweaked toml for crates.io crate dkg-promote 0.6.1 written to /workspace/builds/worker-6-tc2/source/Cargo.toml
[INFO] validating manifest of crates.io crate dkg-promote 0.6.1 on toolchain 1.100.0-beta.1
[INFO] running `Command { std: CARGO_HOME="/workspace/cargo-home" RUSTUP_HOME="/workspace/rustup-home" "/workspace/cargo-home/bin/cargo" "+1.100.0-beta.1" "metadata" "--manifest-path" "Cargo.toml" "--no-deps", kill_on_drop: false }`
[INFO] crate crates.io crate dkg-promote 0.6.1 already has a lockfile, it will not be regenerated
[INFO] running `Command { std: CARGO_HOME="/workspace/cargo-home" RUSTUP_HOME="/workspace/rustup-home" "/workspace/cargo-home/bin/cargo" "+1.100.0-beta.1" "fetch" "--manifest-path" "Cargo.toml", kill_on_drop: false }`
[INFO] [stderr] warning: Cargo.toml: `lints.rust.unused-parens` is deprecated in favor of `lints.rust.unused_parens` and will not work in a future edition
[INFO] [stderr] warning: `dkg-promote` (manifest) generated 1 warning
[INFO] running `Command { std: "docker" "create" "-v" "/var/lib/crater-agent-workspace/builds/worker-6-tc2/source:/opt/rustwide/workdir:ro,Z" "-v" "/var/lib/crater-agent-workspace/builds/worker-6-tc2/target:/opt/rustwide/target:rw,Z" "-v" "/var/lib/crater-agent-workspace/cargo-home:/opt/rustwide/cargo-home:ro,Z" "-v" "/var/lib/crater-agent-workspace/rustup-home:/opt/rustwide/rustup-home:ro,Z" "-m" "1610612736" "--network" "none" "ghcr.io/rust-lang/crates-build-env/linux@sha256:77db811e55d90add9212f6832c23229e3de5f1c1f9905e8cb07319ea15df73ac" "sleep" "infinity", kill_on_drop: false }`
[INFO] [stdout] d1b27a94447d1d4e6f417d9dc3f4ccd69ae4c1ce69d78130b11d93ea17f78f0c
[INFO] running `Command { std: "docker" "start" "d1b27a94447d1d4e6f417d9dc3f4ccd69ae4c1ce69d78130b11d93ea17f78f0c", kill_on_drop: false }`
[INFO] running `Command { std: "docker" "inspect" "d1b27a94447d1d4e6f417d9dc3f4ccd69ae4c1ce69d78130b11d93ea17f78f0c", kill_on_drop: false }`
[INFO] running `Command { std: "docker" "exec" "-e" "SOURCE_DIR=/opt/rustwide/workdir" "-e" "CARGO_HOME=/opt/rustwide/cargo-home" "-e" "RUSTUP_HOME=/opt/rustwide/rustup-home" "-e" "CARGO_TARGET_DIR=/opt/rustwide/target" "-w" "/opt/rustwide/workdir" "--user" "0:0" "d1b27a94447d1d4e6f417d9dc3f4ccd69ae4c1ce69d78130b11d93ea17f78f0c" "/opt/rustwide/cargo-home/bin/cargo" "+1.100.0-beta.1" "metadata" "--no-deps" "--format-version=1", kill_on_drop: false }`
[INFO] running `Command { std: "docker" "inspect" "d1b27a94447d1d4e6f417d9dc3f4ccd69ae4c1ce69d78130b11d93ea17f78f0c", kill_on_drop: false }`
[INFO] running `Command { std: "docker" "exec" "-e" "SOURCE_DIR=/opt/rustwide/workdir" "-e" "CARGO_HOME=/opt/rustwide/cargo-home" "-e" "RUSTUP_HOME=/opt/rustwide/rustup-home" "-e" "CARGO_TARGET_DIR=/opt/rustwide/target" "-e" "CARGO_INCREMENTAL=0" "-e" "RUST_BACKTRACE=full" "-e" "RUSTFLAGS=--cap-lints=warn" "-e" "RUSTDOCFLAGS=--cap-lints=warn" "-w" "/opt/rustwide/workdir" "--user" "0:0" "d1b27a94447d1d4e6f417d9dc3f4ccd69ae4c1ce69d78130b11d93ea17f78f0c" "/opt/rustwide/cargo-home/bin/cargo" "+1.100.0-beta.1" "build" "--frozen" "--message-format=json" "--release", kill_on_drop: false }`
[INFO] [stderr] warning: Cargo.toml: `lints.rust.unused-parens` is deprecated in favor of `lints.rust.unused_parens` and will not work in a future edition
[INFO] [stderr] warning: `dkg-promote` (manifest) generated 1 warning
[INFO] [stderr]    Compiling proc-macro2 v1.0.86
[INFO] [stderr]    Compiling unicode-ident v1.0.13
[INFO] [stderr]    Compiling typenum v1.17.0
[INFO] [stderr]    Compiling libc v0.2.159
[INFO] [stderr]    Compiling radium v0.7.0
[INFO] [stderr]    Compiling subtle v2.6.1
[INFO] [stderr]    Compiling tap v1.0.1
[INFO] [stderr]    Compiling ahash v0.8.11
[INFO] [stderr]    Compiling rustversion v1.0.17
[INFO] [stderr]    Compiling funty v2.0.0
[INFO] [stderr]    Compiling once_cell v1.20.2
[INFO] [stderr]    Compiling zerocopy v0.7.35
[INFO] [stderr]    Compiling spin v0.9.8
[INFO] [stderr]    Compiling thiserror v2.0.14
[INFO] [stderr]    Compiling wyz v0.5.1
[INFO] [stderr]    Compiling hashbrown v0.14.5
[INFO] [stderr]    Compiling bitvec v1.0.1
[INFO] [stderr]    Compiling quote v1.0.37
[INFO] [stderr]    Compiling generic-array v0.14.7
[INFO] [stderr]    Compiling syn v2.0.87
[INFO] [stderr]    Compiling getrandom v0.2.15
[INFO] [stderr]    Compiling rand_core v0.6.4
[INFO] [stderr]    Compiling std-shims v0.1.2
[INFO] [stderr]    Compiling block-buffer v0.10.4
[INFO] [stderr]    Compiling crypto-common v0.1.6
[INFO] [stderr]    Compiling digest v0.10.7
[INFO] [stderr]    Compiling blake2 v0.10.6
[INFO] [stderr]    Compiling ff v0.13.0
[INFO] [stderr]    Compiling group v0.13.0
[INFO] [stderr]    Compiling zeroize_derive v1.4.2
[INFO] [stderr]    Compiling thiserror-impl v2.0.14
[INFO] [stderr]    Compiling zeroize v1.8.1
[INFO] [stderr]    Compiling flexible-transcript v0.3.3
[INFO] [stderr]    Compiling ciphersuite v0.4.1
[INFO] [stderr]    Compiling dleq v0.4.1
[INFO] [stderr]    Compiling dkg v0.6.1
[INFO] [stderr]    Compiling dkg-promote v0.6.1 (/opt/rustwide/workdir)
[INFO] [stderr]     Finished `release` profile [optimized] target(s) in 11.07s
[INFO] running `Command { std: "docker" "inspect" "d1b27a94447d1d4e6f417d9dc3f4ccd69ae4c1ce69d78130b11d93ea17f78f0c", kill_on_drop: false }`
[INFO] running `Command { std: "docker" "exec" "-e" "SOURCE_DIR=/opt/rustwide/workdir" "-e" "CARGO_HOME=/opt/rustwide/cargo-home" "-e" "RUSTUP_HOME=/opt/rustwide/rustup-home" "-e" "CARGO_TARGET_DIR=/opt/rustwide/target" "-e" "CARGO_INCREMENTAL=0" "-e" "RUST_BACKTRACE=full" "-e" "RUSTFLAGS=--cap-lints=warn" "-e" "RUSTDOCFLAGS=--cap-lints=warn" "-w" "/opt/rustwide/workdir" "--user" "0:0" "d1b27a94447d1d4e6f417d9dc3f4ccd69ae4c1ce69d78130b11d93ea17f78f0c" "/opt/rustwide/cargo-home/bin/cargo" "+1.100.0-beta.1" "test" "--frozen" "--no-run" "--message-format=json" "--release", kill_on_drop: false }`
[INFO] [stderr] warning: Cargo.toml: `lints.rust.unused-parens` is deprecated in favor of `lints.rust.unused_parens` and will not work in a future edition
[INFO] [stderr] warning: `dkg-promote` (manifest) generated 1 warning
[INFO] [stderr]    Compiling dkg-promote v0.6.1 (/opt/rustwide/workdir)
[INFO] [stdout] error[E0432]: unresolved import `ciphersuite::Ristretto`
[INFO] [stdout]   --> src/tests.rs:9:16
[INFO] [stdout]    |
[INFO] [stdout]  9 |   Ciphersuite, Ristretto,
[INFO] [stdout]    |                ^^^^^^^^^ no `Ristretto` in the root
[INFO] [stdout]    |
[INFO] [stdout] note: found an item that was configured out
[INFO] [stdout]   --> /opt/rustwide/cargo-home/registry/src/index.crates.io-1949cf8c6b5b557f/ciphersuite-0.4.1/src/lib.rs:29:16
[INFO] [stdout]    |
[INFO] [stdout] 28 | #[cfg(feature = "ristretto")]
[INFO] [stdout]    |       --------------------- the item is gated behind the `ristretto` feature
[INFO] [stdout] 29 | pub use dalek::Ristretto;
[INFO] [stdout]    |                ^^^^^^^^^
[INFO] [stdout] 
[INFO] [stdout] 
[INFO] [stdout] error[E0432]: unresolved import `dkg_recovery`
[INFO] [stdout]   --> src/tests.rs:13:5
[INFO] [stdout]    |
[INFO] [stdout] 13 | use dkg_recovery::recover_key;
[INFO] [stdout]    |     ^^^^^^^^^^^^ use of unresolved module or unlinked crate `dkg_recovery`
[INFO] [stdout]    |
[INFO] [stdout]    = help: if you wanted to use a crate named `dkg_recovery`, use `cargo add dkg_recovery` to add it to your `Cargo.toml`
[INFO] [stdout] 
[INFO] [stdout] 
[INFO] [stdout] error[E0407]: method `reduce_512` is not a member of trait `Ciphersuite`
[INFO] [stdout]   --> src/tests.rs:32:3
[INFO] [stdout]    |
[INFO] [stdout] 32 | /   fn reduce_512(scalar: [u8; 64]) -> Self::F {
[INFO] [stdout] 33 | |     <C as Ciphersuite>::reduce_512(scalar)
[INFO] [stdout] 34 | |   }
[INFO] [stdout]    | |___^ not a member of trait `Ciphersuite`
[INFO] [stdout] 
[INFO] [stdout] 
[INFO] [stdout] error[E0576]: cannot find method or associated constant `reduce_512` in trait `Ciphersuite`
[INFO] [stdout]   --> src/tests.rs:33:25
[INFO] [stdout]    |
[INFO] [stdout] 33 |     <C as Ciphersuite>::reduce_512(scalar)
[INFO] [stdout]    |                         ^^^^^^^^^^ not found in `Ciphersuite`
[INFO] [stdout] 
[INFO] [stdout] 
[INFO] [stdout] Some errors have detailed explanations: E0407, E0432, E0576.
[INFO] [stdout] 
[INFO] [stdout] For more information about an error, try `rustc --explain E0407`.
[INFO] [stdout] 
[INFO] [stderr] error: could not compile `dkg-promote` (lib test) due to 4 previous errors
[INFO] running `Command { std: "docker" "inspect" "d1b27a94447d1d4e6f417d9dc3f4ccd69ae4c1ce69d78130b11d93ea17f78f0c", kill_on_drop: false }`
[INFO] running `Command { std: "docker" "rm" "-f" "d1b27a94447d1d4e6f417d9dc3f4ccd69ae4c1ce69d78130b11d93ea17f78f0c", kill_on_drop: false }`
[INFO] [stdout] d1b27a94447d1d4e6f417d9dc3f4ccd69ae4c1ce69d78130b11d93ea17f78f0c
