[INFO] fetching crate distributed_macros 4.12.3...
[INFO] testing distributed_macros-4.12.3 against 1.100.0-beta.1+cargoflags=--release for beta-release-1.100-2
[INFO] extracting crate distributed_macros 4.12.3 into /workspace/builds/worker-1-tc2/source
[INFO] started tweaking crates.io crate distributed_macros 4.12.3
[INFO] removed 0 missing tests
[INFO] finished tweaking crates.io crate distributed_macros 4.12.3
[INFO] tweaked toml for crates.io crate distributed_macros 4.12.3 written to /workspace/builds/worker-1-tc2/source/Cargo.toml
[INFO] validating manifest of crates.io crate distributed_macros 4.12.3 on toolchain 1.100.0-beta.1
[INFO] running `Command { std: CARGO_HOME="/workspace/cargo-home" RUSTUP_HOME="/workspace/rustup-home" "/workspace/cargo-home/bin/cargo" "+1.100.0-beta.1" "metadata" "--manifest-path" "Cargo.toml" "--no-deps", kill_on_drop: false }`
[INFO] crate crates.io crate distributed_macros 4.12.3 already has a lockfile, it will not be regenerated
[INFO] running `Command { std: CARGO_HOME="/workspace/cargo-home" RUSTUP_HOME="/workspace/rustup-home" "/workspace/cargo-home/bin/cargo" "+1.100.0-beta.1" "fetch" "--manifest-path" "Cargo.toml", kill_on_drop: false }`
[INFO] running `Command { std: "docker" "create" "-v" "/var/lib/crater-agent-workspace/builds/worker-1-tc2/source:/opt/rustwide/workdir:ro,Z" "-v" "/var/lib/crater-agent-workspace/builds/worker-1-tc2/target:/opt/rustwide/target:rw,Z" "-v" "/var/lib/crater-agent-workspace/cargo-home:/opt/rustwide/cargo-home:ro,Z" "-v" "/var/lib/crater-agent-workspace/rustup-home:/opt/rustwide/rustup-home:ro,Z" "-m" "1610612736" "--network" "none" "ghcr.io/rust-lang/crates-build-env/linux@sha256:77db811e55d90add9212f6832c23229e3de5f1c1f9905e8cb07319ea15df73ac" "sleep" "infinity", kill_on_drop: false }`
[INFO] [stdout] f84fc62341b8612eee161a0c8e4b74beb7d1b30247bcb54695f254c411eb483c
[INFO] running `Command { std: "docker" "start" "f84fc62341b8612eee161a0c8e4b74beb7d1b30247bcb54695f254c411eb483c", kill_on_drop: false }`
[INFO] running `Command { std: "docker" "inspect" "f84fc62341b8612eee161a0c8e4b74beb7d1b30247bcb54695f254c411eb483c", kill_on_drop: false }`
[INFO] running `Command { std: "docker" "exec" "-e" "SOURCE_DIR=/opt/rustwide/workdir" "-e" "CARGO_HOME=/opt/rustwide/cargo-home" "-e" "RUSTUP_HOME=/opt/rustwide/rustup-home" "-e" "CARGO_TARGET_DIR=/opt/rustwide/target" "-w" "/opt/rustwide/workdir" "--user" "0:0" "f84fc62341b8612eee161a0c8e4b74beb7d1b30247bcb54695f254c411eb483c" "/opt/rustwide/cargo-home/bin/cargo" "+1.100.0-beta.1" "metadata" "--no-deps" "--format-version=1", kill_on_drop: false }`
[INFO] running `Command { std: "docker" "inspect" "f84fc62341b8612eee161a0c8e4b74beb7d1b30247bcb54695f254c411eb483c", kill_on_drop: false }`
[INFO] running `Command { std: "docker" "exec" "-e" "SOURCE_DIR=/opt/rustwide/workdir" "-e" "CARGO_HOME=/opt/rustwide/cargo-home" "-e" "RUSTUP_HOME=/opt/rustwide/rustup-home" "-e" "CARGO_TARGET_DIR=/opt/rustwide/target" "-e" "CARGO_INCREMENTAL=0" "-e" "RUST_BACKTRACE=full" "-e" "RUSTFLAGS=--cap-lints=warn" "-e" "RUSTDOCFLAGS=--cap-lints=warn" "-w" "/opt/rustwide/workdir" "--user" "0:0" "f84fc62341b8612eee161a0c8e4b74beb7d1b30247bcb54695f254c411eb483c" "/opt/rustwide/cargo-home/bin/cargo" "+1.100.0-beta.1" "build" "--frozen" "--message-format=json" "--release", kill_on_drop: false }`
[INFO] [stderr]    Compiling typenum v1.20.1
[INFO] [stderr]    Compiling winnow v1.0.4
[INFO] [stderr]    Compiling unicode-ident v1.0.26
[INFO] [stderr]    Compiling toml_datetime v1.1.1+spec-1.1.0
[INFO] [stderr]    Compiling indexmap v2.14.2
[INFO] [stderr]    Compiling proc-macro2 v1.0.107
[INFO] [stderr]    Compiling quote v1.0.47
[INFO] [stderr]    Compiling syn v2.0.119
[INFO] [stderr]    Compiling generic-array v0.14.7
[INFO] [stderr]    Compiling crypto-common v0.1.7
[INFO] [stderr]    Compiling block-buffer v0.10.4
[INFO] [stderr]    Compiling digest v0.10.7
[INFO] [stderr]    Compiling sha2 v0.10.9
[INFO] [stderr]    Compiling toml_parser v1.1.3+spec-1.1.0
[INFO] [stderr]    Compiling toml_edit v0.25.15+spec-1.1.0
[INFO] [stderr]    Compiling proc-macro-crate v3.5.0
[INFO] [stderr]    Compiling distributed_macros v4.12.3 (/opt/rustwide/workdir)
[INFO] [stderr]     Finished `release` profile [optimized] target(s) in 27.06s
[INFO] running `Command { std: "docker" "inspect" "f84fc62341b8612eee161a0c8e4b74beb7d1b30247bcb54695f254c411eb483c", kill_on_drop: false }`
[INFO] running `Command { std: "docker" "exec" "-e" "SOURCE_DIR=/opt/rustwide/workdir" "-e" "CARGO_HOME=/opt/rustwide/cargo-home" "-e" "RUSTUP_HOME=/opt/rustwide/rustup-home" "-e" "CARGO_TARGET_DIR=/opt/rustwide/target" "-e" "CARGO_INCREMENTAL=0" "-e" "RUST_BACKTRACE=full" "-e" "RUSTFLAGS=--cap-lints=warn" "-e" "RUSTDOCFLAGS=--cap-lints=warn" "-w" "/opt/rustwide/workdir" "--user" "0:0" "f84fc62341b8612eee161a0c8e4b74beb7d1b30247bcb54695f254c411eb483c" "/opt/rustwide/cargo-home/bin/cargo" "+1.100.0-beta.1" "test" "--frozen" "--no-run" "--message-format=json" "--release", kill_on_drop: false }`
[INFO] [stderr]    Compiling serde_core v1.0.229
[INFO] [stderr]    Compiling target-tuple v1.0.2
[INFO] [stderr]    Compiling winnow v1.0.4
[INFO] [stderr]    Compiling proc-macro2 v1.0.107
[INFO] [stderr]    Compiling unicode-ident v1.0.26
[INFO] [stderr]    Compiling toml_datetime v1.1.1+spec-1.1.0
[INFO] [stderr]    Compiling serde_spanned v1.1.1
[INFO] [stderr]    Compiling quote v1.0.47
[INFO] [stderr]    Compiling syn v3.0.6
[INFO] [stderr]    Compiling glob v0.3.4
[INFO] [stderr]    Compiling zmij v1.0.23
[INFO] [stderr]    Compiling serde v1.0.229
[INFO] [stderr]    Compiling serde_json v1.0.151
[INFO] [stderr]    Compiling sha2 v0.10.9
[INFO] [stderr]    Compiling memchr v2.8.3
[INFO] [stderr]    Compiling toml_writer v1.1.2+spec-1.1.0
[INFO] [stderr]    Compiling syn v2.0.119
[INFO] [stderr]    Compiling toml_parser v1.1.3+spec-1.1.0
[INFO] [stderr]    Compiling toml_edit v0.25.15+spec-1.1.0
[INFO] [stderr]    Compiling toml v1.1.6+spec-1.1.0
[INFO] [stderr]    Compiling serde_derive v1.0.229
[INFO] [stderr]    Compiling proc-macro-crate v3.5.0
[INFO] [stderr]    Compiling distributed_macros v4.12.3 (/opt/rustwide/workdir)
[INFO] [stderr]    Compiling trybuild v1.0.121
[INFO] [stdout] error[E0433]: cannot find module or crate `distributed` in this scope
[INFO] [stdout]  --> tests/application.rs:5:5
[INFO] [stdout]   |
[INFO] [stdout] 5 | use distributed::graphql::Succeeded;
[INFO] [stdout]   |     ^^^^^^^^^^^ use of unresolved module or unlinked crate `distributed`
[INFO] [stdout]   |
[INFO] [stdout]   = help: if you wanted to use a crate named `distributed`, use `cargo add distributed` to add it to your `Cargo.toml`
[INFO] [stdout] 
[INFO] [stdout] 
[INFO] [stdout] error[E0433]: cannot find module or crate `distributed` in this scope
[INFO] [stdout]  --> tests/application.rs:6:5
[INFO] [stdout]   |
[INFO] [stdout] 6 | use distributed::microsvc::{CausalCommandContext, HandlerError};
[INFO] [stdout]   |     ^^^^^^^^^^^ use of unresolved module or unlinked crate `distributed`
[INFO] [stdout]   |
[INFO] [stdout]   = help: if you wanted to use a crate named `distributed`, use `cargo add distributed` to add it to your `Cargo.toml`
[INFO] [stdout] 
[INFO] [stdout] 
[INFO] [stdout] error[E0432]: unresolved import `distributed`
[INFO] [stdout]  --> tests/application.rs:7:5
[INFO] [stdout]   |
[INFO] [stdout] 7 | use distributed::{Aggregate, DomainEvent, Entity, EventRecord, GraphqlInput, GraphqlOutput};
[INFO] [stdout]   |     ^^^^^^^^^^^ use of unresolved module or unlinked crate `distributed`
[INFO] [stdout]   |
[INFO] [stdout]   = help: if you wanted to use a crate named `distributed`, use `cargo add distributed` to add it to your `Cargo.toml`
[INFO] [stdout] 
[INFO] [stdout] 
[INFO] [stdout] error[E0433]: cannot find module or crate `distributed` in this scope
[INFO] [stdout]   --> tests/application.rs:52:3
[INFO] [stdout]    |
[INFO] [stdout] 52 | #[distributed::command(
[INFO] [stdout]    |   ^^^^^^^^^^^ use of unresolved module or unlinked crate `distributed`
[INFO] [stdout] 
[INFO] [stdout] 
[INFO] [stdout] error[E0433]: cannot find module or crate `distributed` in this scope
[INFO] [stdout]   --> tests/application.rs:73:1
[INFO] [stdout]    |
[INFO] [stdout] 73 | distributed::module! {
[INFO] [stdout]    | ^^^^^^^^^^^ use of unresolved module or unlinked crate `distributed`
[INFO] [stdout] 
[INFO] [stdout] 
[INFO] [stdout] error[E0433]: cannot find module or crate `distributed` in this scope
[INFO] [stdout]   --> tests/application.rs:81:1
[INFO] [stdout]    |
[INFO] [stdout] 81 | distributed::application! {
[INFO] [stdout]    | ^^^^^^^^^^^ use of unresolved module or unlinked crate `distributed`
[INFO] [stdout] 
[INFO] [stdout] 
[INFO] [stdout] error[E0433]: cannot find module or crate `distributed` in this scope
[INFO] [stdout]   --> tests/application.rs:89:1
[INFO] [stdout]    |
[INFO] [stdout] 89 | distributed::application! {
[INFO] [stdout]    | ^^^^^^^^^^^ use of unresolved module or unlinked crate `distributed`
[INFO] [stdout] 
[INFO] [stdout] 
[INFO] [stdout] error[E0433]: cannot find module or crate `distributed` in this scope
[INFO] [stdout]  --> tests/command_input_defaults.rs:3:5
[INFO] [stdout]   |
[INFO] [stdout] 3 | use distributed::graphql::{typed_command, Succeeded};
[INFO] [stdout]   |     ^^^^^^^^^^^ use of unresolved module or unlinked crate `distributed`
[INFO] [stdout]   |
[INFO] [stdout]   = help: if you wanted to use a crate named `distributed`, use `cargo add distributed` to add it to your `Cargo.toml`
[INFO] [stdout] 
[INFO] [stdout] 
[INFO] [stdout] error[E0432]: unresolved import `distributed`
[INFO] [stdout]  --> tests/command_input_defaults.rs:4:5
[INFO] [stdout]   |
[INFO] [stdout] 4 | use distributed::{command_input_defaults, GraphqlInput};
[INFO] [stdout]   |     ^^^^^^^^^^^ use of unresolved module or unlinked crate `distributed`
[INFO] [stdout]   |
[INFO] [stdout]   = help: if you wanted to use a crate named `distributed`, use `cargo add distributed` to add it to your `Cargo.toml`
[INFO] [stdout] 
[INFO] [stdout] 
[INFO] [stdout] error[E0433]: cannot find module or crate `distributed` in this scope
[INFO] [stdout]   --> tests/command_input_defaults.rs:14:35
[INFO] [stdout]    |
[INFO] [stdout] 14 | #[derive(Clone, serde::Serialize, distributed::GraphqlOutput)]
[INFO] [stdout]    |                                   ^^^^^^^^^^^ use of unresolved module or unlinked crate `distributed`
[INFO] [stdout] 
[INFO] [stdout] 
[INFO] [stdout] error: cannot find attribute `domain_event` in this scope
[INFO] [stdout]   --> tests/application.rs:47:3
[INFO] [stdout]    |
[INFO] [stdout] 47 | #[domain_event(name = "todo.created", version = 1)]
[INFO] [stdout]    |   ^^^^^^^^^^^^
[INFO] [stdout]    |
[INFO] [stdout] help: `domain_event` is an attribute that can be used by the derive macro `DomainEvent`, you might be missing a `derive` attribute
[INFO] [stdout]    |
[INFO] [stdout] 48 + #[derive(DomainEvent)]
[INFO] [stdout] 49 | pub struct TodoCreated {
[INFO] [stdout]    |
[INFO] [stdout] 
[INFO] [stdout] 
[INFO] [stdout] error[E0433]: cannot find module or crate `distributed` in this scope
[INFO] [stdout]   --> tests/application.rs:69:13
[INFO] [stdout]    |
[INFO] [stdout] 69 | ) -> Result<distributed::graphql::PreparedCommand<Succeeded<CreateOutput>>, HandlerError> {
[INFO] [stdout]    |             ^^^^^^^^^^^ use of unresolved module or unlinked crate `distributed`
[INFO] [stdout]    |
[INFO] [stdout]    = help: if you wanted to use a crate named `distributed`, use `cargo add distributed` to add it to your `Cargo.toml`
[INFO] [stdout] 
[INFO] [stdout] 
[INFO] [stdout] error[E0425]: cannot find value `TODO_MODULE` in this scope
[INFO] [stdout]    --> tests/application.rs:110:16
[INFO] [stdout]     |
[INFO] [stdout] 110 |     assert_eq!(TODO_MODULE.manifest().commands[0], spec);
[INFO] [stdout]     |                ^^^^^^^^^^^ not found in this scope
[INFO] [stdout] 
[INFO] [stdout] 
[INFO] [stdout] error[E0425]: cannot find value `TODO_APPLICATION` in this scope
[INFO] [stdout]    --> tests/application.rs:111:16
[INFO] [stdout]     |
[INFO] [stdout] 111 |     assert_eq!(TODO_APPLICATION.manifest().modules[0].id, "todo");
[INFO] [stdout]     |                ^^^^^^^^^^^^^^^^ not found in this scope
[INFO] [stdout] 
[INFO] [stdout] 
[INFO] [stdout] error[E0425]: cannot find value `TODO_APPLICATION` in this scope
[INFO] [stdout]    --> tests/application.rs:112:16
[INFO] [stdout]     |
[INFO] [stdout] 112 |     assert_eq!(TODO_APPLICATION.manifest().name, "todo-app");
[INFO] [stdout]     |                ^^^^^^^^^^^^^^^^ not found in this scope
[INFO] [stdout] 
[INFO] [stdout] 
[INFO] [stdout] error[E0425]: cannot find value `TODO_APPLICATION` in this scope
[INFO] [stdout]    --> tests/application.rs:114:9
[INFO] [stdout]     |
[INFO] [stdout] 114 |         TODO_APPLICATION.manifest().required_capabilities,
[INFO] [stdout]     |         ^^^^^^^^^^^^^^^^ not found in this scope
[INFO] [stdout] 
[INFO] [stdout] 
[INFO] [stdout] error[E0425]: cannot find value `IMPLICIT_APPLICATION` in this scope
[INFO] [stdout]    --> tests/application.rs:117:16
[INFO] [stdout]     |
[INFO] [stdout] 117 |     assert_eq!(IMPLICIT_APPLICATION.manifest().name, "implicit_application");
[INFO] [stdout]     |                ^^^^^^^^^^^^^^^^^^^^ not found in this scope
[INFO] [stdout] 
[INFO] [stdout] 
[INFO] [stdout] error[E0425]: cannot find function `handle_spec` in this scope
[INFO] [stdout]   --> tests/application.rs:97:16
[INFO] [stdout]    |
[INFO] [stdout] 97 |     let spec = handle_spec().expect("generated command spec");
[INFO] [stdout]    |                ^^^^^^^^^^^ not found in this scope
[INFO] [stdout] 
[INFO] [stdout] 
[INFO] [stdout] Some errors have detailed explanations: E0425, E0432, E0433.
[INFO] [stdout] 
[INFO] [stdout] For more information about an error, try `rustc --explain E0425`.
[INFO] [stdout] 
[INFO] [stderr] error: could not compile `distributed_macros` (test "application") due to 15 previous errors
[INFO] [stderr] warning: build failed, waiting for other jobs to finish...
[INFO] [stdout] Some errors have detailed explanations: E0432, E0433.
[INFO] [stdout] 
[INFO] [stdout] For more information about an error, try `rustc --explain E0432`.
[INFO] [stdout] 
[INFO] [stderr] error: could not compile `distributed_macros` (test "command_input_defaults") due to 3 previous errors
[INFO] running `Command { std: "docker" "inspect" "f84fc62341b8612eee161a0c8e4b74beb7d1b30247bcb54695f254c411eb483c", kill_on_drop: false }`
[INFO] running `Command { std: "docker" "rm" "-f" "f84fc62341b8612eee161a0c8e4b74beb7d1b30247bcb54695f254c411eb483c", kill_on_drop: false }`
[INFO] [stdout] f84fc62341b8612eee161a0c8e4b74beb7d1b30247bcb54695f254c411eb483c
