[INFO] fetching crate distributed_control 0.5.1...
[INFO] testing distributed_control-0.5.1 against 1.99.0-beta.8+cargoflags=--release for beta-release-1.100-2
[INFO] extracting crate distributed_control 0.5.1 into /workspace/builds/worker-7-tc1/source
[INFO] started tweaking crates.io crate distributed_control 0.5.1
[INFO] finished tweaking crates.io crate distributed_control 0.5.1
[INFO] tweaked toml for crates.io crate distributed_control 0.5.1 written to /workspace/builds/worker-7-tc1/source/Cargo.toml
[INFO] validating manifest of crates.io crate distributed_control 0.5.1 on toolchain 1.99.0-beta.8
[INFO] running `Command { std: CARGO_HOME="/workspace/cargo-home" RUSTUP_HOME="/workspace/rustup-home" "/workspace/cargo-home/bin/cargo" "+1.99.0-beta.8" "metadata" "--manifest-path" "Cargo.toml" "--no-deps", kill_on_drop: false }`
[INFO] crate crates.io crate distributed_control 0.5.1 already has a lockfile, it will not be regenerated
[INFO] running `Command { std: CARGO_HOME="/workspace/cargo-home" RUSTUP_HOME="/workspace/rustup-home" "/workspace/cargo-home/bin/cargo" "+1.99.0-beta.8" "fetch" "--manifest-path" "Cargo.toml", kill_on_drop: false }`
[INFO] [stderr]     Blocking waiting for file lock on package cache
[INFO] [stderr]     Updating crates.io index
[INFO] [stderr]  Downloading crates ...
[INFO] [stderr]   Downloaded indexmap v2.1.0
[INFO] [stderr]   Downloaded thiserror v1.0.57
[INFO] [stderr]   Downloaded windows-targets v0.52.0
[INFO] [stderr]   Downloaded ndarray-linalg v0.16.0
[INFO] [stderr]   Downloaded thiserror-impl v1.0.57
[INFO] [stderr]   Downloaded winapi-util v0.1.6
[INFO] [stderr]   Downloaded fastrand v2.0.1
[INFO] [stderr]   Downloaded hootbin v0.1.1
[INFO] [stderr]   Downloaded cblas-sys v0.1.4
[INFO] [stderr]   Downloaded katexit v0.1.4
[INFO] [stderr]   Downloaded intel-mkl-src v0.8.1
[INFO] [stderr]   Downloaded xattr v1.3.1
[INFO] [stderr]   Downloaded getset v0.1.2
[INFO] [stderr]   Downloaded filetime v0.2.23
[INFO] [stderr]   Downloaded derive_builder_macro v0.11.2
[INFO] [stderr]   Downloaded dirs-sys v0.3.7
[INFO] [stderr]   Downloaded redox_users v0.4.4
[INFO] [stderr]   Downloaded libredox v0.0.1
[INFO] [stderr]   Downloaded intel-mkl-tool v0.8.1
[INFO] [stderr]   Downloaded cauchy v0.4.0
[INFO] [stderr]   Downloaded ocipkg v0.2.8
[INFO] [stderr]   Downloaded rustls-pki-types v1.3.0
[INFO] [stderr]   Downloaded walkdir v2.4.0
[INFO] [stderr]   Downloaded lax v0.16.0
[INFO] [stderr]   Downloaded hoot v0.1.3
[INFO] [stderr]   Downloaded crc32fast v1.3.2
[INFO] [stderr]   Downloaded bitflags v2.4.2
[INFO] [stderr]   Downloaded derive_builder v0.11.2
[INFO] [stderr]   Downloaded derive_builder_core v0.11.2
[INFO] [stderr]   Downloaded hashbrown v0.14.3
[INFO] [stderr]   Downloaded proc-macro2 v1.0.78
[INFO] [stderr]   Downloaded uuid v1.7.0
[INFO] [stderr]   Downloaded ryu v1.0.16
[INFO] [stderr]   Downloaded anyhow v1.0.79
[INFO] [stderr]   Downloaded tar v0.4.40
[INFO] [stderr]   Downloaded oci-spec v0.5.8
[INFO] [stderr]   Downloaded serde_derive v1.0.196
[INFO] [stderr]   Downloaded matrixmultiply v0.3.8
[INFO] [stderr]   Downloaded serde v1.0.196
[INFO] [stderr]   Downloaded flate2 v1.0.28
[INFO] [stderr]   Downloaded bumpalo v3.15.3
[INFO] [stderr]   Downloaded memchr v2.7.1
[INFO] [stderr]   Downloaded ureq v2.9.5
[INFO] [stderr]   Downloaded petgraph v0.6.4
[INFO] [stderr]   Downloaded serde_json v1.0.113
[INFO] [stderr]   Downloaded aho-corasick v1.1.2
[INFO] [stderr]   Downloaded rustls-webpki v0.102.2
[INFO] [stderr]   Downloaded webpki-roots v0.26.1
[INFO] [stderr]   Downloaded regex v1.10.3
[INFO] [stderr]   Downloaded chrono v0.4.34
[INFO] [stderr]   Downloaded syn v2.0.48
[INFO] [stderr]   Downloaded rustls v0.22.2
[INFO] [stderr]   Downloaded regex-syntax v0.8.2
[INFO] [stderr]   Downloaded rustix v0.38.31
[INFO] [stderr]   Downloaded windows_aarch64_gnullvm v0.52.0
[INFO] [stderr]   Downloaded windows_x86_64_gnullvm v0.52.0
[INFO] [stderr]   Downloaded regex-automata v0.4.5
[INFO] [stderr]   Downloaded windows_x86_64_msvc v0.52.0
[INFO] [stderr]   Downloaded windows_i686_msvc v0.52.0
[INFO] [stderr]   Downloaded windows_aarch64_msvc v0.52.0
[INFO] [stderr]   Downloaded windows_x86_64_gnu v0.52.0
[INFO] [stderr]   Downloaded windows_i686_gnu v0.52.0
[INFO] [stderr]   Downloaded lapack-sys v0.14.0
[INFO] running `Command { std: "docker" "create" "-v" "/var/lib/crater-agent-workspace/builds/worker-7-tc1/source:/opt/rustwide/workdir:ro,Z" "-v" "/var/lib/crater-agent-workspace/builds/worker-7-tc1/target:/opt/rustwide/target:rw,Z" "-v" "/var/lib/crater-agent-workspace/cargo-home:/opt/rustwide/cargo-home:ro,Z" "-v" "/var/lib/crater-agent-workspace/rustup-home:/opt/rustwide/rustup-home:ro,Z" "-m" "1610612736" "--network" "none" "ghcr.io/rust-lang/crates-build-env/linux@sha256:77db811e55d90add9212f6832c23229e3de5f1c1f9905e8cb07319ea15df73ac" "sleep" "infinity", kill_on_drop: false }`
[INFO] [stdout] e2204def7cdb738c91afc6dba3823c73c6c1e2f7cfd89173b0f2283b3221b1ad
[INFO] running `Command { std: "docker" "start" "e2204def7cdb738c91afc6dba3823c73c6c1e2f7cfd89173b0f2283b3221b1ad", kill_on_drop: false }`
[INFO] running `Command { std: "docker" "inspect" "e2204def7cdb738c91afc6dba3823c73c6c1e2f7cfd89173b0f2283b3221b1ad", kill_on_drop: false }`
[INFO] running `Command { std: "docker" "exec" "-e" "SOURCE_DIR=/opt/rustwide/workdir" "-e" "CARGO_HOME=/opt/rustwide/cargo-home" "-e" "RUSTUP_HOME=/opt/rustwide/rustup-home" "-e" "CARGO_TARGET_DIR=/opt/rustwide/target" "-w" "/opt/rustwide/workdir" "--user" "0:0" "e2204def7cdb738c91afc6dba3823c73c6c1e2f7cfd89173b0f2283b3221b1ad" "/opt/rustwide/cargo-home/bin/cargo" "+1.99.0-beta.8" "metadata" "--no-deps" "--format-version=1", kill_on_drop: false }`
[INFO] running `Command { std: "docker" "inspect" "e2204def7cdb738c91afc6dba3823c73c6c1e2f7cfd89173b0f2283b3221b1ad", kill_on_drop: false }`
[INFO] running `Command { std: "docker" "exec" "-e" "SOURCE_DIR=/opt/rustwide/workdir" "-e" "CARGO_HOME=/opt/rustwide/cargo-home" "-e" "RUSTUP_HOME=/opt/rustwide/rustup-home" "-e" "CARGO_TARGET_DIR=/opt/rustwide/target" "-e" "CARGO_INCREMENTAL=0" "-e" "RUST_BACKTRACE=full" "-e" "RUSTFLAGS=--cap-lints=warn" "-e" "RUSTDOCFLAGS=--cap-lints=warn" "-w" "/opt/rustwide/workdir" "--user" "0:0" "e2204def7cdb738c91afc6dba3823c73c6c1e2f7cfd89173b0f2283b3221b1ad" "/opt/rustwide/cargo-home/bin/cargo" "+1.99.0-beta.8" "build" "--frozen" "--message-format=json" "--release", kill_on_drop: false }`
[INFO] [stderr]    Compiling autocfg v1.1.0
[INFO] [stderr]    Compiling libc v0.2.153
[INFO] [stderr]    Compiling proc-macro2 v1.0.78
[INFO] [stderr]    Compiling unicode-ident v1.0.12
[INFO] [stderr]    Compiling ppv-lite86 v0.2.17
[INFO] [stderr]    Compiling serde v1.0.196
[INFO] [stderr]    Compiling thiserror v1.0.57
[INFO] [stderr]    Compiling equivalent v1.0.1
[INFO] [stderr]    Compiling hashbrown v0.14.3
[INFO] [stderr]    Compiling fixedbitset v0.4.2
[INFO] [stderr]    Compiling num-traits v0.2.17
[INFO] [stderr]    Compiling matrixmultiply v0.3.8
[INFO] [stderr]    Compiling num-integer v0.1.45
[INFO] [stderr]    Compiling quote v1.0.35
[INFO] [stderr]    Compiling syn v2.0.48
[INFO] [stderr]    Compiling syn v1.0.109
[INFO] [stderr]    Compiling getrandom v0.2.12
[INFO] [stderr]    Compiling lapack-sys v0.14.0
[INFO] [stderr]    Compiling cblas-sys v0.1.4
[INFO] [stderr]    Compiling rand_core v0.6.4
[INFO] [stderr]    Compiling rand_chacha v0.3.1
[INFO] [stderr]    Compiling indexmap v2.1.0
[INFO] [stderr]    Compiling rand v0.8.5
[INFO] [stderr]    Compiling approx v0.4.0
[INFO] [stderr]    Compiling petgraph v0.6.4
[INFO] [stderr]    Compiling num-complex v0.4.4
[INFO] [stderr]    Compiling thiserror-impl v1.0.57
[INFO] [stderr]    Compiling cauchy v0.4.0
[INFO] [stderr]    Compiling ndarray v0.15.6
[INFO] [stderr]    Compiling katexit v0.1.4
[INFO] [stderr]    Compiling lax v0.16.0
[INFO] [stderr]    Compiling ndarray-linalg v0.16.0
[INFO] [stderr]    Compiling distributed_control v0.5.1 (/opt/rustwide/workdir)
[INFO] [stdout] warning: hiding a lifetime that's elided elsewhere is confusing
[INFO] [stdout]   --> src/mas.rs:16:30
[INFO] [stdout]    |
[INFO] [stdout] 16 |     pub fn new(hom_dynamics: &dyn Dynamics<T>, n_agents: usize) -> HomMas<T> {
[INFO] [stdout]    |                              ^^^^^^^^^^^^^^^^                      ^^^^^^^^^ the same lifetime is hidden here
[INFO] [stdout]    |                              |
[INFO] [stdout]    |                              the lifetime is elided here
[INFO] [stdout]    |
[INFO] [stdout]    = help: the same lifetime is referred to in inconsistent ways, making the signature confusing
[INFO] [stdout]    = note: `#[warn(mismatched_lifetime_syntaxes)]` on by default
[INFO] [stdout] help: use `'_` for type paths
[INFO] [stdout]    |
[INFO] [stdout] 16 |     pub fn new(hom_dynamics: &dyn Dynamics<T>, n_agents: usize) -> HomMas<'_, T> {
[INFO] [stdout]    |                                                                           +++
[INFO] [stdout] 
[INFO] [stdout] 
[INFO] [stdout] error: linking with `cc` failed: exit status: 1
[INFO] [stdout]   |
[INFO] [stdout]   = note:  "cc" "-m64" "/opt/rustwide/target/release/deps/rustcoWDtD3/symbols.o" "<7 object files omitted>" "-Wl,--as-needed" "-Wl,-Bstatic" "/opt/rustwide/target/release/deps/{libdistributed_control-0d051d548cbfa7d0,libndarray_linalg-a49c1635358c9413,liblax-ca232f3ed378b711,liblapack_sys-c9780751bfc54d6c,libthiserror-86bbee47ae09a354,libcauchy-b6c522027aa666e5,libpetgraph-75915cda512cd49c,libindexmap-84b2d8f4e39c48b0,libequivalent-189ca3e854a233ff,libhashbrown-57d9a4758a7a469b,libfixedbitset-a1771a6d968476df,libndarray-a776189b46f70ca0,libmatrixmultiply-74351bb72451d68a,libapprox-a86807ddb205896e,libnum_complex-cc76f5f90e4352c6,libserde-9ecab87788a18911,librand-a6de37c3b9958cc6,librand_chacha-4ef61562900781c5,libppv_lite86-2034385ac67de13d,librand_core-51849f18530de1a9,libgetrandom-4747441074a9b3e7,libcfg_if-193575a6b29a3ab9,libnum_integer-5d17605ee54570b9,libnum_traits-f7a67c960a6a019f,librawpointer-e637704b8109ab79,libcblas_sys-560e383fbc2be3c2,liblibc-4941ea5a01a796ae}.rlib" "<sysroot>/lib/rustlib/x86_64-unknown-linux-gnu/lib/{libstd-*,libpanic_unwind-*,libobject-*,libmemchr-*,libaddr2line-*,libgimli-*,libcfg_if-*,librustc_demangle-*,libstd_detect-*,libhashbrown-*,librustc_std_workspace_alloc-*,libminiz_oxide-*,libadler2-*,libunwind-*,liblibc-*,librustc_std_workspace_core-*,liballoc-*,libcore-*,libcompiler_builtins-*}.rlib" "-Wl,-Bdynamic" "-lgcc_s" "-lutil" "-lrt" "-lpthread" "-lm" "-ldl" "-lc" "-L" "/opt/rustwide/target/release/deps/rustcoWDtD3/raw-dylibs" "-B<sysroot>/lib/rustlib/x86_64-unknown-linux-gnu/bin/gcc-ld" "-fuse-ld=lld" "-Wl,--eh-frame-hdr" "-Wl,-z,noexecstack" "-L" "<sysroot>/lib/rustlib/x86_64-unknown-linux-gnu/lib" "-o" "/opt/rustwide/target/release/deps/distributed_control-a615a9e196fe5b0f" "-Wl,--gc-sections" "-pie" "-Wl,-z,relro,-z,now" "-Wl,-O1" "-Wl,--strip-debug" "-nodefaultlibs"
[INFO] [stdout]   = note: some arguments are omitted. use `--verbose` to show all linker arguments
[INFO] [stdout]   = note: rust-lld: error: undefined symbol: cblas_ddot
[INFO] [stdout]           >>> referenced by distributed_control.1921f58c33a655f-cgu.0
[INFO] [stdout]           >>>               /opt/rustwide/target/release/deps/distributed_control-a615a9e196fe5b0f.distributed_control.1921f58c33a655f-cgu.0.rcgu.o:(<ndarray::zip::Zip<(ndarray::iterators::AxisIter<f64, ndarray::dimension::dim::Dim<[usize; 1]>>, ndarray::ArrayBase<ndarray::RawViewRepr<*mut f64>, ndarray::dimension::dim::Dim<[usize; 1]>>), ndarray::dimension::dim::Dim<[usize; 1]>>>::for_each::<ndarray::linalg::impl_linalg::general_mat_vec_mul_impl<f64, ndarray::data_repr::OwnedRepr<f64>, ndarray::data_repr::OwnedRepr<f64>>::{closure#1}>)
[INFO] [stdout]           >>> referenced by distributed_control.1921f58c33a655f-cgu.1
[INFO] [stdout]           >>>               /opt/rustwide/target/release/deps/distributed_control-a615a9e196fe5b0f.distributed_control.1921f58c33a655f-cgu.1.rcgu.o:(<ndarray::ArrayBase<ndarray::ViewRepr<&f64>, ndarray::dimension::dim::Dim<[usize; 1]>>>::dot_impl::<ndarray::data_repr::OwnedRepr<f64>>)
[INFO] [stdout]           
[INFO] [stdout]           rust-lld: error: undefined symbol: cblas_dgemv
[INFO] [stdout]           >>> referenced by distributed_control.1921f58c33a655f-cgu.5
[INFO] [stdout]           >>>               /opt/rustwide/target/release/deps/distributed_control-a615a9e196fe5b0f.distributed_control.1921f58c33a655f-cgu.5.rcgu.o:(ndarray::linalg::impl_linalg::general_mat_vec_mul_impl::<f64, ndarray::data_repr::OwnedRepr<f64>, ndarray::data_repr::OwnedRepr<f64>>)
[INFO] [stdout]           collect2: error: ld returned 1 exit status
[INFO] [stdout]           
[INFO] [stdout] 
[INFO] [stdout] 
[INFO] [stderr] error: could not compile `distributed_control` (bin "distributed_control") due to 1 previous error
[INFO] running `Command { std: "docker" "inspect" "e2204def7cdb738c91afc6dba3823c73c6c1e2f7cfd89173b0f2283b3221b1ad", kill_on_drop: false }`
[INFO] running `Command { std: "docker" "rm" "-f" "e2204def7cdb738c91afc6dba3823c73c6c1e2f7cfd89173b0f2283b3221b1ad", kill_on_drop: false }`
[INFO] [stdout] e2204def7cdb738c91afc6dba3823c73c6c1e2f7cfd89173b0f2283b3221b1ad
