[INFO] fetching crate diskr 0.1.70...
[INFO] testing diskr-0.1.70 against 1.100.0-beta.1+cargoflags=--release for beta-release-1.100-2
[INFO] extracting crate diskr 0.1.70 into /workspace/builds/worker-3-tc2/source
[INFO] started tweaking crates.io crate diskr 0.1.70
[INFO] removed 0 missing tests
[INFO] finished tweaking crates.io crate diskr 0.1.70
[INFO] tweaked toml for crates.io crate diskr 0.1.70 written to /workspace/builds/worker-3-tc2/source/Cargo.toml
[INFO] validating manifest of crates.io crate diskr 0.1.70 on toolchain 1.100.0-beta.1
[INFO] running `Command { std: CARGO_HOME="/workspace/cargo-home" RUSTUP_HOME="/workspace/rustup-home" "/workspace/cargo-home/bin/cargo" "+1.100.0-beta.1" "metadata" "--manifest-path" "Cargo.toml" "--no-deps", kill_on_drop: false }`
[INFO] crate crates.io crate diskr 0.1.70 already has a lockfile, it will not be regenerated
[INFO] running `Command { std: CARGO_HOME="/workspace/cargo-home" RUSTUP_HOME="/workspace/rustup-home" "/workspace/cargo-home/bin/cargo" "+1.100.0-beta.1" "fetch" "--manifest-path" "Cargo.toml", kill_on_drop: false }`
[INFO] [stderr] warning: `package.homepage` is redundant with `package.repository`
[INFO] [stderr]   --> Cargo.toml:44:12
[INFO] [stderr]    |
[INFO] [stderr] 44 | homepage = "https://github.com/milobeans/diskr"
[INFO] [stderr]    |            ^^^^^^^^^^^^^^^^^^^^^^^^^^^^^^^^^^^^
[INFO] [stderr] ...
[INFO] [stderr] 49 | repository = "https://github.com/milobeans/diskr"
[INFO] [stderr]    |              ------------------------------------
[INFO] [stderr]    |
[INFO] [stderr]    = note: `cargo::redundant_homepage` is set to `warn` by default
[INFO] [stderr] help: consider removing `package.homepage`
[INFO] [stderr] warning: `diskr` (manifest) generated 1 warning
[INFO] running `Command { std: "docker" "create" "-v" "/var/lib/crater-agent-workspace/builds/worker-3-tc2/source:/opt/rustwide/workdir:ro,Z" "-v" "/var/lib/crater-agent-workspace/builds/worker-3-tc2/target:/opt/rustwide/target:rw,Z" "-v" "/var/lib/crater-agent-workspace/cargo-home:/opt/rustwide/cargo-home:ro,Z" "-v" "/var/lib/crater-agent-workspace/rustup-home:/opt/rustwide/rustup-home:ro,Z" "-m" "1610612736" "--network" "none" "ghcr.io/rust-lang/crates-build-env/linux@sha256:77db811e55d90add9212f6832c23229e3de5f1c1f9905e8cb07319ea15df73ac" "sleep" "infinity", kill_on_drop: false }`
[INFO] [stdout] c678fea4d82232a939182385aad055059036ac11604c5c2fbea474750e539002
[INFO] running `Command { std: "docker" "start" "c678fea4d82232a939182385aad055059036ac11604c5c2fbea474750e539002", kill_on_drop: false }`
[INFO] running `Command { std: "docker" "inspect" "c678fea4d82232a939182385aad055059036ac11604c5c2fbea474750e539002", kill_on_drop: false }`
[INFO] running `Command { std: "docker" "exec" "-e" "SOURCE_DIR=/opt/rustwide/workdir" "-e" "CARGO_HOME=/opt/rustwide/cargo-home" "-e" "RUSTUP_HOME=/opt/rustwide/rustup-home" "-e" "CARGO_TARGET_DIR=/opt/rustwide/target" "-w" "/opt/rustwide/workdir" "--user" "0:0" "c678fea4d82232a939182385aad055059036ac11604c5c2fbea474750e539002" "/opt/rustwide/cargo-home/bin/cargo" "+1.100.0-beta.1" "metadata" "--no-deps" "--format-version=1", kill_on_drop: false }`
[INFO] running `Command { std: "docker" "inspect" "c678fea4d82232a939182385aad055059036ac11604c5c2fbea474750e539002", kill_on_drop: false }`
[INFO] running `Command { std: "docker" "exec" "-e" "SOURCE_DIR=/opt/rustwide/workdir" "-e" "CARGO_HOME=/opt/rustwide/cargo-home" "-e" "RUSTUP_HOME=/opt/rustwide/rustup-home" "-e" "CARGO_TARGET_DIR=/opt/rustwide/target" "-e" "CARGO_INCREMENTAL=0" "-e" "RUST_BACKTRACE=full" "-e" "RUSTFLAGS=--cap-lints=warn" "-e" "RUSTDOCFLAGS=--cap-lints=warn" "-w" "/opt/rustwide/workdir" "--user" "0:0" "c678fea4d82232a939182385aad055059036ac11604c5c2fbea474750e539002" "/opt/rustwide/cargo-home/bin/cargo" "+1.100.0-beta.1" "build" "--frozen" "--message-format=json" "--release", kill_on_drop: false }`
[INFO] [stderr] warning: `package.homepage` is redundant with `package.repository`
[INFO] [stderr]   --> Cargo.toml:44:12
[INFO] [stderr]    |
[INFO] [stderr] 44 | homepage = "https://github.com/milobeans/diskr"
[INFO] [stderr]    |            ^^^^^^^^^^^^^^^^^^^^^^^^^^^^^^^^^^^^
[INFO] [stderr] ...
[INFO] [stderr] 49 | repository = "https://github.com/milobeans/diskr"
[INFO] [stderr]    |              ------------------------------------
[INFO] [stderr]    |
[INFO] [stderr]    = note: `cargo::redundant_homepage` is set to `warn` by default
[INFO] [stderr] help: consider removing `package.homepage`
[INFO] [stderr] warning: `diskr` (manifest) generated 1 warning
[INFO] [stderr]    Compiling proc-macro2 v1.0.107
[INFO] [stderr]    Compiling unicode-ident v1.0.24
[INFO] [stderr]    Compiling quote v1.0.47
[INFO] [stderr]    Compiling libc v0.2.189
[INFO] [stderr]    Compiling foldhash v0.2.0
[INFO] [stderr]    Compiling allocator-api2 v0.2.21
[INFO] [stderr]    Compiling equivalent v1.0.2
[INFO] [stderr]    Compiling rustversion v1.0.23
[INFO] [stderr]    Compiling cfg-if v1.0.4
[INFO] [stderr]    Compiling strsim v0.11.1
[INFO] [stderr]    Compiling bitflags v2.13.1
[INFO] [stderr]    Compiling ident_case v1.0.1
[INFO] [stderr]    Compiling thiserror v2.0.19
[INFO] [stderr]    Compiling signal-hook v0.3.18
[INFO] [stderr]    Compiling either v1.17.0
[INFO] [stderr]    Compiling itoa v1.0.18
[INFO] [stderr]    Compiling heck v0.5.0
[INFO] [stderr]    Compiling parking_lot_core v0.9.12
[INFO] [stderr]    Compiling itertools v0.14.0
[INFO] [stderr]    Compiling rustix v1.1.4
[INFO] [stderr]    Compiling hashbrown v0.16.1
[INFO] [stderr]    Compiling hashbrown v0.17.1
[INFO] [stderr]    Compiling ryu v1.0.23
[INFO] [stderr]    Compiling castaway v0.2.4
[INFO] [stderr]    Compiling smallvec v1.15.2
[INFO] [stderr]    Compiling log v0.4.33
[INFO] [stderr]    Compiling zmij v1.0.23
[INFO] [stderr]    Compiling static_assertions v1.1.0
[INFO] [stderr]    Compiling instability v0.3.13
[INFO] [stderr]    Compiling serde_core v1.0.229
[INFO] [stderr]    Compiling unicode-width v0.2.2
[INFO] [stderr]    Compiling syn v3.0.3
[INFO] [stderr]    Compiling syn v2.0.119
[INFO] [stderr]    Compiling scopeguard v1.2.0
[INFO] [stderr]    Compiling unicode-segmentation v1.13.3
[INFO] [stderr]    Compiling lock_api v0.4.14
[INFO] [stderr]    Compiling errno v0.3.14
[INFO] [stderr]    Compiling lru v0.18.2
[INFO] [stderr]    Compiling signal-hook-registry v1.4.8
[INFO] [stderr]    Compiling mio v1.2.2
[INFO] [stderr]    Compiling compact_str v0.9.1
[INFO] [stderr]    Compiling linux-raw-sys v0.12.1
[INFO] [stderr]    Compiling serde_json v1.0.151
[INFO] [stderr]    Compiling anyhow v1.0.104
[INFO] [stderr]    Compiling litrs v1.0.0
[INFO] [stderr]    Compiling indoc v2.0.7
[INFO] [stderr]    Compiling signal-hook-mio v0.2.5
[INFO] [stderr]    Compiling parking_lot v0.12.5
[INFO] [stderr]    Compiling document-features v0.2.12
[INFO] [stderr]    Compiling line-clipping v0.3.8
[INFO] [stderr]    Compiling unicode-truncate v2.0.1
[INFO] [stderr]    Compiling memchr v2.8.3
[INFO] [stderr]    Compiling strum_macros v0.28.0
[INFO] [stderr]    Compiling crossterm v0.29.0
[INFO] [stderr]    Compiling strum v0.28.0
[INFO] [stderr]    Compiling darling_core v0.24.0
[INFO] [stderr]    Compiling thiserror-impl v2.0.19
[INFO] [stderr]    Compiling kasuari v0.4.12
[INFO] [stderr]    Compiling ratatui-core v0.1.2
[INFO] [stderr]    Compiling darling_macro v0.24.0
[INFO] [stderr]    Compiling darling v0.24.0
[INFO] [stderr]    Compiling ratatui-widgets v0.3.2
[INFO] [stderr]    Compiling diskr v0.1.70 (/opt/rustwide/workdir)
[INFO] [stdout] error[E0433]: cannot find `darwin` in `os`
[INFO] [stdout]  --> src/app.rs:5:14
[INFO] [stdout]   |
[INFO] [stdout] 5 | use std::os::darwin::fs::MetadataExt as DarwinMetadataExt;
[INFO] [stdout]   |              ^^^^^^ could not find `darwin` in `os`
[INFO] [stdout]   |
[INFO] [stdout] note: found an item that was configured out
[INFO] [stdout]  --> /rustc/e3feeb59cd1bdd011a2bfcc0747b55125d9b8527/library/std/src/os/mod.rs:51:14
[INFO] [stdout]   |
[INFO] [stdout]   = note: the item is gated behind the `apple` feature
[INFO] [stdout] 
[INFO] [stdout] 
[INFO] [stdout] error[E0425]: cannot find value `XATTR_NOFOLLOW` in crate `libc`
[INFO] [stdout]    --> src/app.rs:287:80
[INFO] [stdout]     |
[INFO] [stdout] 287 |         unsafe { libc::listxattr(path.as_ptr(), std::ptr::null_mut(), 0, libc::XATTR_NOFOLLOW) };
[INFO] [stdout]     |                                                                                ^^^^^^^^^^^^^^ not found in `libc`
[INFO] [stdout] 
[INFO] [stdout] 
[INFO] [stdout] error[E0425]: cannot find value `XATTR_NOFOLLOW` in crate `libc`
[INFO] [stdout]    --> src/app.rs:301:19
[INFO] [stdout]     |
[INFO] [stdout] 301 |             libc::XATTR_NOFOLLOW,
[INFO] [stdout]     |                   ^^^^^^^^^^^^^^ not found in `libc`
[INFO] [stdout] 
[INFO] [stdout] 
[INFO] [stdout] error[E0425]: cannot find function `getfsstat` in crate `libc`
[INFO] [stdout]     --> src/app.rs:3851:32
[INFO] [stdout]      |
[INFO] [stdout] 3851 |     let count = unsafe { libc::getfsstat(std::ptr::null_mut(), 0, libc::MNT_NOWAIT) };
[INFO] [stdout]      |                                ^^^^^^^^^ not found in `libc`
[INFO] [stdout] 
[INFO] [stdout] 
[INFO] [stdout] error[E0425]: cannot find value `MNT_NOWAIT` in crate `libc`
[INFO] [stdout]     --> src/app.rs:3851:73
[INFO] [stdout]      |
[INFO] [stdout] 3851 |     let count = unsafe { libc::getfsstat(std::ptr::null_mut(), 0, libc::MNT_NOWAIT) };
[INFO] [stdout]      |                                                                         ^^^^^^^^^^ not found in `libc`
[INFO] [stdout]      |
[INFO] [stdout] note: similarly named constant `IPC_NOWAIT` defined here
[INFO] [stdout]     --> /opt/rustwide/cargo-home/registry/src/index.crates.io-1949cf8c6b5b557f/libc-0.2.189/src/unix/linux_like/linux_l4re_shared.rs:962:1
[INFO] [stdout]      |
[INFO] [stdout]  962 | pub const IPC_NOWAIT: c_int = 0o4000;
[INFO] [stdout]      | ^^^^^^^^^^^^^^^^^^^^^^^^^^^
[INFO] [stdout] help: a constant with a similar name exists
[INFO] [stdout]      |
[INFO] [stdout] 3851 -     let count = unsafe { libc::getfsstat(std::ptr::null_mut(), 0, libc::MNT_NOWAIT) };
[INFO] [stdout] 3851 +     let count = unsafe { libc::getfsstat(std::ptr::null_mut(), 0, libc::IPC_NOWAIT) };
[INFO] [stdout]      |
[INFO] [stdout] 
[INFO] [stdout] 
[INFO] [stdout] error[E0425]: cannot find function `getfsstat` in crate `libc`
[INFO] [stdout]     --> src/app.rs:3858:33
[INFO] [stdout]      |
[INFO] [stdout] 3858 |     let actual = unsafe { libc::getfsstat(stats.as_mut_ptr(), bytes, libc::MNT_NOWAIT) };
[INFO] [stdout]      |                                 ^^^^^^^^^ not found in `libc`
[INFO] [stdout] 
[INFO] [stdout] 
[INFO] [stdout] error[E0425]: cannot find value `MNT_NOWAIT` in crate `libc`
[INFO] [stdout]     --> src/app.rs:3858:76
[INFO] [stdout]      |
[INFO] [stdout] 3858 |     let actual = unsafe { libc::getfsstat(stats.as_mut_ptr(), bytes, libc::MNT_NOWAIT) };
[INFO] [stdout]      |                                                                            ^^^^^^^^^^ not found in `libc`
[INFO] [stdout]      |
[INFO] [stdout] note: similarly named constant `IPC_NOWAIT` defined here
[INFO] [stdout]     --> /opt/rustwide/cargo-home/registry/src/index.crates.io-1949cf8c6b5b557f/libc-0.2.189/src/unix/linux_like/linux_l4re_shared.rs:962:1
[INFO] [stdout]      |
[INFO] [stdout]  962 | pub const IPC_NOWAIT: c_int = 0o4000;
[INFO] [stdout]      | ^^^^^^^^^^^^^^^^^^^^^^^^^^^
[INFO] [stdout] help: a constant with a similar name exists
[INFO] [stdout]      |
[INFO] [stdout] 3858 -     let actual = unsafe { libc::getfsstat(stats.as_mut_ptr(), bytes, libc::MNT_NOWAIT) };
[INFO] [stdout] 3858 +     let actual = unsafe { libc::getfsstat(stats.as_mut_ptr(), bytes, libc::IPC_NOWAIT) };
[INFO] [stdout]      |
[INFO] [stdout] 
[INFO] [stdout] 
[INFO] [stdout] error[E0425]: cannot find function `getattrlistbulk` in crate `libc`
[INFO] [stdout]    --> src/bulkstat.rs:524:23
[INFO] [stdout]     |
[INFO] [stdout] 524 |                 libc::getattrlistbulk(
[INFO] [stdout]     |                       ^^^^^^^^^^^^^^^ not found in `libc`
[INFO] [stdout] 
[INFO] [stdout] 
[INFO] [stdout] error[E0455]: link kind `framework` is only supported on Apple targets
[INFO] [stdout]   --> src/fs_ops.rs:54:36
[INFO] [stdout]    |
[INFO] [stdout] 54 | #[link(name = "Foundation", kind = "framework")]
[INFO] [stdout]    |                                    ^^^^^^^^^^^
[INFO] [stdout] 
[INFO] [stdout] 
[INFO] [stdout] error[E0455]: link kind `framework` is only supported on Apple targets
[INFO] [stdout]    --> src/fsevents.rs:222:40
[INFO] [stdout]     |
[INFO] [stdout] 222 | #[link(name = "CoreFoundation", kind = "framework")]
[INFO] [stdout]     |                                        ^^^^^^^^^^^
[INFO] [stdout] 
[INFO] [stdout] 
[INFO] [stdout] error[E0455]: link kind `framework` is only supported on Apple targets
[INFO] [stdout]    --> src/fsevents.rs:254:38
[INFO] [stdout]     |
[INFO] [stdout] 254 | #[link(name = "CoreServices", kind = "framework")]
[INFO] [stdout]     |                                      ^^^^^^^^^^^
[INFO] [stdout] 
[INFO] [stdout] 
[INFO] [stdout] error[E0599]: no method named `st_birthtime` found for struct `Metadata` in the current scope
[INFO] [stdout]    --> src/app.rs:216:45
[INFO] [stdout]     |
[INFO] [stdout] 216 |         created: system_time_from_unix(meta.st_birthtime(), meta.st_birthtime_nsec()),
[INFO] [stdout]     |                                             ^^^^^^^^^^^^
[INFO] [stdout]     |
[INFO] [stdout] help: there is a method `st_atime` with a similar name
[INFO] [stdout]     |
[INFO] [stdout] 216 -         created: system_time_from_unix(meta.st_birthtime(), meta.st_birthtime_nsec()),
[INFO] [stdout] 216 +         created: system_time_from_unix(meta.st_atime(), meta.st_birthtime_nsec()),
[INFO] [stdout]     |
[INFO] [stdout] 
[INFO] [stdout] 
[INFO] [stdout] error[E0599]: no method named `st_birthtime_nsec` found for struct `Metadata` in the current scope
[INFO] [stdout]    --> src/app.rs:216:66
[INFO] [stdout]     |
[INFO] [stdout] 216 |         created: system_time_from_unix(meta.st_birthtime(), meta.st_birthtime_nsec()),
[INFO] [stdout]     |                                                                  ^^^^^^^^^^^^^^^^^
[INFO] [stdout]     |
[INFO] [stdout] help: there is a method `st_atime_nsec` with a similar name
[INFO] [stdout]     |
[INFO] [stdout] 216 -         created: system_time_from_unix(meta.st_birthtime(), meta.st_birthtime_nsec()),
[INFO] [stdout] 216 +         created: system_time_from_unix(meta.st_birthtime(), meta.st_atime_nsec()),
[INFO] [stdout]     |
[INFO] [stdout] 
[INFO] [stdout] 
[INFO] [stdout] error[E0061]: this function takes 3 arguments but 4 arguments were supplied
[INFO] [stdout]     --> src/app.rs:287:18
[INFO] [stdout]      |
[INFO] [stdout]  287 |         unsafe { libc::listxattr(path.as_ptr(), std::ptr::null_mut(), 0, libc::XATTR_NOFOLLOW) };
[INFO] [stdout]      |                  ^^^^^^^^^^^^^^^                                         -------------------- unexpected argument #4
[INFO] [stdout]      |
[INFO] [stdout] note: function defined here
[INFO] [stdout]     --> /opt/rustwide/cargo-home/registry/src/index.crates.io-1949cf8c6b5b557f/libc-0.2.189/src/unix/linux_like/linux/mod.rs:3571:12
[INFO] [stdout]      |
[INFO] [stdout] 3571 |     pub fn listxattr(path: *const c_char, list: *mut c_char, size: size_t) -> ssize_t;
[INFO] [stdout]      |            ^^^^^^^^^
[INFO] [stdout] help: remove the extra argument
[INFO] [stdout]      |
[INFO] [stdout]  287 -         unsafe { libc::listxattr(path.as_ptr(), std::ptr::null_mut(), 0, libc::XATTR_NOFOLLOW) };
[INFO] [stdout]  287 +         unsafe { libc::listxattr(path.as_ptr(), std::ptr::null_mut(), 0) };
[INFO] [stdout]      |
[INFO] [stdout] 
[INFO] [stdout] 
[INFO] [stdout] error[E0061]: this function takes 3 arguments but 4 arguments were supplied
[INFO] [stdout]     --> src/app.rs:297:9
[INFO] [stdout]      |
[INFO] [stdout]  297 |         libc::listxattr(
[INFO] [stdout]      |         ^^^^^^^^^^^^^^^
[INFO] [stdout] ...
[INFO] [stdout]  301 |             libc::XATTR_NOFOLLOW,
[INFO] [stdout]      |             -------------------- unexpected argument #4
[INFO] [stdout]      |
[INFO] [stdout] note: function defined here
[INFO] [stdout]     --> /opt/rustwide/cargo-home/registry/src/index.crates.io-1949cf8c6b5b557f/libc-0.2.189/src/unix/linux_like/linux/mod.rs:3571:12
[INFO] [stdout]      |
[INFO] [stdout] 3571 |     pub fn listxattr(path: *const c_char, list: *mut c_char, size: size_t) -> ssize_t;
[INFO] [stdout]      |            ^^^^^^^^^
[INFO] [stdout] help: remove the extra argument
[INFO] [stdout]      |
[INFO] [stdout]  300 -             buf.len(),
[INFO] [stdout]  301 -             libc::XATTR_NOFOLLOW,
[INFO] [stdout]  300 +             buf.len(),
[INFO] [stdout]      |
[INFO] [stdout] 
[INFO] [stdout] 
[INFO] [stdout] error[E0609]: no field `f_mntonname` on type `statfs`
[INFO] [stdout]     --> src/app.rs:3870:54
[INFO] [stdout]      |
[INFO] [stdout] 3870 |             let mount = c_char_array_to_string(&stat.f_mntonname);
[INFO] [stdout]      |                                                      ^^^^^^^^^^^ unknown field
[INFO] [stdout]      |
[INFO] [stdout]      = note: available fields are: `f_type`, `f_bsize`, `f_blocks`, `f_bfree`, `f_bavail` ... and 5 others
[INFO] [stdout] 
[INFO] [stdout] 
[INFO] [stdout] error[E0609]: no field `f_fstypename` on type `statfs`
[INFO] [stdout]     --> src/app.rs:3874:56
[INFO] [stdout]      |
[INFO] [stdout] 3874 |             let fs_type = c_char_array_to_string(&stat.f_fstypename);
[INFO] [stdout]      |                                                        ^^^^^^^^^^^^ unknown field
[INFO] [stdout]      |
[INFO] [stdout]      = note: available fields are: `f_type`, `f_bsize`, `f_blocks`, `f_bfree`, `f_bavail` ... and 5 others
[INFO] [stdout] 
[INFO] [stdout] 
[INFO] [stdout] error[E0277]: the trait bound `u64: From<i64>` is not satisfied
[INFO] [stdout]     --> src/app.rs:3878:30
[INFO] [stdout]      |
[INFO] [stdout] 3878 |             let block_size = u64::from(stat.f_bsize);
[INFO] [stdout]      |                              ^^^ the trait `From<i64>` is not implemented for `u64`
[INFO] [stdout]      |
[INFO] [stdout]      = help: `u64` implements trait `From<T>`:
[INFO] [stdout]                From<bool>
[INFO] [stdout]                From<char>
[INFO] [stdout]                From<std::ascii::Char>
[INFO] [stdout]                From<u16>
[INFO] [stdout]                From<u32>
[INFO] [stdout]                From<u8>
[INFO] [stdout] 
[INFO] [stdout] 
[INFO] [stdout] error[E0609]: no field `f_mntfromname` on type `statfs`
[INFO] [stdout]     --> src/app.rs:3885:52
[INFO] [stdout]      |
[INFO] [stdout] 3885 |                 name: c_char_array_to_string(&stat.f_mntfromname),
[INFO] [stdout]      |                                                    ^^^^^^^^^^^^^ unknown field
[INFO] [stdout]      |
[INFO] [stdout]      = note: available fields are: `f_type`, `f_bsize`, `f_blocks`, `f_bfree`, `f_bavail` ... and 5 others
[INFO] [stdout] 
[INFO] [stdout] 
[INFO] [stdout] error[E0277]: the trait bound `u64: From<i64>` is not satisfied
[INFO] [stdout]    --> src/space.rs:177:22
[INFO] [stdout]     |
[INFO] [stdout] 177 |     let block_size = u64::from(stat.f_bsize);
[INFO] [stdout]     |                      ^^^ the trait `From<i64>` is not implemented for `u64`
[INFO] [stdout]     |
[INFO] [stdout]     = help: `u64` implements trait `From<T>`:
[INFO] [stdout]               From<bool>
[INFO] [stdout]               From<char>
[INFO] [stdout]               From<std::ascii::Char>
[INFO] [stdout]               From<u16>
[INFO] [stdout]               From<u32>
[INFO] [stdout]               From<u8>
[INFO] [stdout] 
[INFO] [stdout] 
[INFO] [stdout] error[E0609]: no field `f_mntonname` on type `statfs`
[INFO] [stdout]    --> src/space.rs:183:59
[INFO] [stdout]     |
[INFO] [stdout] 183 |         mount: PathBuf::from(c_char_array_to_string(&stat.f_mntonname)),
[INFO] [stdout]     |                                                           ^^^^^^^^^^^ unknown field
[INFO] [stdout]     |
[INFO] [stdout]     = note: available fields are: `f_type`, `f_bsize`, `f_blocks`, `f_bfree`, `f_bavail` ... and 5 others
[INFO] [stdout] 
[INFO] [stdout] 
[INFO] [stdout] error[E0609]: no field `f_mntfromname` on type `statfs`
[INFO] [stdout]    --> src/space.rs:184:46
[INFO] [stdout]     |
[INFO] [stdout] 184 |         device: c_char_array_to_string(&stat.f_mntfromname),
[INFO] [stdout]     |                                              ^^^^^^^^^^^^^ unknown field
[INFO] [stdout]     |
[INFO] [stdout]     = note: available fields are: `f_type`, `f_bsize`, `f_blocks`, `f_bfree`, `f_bavail` ... and 5 others
[INFO] [stdout] 
[INFO] [stdout] 
[INFO] [stdout] error[E0609]: no field `f_fstypename` on type `statfs`
[INFO] [stdout]    --> src/space.rs:185:47
[INFO] [stdout]     |
[INFO] [stdout] 185 |         fs_type: c_char_array_to_string(&stat.f_fstypename),
[INFO] [stdout]     |                                               ^^^^^^^^^^^^ unknown field
[INFO] [stdout]     |
[INFO] [stdout]     = note: available fields are: `f_type`, `f_bsize`, `f_blocks`, `f_bfree`, `f_bavail` ... and 5 others
[INFO] [stdout] 
[INFO] [stdout] 
[INFO] [stdout] Some errors have detailed explanations: E0061, E0277, E0425, E0433, E0455, E0599, E0609.
[INFO] [stdout] 
[INFO] [stdout] For more information about an error, try `rustc --explain E0061`.
[INFO] [stdout] 
[INFO] [stderr] error: could not compile `diskr` (bin "diskr") due to 23 previous errors
[INFO] running `Command { std: "docker" "inspect" "c678fea4d82232a939182385aad055059036ac11604c5c2fbea474750e539002", kill_on_drop: false }`
[INFO] running `Command { std: "docker" "rm" "-f" "c678fea4d82232a939182385aad055059036ac11604c5c2fbea474750e539002", kill_on_drop: false }`
[INFO] [stdout] c678fea4d82232a939182385aad055059036ac11604c5c2fbea474750e539002
