[INFO] fetching crate disintegrate-macros 4.0.0...
[INFO] testing disintegrate-macros-4.0.0 against 1.100.0-beta.1+cargoflags=--release for beta-release-1.100-2
[INFO] extracting crate disintegrate-macros 4.0.0 into /workspace/builds/worker-0-tc2/source
[INFO] started tweaking crates.io crate disintegrate-macros 4.0.0
[INFO] removed 0 missing tests
[INFO] finished tweaking crates.io crate disintegrate-macros 4.0.0
[INFO] tweaked toml for crates.io crate disintegrate-macros 4.0.0 written to /workspace/builds/worker-0-tc2/source/Cargo.toml
[INFO] validating manifest of crates.io crate disintegrate-macros 4.0.0 on toolchain 1.100.0-beta.1
[INFO] running `Command { std: CARGO_HOME="/workspace/cargo-home" RUSTUP_HOME="/workspace/rustup-home" "/workspace/cargo-home/bin/cargo" "+1.100.0-beta.1" "metadata" "--manifest-path" "Cargo.toml" "--no-deps", kill_on_drop: false }`
[INFO] crate crates.io crate disintegrate-macros 4.0.0 already has a lockfile, it will not be regenerated
[INFO] running `Command { std: CARGO_HOME="/workspace/cargo-home" RUSTUP_HOME="/workspace/rustup-home" "/workspace/cargo-home/bin/cargo" "+1.100.0-beta.1" "fetch" "--manifest-path" "Cargo.toml", kill_on_drop: false }`
[INFO] [stderr]     Blocking waiting for file lock on package cache
[INFO] running `Command { std: "docker" "create" "-v" "/var/lib/crater-agent-workspace/builds/worker-0-tc2/source:/opt/rustwide/workdir:ro,Z" "-v" "/var/lib/crater-agent-workspace/builds/worker-0-tc2/target:/opt/rustwide/target:rw,Z" "-v" "/var/lib/crater-agent-workspace/cargo-home:/opt/rustwide/cargo-home:ro,Z" "-v" "/var/lib/crater-agent-workspace/rustup-home:/opt/rustwide/rustup-home:ro,Z" "-m" "1610612736" "--network" "none" "ghcr.io/rust-lang/crates-build-env/linux@sha256:77db811e55d90add9212f6832c23229e3de5f1c1f9905e8cb07319ea15df73ac" "sleep" "infinity", kill_on_drop: false }`
[INFO] [stdout] 924402ffa4efd46ec3359bc505cb17f99f574a6a110c111c0a8813e02b1a25ea
[INFO] running `Command { std: "docker" "start" "924402ffa4efd46ec3359bc505cb17f99f574a6a110c111c0a8813e02b1a25ea", kill_on_drop: false }`
[INFO] running `Command { std: "docker" "inspect" "924402ffa4efd46ec3359bc505cb17f99f574a6a110c111c0a8813e02b1a25ea", kill_on_drop: false }`
[INFO] running `Command { std: "docker" "exec" "-e" "SOURCE_DIR=/opt/rustwide/workdir" "-e" "CARGO_HOME=/opt/rustwide/cargo-home" "-e" "RUSTUP_HOME=/opt/rustwide/rustup-home" "-e" "CARGO_TARGET_DIR=/opt/rustwide/target" "-w" "/opt/rustwide/workdir" "--user" "0:0" "924402ffa4efd46ec3359bc505cb17f99f574a6a110c111c0a8813e02b1a25ea" "/opt/rustwide/cargo-home/bin/cargo" "+1.100.0-beta.1" "metadata" "--no-deps" "--format-version=1", kill_on_drop: false }`
[INFO] running `Command { std: "docker" "inspect" "924402ffa4efd46ec3359bc505cb17f99f574a6a110c111c0a8813e02b1a25ea", kill_on_drop: false }`
[INFO] running `Command { std: "docker" "exec" "-e" "SOURCE_DIR=/opt/rustwide/workdir" "-e" "CARGO_HOME=/opt/rustwide/cargo-home" "-e" "RUSTUP_HOME=/opt/rustwide/rustup-home" "-e" "CARGO_TARGET_DIR=/opt/rustwide/target" "-e" "CARGO_INCREMENTAL=0" "-e" "RUST_BACKTRACE=full" "-e" "RUSTFLAGS=--cap-lints=warn" "-e" "RUSTDOCFLAGS=--cap-lints=warn" "-w" "/opt/rustwide/workdir" "--user" "0:0" "924402ffa4efd46ec3359bc505cb17f99f574a6a110c111c0a8813e02b1a25ea" "/opt/rustwide/cargo-home/bin/cargo" "+1.100.0-beta.1" "build" "--frozen" "--message-format=json" "--release", kill_on_drop: false }`
[INFO] [stderr]    Compiling proc-macro2 v1.0.106
[INFO] [stderr]    Compiling quote v1.0.42
[INFO] [stderr]    Compiling syn v2.0.114
[INFO] [stderr]    Compiling disintegrate-macros v4.0.0 (/opt/rustwide/workdir)
[INFO] [stderr]     Finished `release` profile [optimized] target(s) in 8.68s
[INFO] running `Command { std: "docker" "inspect" "924402ffa4efd46ec3359bc505cb17f99f574a6a110c111c0a8813e02b1a25ea", kill_on_drop: false }`
[INFO] running `Command { std: "docker" "exec" "-e" "SOURCE_DIR=/opt/rustwide/workdir" "-e" "CARGO_HOME=/opt/rustwide/cargo-home" "-e" "RUSTUP_HOME=/opt/rustwide/rustup-home" "-e" "CARGO_TARGET_DIR=/opt/rustwide/target" "-e" "CARGO_INCREMENTAL=0" "-e" "RUST_BACKTRACE=full" "-e" "RUSTFLAGS=--cap-lints=warn" "-e" "RUSTDOCFLAGS=--cap-lints=warn" "-w" "/opt/rustwide/workdir" "--user" "0:0" "924402ffa4efd46ec3359bc505cb17f99f574a6a110c111c0a8813e02b1a25ea" "/opt/rustwide/cargo-home/bin/cargo" "+1.100.0-beta.1" "test" "--frozen" "--no-run" "--message-format=json" "--release", kill_on_drop: false }`
[INFO] [stderr]    Compiling proc-macro2 v1.0.106
[INFO] [stderr]    Compiling unicode-ident v1.0.22
[INFO] [stderr]    Compiling quote v1.0.42
[INFO] [stderr]    Compiling heck v0.5.0
[INFO] [stderr]    Compiling disintegrate-macros v4.0.0 (/opt/rustwide/workdir)
[INFO] [stderr]    Compiling syn v2.0.114
[INFO] [stdout] error[E0432]: unresolved import `disintegrate`
[INFO] [stdout]  --> tests/event.rs:1:5
[INFO] [stdout]   |
[INFO] [stdout] 1 | use disintegrate::{ident, DomainIdInfo, Event, IdentifierType, IntoIdentifierValue};
[INFO] [stdout]   |     ^^^^^^^^^^^^ use of unresolved module or unlinked crate `disintegrate`
[INFO] [stdout]   |
[INFO] [stdout]   = help: if you wanted to use a crate named `disintegrate`, use `cargo add disintegrate` to add it to your `Cargo.toml`
[INFO] [stdout] 
[INFO] [stdout] 
[INFO] [stdout] error[E0432]: unresolved import `disintegrate`
[INFO] [stdout]  --> tests/state_query.rs:1:5
[INFO] [stdout]   |
[INFO] [stdout] 1 | use disintegrate::{query, Event, StateQuery};
[INFO] [stdout]   |     ^^^^^^^^^^^^ use of unresolved module or unlinked crate `disintegrate`
[INFO] [stdout]   |
[INFO] [stdout]   = help: if you wanted to use a crate named `disintegrate`, use `cargo add disintegrate` to add it to your `Cargo.toml`
[INFO] [stdout] 
[INFO] [stdout] 
[INFO] [stdout] error: cannot find attribute `id` in this scope
[INFO] [stdout]  --> tests/state_query.rs:7:11
[INFO] [stdout]   |
[INFO] [stdout] 7 |         #[id]
[INFO] [stdout]   |           ^^
[INFO] [stdout]   |
[INFO] [stdout] help: `id` is an attribute that can be used by the derive macros `Event` and `StateQuery`, you might be missing a `derive` attribute
[INFO] [stdout]   |
[INFO] [stdout] 5 + #[derive(Event, StateQuery)]
[INFO] [stdout] 6 | enum DomainEvent {
[INFO] [stdout]   |
[INFO] [stdout] 
[INFO] [stdout] 
[INFO] [stdout] error: cannot find attribute `id` in this scope
[INFO] [stdout]   --> tests/state_query.rs:13:11
[INFO] [stdout]    |
[INFO] [stdout] 13 |         #[id]
[INFO] [stdout]    |           ^^
[INFO] [stdout]    |
[INFO] [stdout] help: `id` is an attribute that can be used by the derive macros `Event` and `StateQuery`, you might be missing a `derive` attribute
[INFO] [stdout]    |
[INFO] [stdout]  5 + #[derive(Event, StateQuery)]
[INFO] [stdout]  6 | enum DomainEvent {
[INFO] [stdout]    |
[INFO] [stdout] 
[INFO] [stdout] 
[INFO] [stdout] error: cannot find attribute `id` in this scope
[INFO] [stdout]   --> tests/state_query.rs:15:11
[INFO] [stdout]    |
[INFO] [stdout] 15 |         #[id]
[INFO] [stdout]    |           ^^
[INFO] [stdout]    |
[INFO] [stdout] help: `id` is an attribute that can be used by the derive macros `Event` and `StateQuery`, you might be missing a `derive` attribute
[INFO] [stdout]    |
[INFO] [stdout]  5 + #[derive(Event, StateQuery)]
[INFO] [stdout]  6 | enum DomainEvent {
[INFO] [stdout]    |
[INFO] [stdout] 
[INFO] [stdout] 
[INFO] [stdout] error: cannot find attribute `id` in this scope
[INFO] [stdout]  --> tests/event.rs:5:7
[INFO] [stdout]   |
[INFO] [stdout] 5 |     #[id]
[INFO] [stdout]   |       ^^
[INFO] [stdout]   |
[INFO] [stdout]   = note: `id` is an attribute that can be used by the derive macros `Event` and `StateQuery`, you might be missing a `derive` attribute
[INFO] [stdout] 
[INFO] [stdout] 
[INFO] [stdout] error: cannot find attribute `state_query` in this scope
[INFO] [stdout]   --> tests/state_query.rs:22:3
[INFO] [stdout]    |
[INFO] [stdout] 22 | #[state_query(DomainEvent)]
[INFO] [stdout]    |   ^^^^^^^^^^^
[INFO] [stdout]    |
[INFO] [stdout] help: `state_query` is an attribute that can be used by the derive macro `StateQuery`, you might be missing a `derive` attribute
[INFO] [stdout]    |
[INFO] [stdout] 23 + #[derive(StateQuery)]
[INFO] [stdout] 24 | struct UserOrders {
[INFO] [stdout]    |
[INFO] [stdout] 
[INFO] [stdout] 
[INFO] [stdout] error: cannot find attribute `id` in this scope
[INFO] [stdout]   --> tests/event.rs:12:7
[INFO] [stdout]    |
[INFO] [stdout] 12 |     #[id]
[INFO] [stdout]    |       ^^
[INFO] [stdout]    |
[INFO] [stdout]    = note: `id` is an attribute that can be used by the derive macros `Event` and `StateQuery`, you might be missing a `derive` attribute
[INFO] [stdout] 
[INFO] [stdout] 
[INFO] [stdout] error: cannot find attribute `stream` in this scope
[INFO] [stdout]   --> tests/event.rs:18:3
[INFO] [stdout]    |
[INFO] [stdout] 18 | #[stream(UserEvent, [UserCreated, UserUpdated, UserDeleted])]
[INFO] [stdout]    |   ^^^^^^
[INFO] [stdout]    |
[INFO] [stdout] help: `stream` is an attribute that can be used by the derive macro `Event`, you might be missing a `derive` attribute
[INFO] [stdout]    |
[INFO] [stdout] 20 + #[derive(Event)]
[INFO] [stdout] 21 | enum DomainEvent {
[INFO] [stdout]    |
[INFO] [stdout] 
[INFO] [stdout] 
[INFO] [stdout] error: cannot find attribute `id` in this scope
[INFO] [stdout]   --> tests/state_query.rs:24:7
[INFO] [stdout]    |
[INFO] [stdout] 24 |     #[id]
[INFO] [stdout]    |       ^^
[INFO] [stdout]    |
[INFO] [stdout]    = note: `id` is an attribute that can be used by the derive macros `Event` and `StateQuery`, you might be missing a `derive` attribute
[INFO] [stdout] 
[INFO] [stdout] 
[INFO] [stdout] error: cannot find attribute `stream` in this scope
[INFO] [stdout]   --> tests/event.rs:19:3
[INFO] [stdout]    |
[INFO] [stdout] 19 | #[stream(OrderEvent, [OrderCreated, OrderCancelled])]
[INFO] [stdout]    |   ^^^^^^
[INFO] [stdout]    |
[INFO] [stdout] help: `stream` is an attribute that can be used by the derive macro `Event`, you might be missing a `derive` attribute
[INFO] [stdout]    |
[INFO] [stdout] 20 + #[derive(Event)]
[INFO] [stdout] 21 | enum DomainEvent {
[INFO] [stdout]    |
[INFO] [stdout] 
[INFO] [stdout] 
[INFO] [stdout] error: cannot find attribute `state_query` in this scope
[INFO] [stdout]   --> tests/state_query.rs:29:3
[INFO] [stdout]    |
[INFO] [stdout] 29 | #[state_query(DomainEvent, rename = "UserOrderData")]
[INFO] [stdout]    |   ^^^^^^^^^^^
[INFO] [stdout]    |
[INFO] [stdout] help: `state_query` is an attribute that can be used by the derive macro `StateQuery`, you might be missing a `derive` attribute
[INFO] [stdout]    |
[INFO] [stdout] 30 + #[derive(StateQuery)]
[INFO] [stdout] 31 | struct UserOrder {
[INFO] [stdout]    |
[INFO] [stdout] 
[INFO] [stdout] 
[INFO] [stdout] error: cannot find attribute `id` in this scope
[INFO] [stdout]   --> tests/event.rs:22:11
[INFO] [stdout]    |
[INFO] [stdout] 22 |         #[id]
[INFO] [stdout]    |           ^^
[INFO] [stdout]    |
[INFO] [stdout] help: `id` is an attribute that can be used by the derive macros `Event` and `StateQuery`, you might be missing a `derive` attribute
[INFO] [stdout]    |
[INFO] [stdout] 20 + #[derive(Event, StateQuery)]
[INFO] [stdout] 21 | enum DomainEvent {
[INFO] [stdout]    |
[INFO] [stdout] 
[INFO] [stdout] 
[INFO] [stdout] error: cannot find attribute `id` in this scope
[INFO] [stdout]   --> tests/state_query.rs:31:7
[INFO] [stdout]    |
[INFO] [stdout] 31 |     #[id]
[INFO] [stdout]    |       ^^
[INFO] [stdout]    |
[INFO] [stdout]    = note: `id` is an attribute that can be used by the derive macros `Event` and `StateQuery`, you might be missing a `derive` attribute
[INFO] [stdout] 
[INFO] [stdout] 
[INFO] [stdout] error: cannot find attribute `id` in this scope
[INFO] [stdout]   --> tests/event.rs:30:11
[INFO] [stdout]    |
[INFO] [stdout] 30 |         #[id]
[INFO] [stdout]    |           ^^
[INFO] [stdout]    |
[INFO] [stdout] help: `id` is an attribute that can be used by the derive macros `Event` and `StateQuery`, you might be missing a `derive` attribute
[INFO] [stdout]    |
[INFO] [stdout] 20 + #[derive(Event, StateQuery)]
[INFO] [stdout] 21 | enum DomainEvent {
[INFO] [stdout]    |
[INFO] [stdout] 
[INFO] [stdout] 
[INFO] [stdout] error: cannot find attribute `id` in this scope
[INFO] [stdout]   --> tests/state_query.rs:33:7
[INFO] [stdout]    |
[INFO] [stdout] 33 |     #[id]
[INFO] [stdout]    |       ^^
[INFO] [stdout]    |
[INFO] [stdout]    = note: `id` is an attribute that can be used by the derive macros `Event` and `StateQuery`, you might be missing a `derive` attribute
[INFO] [stdout] 
[INFO] [stdout] 
[INFO] [stdout] error: cannot find attribute `id` in this scope
[INFO] [stdout]   --> tests/event.rs:35:11
[INFO] [stdout]    |
[INFO] [stdout] 35 |         #[id]
[INFO] [stdout]    |           ^^
[INFO] [stdout]    |
[INFO] [stdout] help: `id` is an attribute that can be used by the derive macros `Event` and `StateQuery`, you might be missing a `derive` attribute
[INFO] [stdout]    |
[INFO] [stdout] 20 + #[derive(Event, StateQuery)]
[INFO] [stdout] 21 | enum DomainEvent {
[INFO] [stdout]    |
[INFO] [stdout] 
[INFO] [stdout] 
[INFO] [stdout] error[E0599]: no associated function or constant named `NAME` found for struct `UserOrders` in the current scope
[INFO] [stdout]   --> tests/state_query.rs:39:28
[INFO] [stdout]    |
[INFO] [stdout] 23 | struct UserOrders {
[INFO] [stdout]    | ----------------- associated function or constant `NAME` not found for this struct
[INFO] [stdout] ...
[INFO] [stdout] 39 |     assert_eq!(UserOrders::NAME, "UserOrders");
[INFO] [stdout]    |                            ^^^^ associated function or constant not found in `UserOrders`
[INFO] [stdout] 
[INFO] [stdout] 
[INFO] [stdout] error[E0599]: no associated function or constant named `NAME` found for struct `UserOrder` in the current scope
[INFO] [stdout]   --> tests/state_query.rs:44:27
[INFO] [stdout]    |
[INFO] [stdout] 30 | struct UserOrder {
[INFO] [stdout]    | ---------------- associated function or constant `NAME` not found for this struct
[INFO] [stdout] ...
[INFO] [stdout] 44 |     assert_eq!(UserOrder::NAME, "UserOrderData");
[INFO] [stdout]    |                           ^^^^ associated function or constant not found in `UserOrder`
[INFO] [stdout] 
[INFO] [stdout] 
[INFO] [stdout] error[E0599]: no method named `query` found for struct `UserOrders` in the current scope
[INFO] [stdout]   --> tests/state_query.rs:51:21
[INFO] [stdout]    |
[INFO] [stdout] 23 | struct UserOrders {
[INFO] [stdout]    | ----------------- method `query` not found for this struct
[INFO] [stdout] ...
[INFO] [stdout] 51 |         user_orders.query::<i64>(),
[INFO] [stdout]    |                     ^^^^^ method not found in `UserOrders`
[INFO] [stdout] 
[INFO] [stdout] 
[INFO] [stdout] error[E0599]: no method named `query` found for struct `UserOrder` in the current scope
[INFO] [stdout]   --> tests/state_query.rs:60:20
[INFO] [stdout]    |
[INFO] [stdout] 30 | struct UserOrder {
[INFO] [stdout]    | ---------------- method `query` not found for this struct
[INFO] [stdout] ...
[INFO] [stdout] 60 |         user_order.query::<i64>(),
[INFO] [stdout]    |                    ^^^^^ method not found in `UserOrder`
[INFO] [stdout] 
[INFO] [stdout] 
[INFO] [stdout] Some errors have detailed explanations: E0432, E0599.
[INFO] [stdout] 
[INFO] [stdout] For more information about an error, try `rustc --explain E0432`.
[INFO] [stdout] 
[INFO] [stderr] error: could not compile `disintegrate-macros` (test "state_query") due to 13 previous errors
[INFO] [stderr] warning: build failed, waiting for other jobs to finish...
[INFO] [stdout] error[E0599]: no variant, associated function, or constant named `SCHEMA` found for enum `DomainEvent` in the current scope
[INFO] [stdout]   --> tests/event.rs:44:22
[INFO] [stdout]    |
[INFO] [stdout] 20 | enum DomainEvent {
[INFO] [stdout]    | ---------------- variant, associated function, or constant `SCHEMA` not found for this enum
[INFO] [stdout] ...
[INFO] [stdout] 44 |         DomainEvent::SCHEMA.events,
[INFO] [stdout]    |                      ^^^^^^ variant, associated function, or constant not found in `DomainEvent`
[INFO] [stdout] 
[INFO] [stdout] 
[INFO] [stdout] error[E0599]: no method named `domain_ids` found for enum `DomainEvent` in the current scope
[INFO] [stdout]   --> tests/event.rs:65:48
[INFO] [stdout]    |
[INFO] [stdout] 20 | enum DomainEvent {
[INFO] [stdout]    | ---------------- method `domain_ids` not found for this enum
[INFO] [stdout] ...
[INFO] [stdout] 65 |     let domain_ids = enum_struct_variant_event.domain_ids();
[INFO] [stdout]    |                                                ^^^^^^^^^^ method not found in `DomainEvent`
[INFO] [stdout] 
[INFO] [stdout] 
[INFO] [stdout] error[E0599]: no method named `into_identifier_value` found for struct `String` in the current scope
[INFO] [stdout]   --> tests/event.rs:68:31
[INFO] [stdout]    |
[INFO] [stdout] 68 |         Some(&user_id.clone().into_identifier_value())
[INFO] [stdout]    |                               ^^^^^^^^^^^^^^^^^^^^^ method not found in `String`
[INFO] [stdout] 
[INFO] [stdout] 
[INFO] [stdout] error[E0599]: no method named `domain_ids` found for enum `DomainEvent` in the current scope
[INFO] [stdout]   --> tests/event.rs:76:46
[INFO] [stdout]    |
[INFO] [stdout] 20 | enum DomainEvent {
[INFO] [stdout]    | ---------------- method `domain_ids` not found for this enum
[INFO] [stdout] ...
[INFO] [stdout] 76 |     let domain_ids = enum_unit_variant_event.domain_ids();
[INFO] [stdout]    |                                              ^^^^^^^^^^ method not found in `DomainEvent`
[INFO] [stdout] 
[INFO] [stdout] 
[INFO] [stdout] error[E0599]: no method named `into_identifier_value` found for struct `String` in the current scope
[INFO] [stdout]   --> tests/event.rs:79:31
[INFO] [stdout]    |
[INFO] [stdout] 79 |         Some(&user_id.clone().into_identifier_value())
[INFO] [stdout]    |                               ^^^^^^^^^^^^^^^^^^^^^ method not found in `String`
[INFO] [stdout] 
[INFO] [stdout] 
[INFO] [stdout] error[E0599]: no method named `domain_ids` found for enum `DomainEvent` in the current scope
[INFO] [stdout]   --> tests/event.rs:86:47
[INFO] [stdout]    |
[INFO] [stdout] 20 | enum DomainEvent {
[INFO] [stdout]    | ---------------- method `domain_ids` not found for this enum
[INFO] [stdout] ...
[INFO] [stdout] 86 |     let domain_ids = enum_boxed_variant_event.domain_ids();
[INFO] [stdout]    |                                               ^^^^^^^^^^ method not found in `DomainEvent`
[INFO] [stdout] 
[INFO] [stdout] 
[INFO] [stdout] error[E0599]: no method named `into_identifier_value` found for struct `String` in the current scope
[INFO] [stdout]   --> tests/event.rs:89:23
[INFO] [stdout]    |
[INFO] [stdout] 89 |         Some(&user_id.into_identifier_value())
[INFO] [stdout]    |                       ^^^^^^^^^^^^^^^^^^^^^ method not found in `String`
[INFO] [stdout] 
[INFO] [stdout] 
[INFO] [stdout] error[E0599]: no method named `domain_ids` found for enum `DomainEvent` in the current scope
[INFO] [stdout]   --> tests/event.rs:94:46
[INFO] [stdout]    |
[INFO] [stdout] 20 | enum DomainEvent {
[INFO] [stdout]    | ---------------- method `domain_ids` not found for this enum
[INFO] [stdout] ...
[INFO] [stdout] 94 |     let domain_ids = enum_unit_variant_event.domain_ids();
[INFO] [stdout]    |                                              ^^^^^^^^^^ method not found in `DomainEvent`
[INFO] [stdout] 
[INFO] [stdout] 
[INFO] [stdout] error[E0433]: cannot find type `UserEvent` in this scope
[INFO] [stdout]    --> tests/event.rs:116:28
[INFO] [stdout]     |
[INFO] [stdout] 116 |     let user_boxed_event = UserEvent::UserDeleted(Box::new(UserDeleted {
[INFO] [stdout]     |                            ^^^^^^^^^ use of undeclared type `UserEvent`
[INFO] [stdout] 
[INFO] [stdout] 
[INFO] [stdout] error[E0433]: cannot find type `UserEvent` in this scope
[INFO] [stdout]    --> tests/event.rs:142:9
[INFO] [stdout]     |
[INFO] [stdout] 142 |         UserEvent::SCHEMA.events,
[INFO] [stdout]     |         ^^^^^^^^^ use of undeclared type `UserEvent`
[INFO] [stdout] 
[INFO] [stdout] 
[INFO] [stdout] error[E0433]: cannot find type `OrderEvent` in this scope
[INFO] [stdout]    --> tests/event.rs:147:9
[INFO] [stdout]     |
[INFO] [stdout] 147 |         OrderEvent::SCHEMA.events,
[INFO] [stdout]     |         ^^^^^^^^^^ use of undeclared type `OrderEvent`
[INFO] [stdout] 
[INFO] [stdout] 
[INFO] [stdout] error[E0433]: cannot find type `OrderEvent` in this scope
[INFO] [stdout]    --> tests/event.rs:155:9
[INFO] [stdout]     |
[INFO] [stdout] 155 |         OrderEvent::SCHEMA.domain_ids,
[INFO] [stdout]     |         ^^^^^^^^^^ use of undeclared type `OrderEvent`
[INFO] [stdout] 
[INFO] [stdout] 
[INFO] [stdout] error[E0433]: cannot find type `UserEvent` in this scope
[INFO] [stdout]    --> tests/event.rs:163:9
[INFO] [stdout]     |
[INFO] [stdout] 163 |         UserEvent::SCHEMA.domain_ids,
[INFO] [stdout]     |         ^^^^^^^^^ use of undeclared type `UserEvent`
[INFO] [stdout] 
[INFO] [stdout] 
[INFO] [stdout] error[E0599]: no variant, associated function, or constant named `SCHEMA` found for enum `DomainEvent` in the current scope
[INFO] [stdout]    --> tests/event.rs:171:22
[INFO] [stdout]     |
[INFO] [stdout]  20 | enum DomainEvent {
[INFO] [stdout]     | ---------------- variant, associated function, or constant `SCHEMA` not found for this enum
[INFO] [stdout] ...
[INFO] [stdout] 171 |         DomainEvent::SCHEMA.domain_ids,
[INFO] [stdout]     |                      ^^^^^^ variant, associated function, or constant not found in `DomainEvent`
[INFO] [stdout] 
[INFO] [stdout] 
[INFO] [stdout] error[E0433]: cannot find type `UserEvent` in this scope
[INFO] [stdout]    --> tests/event.rs:100:22
[INFO] [stdout]     |
[INFO] [stdout] 100 |     let user_event = UserEvent::UserCreated {
[INFO] [stdout]     |                      ^^^^^^^^^ use of undeclared type `UserEvent`
[INFO] [stdout] 
[INFO] [stdout] 
[INFO] [stdout] error[E0433]: cannot find type `OrderEvent` in this scope
[INFO] [stdout]    --> tests/event.rs:127:23
[INFO] [stdout]     |
[INFO] [stdout] 127 |     let order_event = OrderEvent::OrderCreated {
[INFO] [stdout]     |                       ^^^^^^^^^^ use of undeclared type `OrderEvent`
[INFO] [stdout] 
[INFO] [stdout] 
[INFO] [stdout] Some errors have detailed explanations: E0432, E0433, E0599.
[INFO] [stdout] 
[INFO] [stdout] For more information about an error, try `rustc --explain E0432`.
[INFO] [stdout] 
[INFO] [stderr] error: could not compile `disintegrate-macros` (test "event") due to 24 previous errors
[INFO] running `Command { std: "docker" "inspect" "924402ffa4efd46ec3359bc505cb17f99f574a6a110c111c0a8813e02b1a25ea", kill_on_drop: false }`
[INFO] running `Command { std: "docker" "rm" "-f" "924402ffa4efd46ec3359bc505cb17f99f574a6a110c111c0a8813e02b1a25ea", kill_on_drop: false }`
[INFO] [stdout] 924402ffa4efd46ec3359bc505cb17f99f574a6a110c111c0a8813e02b1a25ea
