[INFO] fetching crate discrimin-ant-proc 0.1.1...
[INFO] testing discrimin-ant-proc-0.1.1 against 1.99.0-beta.8+cargoflags=--release for beta-release-1.100-2
[INFO] extracting crate discrimin-ant-proc 0.1.1 into /workspace/builds/worker-3-tc1/source
[INFO] started tweaking crates.io crate discrimin-ant-proc 0.1.1
[INFO] removed 0 missing tests
[INFO] finished tweaking crates.io crate discrimin-ant-proc 0.1.1
[INFO] tweaked toml for crates.io crate discrimin-ant-proc 0.1.1 written to /workspace/builds/worker-3-tc1/source/Cargo.toml
[INFO] validating manifest of crates.io crate discrimin-ant-proc 0.1.1 on toolchain 1.99.0-beta.8
[INFO] running `Command { std: CARGO_HOME="/workspace/cargo-home" RUSTUP_HOME="/workspace/rustup-home" "/workspace/cargo-home/bin/cargo" "+1.99.0-beta.8" "metadata" "--manifest-path" "Cargo.toml" "--no-deps", kill_on_drop: false }`
[INFO] crate crates.io crate discrimin-ant-proc 0.1.1 already has a lockfile, it will not be regenerated
[INFO] running `Command { std: CARGO_HOME="/workspace/cargo-home" RUSTUP_HOME="/workspace/rustup-home" "/workspace/cargo-home/bin/cargo" "+1.99.0-beta.8" "fetch" "--manifest-path" "Cargo.toml", kill_on_drop: false }`
[INFO] [stderr]     Updating crates.io index
[INFO] [stderr]  Downloading crates ...
[INFO] [stderr]   Downloaded assert_matches v1.5.0
[INFO] [stderr]   Downloaded diff v0.1.13
[INFO] [stderr]   Downloaded yansi v1.0.1
[INFO] [stderr]   Downloaded pretty_assertions v1.4.1
[INFO] running `Command { std: "docker" "create" "-v" "/var/lib/crater-agent-workspace/builds/worker-3-tc1/source:/opt/rustwide/workdir:ro,Z" "-v" "/var/lib/crater-agent-workspace/builds/worker-3-tc1/target:/opt/rustwide/target:rw,Z" "-v" "/var/lib/crater-agent-workspace/cargo-home:/opt/rustwide/cargo-home:ro,Z" "-v" "/var/lib/crater-agent-workspace/rustup-home:/opt/rustwide/rustup-home:ro,Z" "-m" "1610612736" "--network" "none" "ghcr.io/rust-lang/crates-build-env/linux@sha256:77db811e55d90add9212f6832c23229e3de5f1c1f9905e8cb07319ea15df73ac" "sleep" "infinity", kill_on_drop: false }`
[INFO] [stdout] ffd7acbef80e7a02cb57eb57ae1eec670c867dc8c8f25e8ee66d4e56f1bc8e36
[INFO] running `Command { std: "docker" "start" "ffd7acbef80e7a02cb57eb57ae1eec670c867dc8c8f25e8ee66d4e56f1bc8e36", kill_on_drop: false }`
[INFO] running `Command { std: "docker" "inspect" "ffd7acbef80e7a02cb57eb57ae1eec670c867dc8c8f25e8ee66d4e56f1bc8e36", kill_on_drop: false }`
[INFO] running `Command { std: "docker" "exec" "-e" "SOURCE_DIR=/opt/rustwide/workdir" "-e" "CARGO_HOME=/opt/rustwide/cargo-home" "-e" "RUSTUP_HOME=/opt/rustwide/rustup-home" "-e" "CARGO_TARGET_DIR=/opt/rustwide/target" "-w" "/opt/rustwide/workdir" "--user" "0:0" "ffd7acbef80e7a02cb57eb57ae1eec670c867dc8c8f25e8ee66d4e56f1bc8e36" "/opt/rustwide/cargo-home/bin/cargo" "+1.99.0-beta.8" "metadata" "--no-deps" "--format-version=1", kill_on_drop: false }`
[INFO] running `Command { std: "docker" "inspect" "ffd7acbef80e7a02cb57eb57ae1eec670c867dc8c8f25e8ee66d4e56f1bc8e36", kill_on_drop: false }`
[INFO] running `Command { std: "docker" "exec" "-e" "SOURCE_DIR=/opt/rustwide/workdir" "-e" "CARGO_HOME=/opt/rustwide/cargo-home" "-e" "RUSTUP_HOME=/opt/rustwide/rustup-home" "-e" "CARGO_TARGET_DIR=/opt/rustwide/target" "-e" "CARGO_INCREMENTAL=0" "-e" "RUST_BACKTRACE=full" "-e" "RUSTFLAGS=--cap-lints=warn" "-e" "RUSTDOCFLAGS=--cap-lints=warn" "-w" "/opt/rustwide/workdir" "--user" "0:0" "ffd7acbef80e7a02cb57eb57ae1eec670c867dc8c8f25e8ee66d4e56f1bc8e36" "/opt/rustwide/cargo-home/bin/cargo" "+1.99.0-beta.8" "build" "--frozen" "--message-format=json" "--release", kill_on_drop: false }`
[INFO] [stderr]    Compiling proc-macro2 v1.0.95
[INFO] [stderr]    Compiling unicode-ident v1.0.18
[INFO] [stderr]    Compiling autocfg v1.4.0
[INFO] [stderr]    Compiling num-traits v0.2.19
[INFO] [stderr]    Compiling quote v1.0.40
[INFO] [stderr]    Compiling syn v2.0.101
[INFO] [stderr]    Compiling discrimin-ant-proc v0.1.1 (/opt/rustwide/workdir)
[INFO] [stderr]     Finished `release` profile [optimized] target(s) in 9.33s
[INFO] running `Command { std: "docker" "inspect" "ffd7acbef80e7a02cb57eb57ae1eec670c867dc8c8f25e8ee66d4e56f1bc8e36", kill_on_drop: false }`
[INFO] running `Command { std: "docker" "exec" "-e" "SOURCE_DIR=/opt/rustwide/workdir" "-e" "CARGO_HOME=/opt/rustwide/cargo-home" "-e" "RUSTUP_HOME=/opt/rustwide/rustup-home" "-e" "CARGO_TARGET_DIR=/opt/rustwide/target" "-e" "CARGO_INCREMENTAL=0" "-e" "RUST_BACKTRACE=full" "-e" "RUSTFLAGS=--cap-lints=warn" "-e" "RUSTDOCFLAGS=--cap-lints=warn" "-w" "/opt/rustwide/workdir" "--user" "0:0" "ffd7acbef80e7a02cb57eb57ae1eec670c867dc8c8f25e8ee66d4e56f1bc8e36" "/opt/rustwide/cargo-home/bin/cargo" "+1.99.0-beta.8" "test" "--frozen" "--no-run" "--message-format=json" "--release", kill_on_drop: false }`
[INFO] [stderr]    Compiling proc-macro2 v1.0.95
[INFO] [stderr]    Compiling unicode-ident v1.0.18
[INFO] [stderr]    Compiling yansi v1.0.1
[INFO] [stderr]    Compiling diff v0.1.13
[INFO] [stderr]    Compiling num-traits v0.2.19
[INFO] [stderr]    Compiling assert_matches v1.5.0
[INFO] [stderr]    Compiling discrimin-ant-proc v0.1.1 (/opt/rustwide/workdir)
[INFO] [stderr]    Compiling pretty_assertions v1.4.1
[INFO] [stderr]    Compiling quote v1.0.40
[INFO] [stdout] error[E0433]: cannot find module or crate `discrimin_ant` in this scope
[INFO] [stdout]   --> src/discriminant/tests/complex_u_enum.rs:14:6
[INFO] [stdout]    |
[INFO] [stdout] 14 | impl discrimin_ant::Discriminantable for ComplexUEnum {
[INFO] [stdout]    |      ^^^^^^^^^^^^^ use of unresolved module or unlinked crate `discrimin_ant`
[INFO] [stdout]    |
[INFO] [stdout]    = help: if you wanted to use a crate named `discrimin_ant`, use `cargo add discrimin_ant` to add it to your `Cargo.toml`
[INFO] [stdout] 
[INFO] [stdout] 
[INFO] [stdout] error[E0433]: cannot find module or crate `discrimin_ant` in this scope
[INFO] [stdout]   --> src/discriminant/tests/complex_u_enum.rs:39:6
[INFO] [stdout]    |
[INFO] [stdout] 39 | impl discrimin_ant::Discriminantable for ComplexUEnum_ {
[INFO] [stdout]    |      ^^^^^^^^^^^^^ use of unresolved module or unlinked crate `discrimin_ant`
[INFO] [stdout]    |
[INFO] [stdout]    = help: if you wanted to use a crate named `discrimin_ant`, use `cargo add discrimin_ant` to add it to your `Cargo.toml`
[INFO] [stdout] 
[INFO] [stdout] 
[INFO] [stdout] error[E0433]: cannot find module or crate `discrimin_ant` in this scope
[INFO] [stdout]   --> src/discriminant/tests/simple_fieldless_enum.rs:14:6
[INFO] [stdout]    |
[INFO] [stdout] 14 | impl discrimin_ant::Discriminantable for SimpleFieldlessEnum {
[INFO] [stdout]    |      ^^^^^^^^^^^^^ use of unresolved module or unlinked crate `discrimin_ant`
[INFO] [stdout]    |
[INFO] [stdout]    = help: if you wanted to use a crate named `discrimin_ant`, use `cargo add discrimin_ant` to add it to your `Cargo.toml`
[INFO] [stdout] 
[INFO] [stdout] 
[INFO] [stdout] error[E0433]: cannot find module or crate `discrimin_ant` in this scope
[INFO] [stdout]   --> src/discriminant/tests/simple_fieldless_enum.rs:39:6
[INFO] [stdout]    |
[INFO] [stdout] 39 | impl discrimin_ant::Discriminantable for SimpleFieldlessEnum_ {
[INFO] [stdout]    |      ^^^^^^^^^^^^^ use of unresolved module or unlinked crate `discrimin_ant`
[INFO] [stdout]    |
[INFO] [stdout]    = help: if you wanted to use a crate named `discrimin_ant`, use `cargo add discrimin_ant` to add it to your `Cargo.toml`
[INFO] [stdout] 
[INFO] [stdout] 
[INFO] [stdout] error[E0433]: cannot find module or crate `discrimin_ant` in this scope
[INFO] [stdout]   --> src/discriminant/tests/simple_no_discriminant_enum.rs:16:6
[INFO] [stdout]    |
[INFO] [stdout] 16 | impl discrimin_ant::Discriminantable for SimpleNoDiscriminantEnum {
[INFO] [stdout]    |      ^^^^^^^^^^^^^ use of unresolved module or unlinked crate `discrimin_ant`
[INFO] [stdout]    |
[INFO] [stdout]    = help: if you wanted to use a crate named `discrimin_ant`, use `cargo add discrimin_ant` to add it to your `Cargo.toml`
[INFO] [stdout] 
[INFO] [stdout] 
[INFO] [stdout] error[E0433]: cannot find module or crate `discrimin_ant` in this scope
[INFO] [stdout]   --> src/discriminant/tests/simple_no_discriminant_enum.rs:45:6
[INFO] [stdout]    |
[INFO] [stdout] 45 | impl discrimin_ant::Discriminantable for SimpleNoDiscriminantEnum_ {
[INFO] [stdout]    |      ^^^^^^^^^^^^^ use of unresolved module or unlinked crate `discrimin_ant`
[INFO] [stdout]    |
[INFO] [stdout]    = help: if you wanted to use a crate named `discrimin_ant`, use `cargo add discrimin_ant` to add it to your `Cargo.toml`
[INFO] [stdout] 
[INFO] [stdout] 
[INFO] [stdout] error[E0433]: cannot find module or crate `discrimin_ant` in this scope
[INFO] [stdout]   --> src/discriminant/tests/simple_signed_fieldless_enum.rs:16:6
[INFO] [stdout]    |
[INFO] [stdout] 16 | impl discrimin_ant::Discriminantable for SimpleSignedFieldlessEnum {
[INFO] [stdout]    |      ^^^^^^^^^^^^^ use of unresolved module or unlinked crate `discrimin_ant`
[INFO] [stdout]    |
[INFO] [stdout]    = help: if you wanted to use a crate named `discrimin_ant`, use `cargo add discrimin_ant` to add it to your `Cargo.toml`
[INFO] [stdout] 
[INFO] [stdout] 
[INFO] [stdout] error[E0433]: cannot find module or crate `discrimin_ant` in this scope
[INFO] [stdout]   --> src/discriminant/tests/simple_signed_fieldless_enum.rs:45:6
[INFO] [stdout]    |
[INFO] [stdout] 45 | impl discrimin_ant::Discriminantable for SimpleSignedFieldlessEnum_ {
[INFO] [stdout]    |      ^^^^^^^^^^^^^ use of unresolved module or unlinked crate `discrimin_ant`
[INFO] [stdout]    |
[INFO] [stdout]    = help: if you wanted to use a crate named `discrimin_ant`, use `cargo add discrimin_ant` to add it to your `Cargo.toml`
[INFO] [stdout] 
[INFO] [stdout] 
[INFO] [stdout] For more information about this error, try `rustc --explain E0433`.
[INFO] [stdout] 
[INFO] [stderr] error: could not compile `discrimin-ant-proc` (lib test) due to 8 previous errors
[INFO] [stderr] warning: build failed, waiting for other jobs to finish...
[INFO] running `Command { std: "docker" "inspect" "ffd7acbef80e7a02cb57eb57ae1eec670c867dc8c8f25e8ee66d4e56f1bc8e36", kill_on_drop: false }`
[INFO] running `Command { std: "docker" "rm" "-f" "ffd7acbef80e7a02cb57eb57ae1eec670c867dc8c8f25e8ee66d4e56f1bc8e36", kill_on_drop: false }`
[INFO] [stdout] ffd7acbef80e7a02cb57eb57ae1eec670c867dc8c8f25e8ee66d4e56f1bc8e36
