[INFO] fetching crate discord-cli-rs 0.2.1...
[INFO] testing discord-cli-rs-0.2.1 against 1.99.0-beta.8+cargoflags=--release for beta-release-1.100-2
[INFO] extracting crate discord-cli-rs 0.2.1 into /workspace/builds/worker-0-tc1/source
[INFO] started tweaking crates.io crate discord-cli-rs 0.2.1
[INFO] removed 0 missing tests
[INFO] finished tweaking crates.io crate discord-cli-rs 0.2.1
[INFO] tweaked toml for crates.io crate discord-cli-rs 0.2.1 written to /workspace/builds/worker-0-tc1/source/Cargo.toml
[INFO] validating manifest of crates.io crate discord-cli-rs 0.2.1 on toolchain 1.99.0-beta.8
[INFO] running `Command { std: CARGO_HOME="/workspace/cargo-home" RUSTUP_HOME="/workspace/rustup-home" "/workspace/cargo-home/bin/cargo" "+1.99.0-beta.8" "metadata" "--manifest-path" "Cargo.toml" "--no-deps", kill_on_drop: false }`
[INFO] crate crates.io crate discord-cli-rs 0.2.1 already has a lockfile, it will not be regenerated
[INFO] running `Command { std: CARGO_HOME="/workspace/cargo-home" RUSTUP_HOME="/workspace/rustup-home" "/workspace/cargo-home/bin/cargo" "+1.99.0-beta.8" "fetch" "--manifest-path" "Cargo.toml", kill_on_drop: false }`
[INFO] [stderr]     Updating crates.io index
[INFO] [stderr]  Downloading crates ...
[INFO] [stderr]   Downloaded windows-strings v0.1.0
[INFO] [stderr]   Downloaded windows-interface v0.58.0
[INFO] [stderr]   Downloaded windows-result v0.2.0
[INFO] [stderr]   Downloaded windows-core v0.58.0
[INFO] [stderr]   Downloaded wasm-bindgen-futures v0.4.70
[INFO] [stderr]   Downloaded compression-core v0.4.32
[INFO] [stderr]   Downloaded compression-codecs v0.4.38
[INFO] [stderr]   Downloaded windows-implement v0.58.0
[INFO] [stderr]   Downloaded async-compression v0.4.42
[INFO] [stderr]   Downloaded data-encoding v2.11.0
[INFO] [stderr]   Downloaded tokio-tungstenite v0.21.0
[INFO] [stderr]   Downloaded tokio-rustls v0.25.0
[INFO] [stderr]   Downloaded tungstenite v0.21.0
[INFO] [stderr]   Downloaded discord-user-rs v0.2.1
[INFO] [stderr]   Downloaded ghash v0.5.1
[INFO] [stderr]   Downloaded polyval v0.6.2
[INFO] [stderr]   Downloaded rustls-webpki v0.102.8
[INFO] [stderr]   Downloaded ctr v0.9.2
[INFO] [stderr]   Downloaded aes-gcm v0.10.3
[INFO] [stderr]   Downloaded rustls v0.22.4
[INFO] [stderr]   Downloaded tokio v1.52.1
[INFO] [stderr]   Downloaded windows v0.58.0
[INFO] running `Command { std: "docker" "create" "-v" "/var/lib/crater-agent-workspace/builds/worker-0-tc1/source:/opt/rustwide/workdir:ro,Z" "-v" "/var/lib/crater-agent-workspace/builds/worker-0-tc1/target:/opt/rustwide/target:rw,Z" "-v" "/var/lib/crater-agent-workspace/cargo-home:/opt/rustwide/cargo-home:ro,Z" "-v" "/var/lib/crater-agent-workspace/rustup-home:/opt/rustwide/rustup-home:ro,Z" "-m" "1610612736" "--network" "none" "ghcr.io/rust-lang/crates-build-env/linux@sha256:77db811e55d90add9212f6832c23229e3de5f1c1f9905e8cb07319ea15df73ac" "sleep" "infinity", kill_on_drop: false }`
[INFO] [stdout] 88ded2b9b9a4a61e8b5d746ead28cfa71b4e8b538ef1a27bda8ae80685ad6a30
[INFO] running `Command { std: "docker" "start" "88ded2b9b9a4a61e8b5d746ead28cfa71b4e8b538ef1a27bda8ae80685ad6a30", kill_on_drop: false }`
[INFO] running `Command { std: "docker" "inspect" "88ded2b9b9a4a61e8b5d746ead28cfa71b4e8b538ef1a27bda8ae80685ad6a30", kill_on_drop: false }`
[INFO] running `Command { std: "docker" "exec" "-e" "SOURCE_DIR=/opt/rustwide/workdir" "-e" "CARGO_HOME=/opt/rustwide/cargo-home" "-e" "RUSTUP_HOME=/opt/rustwide/rustup-home" "-e" "CARGO_TARGET_DIR=/opt/rustwide/target" "-w" "/opt/rustwide/workdir" "--user" "0:0" "88ded2b9b9a4a61e8b5d746ead28cfa71b4e8b538ef1a27bda8ae80685ad6a30" "/opt/rustwide/cargo-home/bin/cargo" "+1.99.0-beta.8" "metadata" "--no-deps" "--format-version=1", kill_on_drop: false }`
[INFO] running `Command { std: "docker" "inspect" "88ded2b9b9a4a61e8b5d746ead28cfa71b4e8b538ef1a27bda8ae80685ad6a30", kill_on_drop: false }`
[INFO] running `Command { std: "docker" "exec" "-e" "SOURCE_DIR=/opt/rustwide/workdir" "-e" "CARGO_HOME=/opt/rustwide/cargo-home" "-e" "RUSTUP_HOME=/opt/rustwide/rustup-home" "-e" "CARGO_TARGET_DIR=/opt/rustwide/target" "-e" "CARGO_INCREMENTAL=0" "-e" "RUST_BACKTRACE=full" "-e" "RUSTFLAGS=--cap-lints=warn" "-e" "RUSTDOCFLAGS=--cap-lints=warn" "-w" "/opt/rustwide/workdir" "--user" "0:0" "88ded2b9b9a4a61e8b5d746ead28cfa71b4e8b538ef1a27bda8ae80685ad6a30" "/opt/rustwide/cargo-home/bin/cargo" "+1.99.0-beta.8" "build" "--frozen" "--message-format=json" "--release", kill_on_drop: false }`
[INFO] [stderr]    Compiling cc v1.2.61
[INFO] [stderr]    Compiling syn v2.0.117
[INFO] [stderr]    Compiling typenum v1.20.0
[INFO] [stderr]    Compiling zerocopy v0.8.48
[INFO] [stderr]    Compiling mio v1.2.0
[INFO] [stderr]    Compiling socket2 v0.6.3
[INFO] [stderr]    Compiling memchr v2.8.0
[INFO] [stderr]    Compiling http v1.4.0
[INFO] [stderr]    Compiling futures-io v0.3.32
[INFO] [stderr]    Compiling slab v0.4.12
[INFO] [stderr]    Compiling generic-array v0.14.7
[INFO] [stderr]    Compiling futures-task v0.3.32
[INFO] [stderr]    Compiling bitflags v2.11.1
[INFO] [stderr]    Compiling log v0.4.29
[INFO] [stderr]    Compiling ring v0.17.14
[INFO] [stderr]    Compiling cpufeatures v0.2.17
[INFO] [stderr]    Compiling http-body v1.0.1
[INFO] [stderr]    Compiling tracing-core v0.1.36
[INFO] [stderr]    Compiling ahash v0.8.12
[INFO] [stderr]    Compiling rustls v0.22.4
[INFO] [stderr]    Compiling rustls v0.23.40
[INFO] [stderr]    Compiling unicase v2.9.0
[INFO] [stderr]    Compiling compression-core v0.4.32
[INFO] [stderr]    Compiling crypto-common v0.1.7
[INFO] [stderr]    Compiling block-buffer v0.10.4
[INFO] [stderr]    Compiling rustix v1.1.4
[INFO] [stderr]    Compiling mime_guess v2.0.5
[INFO] [stderr]    Compiling digest v0.10.7
[INFO] [stderr]    Compiling compression-codecs v0.4.38
[INFO] [stderr]    Compiling inout v0.1.4
[INFO] [stderr]    Compiling utf8parse v0.2.2
[INFO] [stderr]    Compiling anstyle-parse v1.0.0
[INFO] [stderr]    Compiling libsqlite3-sys v0.30.1
[INFO] [stderr]    Compiling cipher v0.4.4
[INFO] [stderr]    Compiling sha1 v0.10.6
[INFO] [stderr]    Compiling universal-hash v0.5.1
[INFO] [stderr]    Compiling http-body-util v0.1.3
[INFO] [stderr]    Compiling rustls-pemfile v2.2.0
[INFO] [stderr]    Compiling webpki-roots v1.0.7
[INFO] [stderr]    Compiling byteorder v1.5.0
[INFO] [stderr]    Compiling anstyle-query v1.1.5
[INFO] [stderr]    Compiling utf-8 v0.7.6
[INFO] [stderr]    Compiling litrs v1.0.0
[INFO] [stderr]    Compiling is_terminal_polyfill v1.70.2
[INFO] [stderr]    Compiling colorchoice v1.0.5
[INFO] [stderr]    Compiling iri-string v0.7.12
[INFO] [stderr]    Compiling data-encoding v2.11.0
[INFO] [stderr]    Compiling opaque-debug v0.3.1
[INFO] [stderr]    Compiling openssl-probe v0.1.6
[INFO] [stderr]    Compiling document-features v0.2.12
[INFO] [stderr]    Compiling rustls-native-certs v0.7.3
[INFO] [stderr]    Compiling anstream v1.0.0
[INFO] [stderr]    Compiling synstructure v0.13.2
[INFO] [stderr]    Compiling polyval v0.6.2
[INFO] [stderr]    Compiling regex-automata v0.4.14
[INFO] [stderr]    Compiling ppv-lite86 v0.2.21
[INFO] [stderr]    Compiling hashbrown v0.14.5
[INFO] [stderr]    Compiling rand_chacha v0.3.1
[INFO] [stderr]    Compiling rand v0.8.6
[INFO] [stderr]    Compiling zerofrom-derive v0.1.7
[INFO] [stderr]    Compiling yoke-derive v0.8.2
[INFO] [stderr]    Compiling zerovec-derive v0.11.3
[INFO] [stderr]    Compiling displaydoc v0.2.5
[INFO] [stderr]    Compiling tokio-macros v2.7.0
[INFO] [stderr]    Compiling futures-macro v0.3.32
[INFO] [stderr]    Compiling tracing-attributes v0.1.31
[INFO] [stderr]    Compiling serde_derive v1.0.228
[INFO] [stderr]    Compiling zerofrom v0.1.7
[INFO] [stderr]    Compiling yoke v0.8.2
[INFO] [stderr]    Compiling thiserror-impl v1.0.69
[INFO] [stderr]    Compiling tokio v1.52.1
[INFO] [stderr]    Compiling zerovec v0.11.6
[INFO] [stderr]    Compiling zerotrie v0.2.4
[INFO] [stderr]    Compiling futures-util v0.3.32
[INFO] [stderr]    Compiling tracing v0.1.44
[INFO] [stderr]    Compiling tinystr v0.8.3
[INFO] [stderr]    Compiling icu_locale_core v2.2.0
[INFO] [stderr]    Compiling potential_utf v0.1.5
[INFO] [stderr]    Compiling thiserror v1.0.69
[INFO] [stderr]    Compiling icu_collections v2.2.0
[INFO] [stderr]    Compiling rand_chacha v0.9.0
[INFO] [stderr]    Compiling serde_json v1.0.149
[INFO] [stderr]    Compiling icu_provider v2.2.0
[INFO] [stderr]    Compiling icu_properties v2.2.0
[INFO] [stderr]    Compiling icu_normalizer v2.2.0
[INFO] [stderr]    Compiling serde v1.0.228
[INFO] [stderr]    Compiling futures-executor v0.3.32
[INFO] [stderr]    Compiling serde_urlencoded v0.7.1
[INFO] [stderr]    Compiling idna_adapter v1.2.2
[INFO] [stderr]    Compiling idna v1.1.0
[INFO] [stderr]    Compiling hashbrown v0.17.0
[INFO] [stderr]    Compiling strsim v0.11.1
[INFO] [stderr]    Compiling url v2.5.8
[INFO] [stderr]    Compiling hyper v1.9.0
[INFO] [stderr]    Compiling tokio-util v0.7.18
[INFO] [stderr]    Compiling rustls-webpki v0.102.8
[INFO] [stderr]    Compiling rustls-webpki v0.103.13
[INFO] [stderr]    Compiling hyper-util v0.1.20
[INFO] [stderr]    Compiling async-compression v0.4.42
[INFO] [stderr]    Compiling tower v0.5.3
[INFO] [stderr]    Compiling clap_derive v4.6.1
[INFO] [stderr]    Compiling tower-http v0.6.8
[INFO] [stderr]    Compiling indexmap v2.14.0
[INFO] [stderr]    Compiling clap_builder v4.6.0
[INFO] [stderr]    Compiling tokio-rustls v0.25.0
[INFO] [stderr]    Compiling tungstenite v0.21.0
[INFO] [stderr]    Compiling chrono v0.4.44
[INFO] [stderr]    Compiling dashmap v6.1.0
[INFO] [stderr]    Compiling tokio-tungstenite v0.21.0
[INFO] [stderr]    Compiling futures v0.3.32
[INFO] [stderr]    Compiling rand v0.9.4
[INFO] [stderr]    Compiling tokio-rustls v0.26.4
[INFO] [stderr]    Compiling hyper-rustls v0.27.9
[INFO] [stderr]    Compiling reqwest v0.12.28
[INFO] [stderr]    Compiling matchers v0.2.0
[INFO] [stderr]    Compiling hashlink v0.9.1
[INFO] [stderr]    Compiling serde_repr v0.1.20
[INFO] [stderr]    Compiling ghash v0.5.1
[INFO] [stderr]    Compiling crossterm v0.29.0
[INFO] [stderr]    Compiling sharded-slab v0.1.7
[INFO] [stderr]    Compiling ctr v0.9.2
[INFO] [stderr]    Compiling aes v0.8.4
[INFO] [stderr]    Compiling uuid v1.23.1
[INFO] [stderr]    Compiling tracing-log v0.2.0
[INFO] [stderr]    Compiling aead v0.5.2
[INFO] [stderr]    Compiling thread_local v1.1.9
[INFO] [stderr]    Compiling unsafe-libyaml v0.2.11
[INFO] [stderr]    Compiling fallible-iterator v0.3.0
[INFO] [stderr]    Compiling unicode-segmentation v1.13.2
[INFO] [stderr]    Compiling nu-ansi-term v0.50.3
[INFO] [stderr]    Compiling urlencoding v2.1.3
[INFO] [stderr]    Compiling fallible-streaming-iterator v0.1.9
[INFO] [stderr]    Compiling discord-user-rs v0.2.1
[INFO] [stderr]    Compiling serde_yaml v0.9.34+deprecated
[INFO] [stdout] error[E0433]: cannot find `Builder` in `task`
[INFO] [stdout]    --> /opt/rustwide/cargo-home/registry/src/index.crates.io-1949cf8c6b5b557f/discord-user-rs-0.2.1/src/events.rs:210:38
[INFO] [stdout]     |
[INFO] [stdout] 210 |                 let _ = tokio::task::Builder::new().name(&task_name).spawn(async move {
[INFO] [stdout]     |                                      ^^^^^^^ could not find `Builder` in `task`
[INFO] [stdout]     |
[INFO] [stdout] note: found an item that was configured out
[INFO] [stdout]    --> /opt/rustwide/cargo-home/registry/src/index.crates.io-1949cf8c6b5b557f/tokio-1.52.1/src/task/mod.rs:324:26
[INFO] [stdout]     |
[INFO] [stdout] 324 |         pub use builder::Builder;
[INFO] [stdout]     |                          ^^^^^^^
[INFO] [stdout]     |
[INFO] [stdout]    ::: /opt/rustwide/cargo-home/registry/src/index.crates.io-1949cf8c6b5b557f/tokio-1.52.1/src/macros/cfg.rs:582:23
[INFO] [stdout]     |
[INFO] [stdout] 582 |             #[cfg(all(tokio_unstable, feature = "tracing"))]
[INFO] [stdout]     |                       -------------- the item is gated here
[INFO] [stdout] help: consider importing this struct
[INFO] [stdout]     |
[INFO] [stdout]   3 + use std::thread::Builder;
[INFO] [stdout]     |
[INFO] [stdout] help: if you import `Builder`, refer to it directly
[INFO] [stdout]     |
[INFO] [stdout] 210 -                 let _ = tokio::task::Builder::new().name(&task_name).spawn(async move {
[INFO] [stdout] 210 +                 let _ = Builder::new().name(&task_name).spawn(async move {
[INFO] [stdout]     |
[INFO] [stdout] 
[INFO] [stdout] 
[INFO] [stdout] error[E0433]: cannot find `Builder` in `task`
[INFO] [stdout]    --> /opt/rustwide/cargo-home/registry/src/index.crates.io-1949cf8c6b5b557f/discord-user-rs-0.2.1/src/events.rs:220:34
[INFO] [stdout]     |
[INFO] [stdout] 220 |             let _ = tokio::task::Builder::new().name("dispatch::event_handler::any").spawn(async move {
[INFO] [stdout]     |                                  ^^^^^^^ could not find `Builder` in `task`
[INFO] [stdout]     |
[INFO] [stdout] note: found an item that was configured out
[INFO] [stdout]    --> /opt/rustwide/cargo-home/registry/src/index.crates.io-1949cf8c6b5b557f/tokio-1.52.1/src/task/mod.rs:324:26
[INFO] [stdout]     |
[INFO] [stdout] 324 |         pub use builder::Builder;
[INFO] [stdout]     |                          ^^^^^^^
[INFO] [stdout]     |
[INFO] [stdout]    ::: /opt/rustwide/cargo-home/registry/src/index.crates.io-1949cf8c6b5b557f/tokio-1.52.1/src/macros/cfg.rs:582:23
[INFO] [stdout]     |
[INFO] [stdout] 582 |             #[cfg(all(tokio_unstable, feature = "tracing"))]
[INFO] [stdout]     |                       -------------- the item is gated here
[INFO] [stdout] help: consider importing this struct
[INFO] [stdout]     |
[INFO] [stdout]   3 + use std::thread::Builder;
[INFO] [stdout]     |
[INFO] [stdout] help: if you import `Builder`, refer to it directly
[INFO] [stdout]     |
[INFO] [stdout] 220 -             let _ = tokio::task::Builder::new().name("dispatch::event_handler::any").spawn(async move {
[INFO] [stdout] 220 +             let _ = Builder::new().name("dispatch::event_handler::any").spawn(async move {
[INFO] [stdout]     |
[INFO] [stdout] 
[INFO] [stdout] 
[INFO] [stdout] error[E0433]: cannot find `Builder` in `task`
[INFO] [stdout]    --> /opt/rustwide/cargo-home/registry/src/index.crates.io-1949cf8c6b5b557f/discord-user-rs-0.2.1/src/events.rs:230:38
[INFO] [stdout]     |
[INFO] [stdout] 230 |                 let _ = tokio::task::Builder::new().name("dispatch::event_handler::unhandled").spawn(async move {
[INFO] [stdout]     |                                      ^^^^^^^ could not find `Builder` in `task`
[INFO] [stdout]     |
[INFO] [stdout] note: found an item that was configured out
[INFO] [stdout]    --> /opt/rustwide/cargo-home/registry/src/index.crates.io-1949cf8c6b5b557f/tokio-1.52.1/src/task/mod.rs:324:26
[INFO] [stdout]     |
[INFO] [stdout] 324 |         pub use builder::Builder;
[INFO] [stdout]     |                          ^^^^^^^
[INFO] [stdout]     |
[INFO] [stdout]    ::: /opt/rustwide/cargo-home/registry/src/index.crates.io-1949cf8c6b5b557f/tokio-1.52.1/src/macros/cfg.rs:582:23
[INFO] [stdout]     |
[INFO] [stdout] 582 |             #[cfg(all(tokio_unstable, feature = "tracing"))]
[INFO] [stdout]     |                       -------------- the item is gated here
[INFO] [stdout] help: consider importing this struct
[INFO] [stdout]     |
[INFO] [stdout]   3 + use std::thread::Builder;
[INFO] [stdout]     |
[INFO] [stdout] help: if you import `Builder`, refer to it directly
[INFO] [stdout]     |
[INFO] [stdout] 230 -                 let _ = tokio::task::Builder::new().name("dispatch::event_handler::unhandled").spawn(async move {
[INFO] [stdout] 230 +                 let _ = Builder::new().name("dispatch::event_handler::unhandled").spawn(async move {
[INFO] [stdout]     |
[INFO] [stdout] 
[INFO] [stdout] 
[INFO] [stderr]    Compiling tracing-subscriber v0.3.23
[INFO] [stderr]    Compiling comfy-table v7.2.2
[INFO] [stderr]    Compiling tempfile v3.27.0
[INFO] [stderr]    Compiling aes-gcm v0.10.3
[INFO] [stderr]    Compiling clap v4.6.1
[INFO] [stderr]    Compiling colored v2.2.0
[INFO] [stderr]    Compiling secrecy v0.10.3
[INFO] [stdout] For more information about this error, try `rustc --explain E0433`.
[INFO] [stdout] 
[INFO] [stderr] error: could not compile `discord-user-rs` (lib) due to 3 previous errors
[INFO] [stderr] warning: build failed, waiting for other jobs to finish...
[INFO] running `Command { std: "docker" "inspect" "88ded2b9b9a4a61e8b5d746ead28cfa71b4e8b538ef1a27bda8ae80685ad6a30", kill_on_drop: false }`
[INFO] running `Command { std: "docker" "rm" "-f" "88ded2b9b9a4a61e8b5d746ead28cfa71b4e8b538ef1a27bda8ae80685ad6a30", kill_on_drop: false }`
[INFO] [stdout] 88ded2b9b9a4a61e8b5d746ead28cfa71b4e8b538ef1a27bda8ae80685ad6a30
