[INFO] fetching crate dirt_measure_plane 0.1.4...
[INFO] testing dirt_measure_plane-0.1.4 against 1.99.0-beta.8+cargoflags=--release for beta-release-1.100-2
[INFO] extracting crate dirt_measure_plane 0.1.4 into /workspace/builds/worker-1-tc1/source
[INFO] started tweaking crates.io crate dirt_measure_plane 0.1.4
[INFO] finished tweaking crates.io crate dirt_measure_plane 0.1.4
[INFO] tweaked toml for crates.io crate dirt_measure_plane 0.1.4 written to /workspace/builds/worker-1-tc1/source/Cargo.toml
[INFO] validating manifest of crates.io crate dirt_measure_plane 0.1.4 on toolchain 1.99.0-beta.8
[INFO] running `Command { std: CARGO_HOME="/workspace/cargo-home" RUSTUP_HOME="/workspace/rustup-home" "/workspace/cargo-home/bin/cargo" "+1.99.0-beta.8" "metadata" "--manifest-path" "Cargo.toml" "--no-deps", kill_on_drop: false }`
[INFO] crate crates.io crate dirt_measure_plane 0.1.4 already has a lockfile, it will not be regenerated
[INFO] running `Command { std: CARGO_HOME="/workspace/cargo-home" RUSTUP_HOME="/workspace/rustup-home" "/workspace/cargo-home/bin/cargo" "+1.99.0-beta.8" "fetch" "--manifest-path" "Cargo.toml", kill_on_drop: false }`
[INFO] [stderr]     Updating crates.io index
[INFO] [stderr]  Downloading crates ...
[INFO] [stderr]   Downloaded grass_derive v0.1.1
[INFO] [stderr]   Downloaded soil_print v0.1.4
[INFO] [stderr]   Downloaded soil_core v0.1.4
[INFO] [stderr]   Downloaded dirt_schedule v0.1.4
[INFO] [stderr]   Downloaded grass_app v0.1.1
[INFO] [stderr]   Downloaded grass_mpi v0.1.1
[INFO] [stderr]   Downloaded grass_io v0.1.1
[INFO] [stderr]   Downloaded grass_scheduler v0.1.1
[INFO] [stderr]   Downloaded grass_multi v0.1.1
[INFO] running `Command { std: "docker" "create" "-v" "/var/lib/crater-agent-workspace/builds/worker-1-tc1/source:/opt/rustwide/workdir:ro,Z" "-v" "/var/lib/crater-agent-workspace/builds/worker-1-tc1/target:/opt/rustwide/target:rw,Z" "-v" "/var/lib/crater-agent-workspace/cargo-home:/opt/rustwide/cargo-home:ro,Z" "-v" "/var/lib/crater-agent-workspace/rustup-home:/opt/rustwide/rustup-home:ro,Z" "-m" "1610612736" "--network" "none" "ghcr.io/rust-lang/crates-build-env/linux@sha256:77db811e55d90add9212f6832c23229e3de5f1c1f9905e8cb07319ea15df73ac" "sleep" "infinity", kill_on_drop: false }`
[INFO] [stdout] a67a685358bb61f2c460f56a0b5c8bd275f8f2c6f3b9da67704ee933de8fcf84
[INFO] running `Command { std: "docker" "start" "a67a685358bb61f2c460f56a0b5c8bd275f8f2c6f3b9da67704ee933de8fcf84", kill_on_drop: false }`
[INFO] running `Command { std: "docker" "inspect" "a67a685358bb61f2c460f56a0b5c8bd275f8f2c6f3b9da67704ee933de8fcf84", kill_on_drop: false }`
[INFO] running `Command { std: "docker" "exec" "-e" "SOURCE_DIR=/opt/rustwide/workdir" "-e" "CARGO_HOME=/opt/rustwide/cargo-home" "-e" "RUSTUP_HOME=/opt/rustwide/rustup-home" "-e" "CARGO_TARGET_DIR=/opt/rustwide/target" "-w" "/opt/rustwide/workdir" "--user" "0:0" "a67a685358bb61f2c460f56a0b5c8bd275f8f2c6f3b9da67704ee933de8fcf84" "/opt/rustwide/cargo-home/bin/cargo" "+1.99.0-beta.8" "metadata" "--no-deps" "--format-version=1", kill_on_drop: false }`
[INFO] running `Command { std: "docker" "inspect" "a67a685358bb61f2c460f56a0b5c8bd275f8f2c6f3b9da67704ee933de8fcf84", kill_on_drop: false }`
[INFO] running `Command { std: "docker" "exec" "-e" "SOURCE_DIR=/opt/rustwide/workdir" "-e" "CARGO_HOME=/opt/rustwide/cargo-home" "-e" "RUSTUP_HOME=/opt/rustwide/rustup-home" "-e" "CARGO_TARGET_DIR=/opt/rustwide/target" "-e" "CARGO_INCREMENTAL=0" "-e" "RUST_BACKTRACE=full" "-e" "RUSTFLAGS=--cap-lints=warn" "-e" "RUSTDOCFLAGS=--cap-lints=warn" "-w" "/opt/rustwide/workdir" "--user" "0:0" "a67a685358bb61f2c460f56a0b5c8bd275f8f2c6f3b9da67704ee933de8fcf84" "/opt/rustwide/cargo-home/bin/cargo" "+1.99.0-beta.8" "build" "--frozen" "--message-format=json" "--release", kill_on_drop: false }`
[INFO] [stderr]    Compiling proc-macro2 v1.0.106
[INFO] [stderr]    Compiling zerocopy v0.8.52
[INFO] [stderr]    Compiling winnow v0.7.15
[INFO] [stderr]    Compiling toml_write v0.1.2
[INFO] [stderr]    Compiling downcast-rs v1.2.1
[INFO] [stderr]    Compiling indexmap v2.14.0
[INFO] [stderr]    Compiling memchr v2.8.2
[INFO] [stderr]    Compiling getrandom v0.3.4
[INFO] [stderr]    Compiling rand_core v0.9.5
[INFO] [stderr]    Compiling serde_json v1.0.150
[INFO] [stderr]    Compiling quote v1.0.46
[INFO] [stderr]    Compiling syn v2.0.118
[INFO] [stderr]    Compiling serde_derive v1.0.228
[INFO] [stderr]    Compiling grass_derive v0.1.1
[INFO] [stderr]    Compiling grass_scheduler v0.1.1
[INFO] [stderr]    Compiling ppv-lite86 v0.2.21
[INFO] [stderr]    Compiling rand_chacha v0.9.0
[INFO] [stderr]    Compiling rand v0.9.4
[INFO] [stderr]    Compiling grass_app v0.1.1
[INFO] [stderr]    Compiling dirt_schedule v0.1.4
[INFO] [stderr]    Compiling serde v1.0.228
[INFO] [stderr]    Compiling toml_datetime v0.6.11
[INFO] [stderr]    Compiling serde_spanned v0.6.9
[INFO] [stderr]    Compiling grass_mpi v0.1.1
[INFO] [stderr]    Compiling bincode v1.3.3
[INFO] [stderr]    Compiling toml_edit v0.22.27
[INFO] [stderr]    Compiling toml v0.8.23
[INFO] [stderr]    Compiling grass_multi v0.1.1
[INFO] [stderr]    Compiling grass_io v0.1.1
[INFO] [stderr]    Compiling soil_core v0.1.4
[INFO] [stdout] error: one of the `precision-double`, `precision-mixed`, `precision-single` features must be enabled (the default feature set enables `precision-mixed`)
[INFO] [stdout]   --> /opt/rustwide/cargo-home/registry/src/index.crates.io-1949cf8c6b5b557f/soil_core-0.1.4/src/precision.rs:47:1
[INFO] [stdout]    |
[INFO] [stdout] 47 | / compile_error!(
[INFO] [stdout] 48 | |     "one of the `precision-double`, `precision-mixed`, `precision-single` features \
[INFO] [stdout] 49 | |      must be enabled (the default feature set enables `precision-mixed`)"
[INFO] [stdout] 50 | | );
[INFO] [stdout]    | |_^
[INFO] [stdout] 
[INFO] [stdout] 
[INFO] [stdout] error[E0432]: unresolved imports `crate::Accum`, `crate::Real`
[INFO] [stdout]   --> /opt/rustwide/cargo-home/registry/src/index.crates.io-1949cf8c6b5b557f/soil_core-0.1.4/src/atom.rs:62:13
[INFO] [stdout]    |
[INFO] [stdout] 62 | use crate::{Accum, CommState, ParticleSimScheduleSet, Real};
[INFO] [stdout]    |             ^^^^^ no `Accum` in the root              ^^^^ no `Real` in the root
[INFO] [stdout]    |
[INFO] [stdout] help: a similar name exists in the module
[INFO] [stdout]    |
[INFO] [stdout] 62 - use crate::{Accum, CommState, ParticleSimScheduleSet, Real};
[INFO] [stdout] 62 + use crate::{Accum, CommState, ParticleSimScheduleSet, Read};
[INFO] [stdout]    |
[INFO] [stdout] 
[INFO] [stdout] 
[INFO] [stdout] error[E0432]: unresolved imports `crate::Accum`, `crate::Real`
[INFO] [stdout]   --> /opt/rustwide/cargo-home/registry/src/index.crates.io-1949cf8c6b5b557f/soil_core-0.1.4/src/comm.rs:27:38
[INFO] [stdout]    |
[INFO] [stdout] 27 |     debug_assert_particle_invariant, Accum, Atom, AtomDataRegistry, CommState, Config, Domain,
[INFO] [stdout]    |                                      ^^^^^ no `Accum` in the root
[INFO] [stdout] 28 |     Neighbor, ParticleSimScheduleSet, ParticleStore, Real, ScheduleSetupSet,
[INFO] [stdout]    |                                                      ^^^^ no `Real` in the root
[INFO] [stdout]    |
[INFO] [stdout] help: a similar name exists in the module
[INFO] [stdout]    |
[INFO] [stdout] 28 -     Neighbor, ParticleSimScheduleSet, ParticleStore, Real, ScheduleSetupSet,
[INFO] [stdout] 28 +     Neighbor, ParticleSimScheduleSet, ParticleStore, Read, ScheduleSetupSet,
[INFO] [stdout]    |
[INFO] [stdout] 
[INFO] [stdout] 
[INFO] [stdout] error[E0432]: unresolved import `crate::Real`
[INFO] [stdout]   --> /opt/rustwide/cargo-home/registry/src/index.crates.io-1949cf8c6b5b557f/soil_core-0.1.4/src/domain.rs:17:5
[INFO] [stdout]    |
[INFO] [stdout] 17 |     Real, ScheduleSetupSet,
[INFO] [stdout]    |     ^^^^ no `Real` in the root
[INFO] [stdout]    |
[INFO] [stdout] help: a similar name exists in the module
[INFO] [stdout]    |
[INFO] [stdout] 17 -     Real, ScheduleSetupSet,
[INFO] [stdout] 17 +     Read, ScheduleSetupSet,
[INFO] [stdout]    |
[INFO] [stdout] 
[INFO] [stdout] 
[INFO] [stdout] For more information about this error, try `rustc --explain E0432`.
[INFO] [stdout] 
[INFO] [stderr] error: could not compile `soil_core` (lib) due to 4 previous errors
[INFO] running `Command { std: "docker" "inspect" "a67a685358bb61f2c460f56a0b5c8bd275f8f2c6f3b9da67704ee933de8fcf84", kill_on_drop: false }`
[INFO] running `Command { std: "docker" "rm" "-f" "a67a685358bb61f2c460f56a0b5c8bd275f8f2c6f3b9da67704ee933de8fcf84", kill_on_drop: false }`
[INFO] [stdout] a67a685358bb61f2c460f56a0b5c8bd275f8f2c6f3b9da67704ee933de8fcf84
