[INFO] fetching crate dir_tools 0.3.0...
[INFO] testing dir_tools-0.3.0 against 1.100.0-beta.1+cargoflags=--release for beta-release-1.100-2
[INFO] extracting crate dir_tools 0.3.0 into /workspace/builds/worker-2-tc2/source
[INFO] started tweaking crates.io crate dir_tools 0.3.0
[INFO] finished tweaking crates.io crate dir_tools 0.3.0
[INFO] tweaked toml for crates.io crate dir_tools 0.3.0 written to /workspace/builds/worker-2-tc2/source/Cargo.toml
[INFO] validating manifest of crates.io crate dir_tools 0.3.0 on toolchain 1.100.0-beta.1
[INFO] running `Command { std: CARGO_HOME="/workspace/cargo-home" RUSTUP_HOME="/workspace/rustup-home" "/workspace/cargo-home/bin/cargo" "+1.100.0-beta.1" "metadata" "--manifest-path" "Cargo.toml" "--no-deps", kill_on_drop: false }`
[INFO] crate crates.io crate dir_tools 0.3.0 already has a lockfile, it will not be regenerated
[INFO] running `Command { std: CARGO_HOME="/workspace/cargo-home" RUSTUP_HOME="/workspace/rustup-home" "/workspace/cargo-home/bin/cargo" "+1.100.0-beta.1" "fetch" "--manifest-path" "Cargo.toml", kill_on_drop: false }`
[INFO] running `Command { std: "docker" "create" "-v" "/var/lib/crater-agent-workspace/builds/worker-2-tc2/source:/opt/rustwide/workdir:ro,Z" "-v" "/var/lib/crater-agent-workspace/builds/worker-2-tc2/target:/opt/rustwide/target:rw,Z" "-v" "/var/lib/crater-agent-workspace/cargo-home:/opt/rustwide/cargo-home:ro,Z" "-v" "/var/lib/crater-agent-workspace/rustup-home:/opt/rustwide/rustup-home:ro,Z" "-m" "1610612736" "--network" "none" "ghcr.io/rust-lang/crates-build-env/linux@sha256:77db811e55d90add9212f6832c23229e3de5f1c1f9905e8cb07319ea15df73ac" "sleep" "infinity", kill_on_drop: false }`
[INFO] [stdout] 8a5de08969420eb61b4f34acf7151bb226a45a07743d87cf8d3d8a113bb1657e
[INFO] running `Command { std: "docker" "start" "8a5de08969420eb61b4f34acf7151bb226a45a07743d87cf8d3d8a113bb1657e", kill_on_drop: false }`
[INFO] running `Command { std: "docker" "inspect" "8a5de08969420eb61b4f34acf7151bb226a45a07743d87cf8d3d8a113bb1657e", kill_on_drop: false }`
[INFO] running `Command { std: "docker" "exec" "-e" "SOURCE_DIR=/opt/rustwide/workdir" "-e" "CARGO_HOME=/opt/rustwide/cargo-home" "-e" "RUSTUP_HOME=/opt/rustwide/rustup-home" "-e" "CARGO_TARGET_DIR=/opt/rustwide/target" "-w" "/opt/rustwide/workdir" "--user" "0:0" "8a5de08969420eb61b4f34acf7151bb226a45a07743d87cf8d3d8a113bb1657e" "/opt/rustwide/cargo-home/bin/cargo" "+1.100.0-beta.1" "metadata" "--no-deps" "--format-version=1", kill_on_drop: false }`
[INFO] running `Command { std: "docker" "inspect" "8a5de08969420eb61b4f34acf7151bb226a45a07743d87cf8d3d8a113bb1657e", kill_on_drop: false }`
[INFO] running `Command { std: "docker" "exec" "-e" "SOURCE_DIR=/opt/rustwide/workdir" "-e" "CARGO_HOME=/opt/rustwide/cargo-home" "-e" "RUSTUP_HOME=/opt/rustwide/rustup-home" "-e" "CARGO_TARGET_DIR=/opt/rustwide/target" "-e" "CARGO_INCREMENTAL=0" "-e" "RUST_BACKTRACE=full" "-e" "RUSTFLAGS=--cap-lints=warn" "-e" "RUSTDOCFLAGS=--cap-lints=warn" "-w" "/opt/rustwide/workdir" "--user" "0:0" "8a5de08969420eb61b4f34acf7151bb226a45a07743d87cf8d3d8a113bb1657e" "/opt/rustwide/cargo-home/bin/cargo" "+1.100.0-beta.1" "build" "--frozen" "--message-format=json" "--release", kill_on_drop: false }`
[INFO] [stderr]    Compiling proc-macro2 v1.0.86
[INFO] [stderr]    Compiling libc v0.2.161
[INFO] [stderr]    Compiling smallvec v1.13.2
[INFO] [stderr]    Compiling crossbeam-utils v0.8.20
[INFO] [stderr]    Compiling parking_lot_core v0.9.10
[INFO] [stderr]    Compiling lock_api v0.4.12
[INFO] [stderr]    Compiling once_cell v1.20.2
[INFO] [stderr]    Compiling rustix v0.38.39
[INFO] [stderr]    Compiling colorchoice v1.0.2
[INFO] [stderr]    Compiling rayon-core v1.12.1
[INFO] [stderr]    Compiling bitflags v2.6.0
[INFO] [stderr]    Compiling anstyle-parse v0.2.5
[INFO] [stderr]    Compiling log v0.4.22
[INFO] [stderr]    Compiling anstyle-query v1.1.1
[INFO] [stderr]    Compiling anstyle v1.0.8
[INFO] [stderr]    Compiling linux-raw-sys v0.4.14
[INFO] [stderr]    Compiling is_terminal_polyfill v1.70.1
[INFO] [stderr]    Compiling portable-atomic v1.7.0
[INFO] [stderr]    Compiling unicode-width v0.1.13
[INFO] [stderr]    Compiling clap_lex v0.7.4
[INFO] [stderr]    Compiling winapi v0.3.9
[INFO] [stderr]    Compiling is-docker v0.2.0
[INFO] [stderr]    Compiling anstream v0.6.15
[INFO] [stderr]    Compiling percent-encoding v2.3.1
[INFO] [stderr]    Compiling regex-automata v0.4.8
[INFO] [stderr]    Compiling is-wsl v0.4.0
[INFO] [stderr]    Compiling either v1.13.0
[INFO] [stderr]    Compiling pathdiff v0.2.2
[INFO] [stderr]    Compiling unicode-width v0.2.0
[INFO] [stderr]    Compiling indenter v0.3.3
[INFO] [stderr]    Compiling form_urlencoded v1.2.1
[INFO] [stderr]    Compiling eyre v0.6.12
[INFO] [stderr]    Compiling clap_builder v4.5.31
[INFO] [stderr]    Compiling quote v1.0.36
[INFO] [stderr]    Compiling syn v2.0.75
[INFO] [stderr]    Compiling signal-hook-registry v1.4.2
[INFO] [stderr]    Compiling mio v1.0.2
[INFO] [stderr]    Compiling console v0.15.8
[INFO] [stderr]    Compiling open v5.3.2
[INFO] [stderr]    Compiling fs2 v0.4.3
[INFO] [stderr]    Compiling crossbeam-epoch v0.9.18
[INFO] [stderr]    Compiling parking_lot v0.12.3
[INFO] [stderr]    Compiling crossbeam-deque v0.8.5
[INFO] [stderr]    Compiling signal-hook v0.3.17
[INFO] [stderr]    Compiling terminal_size v0.3.0
[INFO] [stderr]    Compiling signal-hook-mio v0.2.4
[INFO] [stderr]    Compiling crossterm v0.28.1
[INFO] [stderr]    Compiling indicatif v0.17.11
[INFO] [stderr]    Compiling rayon v1.10.0
[INFO] [stderr]    Compiling regex v1.11.1
[INFO] [stderr]    Compiling synstructure v0.13.1
[INFO] [stderr]    Compiling zerovec-derive v0.10.3
[INFO] [stderr]    Compiling displaydoc v0.2.5
[INFO] [stderr]    Compiling icu_provider_macros v1.5.0
[INFO] [stderr]    Compiling clap_derive v4.5.28
[INFO] [stderr]    Compiling zerofrom-derive v0.1.4
[INFO] [stderr]    Compiling yoke-derive v0.7.4
[INFO] [stderr]    Compiling zerofrom v0.1.4
[INFO] [stderr]    Compiling yoke v0.7.4
[INFO] [stderr]    Compiling zerovec v0.10.4
[INFO] [stderr]    Compiling clap v4.5.31
[INFO] [stderr]    Compiling tinystr v0.7.6
[INFO] [stderr]    Compiling icu_collections v1.5.0
[INFO] [stderr]    Compiling icu_locid v1.5.0
[INFO] [stderr]    Compiling icu_provider v1.5.0
[INFO] [stderr]    Compiling icu_locid_transform v1.5.0
[INFO] [stderr]    Compiling icu_properties v1.5.1
[INFO] [stderr]    Compiling icu_normalizer v1.5.0
[INFO] [stderr]    Compiling idna_adapter v1.2.0
[INFO] [stderr]    Compiling idna v1.0.3
[INFO] [stderr]    Compiling url v2.5.4
[INFO] [stderr]    Compiling dir_tools v0.3.0 (/opt/rustwide/workdir)
[INFO] [stdout] error[E0432]: unresolved import `crossterm::ansi_support`
[INFO] [stdout]    --> src/file_ops/mod.rs:5:16
[INFO] [stdout]     |
[INFO] [stdout]   5 | use crossterm::ansi_support::supports_ansi;
[INFO] [stdout]     |                ^^^^^^^^^^^^ could not find `ansi_support` in `crossterm`
[INFO] [stdout]     |
[INFO] [stdout] note: found an item that was configured out
[INFO] [stdout]    --> /opt/rustwide/cargo-home/registry/src/index.crates.io-1949cf8c6b5b557f/crossterm-0.28.1/src/lib.rs:249:9
[INFO] [stdout]     |
[INFO] [stdout] 247 | #[cfg(windows)]
[INFO] [stdout]     |       ------- the item is gated here
[INFO] [stdout] 248 | /// A module that exposes one function to check if the current terminal supports ANSI sequences.
[INFO] [stdout] 249 | pub mod ansi_support;
[INFO] [stdout]     |         ^^^^^^^^^^^^
[INFO] [stdout] 
[INFO] [stdout] 
[INFO] [stdout] error[E0425]: cannot find value `PROGRESS_CHARS` in this scope
[INFO] [stdout]   --> src/file_ops/expose.rs:44:37
[INFO] [stdout]    |
[INFO] [stdout] 44 |                     .progress_chars(PROGRESS_CHARS),
[INFO] [stdout]    |                                     ^^^^^^^^^^^^^^ not found in this scope
[INFO] [stdout]    |
[INFO] [stdout] help: consider importing this constant
[INFO] [stdout]    |
[INFO] [stdout]  1 + use crate::PROGRESS_CHARS;
[INFO] [stdout]    |
[INFO] [stdout] 
[INFO] [stdout] 
[INFO] [stdout] error[E0433]: cannot find module or crate `thread` in this scope
[INFO] [stdout]   --> src/file_ops/expose.rs:50:35
[INFO] [stdout]    |
[INFO] [stdout] 50 |             let handle_pb_state = thread::spawn(move || {
[INFO] [stdout]    |                                   ^^^^^^ use of unresolved module or unlinked crate `thread`
[INFO] [stdout]    |
[INFO] [stdout]    = help: if you wanted to use a crate named `thread`, use `cargo add thread` to add it to your `Cargo.toml`
[INFO] [stdout] help: consider importing this module
[INFO] [stdout]    |
[INFO] [stdout]  1 + use std::thread;
[INFO] [stdout]    |
[INFO] [stdout] 
[INFO] [stdout] 
[INFO] [stdout] error[E0433]: cannot find module or crate `thread` in this scope
[INFO] [stdout]   --> src/file_ops/expose.rs:54:21
[INFO] [stdout]    |
[INFO] [stdout] 54 |                     thread::sleep(TICK_DURATION);
[INFO] [stdout]    |                     ^^^^^^ use of unresolved module or unlinked crate `thread`
[INFO] [stdout]    |
[INFO] [stdout]    = help: if you wanted to use a crate named `thread`, use `cargo add thread` to add it to your `Cargo.toml`
[INFO] [stdout] help: consider importing this module
[INFO] [stdout]    |
[INFO] [stdout]  1 + use std::thread;
[INFO] [stdout]    |
[INFO] [stdout] 
[INFO] [stdout] 
[INFO] [stdout] warning: unused imports: `AtomicUsize` and `Ordering`
[INFO] [stdout]  --> src/file_ops/expose.rs:5:25
[INFO] [stdout]   |
[INFO] [stdout] 5 | use std::sync::atomic::{AtomicUsize, Ordering};
[INFO] [stdout]   |                         ^^^^^^^^^^^  ^^^^^^^^
[INFO] [stdout]   |
[INFO] [stdout]   = note: `#[warn(unused_imports)]` (part of `#[warn(unused)]`) on by default
[INFO] [stdout] 
[INFO] [stdout] 
[INFO] [stdout] error[E0433]: cannot find type `ProgressBar` in this scope
[INFO] [stdout]   --> src/file_ops/expose.rs:32:42
[INFO] [stdout]    |
[INFO] [stdout] 32 |             let current_file_pb = mp.add(ProgressBar::new(0));
[INFO] [stdout]    |                                          ^^^^^^^^^^^ use of undeclared type `ProgressBar`
[INFO] [stdout] 
[INFO] [stdout] 
[INFO] [stdout] error[E0433]: cannot find type `ProgressStyle` in this scope
[INFO] [stdout]   --> src/file_ops/expose.rs:34:17
[INFO] [stdout]    |
[INFO] [stdout] 34 |                 ProgressStyle::default_spinner()
[INFO] [stdout]    |                 ^^^^^^^^^^^^^ use of undeclared type `ProgressStyle`
[INFO] [stdout] 
[INFO] [stdout] 
[INFO] [stdout] error[E0433]: cannot find type `ProgressStyle` in this scope
[INFO] [stdout]   --> src/file_ops/expose.rs:36:41
[INFO] [stdout]    |
[INFO] [stdout] 36 |                     .unwrap_or_else(|_| ProgressStyle::default_spinner()),
[INFO] [stdout]    |                                         ^^^^^^^^^^^^^ use of undeclared type `ProgressStyle`
[INFO] [stdout] 
[INFO] [stdout] 
[INFO] [stdout] error[E0433]: cannot find type `ProgressBar` in this scope
[INFO] [stdout]   --> src/file_ops/expose.rs:39:29
[INFO] [stdout]    |
[INFO] [stdout] 39 |             let pb = mp.add(ProgressBar::new(file_count));
[INFO] [stdout]    |                             ^^^^^^^^^^^ use of undeclared type `ProgressBar`
[INFO] [stdout] 
[INFO] [stdout] 
[INFO] [stdout] error[E0433]: cannot find type `ProgressStyle` in this scope
[INFO] [stdout]   --> src/file_ops/expose.rs:41:17
[INFO] [stdout]    |
[INFO] [stdout] 41 |                 ProgressStyle::default_bar()
[INFO] [stdout]    |                 ^^^^^^^^^^^^^ use of undeclared type `ProgressStyle`
[INFO] [stdout] 
[INFO] [stdout] 
[INFO] [stdout] error[E0433]: cannot find type `ProgressStyle` in this scope
[INFO] [stdout]   --> src/file_ops/expose.rs:43:41
[INFO] [stdout]    |
[INFO] [stdout] 43 |                     .unwrap_or_else(|_| ProgressStyle::default_bar())
[INFO] [stdout]    |                                         ^^^^^^^^^^^^^ use of undeclared type `ProgressStyle`
[INFO] [stdout] 
[INFO] [stdout] 
[INFO] [stdout] error[E0308]: mismatched types
[INFO] [stdout]   --> src/file_ops/expose.rs:58:33
[INFO] [stdout]    |
[INFO] [stdout] 58 |             rename_hidden_files(directory);
[INFO] [stdout]    |             ------------------- ^^^^^^^^^ expected `&str`, found `&Path`
[INFO] [stdout]    |             |
[INFO] [stdout]    |             arguments to this function are incorrect
[INFO] [stdout]    |
[INFO] [stdout]    = note: expected reference `&str`
[INFO] [stdout]               found reference `&Path`
[INFO] [stdout] note: function defined here
[INFO] [stdout]   --> src/platform/unix.rs:14:8
[INFO] [stdout]    |
[INFO] [stdout] 14 | pub fn rename_hidden_files(directory: &str) {
[INFO] [stdout]    |        ^^^^^^^^^^^^^^^^^^^ ---------------
[INFO] [stdout] 
[INFO] [stdout] 
[INFO] [stdout] error[E0308]: mismatched types
[INFO] [stdout]   --> src/file_ops/expose.rs:66:32
[INFO] [stdout]    |
[INFO] [stdout] 66 |             print_unix_warning(directory);
[INFO] [stdout]    |             ------------------ ^^^^^^^^^ expected `&str`, found `&Path`
[INFO] [stdout]    |             |
[INFO] [stdout]    |             arguments to this function are incorrect
[INFO] [stdout]    |
[INFO] [stdout]    = note: expected reference `&str`
[INFO] [stdout]               found reference `&Path`
[INFO] [stdout] note: function defined here
[INFO] [stdout]   --> src/platform/unix.rs:5:8
[INFO] [stdout]    |
[INFO] [stdout]  5 | pub fn print_unix_warning(directory: &str) {
[INFO] [stdout]    |        ^^^^^^^^^^^^^^^^^^ ---------------
[INFO] [stdout] 
[INFO] [stdout] 
[INFO] [stdout] warning: unused import: `rayon::prelude`
[INFO] [stdout]  --> src/file_ops/expose.rs:3:5
[INFO] [stdout]   |
[INFO] [stdout] 3 | use rayon::prelude::*;
[INFO] [stdout]   |     ^^^^^^^^^^^^^^
[INFO] [stdout] 
[INFO] [stdout] 
[INFO] [stdout] Some errors have detailed explanations: E0308, E0425, E0432, E0433.
[INFO] [stdout] 
[INFO] [stdout] For more information about an error, try `rustc --explain E0308`.
[INFO] [stdout] 
[INFO] [stderr] error: could not compile `dir_tools` (bin "dirt") due to 12 previous errors; 2 warnings emitted
[INFO] [stderr] warning: unused dependency `open`
[INFO] [stderr]   --> Cargo.toml:21:15
[INFO] [stderr]    |
[INFO] [stderr] 21 | [dependencies.open]
[INFO] [stderr]    |               ^^^^^
[INFO] [stderr]    |
[INFO] [stderr]    = note: `cargo::unused_dependencies` is set to `warn` by default
[INFO] [stderr] help: consider removing the dependency on `open`
[INFO] [stderr] warning: unused dependency `url`
[INFO] [stderr]   --> Cargo.toml:39:15
[INFO] [stderr]    |
[INFO] [stderr] 39 | [dependencies.url]
[INFO] [stderr]    |               ^^^^
[INFO] [stderr]    |
[INFO] [stderr] help: consider removing the dependency on `url`
[INFO] [stderr] warning: unused dependency `winapi`
[INFO] [stderr]   --> Cargo.toml:45:15
[INFO] [stderr]    |
[INFO] [stderr] 45 | [dependencies.winapi]
[INFO] [stderr]    |               ^^^^^^^
[INFO] [stderr]    |
[INFO] [stderr] help: consider removing the dependency on `winapi`
[INFO] [stderr] warning: `dir_tools` (manifest) generated 3 warnings
[INFO] running `Command { std: "docker" "inspect" "8a5de08969420eb61b4f34acf7151bb226a45a07743d87cf8d3d8a113bb1657e", kill_on_drop: false }`
[INFO] running `Command { std: "docker" "rm" "-f" "8a5de08969420eb61b4f34acf7151bb226a45a07743d87cf8d3d8a113bb1657e", kill_on_drop: false }`
[INFO] [stdout] 8a5de08969420eb61b4f34acf7151bb226a45a07743d87cf8d3d8a113bb1657e
