[INFO] fetching crate dioxus-stores 0.8.0-alpha.2...
[INFO] testing dioxus-stores-0.8.0-alpha.2 against 1.99.0-beta.8+cargoflags=--release for beta-release-1.100-2
[INFO] extracting crate dioxus-stores 0.8.0-alpha.2 into /workspace/builds/worker-2-tc1/source
[INFO] started tweaking crates.io crate dioxus-stores 0.8.0-alpha.2
[INFO] removed 0 missing tests
[INFO] finished tweaking crates.io crate dioxus-stores 0.8.0-alpha.2
[INFO] tweaked toml for crates.io crate dioxus-stores 0.8.0-alpha.2 written to /workspace/builds/worker-2-tc1/source/Cargo.toml
[INFO] validating manifest of crates.io crate dioxus-stores 0.8.0-alpha.2 on toolchain 1.99.0-beta.8
[INFO] running `Command { std: CARGO_HOME="/workspace/cargo-home" RUSTUP_HOME="/workspace/rustup-home" "/workspace/cargo-home/bin/cargo" "+1.99.0-beta.8" "metadata" "--manifest-path" "Cargo.toml" "--no-deps", kill_on_drop: false }`
[INFO] crate crates.io crate dioxus-stores 0.8.0-alpha.2 already has a lockfile, it will not be regenerated
[INFO] running `Command { std: CARGO_HOME="/workspace/cargo-home" RUSTUP_HOME="/workspace/rustup-home" "/workspace/cargo-home/bin/cargo" "+1.99.0-beta.8" "fetch" "--manifest-path" "Cargo.toml", kill_on_drop: false }`
[INFO] [stderr]     Updating crates.io index
[INFO] [stderr]  Downloading crates ...
[INFO] [stderr]   Downloaded dioxus-stores-macro v0.8.0-alpha.2
[INFO] running `Command { std: "docker" "create" "-v" "/var/lib/crater-agent-workspace/builds/worker-2-tc1/source:/opt/rustwide/workdir:ro,Z" "-v" "/var/lib/crater-agent-workspace/builds/worker-2-tc1/target:/opt/rustwide/target:rw,Z" "-v" "/var/lib/crater-agent-workspace/cargo-home:/opt/rustwide/cargo-home:ro,Z" "-v" "/var/lib/crater-agent-workspace/rustup-home:/opt/rustwide/rustup-home:ro,Z" "-m" "1610612736" "--network" "none" "ghcr.io/rust-lang/crates-build-env/linux@sha256:77db811e55d90add9212f6832c23229e3de5f1c1f9905e8cb07319ea15df73ac" "sleep" "infinity", kill_on_drop: false }`
[INFO] [stdout] b5e6fd5cc9705dc0f466242f407ba99c70e0fdbdeb1ffd828af481e8a2027620
[INFO] running `Command { std: "docker" "start" "b5e6fd5cc9705dc0f466242f407ba99c70e0fdbdeb1ffd828af481e8a2027620", kill_on_drop: false }`
[INFO] running `Command { std: "docker" "inspect" "b5e6fd5cc9705dc0f466242f407ba99c70e0fdbdeb1ffd828af481e8a2027620", kill_on_drop: false }`
[INFO] running `Command { std: "docker" "exec" "-e" "SOURCE_DIR=/opt/rustwide/workdir" "-e" "CARGO_HOME=/opt/rustwide/cargo-home" "-e" "RUSTUP_HOME=/opt/rustwide/rustup-home" "-e" "CARGO_TARGET_DIR=/opt/rustwide/target" "-w" "/opt/rustwide/workdir" "--user" "0:0" "b5e6fd5cc9705dc0f466242f407ba99c70e0fdbdeb1ffd828af481e8a2027620" "/opt/rustwide/cargo-home/bin/cargo" "+1.99.0-beta.8" "metadata" "--no-deps" "--format-version=1", kill_on_drop: false }`
[INFO] running `Command { std: "docker" "inspect" "b5e6fd5cc9705dc0f466242f407ba99c70e0fdbdeb1ffd828af481e8a2027620", kill_on_drop: false }`
[INFO] running `Command { std: "docker" "exec" "-e" "SOURCE_DIR=/opt/rustwide/workdir" "-e" "CARGO_HOME=/opt/rustwide/cargo-home" "-e" "RUSTUP_HOME=/opt/rustwide/rustup-home" "-e" "CARGO_TARGET_DIR=/opt/rustwide/target" "-e" "CARGO_INCREMENTAL=0" "-e" "RUST_BACKTRACE=full" "-e" "RUSTFLAGS=--cap-lints=warn" "-e" "RUSTDOCFLAGS=--cap-lints=warn" "-w" "/opt/rustwide/workdir" "--user" "0:0" "b5e6fd5cc9705dc0f466242f407ba99c70e0fdbdeb1ffd828af481e8a2027620" "/opt/rustwide/cargo-home/bin/cargo" "+1.99.0-beta.8" "build" "--frozen" "--message-format=json" "--release", kill_on_drop: false }`
[INFO] [stderr]    Compiling syn v2.0.117
[INFO] [stderr]    Compiling proc-macro2-diagnostics v0.10.1
[INFO] [stderr]    Compiling smallvec v1.16.3
[INFO] [stderr]    Compiling unicode-segmentation v1.13.2
[INFO] [stderr]    Compiling xxhash-rust v0.8.15
[INFO] [stderr]    Compiling dioxus-const-vec v0.8.0-alpha.2
[INFO] [stderr]    Compiling slotmap v1.1.1
[INFO] [stderr]    Compiling anyhow v1.0.102
[INFO] [stderr]    Compiling konst_macro_rules v0.2.19
[INFO] [stderr]    Compiling futures-core v0.3.32
[INFO] [stderr]    Compiling memmap2 v0.9.11
[INFO] [stderr]    Compiling const_format_proc_macros v0.2.34
[INFO] [stderr]    Compiling dioxus-core-types v0.8.0-alpha.2
[INFO] [stderr]    Compiling longest-increasing-subsequence v0.1.0
[INFO] [stderr]    Compiling dioxus-core-template v0.8.0-alpha.2
[INFO] [stderr]    Compiling futures-channel v0.3.32
[INFO] [stderr]    Compiling futures-util v0.3.32
[INFO] [stderr]    Compiling konst v0.2.20
[INFO] [stderr]    Compiling convert_case v0.8.0
[INFO] [stderr]    Compiling parking_lot_core v0.9.12
[INFO] [stderr]    Compiling parking_lot v0.12.5
[INFO] [stderr]    Compiling const_format v0.2.36
[INFO] [stderr]    Compiling dioxus-rsx v0.8.0-alpha.2
[INFO] [stderr]    Compiling serde_derive v1.0.228
[INFO] [stderr]    Compiling tracing-attributes v0.1.31
[INFO] [stderr]    Compiling thiserror-impl v2.0.18
[INFO] [stderr]    Compiling pin-project-internal v1.1.13
[INFO] [stderr]    Compiling warnings-macro v0.2.0
[INFO] [stderr]    Compiling dioxus-stores-macro v0.8.0-alpha.2
[INFO] [stderr]    Compiling dioxus-core-macro v0.8.0-alpha.2
[INFO] [stderr]    Compiling pin-project v1.1.13
[INFO] [stderr]    Compiling thiserror v2.0.18
[INFO] [stderr]    Compiling tracing v0.1.44
[INFO] [stderr]    Compiling generational-box v0.8.0-alpha.2
[INFO] [stderr]    Compiling warnings v0.2.1
[INFO] [stderr]    Compiling serde v1.0.228
[INFO] [stderr]    Compiling subsecond-types v0.8.0-alpha.2
[INFO] [stderr]    Compiling subsecond v0.8.0-alpha.2
[INFO] [stderr]    Compiling dioxus-core v0.8.0-alpha.2
[INFO] [stderr]    Compiling dioxus-signals v0.8.0-alpha.2
[INFO] [stderr]    Compiling dioxus-stores v0.8.0-alpha.2 (/opt/rustwide/workdir)
[INFO] [stderr]     Finished `release` profile [optimized] target(s) in 29.25s
[INFO] running `Command { std: "docker" "inspect" "b5e6fd5cc9705dc0f466242f407ba99c70e0fdbdeb1ffd828af481e8a2027620", kill_on_drop: false }`
[INFO] running `Command { std: "docker" "exec" "-e" "SOURCE_DIR=/opt/rustwide/workdir" "-e" "CARGO_HOME=/opt/rustwide/cargo-home" "-e" "RUSTUP_HOME=/opt/rustwide/rustup-home" "-e" "CARGO_TARGET_DIR=/opt/rustwide/target" "-e" "CARGO_INCREMENTAL=0" "-e" "RUST_BACKTRACE=full" "-e" "RUSTFLAGS=--cap-lints=warn" "-e" "RUSTDOCFLAGS=--cap-lints=warn" "-w" "/opt/rustwide/workdir" "--user" "0:0" "b5e6fd5cc9705dc0f466242f407ba99c70e0fdbdeb1ffd828af481e8a2027620" "/opt/rustwide/cargo-home/bin/cargo" "+1.99.0-beta.8" "test" "--frozen" "--no-run" "--message-format=json" "--release", kill_on_drop: false }`
[INFO] [stderr]    Compiling dioxus-stores v0.8.0-alpha.2 (/opt/rustwide/workdir)
[INFO] [stdout] error[E0433]: cannot find module or crate `dioxus` in this scope
[INFO] [stdout]  --> tests/coercions.rs:3:5
[INFO] [stdout]   |
[INFO] [stdout] 3 | use dioxus::prelude::*;
[INFO] [stdout]   |     ^^^^^^ use of unresolved module or unlinked crate `dioxus`
[INFO] [stdout]   |
[INFO] [stdout]   = help: if you wanted to use a crate named `dioxus`, use `cargo add dioxus` to add it to your `Cargo.toml`
[INFO] [stdout] 
[INFO] [stdout] 
[INFO] [stdout] error[E0433]: cannot find module or crate `dioxus` in this scope
[INFO] [stdout]  --> tests/vec_remove.rs:1:5
[INFO] [stdout]   |
[INFO] [stdout] 1 | use dioxus::prelude::*;
[INFO] [stdout]   |     ^^^^^^ use of unresolved module or unlinked crate `dioxus`
[INFO] [stdout]   |
[INFO] [stdout]   = help: if you wanted to use a crate named `dioxus`, use `cargo add dioxus` to add it to your `Cargo.toml`
[INFO] [stdout] 
[INFO] [stdout] 
[INFO] [stdout] error[E0433]: cannot find module or crate `trybuild` in this scope
[INFO] [stdout]   --> tests/cross_crate.rs:11:13
[INFO] [stdout]    |
[INFO] [stdout] 11 |     let t = trybuild::TestCases::new();
[INFO] [stdout]    |             ^^^^^^^^ use of unresolved module or unlinked crate `trybuild`
[INFO] [stdout]    |
[INFO] [stdout]    = help: if you wanted to use a crate named `trybuild`, use `cargo add trybuild` to add it to your `Cargo.toml`
[INFO] [stdout] 
[INFO] [stdout] 
[INFO] [stdout] error[E0433]: cannot find module or crate `trybuild` in this scope
[INFO] [stdout]  --> tests/store_impl_ui.rs:3:13
[INFO] [stdout]   |
[INFO] [stdout] 3 |     let t = trybuild::TestCases::new();
[INFO] [stdout]   |             ^^^^^^^^ use of unresolved module or unlinked crate `trybuild`
[INFO] [stdout]   |
[INFO] [stdout]   = help: if you wanted to use a crate named `trybuild`, use `cargo add trybuild` to add it to your `Cargo.toml`
[INFO] [stdout] 
[INFO] [stdout] 
[INFO] [stdout] error: cannot find macro `rsx` in this scope
[INFO] [stdout]   --> tests/vec_remove.rs:32:9
[INFO] [stdout]    |
[INFO] [stdout] 32 |         rsx! {
[INFO] [stdout]    |         ^^^
[INFO] [stdout] 
[INFO] [stdout] 
[INFO] [stdout] error: cannot find attribute `component` in this scope
[INFO] [stdout]   --> tests/vec_remove.rs:41:7
[INFO] [stdout]    |
[INFO] [stdout] 41 |     #[component]
[INFO] [stdout]    |       ^^^^^^^^^
[INFO] [stdout] 
[INFO] [stdout] 
[INFO] [stdout] error: cannot find macro `rsx` in this scope
[INFO] [stdout]   --> tests/coercions.rs:18:5
[INFO] [stdout]    |
[INFO] [stdout] 18 |     rsx! {
[INFO] [stdout]    |     ^^^
[INFO] [stdout] 
[INFO] [stdout] 
[INFO] [stdout] error: cannot find macro `rsx` in this scope
[INFO] [stdout]   --> tests/vec_remove.rs:43:9
[INFO] [stdout]    |
[INFO] [stdout] 43 |         rsx! {
[INFO] [stdout]    |         ^^^
[INFO] [stdout] 
[INFO] [stdout] 
[INFO] [stdout] error: cannot find attribute `component` in this scope
[INFO] [stdout]   --> tests/coercions.rs:34:3
[INFO] [stdout]    |
[INFO] [stdout] 34 | #[component]
[INFO] [stdout]    |   ^^^^^^^^^
[INFO] [stdout] 
[INFO] [stdout] 
[INFO] [stdout] For more information about this error, try `rustc --explain E0433`.
[INFO] [stdout] 
[INFO] [stdout] For more information about this error, try `rustc --explain E0433`.
[INFO] [stdout] 
[INFO] [stderr] error: could not compile `dioxus-stores` (test "cross_crate") due to 1 previous error
[INFO] [stderr] warning: build failed, waiting for other jobs to finish...
[INFO] [stderr] error: could not compile `dioxus-stores` (test "store_impl_ui") due to 1 previous error
[INFO] [stdout] error: cannot find macro `rsx` in this scope
[INFO] [stdout]   --> tests/coercions.rs:36:5
[INFO] [stdout]    |
[INFO] [stdout] 36 |     rsx! {
[INFO] [stdout]    |     ^^^
[INFO] [stdout] 
[INFO] [stdout] 
[INFO] [stdout] error: cannot find attribute `component` in this scope
[INFO] [stdout]   --> tests/coercions.rs:43:3
[INFO] [stdout]    |
[INFO] [stdout] 43 | #[component]
[INFO] [stdout]    |   ^^^^^^^^^
[INFO] [stdout] 
[INFO] [stdout] 
[INFO] [stdout] error: cannot find macro `rsx` in this scope
[INFO] [stdout]   --> tests/coercions.rs:45:5
[INFO] [stdout]    |
[INFO] [stdout] 45 |     rsx! {
[INFO] [stdout]    |     ^^^
[INFO] [stdout] 
[INFO] [stdout] 
[INFO] [stdout] error: cannot find attribute `component` in this scope
[INFO] [stdout]   --> tests/coercions.rs:52:3
[INFO] [stdout]    |
[INFO] [stdout] 52 | #[component]
[INFO] [stdout]    |   ^^^^^^^^^
[INFO] [stdout] 
[INFO] [stdout] 
[INFO] [stdout] error[E0425]: cannot find type `Element` in this scope
[INFO] [stdout]   --> tests/vec_remove.rs:13:17
[INFO] [stdout]    |
[INFO] [stdout] 13 |     fn app() -> Element {
[INFO] [stdout]    |                 ^^^^^^^ not found in this scope
[INFO] [stdout] 
[INFO] [stdout] 
[INFO] [stdout] error[E0425]: cannot find type `ReadSignal` in this scope
[INFO] [stdout]   --> tests/vec_remove.rs:42:35
[INFO] [stdout]    |
[INFO] [stdout] 42 |     fn ListItemElement(list_item: ReadSignal<ListItem>) -> Element {
[INFO] [stdout]    |                                   ^^^^^^^^^^ not found in this scope
[INFO] [stdout] 
[INFO] [stdout] 
[INFO] [stdout] error[E0425]: cannot find type `Element` in this scope
[INFO] [stdout]   --> tests/vec_remove.rs:42:60
[INFO] [stdout]    |
[INFO] [stdout] 42 |     fn ListItemElement(list_item: ReadSignal<ListItem>) -> Element {
[INFO] [stdout]    |                                                            ^^^^^^^ not found in this scope
[INFO] [stdout] 
[INFO] [stdout] 
[INFO] [stdout] error: cannot find macro `rsx` in this scope
[INFO] [stdout]   --> tests/coercions.rs:54:5
[INFO] [stdout]    |
[INFO] [stdout] 54 |     rsx! {
[INFO] [stdout]    |     ^^^
[INFO] [stdout] 
[INFO] [stdout] 
[INFO] [stdout] error: cannot find attribute `component` in this scope
[INFO] [stdout]   --> tests/coercions.rs:61:3
[INFO] [stdout]    |
[INFO] [stdout] 61 | #[component]
[INFO] [stdout]    |   ^^^^^^^^^
[INFO] [stdout] 
[INFO] [stdout] 
[INFO] [stdout] error[E0433]: cannot find type `VirtualDom` in this scope
[INFO] [stdout]   --> tests/vec_remove.rs:48:19
[INFO] [stdout]    |
[INFO] [stdout] 48 |     let mut dom = VirtualDom::new(app);
[INFO] [stdout]    |                   ^^^^^^^^^^ use of undeclared type `VirtualDom`
[INFO] [stdout] 
[INFO] [stdout] 
[INFO] [stdout] error[E0433]: cannot find type `ScopeId` in this scope
[INFO] [stdout]   --> tests/vec_remove.rs:51:20
[INFO] [stdout]    |
[INFO] [stdout] 51 |     dom.mark_dirty(ScopeId::APP);
[INFO] [stdout]    |                    ^^^^^^^ use of undeclared type `ScopeId`
[INFO] [stdout] 
[INFO] [stdout] 
[INFO] [stdout] error: cannot find macro `rsx` in this scope
[INFO] [stdout]   --> tests/coercions.rs:63:5
[INFO] [stdout]    |
[INFO] [stdout] 63 |     rsx! {
[INFO] [stdout]    |     ^^^
[INFO] [stdout] 
[INFO] [stdout] 
[INFO] [stdout] error[E0425]: cannot find function `use_store` in this scope
[INFO] [stdout]   --> tests/vec_remove.rs:14:25
[INFO] [stdout]    |
[INFO] [stdout] 14 |         let mut store = use_store(|| {
[INFO] [stdout]    |                         ^^^^^^^^^ not found in this scope
[INFO] [stdout] 
[INFO] [stdout] 
[INFO] [stdout] Some errors have detailed explanations: E0425, E0433.
[INFO] [stdout] 
[INFO] [stdout] For more information about an error, try `rustc --explain E0425`.
[INFO] [stdout] 
[INFO] [stdout] error[E0433]: cannot find module or crate `dioxus` in this scope
[INFO] [stdout]  --> tests/store.rs:1:5
[INFO] [stdout]   |
[INFO] [stdout] 1 | use dioxus::prelude::*;
[INFO] [stdout]   |     ^^^^^^ use of unresolved module or unlinked crate `dioxus`
[INFO] [stdout]   |
[INFO] [stdout]   = help: if you wanted to use a crate named `dioxus`, use `cargo add dioxus` to add it to your `Cargo.toml`
[INFO] [stdout] 
[INFO] [stdout] 
[INFO] [stderr] error: could not compile `dioxus-stores` (test "vec_remove") due to 10 previous errors
[INFO] [stdout] error: cannot find derive macro `Store` in this scope
[INFO] [stdout]  --> tests/store.rs:6:10
[INFO] [stdout]   |
[INFO] [stdout] 6 | #[derive(Store, std::fmt::Debug, Clone, Default)]
[INFO] [stdout]   |          ^^^^^
[INFO] [stdout] 
[INFO] [stdout] 
[INFO] [stdout] error[E0425]: cannot find type `Element` in this scope
[INFO] [stdout]   --> tests/coercions.rs:12:13
[INFO] [stdout]    |
[INFO] [stdout] 12 | fn app() -> Element {
[INFO] [stdout]    |             ^^^^^^^ not found in this scope
[INFO] [stdout] 
[INFO] [stdout] 
[INFO] [stdout] error[E0425]: cannot find type `ReadSignal` in this scope
[INFO] [stdout]   --> tests/coercions.rs:35:19
[INFO] [stdout]    |
[INFO] [stdout] 35 | fn TakesStr(item: ReadSignal<str>) -> Element {
[INFO] [stdout]    |                   ^^^^^^^^^^ not found in this scope
[INFO] [stdout] 
[INFO] [stdout] 
[INFO] [stdout] error[E0425]: cannot find type `Element` in this scope
[INFO] [stdout]   --> tests/coercions.rs:35:39
[INFO] [stdout]    |
[INFO] [stdout] 35 | fn TakesStr(item: ReadSignal<str>) -> Element {
[INFO] [stdout]    |                                       ^^^^^^^ not found in this scope
[INFO] [stdout] 
[INFO] [stdout] 
[INFO] [stdout] error[E0425]: cannot find type `Element` in this scope
[INFO] [stdout]   --> tests/coercions.rs:44:43
[INFO] [stdout]    |
[INFO] [stdout] 44 | fn TakesStrStore(item: ReadStore<str>) -> Element {
[INFO] [stdout]    |                                           ^^^^^^^ not found in this scope
[INFO] [stdout] 
[INFO] [stdout] 
[INFO] [stdout] error[E0425]: cannot find type `ReadSignal` in this scope
[INFO] [stdout]   --> tests/coercions.rs:53:26
[INFO] [stdout]    |
[INFO] [stdout] 53 | fn TakesReadSignal(item: ReadSignal<TodoItem>) -> Element {
[INFO] [stdout]    |                          ^^^^^^^^^^ not found in this scope
[INFO] [stdout] 
[INFO] [stdout] 
[INFO] [stdout] error[E0425]: cannot find type `Element` in this scope
[INFO] [stdout]   --> tests/coercions.rs:53:51
[INFO] [stdout]    |
[INFO] [stdout] 53 | fn TakesReadSignal(item: ReadSignal<TodoItem>) -> Element {
[INFO] [stdout]    |                                                   ^^^^^^^ not found in this scope
[INFO] [stdout] 
[INFO] [stdout] 
[INFO] [stdout] error[E0425]: cannot find type `Element` in this scope
[INFO] [stdout]   --> tests/coercions.rs:62:49
[INFO] [stdout]    |
[INFO] [stdout] 62 | fn TakesReadStore(item: ReadStore<TodoItem>) -> Element {
[INFO] [stdout]    |                                                 ^^^^^^^ not found in this scope
[INFO] [stdout] 
[INFO] [stdout] 
[INFO] [stdout] error: cannot find derive macro `Store` in this scope
[INFO] [stdout]   --> tests/store.rs:12:10
[INFO] [stdout]    |
[INFO] [stdout] 12 | #[derive(Store, std::fmt::Debug, Clone, Default)]
[INFO] [stdout]    |          ^^^^^
[INFO] [stdout] 
[INFO] [stdout] 
[INFO] [stdout] Some errors have detailed explanations: E0425, E0433.
[INFO] [stdout] 
[INFO] [stdout] For more information about an error, try `rustc --explain E0425`.
[INFO] [stdout] 
[INFO] [stdout] error: cannot find derive macro `Store` in this scope
[INFO] [stdout]   --> tests/store.rs:18:10
[INFO] [stdout]    |
[INFO] [stdout] 18 | #[derive(Store, std::fmt::Debug, Clone, Default)]
[INFO] [stdout]    |          ^^^^^
[INFO] [stdout] 
[INFO] [stdout] 
[INFO] [stderr] error: could not compile `dioxus-stores` (test "coercions") due to 17 previous errors
[INFO] [stdout] error: cannot find derive macro `Store` in this scope
[INFO] [stdout]   --> tests/store.rs:24:10
[INFO] [stdout]    |
[INFO] [stdout] 24 | #[derive(Store, std::fmt::Debug, Clone, Default)]
[INFO] [stdout]    |          ^^^^^
[INFO] [stdout] 
[INFO] [stdout] 
[INFO] [stdout] error: cannot find macro `rsx` in this scope
[INFO] [stdout]   --> tests/store.rs:41:9
[INFO] [stdout]    |
[INFO] [stdout] 41 |         rsx! {
[INFO] [stdout]    |         ^^^
[INFO] [stdout] 
[INFO] [stdout] 
[INFO] [stdout] error: cannot find attribute `component` in this scope
[INFO] [stdout]   --> tests/store.rs:90:7
[INFO] [stdout]    |
[INFO] [stdout] 90 |     #[component]
[INFO] [stdout]    |       ^^^^^^^^^
[INFO] [stdout] 
[INFO] [stdout] 
[INFO] [stdout] error: cannot find macro `rsx` in this scope
[INFO] [stdout]   --> tests/store.rs:93:9
[INFO] [stdout]    |
[INFO] [stdout] 93 |         rsx! {
[INFO] [stdout]    |         ^^^
[INFO] [stdout] 
[INFO] [stdout] 
[INFO] [stdout] error: cannot find attribute `component` in this scope
[INFO] [stdout]   --> tests/store.rs:98:7
[INFO] [stdout]    |
[INFO] [stdout] 98 |     #[component]
[INFO] [stdout]    |       ^^^^^^^^^
[INFO] [stdout] 
[INFO] [stdout] 
[INFO] [stdout] error: cannot find macro `rsx` in this scope
[INFO] [stdout]    --> tests/store.rs:101:9
[INFO] [stdout]     |
[INFO] [stdout] 101 |         rsx! {
[INFO] [stdout]     |         ^^^
[INFO] [stdout] 
[INFO] [stdout] 
[INFO] [stdout] error: cannot find attribute `component` in this scope
[INFO] [stdout]    --> tests/store.rs:106:7
[INFO] [stdout]     |
[INFO] [stdout] 106 |     #[component]
[INFO] [stdout]     |       ^^^^^^^^^
[INFO] [stdout] 
[INFO] [stdout] 
[INFO] [stdout] error: cannot find macro `rsx` in this scope
[INFO] [stdout]    --> tests/store.rs:109:9
[INFO] [stdout]     |
[INFO] [stdout] 109 |         rsx! {
[INFO] [stdout]     |         ^^^
[INFO] [stdout] 
[INFO] [stdout] 
[INFO] [stdout] error: cannot find macro `rsx` in this scope
[INFO] [stdout]    --> tests/store.rs:118:13
[INFO] [stdout]     |
[INFO] [stdout] 118 |             rsx! {
[INFO] [stdout]     |             ^^^
[INFO] [stdout] 
[INFO] [stdout] 
[INFO] [stdout] error: cannot find macro `rsx` in this scope
[INFO] [stdout]    --> tests/store.rs:162:13
[INFO] [stdout]     |
[INFO] [stdout] 162 |             rsx! {
[INFO] [stdout]     |             ^^^
[INFO] [stdout] 
[INFO] [stdout] 
[INFO] [stdout] error: cannot find macro `rsx` in this scope
[INFO] [stdout]    --> tests/store.rs:191:9
[INFO] [stdout]     |
[INFO] [stdout] 191 |         rsx! {
[INFO] [stdout]     |         ^^^
[INFO] [stdout] 
[INFO] [stdout] 
[INFO] [stdout] error: cannot find attribute `component` in this scope
[INFO] [stdout]    --> tests/store.rs:238:7
[INFO] [stdout]     |
[INFO] [stdout] 238 |     #[component]
[INFO] [stdout]     |       ^^^^^^^^^
[INFO] [stdout] 
[INFO] [stdout] 
[INFO] [stdout] error: cannot find macro `rsx` in this scope
[INFO] [stdout]    --> tests/store.rs:241:9
[INFO] [stdout]     |
[INFO] [stdout] 241 |         rsx! {
[INFO] [stdout]     |         ^^^
[INFO] [stdout] 
[INFO] [stdout] 
[INFO] [stdout] error: cannot find attribute `component` in this scope
[INFO] [stdout]    --> tests/store.rs:246:7
[INFO] [stdout]     |
[INFO] [stdout] 246 |     #[component]
[INFO] [stdout]     |       ^^^^^^^^^
[INFO] [stdout] 
[INFO] [stdout] 
[INFO] [stdout] error: cannot find macro `rsx` in this scope
[INFO] [stdout]    --> tests/store.rs:249:9
[INFO] [stdout]     |
[INFO] [stdout] 249 |         rsx! {
[INFO] [stdout]     |         ^^^
[INFO] [stdout] 
[INFO] [stdout] 
[INFO] [stdout] error: cannot find macro `rsx` in this scope
[INFO] [stdout]    --> tests/store.rs:258:13
[INFO] [stdout]     |
[INFO] [stdout] 258 |             rsx! {
[INFO] [stdout]     |             ^^^
[INFO] [stdout] 
[INFO] [stdout] 
[INFO] [stdout] error: cannot find attribute `component` in this scope
[INFO] [stdout]    --> tests/store.rs:300:7
[INFO] [stdout]     |
[INFO] [stdout] 300 |     #[component]
[INFO] [stdout]     |       ^^^^^^^^^
[INFO] [stdout] 
[INFO] [stdout] 
[INFO] [stdout] error: cannot find macro `rsx` in this scope
[INFO] [stdout]    --> tests/store.rs:303:9
[INFO] [stdout]     |
[INFO] [stdout] 303 |         rsx! {
[INFO] [stdout]     |         ^^^
[INFO] [stdout] 
[INFO] [stdout] 
[INFO] [stdout] error: cannot find attribute `component` in this scope
[INFO] [stdout]    --> tests/store.rs:308:7
[INFO] [stdout]     |
[INFO] [stdout] 308 |     #[component]
[INFO] [stdout]     |       ^^^^^^^^^
[INFO] [stdout] 
[INFO] [stdout] 
[INFO] [stdout] error: cannot find macro `rsx` in this scope
[INFO] [stdout]    --> tests/store.rs:311:9
[INFO] [stdout]     |
[INFO] [stdout] 311 |         rsx! {
[INFO] [stdout]     |         ^^^
[INFO] [stdout] 
[INFO] [stdout] 
[INFO] [stdout] error: cannot find macro `rsx` in this scope
[INFO] [stdout]    --> tests/store.rs:320:13
[INFO] [stdout]     |
[INFO] [stdout] 320 |             rsx! {
[INFO] [stdout]     |             ^^^
[INFO] [stdout] 
[INFO] [stdout] 
[INFO] [stdout] error: cannot find attribute `component` in this scope
[INFO] [stdout]    --> tests/store.rs:362:7
[INFO] [stdout]     |
[INFO] [stdout] 362 |     #[component]
[INFO] [stdout]     |       ^^^^^^^^^
[INFO] [stdout] 
[INFO] [stdout] 
[INFO] [stdout] error: cannot find macro `rsx` in this scope
[INFO] [stdout]    --> tests/store.rs:365:9
[INFO] [stdout]     |
[INFO] [stdout] 365 |         rsx! {
[INFO] [stdout]     |         ^^^
[INFO] [stdout] 
[INFO] [stdout] 
[INFO] [stdout] error: cannot find attribute `component` in this scope
[INFO] [stdout]    --> tests/store.rs:370:7
[INFO] [stdout]     |
[INFO] [stdout] 370 |     #[component]
[INFO] [stdout]     |       ^^^^^^^^^
[INFO] [stdout] 
[INFO] [stdout] 
[INFO] [stdout] error: cannot find macro `rsx` in this scope
[INFO] [stdout]    --> tests/store.rs:373:9
[INFO] [stdout]     |
[INFO] [stdout] 373 |         rsx! {
[INFO] [stdout]     |         ^^^
[INFO] [stdout] 
[INFO] [stdout] 
[INFO] [stdout] error: cannot find macro `rsx` in this scope
[INFO] [stdout]    --> tests/store.rs:382:13
[INFO] [stdout]     |
[INFO] [stdout] 382 |             rsx! {
[INFO] [stdout]     |             ^^^
[INFO] [stdout] 
[INFO] [stdout] 
[INFO] [stdout] error: cannot find attribute `component` in this scope
[INFO] [stdout]    --> tests/store.rs:440:7
[INFO] [stdout]     |
[INFO] [stdout] 440 |     #[component]
[INFO] [stdout]     |       ^^^^^^^^^
[INFO] [stdout] 
[INFO] [stdout] 
[INFO] [stdout] error: cannot find macro `rsx` in this scope
[INFO] [stdout]    --> tests/store.rs:443:9
[INFO] [stdout]     |
[INFO] [stdout] 443 |         rsx! {
[INFO] [stdout]     |         ^^^
[INFO] [stdout] 
[INFO] [stdout] 
[INFO] [stdout] error: cannot find attribute `component` in this scope
[INFO] [stdout]    --> tests/store.rs:448:7
[INFO] [stdout]     |
[INFO] [stdout] 448 |     #[component]
[INFO] [stdout]     |       ^^^^^^^^^
[INFO] [stdout] 
[INFO] [stdout] 
[INFO] [stdout] error: cannot find macro `rsx` in this scope
[INFO] [stdout]    --> tests/store.rs:451:9
[INFO] [stdout]     |
[INFO] [stdout] 451 |         rsx! {
[INFO] [stdout]     |         ^^^
[INFO] [stdout] 
[INFO] [stdout] 
[INFO] [stdout] error: cannot find macro `rsx` in this scope
[INFO] [stdout]    --> tests/store.rs:460:13
[INFO] [stdout]     |
[INFO] [stdout] 460 |             rsx! {
[INFO] [stdout]     |             ^^^
[INFO] [stdout] 
[INFO] [stdout] 
[INFO] [stdout] error[E0425]: cannot find type `Store` in this scope
[INFO] [stdout]   --> tests/store.rs:91:29
[INFO] [stdout]    |
[INFO] [stdout] 91 |     fn inner1_reader(value: Store<i32>, counter: Rc<RefCell<RunCounter>>) -> Element {
[INFO] [stdout]    |                             ^^^^^ not found in this scope
[INFO] [stdout] 
[INFO] [stdout] 
[INFO] [stdout] error[E0425]: cannot find type `Store` in this scope
[INFO] [stdout]   --> tests/store.rs:99:29
[INFO] [stdout]    |
[INFO] [stdout] 99 |     fn inner2_reader(value: Store<i32>, counter: Rc<RefCell<RunCounter>>) -> Element {
[INFO] [stdout]    |                             ^^^^^ not found in this scope
[INFO] [stdout] 
[INFO] [stdout] 
[INFO] [stdout] error[E0425]: cannot find type `Store` in this scope
[INFO] [stdout]    --> tests/store.rs:107:27
[INFO] [stdout]     |
[INFO] [stdout] 107 |     fn root_reader(value: Store<X>, counter: Rc<RefCell<RunCounter>>) -> Element {
[INFO] [stdout]     |                           ^^^^^ not found in this scope
[INFO] [stdout] 
[INFO] [stdout] 
[INFO] [stdout] error[E0425]: cannot find type `Store` in this scope
[INFO] [stdout]    --> tests/store.rs:239:28
[INFO] [stdout]     |
[INFO] [stdout] 239 |     fn outer_reader(value: Store<X>, counter: Rc<RefCell<RunCounter>>) -> Element {
[INFO] [stdout]     |                            ^^^^^ not found in this scope
[INFO] [stdout] 
[INFO] [stdout] 
[INFO] [stdout] error[E0425]: cannot find type `Store` in this scope
[INFO] [stdout]    --> tests/store.rs:247:28
[INFO] [stdout]     |
[INFO] [stdout] 247 |     fn other_reader(value: Store<i32>, counter: Rc<RefCell<RunCounter>>) -> Element {
[INFO] [stdout]     |                            ^^^^^ not found in this scope
[INFO] [stdout] 
[INFO] [stdout] 
[INFO] [stdout] error[E0425]: cannot find type `Store` in this scope
[INFO] [stdout]    --> tests/store.rs:301:34
[INFO] [stdout]     |
[INFO] [stdout] 301 |     fn grandparent_reader(value: Store<Y>, counter: Rc<RefCell<RunCounter>>) -> Element {
[INFO] [stdout]     |                                  ^^^^^ not found in this scope
[INFO] [stdout] 
[INFO] [stdout] 
[INFO] [stdout] error[E0425]: cannot find type `Store` in this scope
[INFO] [stdout]    --> tests/store.rs:309:28
[INFO] [stdout]     |
[INFO] [stdout] 309 |     fn other_reader(value: Store<i32>, counter: Rc<RefCell<RunCounter>>) -> Element {
[INFO] [stdout]     |                            ^^^^^ not found in this scope
[INFO] [stdout] 
[INFO] [stdout] 
[INFO] [stdout] error[E0425]: cannot find type `Store` in this scope
[INFO] [stdout]    --> tests/store.rs:363:26
[INFO] [stdout]     |
[INFO] [stdout] 363 |     fn len_reader(value: Store<Vec<i32>>, counter: Rc<RefCell<RunCounter>>) -> Element {
[INFO] [stdout]     |                          ^^^^^ not found in this scope
[INFO] [stdout] 
[INFO] [stdout] 
[INFO] [stdout] error[E0425]: cannot find type `Store` in this scope
[INFO] [stdout]    --> tests/store.rs:371:28
[INFO] [stdout]     |
[INFO] [stdout] 371 |     fn first_reader(value: Store<i32>, counter: Rc<RefCell<RunCounter>>) -> Element {
[INFO] [stdout]     |                            ^^^^^ not found in this scope
[INFO] [stdout] 
[INFO] [stdout] 
[INFO] [stdout] error[E0425]: cannot find type `Store` in this scope
[INFO] [stdout]    --> tests/store.rs:441:33
[INFO] [stdout]     |
[INFO] [stdout] 441 |     fn collection_reader(value: Store<Z>, counter: Rc<RefCell<RunCounter>>) -> Element {
[INFO] [stdout]     |                                 ^^^^^ not found in this scope
[INFO] [stdout] 
[INFO] [stdout] 
[INFO] [stdout] error[E0425]: cannot find type `Store` in this scope
[INFO] [stdout]    --> tests/store.rs:449:28
[INFO] [stdout]     |
[INFO] [stdout] 449 |     fn other_reader(value: Store<i32>, counter: Rc<RefCell<RunCounter>>) -> Element {
[INFO] [stdout]     |                            ^^^^^ not found in this scope
[INFO] [stdout] 
[INFO] [stdout] 
[INFO] [stdout] error[E0599]: no method named `set` found for struct `Store<X>` in the current scope
[INFO] [stdout]    --> tests/store.rs:50:25
[INFO] [stdout]     |
[INFO] [stdout]  50 |         STORE.resolve().set(X {
[INFO] [stdout]     |         ----------------^^^ method not found in `Store<X>`
[INFO] [stdout]     |
[INFO] [stdout]    ::: /opt/rustwide/cargo-home/registry/src/index.crates.io-1949cf8c6b5b557f/dioxus-signals-0.8.0-alpha.2/src/write.rs:345:8
[INFO] [stdout]     |
[INFO] [stdout] 345 |     fn set(&mut self, value: Self::Target)
[INFO] [stdout]     |        --- the method is available for `Store<X>` here
[INFO] [stdout]     |
[INFO] [stdout]     = help: items from traits can only be used if the trait is in scope
[INFO] [stdout] help: trait `WritableExt` which provides `set` is implemented but not in scope; perhaps you want to import it
[INFO] [stdout]     |
[INFO] [stdout]   1 + use dioxus_signals::write::WritableExt;
[INFO] [stdout]     |
[INFO] [stdout] 
[INFO] [stdout] 
[INFO] [stdout] error[E0433]: cannot find type `Global` in this scope
[INFO] [stdout]   --> tests/store.rs:36:36
[INFO] [stdout]    |
[INFO] [stdout] 36 |     static STORE: GlobalStore<X> = Global::new(default_x);
[INFO] [stdout]    |                                    ^^^^^^ use of undeclared type `Global`
[INFO] [stdout] 
[INFO] [stdout] 
[INFO] [stdout] error[E0599]: no method named `inner1` found for struct `Store<X>` in the current scope
[INFO] [stdout]   --> tests/store.rs:40:24
[INFO] [stdout]    |
[INFO] [stdout] 40 |         let inner1 = x.inner1();
[INFO] [stdout]    |                        ^^^^^^ method not found in `Store<X>`
[INFO] [stdout] 
[INFO] [stdout] 
[INFO] [stdout] error[E0599]: no method named `inner1` found for struct `Store<X>` in the current scope
[INFO] [stdout]    --> tests/store.rs:136:25
[INFO] [stdout]     |
[INFO] [stdout] 136 |         STORE.resolve().inner1().set(1);
[INFO] [stdout]     |                         ^^^^^^ method not found in `Store<X>`
[INFO] [stdout] 
[INFO] [stdout] 
[INFO] [stdout] error[E0433]: cannot find type `Global` in this scope
[INFO] [stdout]   --> tests/store.rs:81:36
[INFO] [stdout]    |
[INFO] [stdout] 81 |     static STORE: GlobalStore<X> = Global::new(default_x);
[INFO] [stdout]    |                                    ^^^^^^ use of undeclared type `Global`
[INFO] [stdout] 
[INFO] [stdout] 
[INFO] [stdout] error[E0599]: no method named `inner1` found for struct `Store<X>` in the current scope
[INFO] [stdout]    --> tests/store.rs:173:25
[INFO] [stdout]     |
[INFO] [stdout] 173 |         STORE.resolve().inner1().set(1);
[INFO] [stdout]     |                         ^^^^^^ method not found in `Store<X>`
[INFO] [stdout] 
[INFO] [stdout] 
[INFO] [stdout] error[E0433]: cannot find type `Global` in this scope
[INFO] [stdout]    --> tests/store.rs:155:36
[INFO] [stdout]     |
[INFO] [stdout] 155 |     static STORE: GlobalStore<X> = Global::new(default_x);
[INFO] [stdout]     |                                    ^^^^^^ use of undeclared type `Global`
[INFO] [stdout] 
[INFO] [stdout] 
[INFO] [stdout] error[E0433]: cannot find type `ReadSignal` in this scope
[INFO] [stdout]    --> tests/store.rs:200:27
[INFO] [stdout]     |
[INFO] [stdout] 200 |         let boxed_child = ReadSignal::new(STORE.resolve().inner1());
[INFO] [stdout]     |                           ^^^^^^^^^^ use of undeclared type `ReadSignal`
[INFO] [stdout] 
[INFO] [stdout] 
[INFO] [stdout] error[E0599]: no method named `inner1` found for struct `Store<X>` in the current scope
[INFO] [stdout]    --> tests/store.rs:200:59
[INFO] [stdout]     |
[INFO] [stdout] 200 |         let boxed_child = ReadSignal::new(STORE.resolve().inner1());
[INFO] [stdout]     |                                                           ^^^^^^ method not found in `Store<X>`
[INFO] [stdout] 
[INFO] [stdout] 
[INFO] [stdout] error[E0433]: cannot find type `Global` in this scope
[INFO] [stdout]    --> tests/store.rs:187:36
[INFO] [stdout]     |
[INFO] [stdout] 187 |     static STORE: GlobalStore<X> = Global::new(default_x);
[INFO] [stdout]     |                                    ^^^^^^ use of undeclared type `Global`
[INFO] [stdout] 
[INFO] [stdout] 
[INFO] [stdout] error[E0599]: no method named `outer` found for struct `Store<Y>` in the current scope
[INFO] [stdout]    --> tests/store.rs:274:25
[INFO] [stdout]     |
[INFO] [stdout] 274 |         STORE.resolve().outer().inner1().set(1);
[INFO] [stdout]     |                         ^^^^^ method not found in `Store<Y>`
[INFO] [stdout] 
[INFO] [stdout] 
[INFO] [stdout] error[E0433]: cannot find type `Global` in this scope
[INFO] [stdout]    --> tests/store.rs:230:36
[INFO] [stdout]     |
[INFO] [stdout] 230 |     static STORE: GlobalStore<Y> = Global::new(default_y);
[INFO] [stdout]     |                                    ^^^^^^ use of undeclared type `Global`
[INFO] [stdout] 
[INFO] [stdout] 
[INFO] [stdout] error[E0599]: no method named `nested` found for struct `Store<W>` in the current scope
[INFO] [stdout]    --> tests/store.rs:336:25
[INFO] [stdout]     |
[INFO] [stdout] 336 |         STORE.resolve().nested().outer().inner1().set(1);
[INFO] [stdout]     |                         ^^^^^^ method not found in `Store<W>`
[INFO] [stdout] 
[INFO] [stdout] 
[INFO] [stdout] error[E0433]: cannot find type `Global` in this scope
[INFO] [stdout]    --> tests/store.rs:292:36
[INFO] [stdout]     |
[INFO] [stdout] 292 |     static STORE: GlobalStore<W> = Global::new(default_w);
[INFO] [stdout]     |                                    ^^^^^^ use of undeclared type `Global`
[INFO] [stdout] 
[INFO] [stdout] 
[INFO] [stdout] error[E0599]: no method named `set` found for struct `Store<i32, IndexWrite<usize, WriteSignal<Vec<i32>>>>` in the current scope
[INFO] [stdout]    --> tests/store.rs:398:34
[INFO] [stdout]     |
[INFO] [stdout] 398 |         STORE.resolve().index(0).set(10);
[INFO] [stdout]     |                                  ^^^ method not found in `Store<i32, IndexWrite<usize, WriteSignal<Vec<i32>>>>`
[INFO] [stdout]     |
[INFO] [stdout]    ::: /opt/rustwide/cargo-home/registry/src/index.crates.io-1949cf8c6b5b557f/dioxus-signals-0.8.0-alpha.2/src/write.rs:345:8
[INFO] [stdout]     |
[INFO] [stdout] 345 |     fn set(&mut self, value: Self::Target)
[INFO] [stdout]     |        --- the method is available for `Store<i32, IndexWrite<usize, dioxus_stores::macro_helpers::dioxus_signals::WriteSignal<Vec<i32>>>>` here
[INFO] [stdout]     |
[INFO] [stdout]     = help: items from traits can only be used if the trait is in scope
[INFO] [stdout]     = note: the full name for the type has been written to '/opt/rustwide/target/release/deps/store-d723e7e8b9e8fe29.long-type-7306443222798881128.txt'
[INFO] [stdout]     = note: consider using `--verbose` to print the full type name to the console
[INFO] [stdout] help: trait `WritableExt` which provides `set` is implemented but not in scope; perhaps you want to import it
[INFO] [stdout]     |
[INFO] [stdout]   1 + use dioxus_signals::write::WritableExt;
[INFO] [stdout]     |
[INFO] [stdout] 
[INFO] [stdout] 
[INFO] [stdout] error[E0433]: cannot find type `Global` in this scope
[INFO] [stdout]    --> tests/store.rs:354:43
[INFO] [stdout]     |
[INFO] [stdout] 354 |     static STORE: GlobalStore<Vec<i32>> = Global::new(initial_items);
[INFO] [stdout]     |                                           ^^^^^^ use of undeclared type `Global`
[INFO] [stdout] 
[INFO] [stdout] 
[INFO] [stdout] error[E0599]: no method named `items` found for struct `Store<Z>` in the current scope
[INFO] [stdout]    --> tests/store.rs:476:41
[INFO] [stdout]     |
[INFO] [stdout] 476 |         let mut items = STORE.resolve().items();
[INFO] [stdout]     |                                         ^^^^^ method not found in `Store<Z>`
[INFO] [stdout] 
[INFO] [stdout] 
[INFO] [stdout] error[E0433]: cannot find type `Global` in this scope
[INFO] [stdout]    --> tests/store.rs:432:36
[INFO] [stdout]     |
[INFO] [stdout] 432 |     static STORE: GlobalStore<Z> = Global::new(initial_z);
[INFO] [stdout]     |                                    ^^^^^^ use of undeclared type `Global`
[INFO] [stdout] 
[INFO] [stdout] 
[INFO] [stdout] Some errors have detailed explanations: E0425, E0433, E0599.
[INFO] [stdout] 
[INFO] [stdout] For more information about an error, try `rustc --explain E0425`.
[INFO] [stdout] 
[INFO] [stderr] error: could not compile `dioxus-stores` (test "store") due to 64 previous errors
[INFO] running `Command { std: "docker" "inspect" "b5e6fd5cc9705dc0f466242f407ba99c70e0fdbdeb1ffd828af481e8a2027620", kill_on_drop: false }`
[INFO] running `Command { std: "docker" "rm" "-f" "b5e6fd5cc9705dc0f466242f407ba99c70e0fdbdeb1ffd828af481e8a2027620", kill_on_drop: false }`
[INFO] [stdout] b5e6fd5cc9705dc0f466242f407ba99c70e0fdbdeb1ffd828af481e8a2027620
