[INFO] fetching crate dionysos 1.2.7...
[INFO] testing dionysos-1.2.7 against 1.99.0-beta.8+cargoflags=--release for beta-release-1.100-2
[INFO] extracting crate dionysos 1.2.7 into /workspace/builds/worker-2-tc1/source
[INFO] started tweaking crates.io crate dionysos 1.2.7
[INFO] removed 0 missing tests
[INFO] finished tweaking crates.io crate dionysos 1.2.7
[INFO] tweaked toml for crates.io crate dionysos 1.2.7 written to /workspace/builds/worker-2-tc1/source/Cargo.toml
[INFO] validating manifest of crates.io crate dionysos 1.2.7 on toolchain 1.99.0-beta.8
[INFO] running `Command { std: CARGO_HOME="/workspace/cargo-home" RUSTUP_HOME="/workspace/rustup-home" "/workspace/cargo-home/bin/cargo" "+1.99.0-beta.8" "metadata" "--manifest-path" "Cargo.toml" "--no-deps", kill_on_drop: false }`
[INFO] crate crates.io crate dionysos 1.2.7 already has a lockfile, it will not be regenerated
[INFO] running `Command { std: CARGO_HOME="/workspace/cargo-home" RUSTUP_HOME="/workspace/rustup-home" "/workspace/cargo-home/bin/cargo" "+1.99.0-beta.8" "fetch" "--manifest-path" "Cargo.toml", kill_on_drop: false }`
[INFO] [stderr]     Updating crates.io index
[INFO] [stderr]  Downloading crates ...
[INFO] [stderr]   Downloaded lockfree-object-pool v0.1.6
[INFO] [stderr]   Downloaded miniz_oxide v0.8.3
[INFO] [stderr]   Downloaded zopfli v0.8.1
[INFO] [stderr]   Downloaded xz v0.1.0
[INFO] [stderr]   Downloaded winstructs v0.3.2
[INFO] [stderr]   Downloaded getset v0.1.4
[INFO] [stderr]   Downloaded binwrite v0.2.1
[INFO] [stderr]   Downloaded binwrite_derive v0.2.1
[INFO] [stderr]   Downloaded libloading v0.8.6
[INFO] [stderr]   Downloaded marvin32 v0.1.1
[INFO] [stderr]   Downloaded derive-getters v0.3.0
[INFO] [stderr]   Downloaded paste v0.1.18
[INFO] [stderr]   Downloaded paste-impl v0.1.18
[INFO] [stderr]   Downloaded simplelog v0.12.2
[INFO] [stderr]   Downloaded ryu v1.0.19
[INFO] [stderr]   Downloaded memoverlay v0.1.3
[INFO] [stderr]   Downloaded skeptic v0.13.7
[INFO] [stderr]   Downloaded file-owner v0.1.2
[INFO] [stderr]   Downloaded zip v2.2.2
[INFO] [stderr]   Downloaded yara v0.29.0
[INFO] [stderr]   Downloaded cargo_metadata v0.14.2
[INFO] [stderr]   Downloaded semver v1.0.25
[INFO] [stderr]   Downloaded nt_hive2 v4.2.3
[INFO] [stderr]   Downloaded camino v1.1.9
[INFO] [stderr]   Downloaded error-chain v0.12.4
[INFO] [stderr]   Downloaded indoc v2.0.5
[INFO] [stderr]   Downloaded encoding_index_tests v0.1.4
[INFO] [stderr]   Downloaded encoding-index-singlebyte v1.20141219.5
[INFO] [stderr]   Downloaded clap-verbosity-flag v3.0.2
[INFO] [stderr]   Downloaded assert_cmd v2.0.16
[INFO] [stderr]   Downloaded duplicate v2.0.0
[INFO] [stderr]   Downloaded bzip2 v0.5.0
[INFO] [stderr]   Downloaded serde_json v1.0.138
[INFO] [stderr]   Downloaded pulldown-cmark v0.9.6
[INFO] [stderr]   Downloaded encoding v0.2.33
[INFO] [stderr]   Downloaded encoding-index-japanese v1.20141219.5
[INFO] [stderr]   Downloaded encoding-index-korean v1.20141219.5
[INFO] [stderr]   Downloaded evtx v0.8.4
[INFO] [stderr]   Downloaded encoding-index-tradchinese v1.20141219.5
[INFO] [stderr]   Downloaded encoding-index-simpchinese v1.20141219.5
[INFO] [stderr]   Downloaded quick-xml v0.36.2
[INFO] [stderr]   Downloaded bstr v1.11.3
[INFO] [stderr]   Downloaded bzip2-sys v0.1.11+1.0.8
[INFO] [stderr]   Downloaded filemagic v0.13.1
[INFO] [stderr]   Downloaded yara-sys v0.29.0
[INFO] running `Command { std: "docker" "create" "-v" "/var/lib/crater-agent-workspace/builds/worker-2-tc1/source:/opt/rustwide/workdir:ro,Z" "-v" "/var/lib/crater-agent-workspace/builds/worker-2-tc1/target:/opt/rustwide/target:rw,Z" "-v" "/var/lib/crater-agent-workspace/cargo-home:/opt/rustwide/cargo-home:ro,Z" "-v" "/var/lib/crater-agent-workspace/rustup-home:/opt/rustwide/rustup-home:ro,Z" "-m" "1610612736" "--network" "none" "ghcr.io/rust-lang/crates-build-env/linux@sha256:77db811e55d90add9212f6832c23229e3de5f1c1f9905e8cb07319ea15df73ac" "sleep" "infinity", kill_on_drop: false }`
[INFO] [stdout] 2e442d95faf5d14110a209ef927a70397578b4c923e47658b23bf4f66289ba22
[INFO] running `Command { std: "docker" "start" "2e442d95faf5d14110a209ef927a70397578b4c923e47658b23bf4f66289ba22", kill_on_drop: false }`
[INFO] running `Command { std: "docker" "inspect" "2e442d95faf5d14110a209ef927a70397578b4c923e47658b23bf4f66289ba22", kill_on_drop: false }`
[INFO] running `Command { std: "docker" "exec" "-e" "SOURCE_DIR=/opt/rustwide/workdir" "-e" "CARGO_HOME=/opt/rustwide/cargo-home" "-e" "RUSTUP_HOME=/opt/rustwide/rustup-home" "-e" "CARGO_TARGET_DIR=/opt/rustwide/target" "-w" "/opt/rustwide/workdir" "--user" "0:0" "2e442d95faf5d14110a209ef927a70397578b4c923e47658b23bf4f66289ba22" "/opt/rustwide/cargo-home/bin/cargo" "+1.99.0-beta.8" "metadata" "--no-deps" "--format-version=1", kill_on_drop: false }`
[INFO] running `Command { std: "docker" "inspect" "2e442d95faf5d14110a209ef927a70397578b4c923e47658b23bf4f66289ba22", kill_on_drop: false }`
[INFO] running `Command { std: "docker" "exec" "-e" "SOURCE_DIR=/opt/rustwide/workdir" "-e" "CARGO_HOME=/opt/rustwide/cargo-home" "-e" "RUSTUP_HOME=/opt/rustwide/rustup-home" "-e" "CARGO_TARGET_DIR=/opt/rustwide/target" "-e" "CARGO_INCREMENTAL=0" "-e" "RUST_BACKTRACE=full" "-e" "RUSTFLAGS=--cap-lints=warn" "-e" "RUSTDOCFLAGS=--cap-lints=warn" "-w" "/opt/rustwide/workdir" "--user" "0:0" "2e442d95faf5d14110a209ef927a70397578b4c923e47658b23bf4f66289ba22" "/opt/rustwide/cargo-home/bin/cargo" "+1.99.0-beta.8" "build" "--frozen" "--message-format=json" "--release", kill_on_drop: false }`
[INFO] [stderr]    Compiling proc-macro2 v1.0.93
[INFO] [stderr]    Compiling unicode-ident v1.0.16
[INFO] [stderr]    Compiling libc v0.2.169
[INFO] [stderr]    Compiling pkg-config v0.3.31
[INFO] [stderr]    Compiling typenum v1.17.0
[INFO] [stderr]    Compiling bitflags v2.8.0
[INFO] [stderr]    Compiling memchr v2.7.4
[INFO] [stderr]    Compiling rustix v0.38.44
[INFO] [stderr]    Compiling glob v0.3.2
[INFO] [stderr]    Compiling once_cell v1.20.2
[INFO] [stderr]    Compiling clang-sys v1.8.1
[INFO] [stderr]    Compiling quote v1.0.38
[INFO] [stderr]    Compiling linux-raw-sys v0.4.15
[INFO] [stderr]    Compiling syn v2.0.96
[INFO] [stderr]    Compiling syn v1.0.109
[INFO] [stderr]    Compiling itoa v1.0.14
[INFO] [stderr]    Compiling subtle v2.6.1
[INFO] [stderr]    Compiling generic-array v0.14.7
[INFO] [stderr]    Compiling serde v1.0.217
[INFO] [stderr]    Compiling aho-corasick v1.1.3
[INFO] [stderr]    Compiling encoding_index_tests v0.1.4
[INFO] [stderr]    Compiling log v0.4.25
[INFO] [stderr]    Compiling crypto-common v0.1.6
[INFO] [stderr]    Compiling block-buffer v0.10.4
[INFO] [stderr]    Compiling regex-syntax v0.8.5
[INFO] [stderr]    Compiling digest v0.10.7
[INFO] [stderr]    Compiling jobserver v0.1.32
[INFO] [stderr]    Compiling autocfg v1.4.0
[INFO] [stderr]    Compiling cc v1.2.10
[INFO] [stderr]    Compiling nom v7.1.3
[INFO] [stderr]    Compiling num-traits v0.2.19
[INFO] [stderr]    Compiling libloading v0.8.6
[INFO] [stderr]    Compiling utf8parse v0.2.2
[INFO] [stderr]    Compiling equivalent v1.0.1
[INFO] [stderr]    Compiling proc-macro-hack v0.5.20+deprecated
[INFO] [stderr]    Compiling bindgen v0.68.1
[INFO] [stderr]    Compiling hashbrown v0.15.2
[INFO] [stderr]    Compiling anstyle-parse v0.2.6
[INFO] [stderr]    Compiling indexmap v2.7.1
[INFO] [stderr]    Compiling zstd-sys v2.0.13+zstd.1.5.6
[INFO] [stderr]    Compiling regex-automata v0.4.9
[INFO] [stderr]    Compiling cexpr v0.6.0
[INFO] [stderr]    Compiling bzip2-sys v0.1.11+1.0.8
[INFO] [stderr]    Compiling is_terminal_polyfill v1.70.1
[INFO] [stderr]    Compiling lazy_static v1.5.0
[INFO] [stderr]    Compiling ryu v1.0.19
[INFO] [stderr]    Compiling colorchoice v1.0.3
[INFO] [stderr]    Compiling anstyle v1.0.10
[INFO] [stderr]    Compiling getrandom v0.3.1
[INFO] [stderr]    Compiling anstyle-query v1.1.2
[INFO] [stderr]    Compiling num-conv v0.1.0
[INFO] [stderr]    Compiling heck v0.5.0
[INFO] [stderr]    Compiling time-core v0.1.2
[INFO] [stderr]    Compiling serde_json v1.0.138
[INFO] [stderr]    Compiling time-macros v0.2.19
[INFO] [stderr]    Compiling anstream v0.6.18
[INFO] [stderr]    Compiling deranged v0.3.11
[INFO] [stderr]    Compiling lzma-sys v0.1.20
[INFO] [stderr]    Compiling terminal_size v0.4.1
[INFO] [stderr]    Compiling getrandom v0.2.15
[INFO] [stderr]    Compiling ahash v0.8.11
[INFO] [stderr]    Compiling crc32fast v1.4.2
[INFO] [stderr]    Compiling rayon-core v1.12.1
[INFO] [stderr]    Compiling anyhow v1.0.95
[INFO] [stderr]    Compiling strsim v0.11.1
[INFO] [stderr]    Compiling iana-time-zone v0.1.61
[INFO] [stderr]    Compiling unicode-width v0.2.0
[INFO] [stderr]    Compiling clap_lex v0.7.4
[INFO] [stderr]    Compiling zerocopy-derive v0.7.35
[INFO] [stderr]    Compiling thiserror-impl v1.0.69
[INFO] [stderr]    Compiling serde_derive v1.0.217
[INFO] [stderr]    Compiling zeroize_derive v1.4.2
[INFO] [stderr]    Compiling zstd-safe v7.2.1
[INFO] [stderr]    Compiling regex v1.11.1
[INFO] [stderr]    Compiling rustversion v1.0.19
[INFO] [stderr]    Compiling zerocopy v0.7.35
[INFO] [stderr]    Compiling cfg_aliases v0.2.1
[INFO] [stderr]    Compiling nix v0.29.0
[INFO] [stderr]    Compiling time v0.3.37
[INFO] [stderr]    Compiling zeroize v1.8.1
[INFO] [stderr]    Compiling clap_builder v4.5.27
[INFO] [stderr]    Compiling thiserror v1.0.69
[INFO] [stderr]    Compiling console v0.15.10
[INFO] [stderr]    Compiling ppv-lite86 v0.2.20
[INFO] [stderr]    Compiling clap_derive v4.5.24
[INFO] [stderr]    Compiling rand_core v0.6.4
[INFO] [stderr]    Compiling paste-impl v0.1.18
[INFO] [stderr]    Compiling num-derive v0.3.3
[INFO] [stderr]    Compiling inout v0.1.3
[INFO] [stderr]    Compiling proc-macro-error-attr2 v2.0.0
[INFO] [stderr]    Compiling proc-macro2-diagnostics v0.10.1
[INFO] [stderr]    Compiling thiserror v2.0.11
[INFO] [stderr]    Compiling fastrand v2.3.0
[INFO] [stderr]    Compiling either v1.13.0
[INFO] [stderr]    Compiling vcpkg v0.2.15
[INFO] [stderr]    Compiling adler2 v2.0.0
[INFO] [stderr]    Compiling portable-atomic v1.10.0
[INFO] [stderr]    Compiling crc-catalog v2.4.0
[INFO] [stderr]    Compiling miniz_oxide v0.8.3
[INFO] [stderr]    Compiling crc v3.2.1
[INFO] [stderr]    Compiling filemagic v0.13.1
[INFO] [stderr]    Compiling clap v4.5.27
[INFO] [stderr]    Compiling binread_derive v2.1.0
[INFO] [stderr]    Compiling tempfile v3.16.0
[INFO] [stderr]    Compiling proc-macro-error2 v2.0.1
[INFO] [stderr]    Compiling cipher v0.4.4
[INFO] [stderr]    Compiling paste v0.1.18
[INFO] [stderr]    Compiling rand_chacha v0.3.1
[INFO] [stderr]    Compiling thiserror-impl v2.0.11
[INFO] [stderr]    Compiling binwrite_derive v0.2.1
[INFO] [stderr]    Compiling hmac v0.12.1
[INFO] [stderr]    Compiling encoding-index-singlebyte v1.20141219.5
[INFO] [stderr]    Compiling yara-sys v0.29.0
[INFO] [stderr]    Compiling encoding-index-tradchinese v1.20141219.5
[INFO] [stderr]    Compiling encoding-index-japanese v1.20141219.5
[INFO] [stderr]    Compiling encoding-index-korean v1.20141219.5
[INFO] [stderr]    Compiling chrono v0.4.39
[INFO] [stderr]    Compiling encoding-index-simpchinese v1.20141219.5
[INFO] [stderr]    Compiling simd-adler32 v0.3.7
[INFO] [stderr] error: failed to run custom build command for `yara-sys v0.29.0`
[INFO] [stderr] note: To improve backtraces for build dependencies, set the CARGO_PROFILE_RELEASE_BUILD_OVERRIDE_DEBUG=true environment variable to enable debug information generation.
[INFO] [stderr] 
[INFO] [stderr] Caused by:
[INFO] [stderr]   process didn't exit successfully: `/opt/rustwide/target/release/build/yara-sys-885489fd463fe217/build-script-build` (exit status: 101)
[INFO] [stderr]   --- stdout
[INFO] [stderr]   cargo:rustc-link-lib=dylib=yara
[INFO] [stderr]   cargo:rerun-if-env-changed=YARA_LIBRARY_PATH
[INFO] [stderr]   cargo:rerun-if-env-changed=YARA_LIBRARY_PATH_x86_64-unknown-linux-gnu
[INFO] [stderr]   cargo:rerun-if-env-changed=YARA_LIBRARY_PATH_x86_64_unknown_linux_gnu
[INFO] [stderr] 
[INFO] [stderr]   --- stderr
[INFO] [stderr]   wrapper.h:1:10: fatal error: 'yara.h' file not found
[INFO] [stderr] 
[INFO] [stderr]   thread 'main' (1992) panicked at /opt/rustwide/cargo-home/registry/src/index.crates.io-1949cf8c6b5b557f/yara-sys-0.29.0/build.rs:447:43:
[INFO] [stderr]   Unable to generate bindings: ClangDiagnostic("wrapper.h:1:10: fatal error: 'yara.h' file not found\n")
[INFO] [stderr]   stack backtrace:
[INFO] [stderr]      0:     0x57190ac4aa31 - <<std[70759c8f55707aa4]::sys::backtrace::BacktraceLock>::print::DisplayBacktrace as core[df12db4294e9bfd3]::fmt::Display>::fmt
[INFO] [stderr]      1:     0x57190ac60f4a - core[df12db4294e9bfd3]::fmt::write
[INFO] [stderr]      2:     0x57190ac4fb3c - <std[70759c8f55707aa4]::sys::stdio::unix::Stderr as core[df12db4294e9bfd3]::io::write::Write>::write_fmt
[INFO] [stderr]      3:     0x57190ac2a296 - std[70759c8f55707aa4]::panicking::default_hook::{closure#0}
[INFO] [stderr]      4:     0x57190ac45241 - std[70759c8f55707aa4]::panicking::default_hook
[INFO] [stderr]      5:     0x57190ac4556b - std[70759c8f55707aa4]::panicking::panic_with_hook
[INFO] [stderr]      6:     0x57190ac2a342 - std[70759c8f55707aa4]::panicking::panic_handler::{closure#0}
[INFO] [stderr]      7:     0x57190ac22ed9 - std[70759c8f55707aa4]::sys::backtrace::__rust_end_short_backtrace::<std[70759c8f55707aa4]::panicking::panic_handler::{closure#0}, !>
[INFO] [stderr]      8:     0x57190ac2ab5d - __rustc[8fa7c3cbc660c2b3]::rust_begin_unwind
[INFO] [stderr]      9:     0x57190ac6176c - core[df12db4294e9bfd3]::panicking::panic_fmt
[INFO] [stderr]     10:     0x57190ac61542 - core[df12db4294e9bfd3]::result::unwrap_failed
[INFO] [stderr]     11:     0x57190a6b538b - <core[df12db4294e9bfd3]::result::Result<bindgen[487e7171a3376bbf]::Bindings, bindgen[487e7171a3376bbf]::BindgenError>>::expect
[INFO] [stderr]     12:     0x57190a6b6839 - build_script_build[4e549ebb6dad72e1]::bindings::add_bindings
[INFO] [stderr]     13:     0x57190a6b52bb - build_script_build[4e549ebb6dad72e1]::main
[INFO] [stderr]     14:     0x57190a6b74c3 - <fn() as core[df12db4294e9bfd3]::ops::function::FnOnce<()>>::call_once
[INFO] [stderr]     15:     0x57190a6b499e - std[70759c8f55707aa4]::sys::backtrace::__rust_begin_short_backtrace::<fn(), ()>
[INFO] [stderr]     16:     0x57190a6b4a99 - std[70759c8f55707aa4]::rt::lang_start::<()>::{closure#0}
[INFO] [stderr]     17:     0x57190ac44569 - std[70759c8f55707aa4]::rt::lang_start_internal
[INFO] [stderr]     18:     0x57190a6b47e1 - std[70759c8f55707aa4]::rt::lang_start::<()>
[INFO] [stderr]     19:     0x57190a6b7715 - main
[INFO] [stderr]     20:     0x73aeb42d8601 - <unknown>
[INFO] [stderr]     21:     0x73aeb42d8718 - __libc_start_main
[INFO] [stderr]     22:     0x57190a6b38c5 - _start
[INFO] [stderr]     23:                0x0 - <unknown>
[INFO] [stderr] warning: build failed, waiting for other jobs to finish...
[INFO] running `Command { std: "docker" "inspect" "2e442d95faf5d14110a209ef927a70397578b4c923e47658b23bf4f66289ba22", kill_on_drop: false }`
[INFO] running `Command { std: "docker" "rm" "-f" "2e442d95faf5d14110a209ef927a70397578b4c923e47658b23bf4f66289ba22", kill_on_drop: false }`
[INFO] [stdout] 2e442d95faf5d14110a209ef927a70397578b4c923e47658b23bf4f66289ba22
