[INFO] fetching crate dig-download 0.26.0...
[INFO] testing dig-download-0.26.0 against 1.99.0-beta.8+cargoflags=--release for beta-release-1.100-2
[INFO] extracting crate dig-download 0.26.0 into /workspace/builds/worker-0-tc1/source
[INFO] started tweaking crates.io crate dig-download 0.26.0
[INFO] removed 0 missing tests
[INFO] finished tweaking crates.io crate dig-download 0.26.0
[INFO] tweaked toml for crates.io crate dig-download 0.26.0 written to /workspace/builds/worker-0-tc1/source/Cargo.toml
[INFO] validating manifest of crates.io crate dig-download 0.26.0 on toolchain 1.99.0-beta.8
[INFO] running `Command { std: CARGO_HOME="/workspace/cargo-home" RUSTUP_HOME="/workspace/rustup-home" "/workspace/cargo-home/bin/cargo" "+1.99.0-beta.8" "metadata" "--manifest-path" "Cargo.toml" "--no-deps", kill_on_drop: false }`
[INFO] crate crates.io crate dig-download 0.26.0 already has a lockfile, it will not be regenerated
[INFO] running `Command { std: CARGO_HOME="/workspace/cargo-home" RUSTUP_HOME="/workspace/rustup-home" "/workspace/cargo-home/bin/cargo" "+1.99.0-beta.8" "fetch" "--manifest-path" "Cargo.toml", kill_on_drop: false }`
[INFO] [stderr]     Updating crates.io index
[INFO] [stderr]  Downloading crates ...
[INFO] [stderr]   Downloaded wasm-bindgen-macro v0.2.127
[INFO] [stderr]   Downloaded wasm-bindgen-shared v0.2.127
[INFO] [stderr]   Downloaded js-sys v0.3.104
[INFO] [stderr]   Downloaded wasm-bindgen v0.2.127
[INFO] [stderr]   Downloaded wasm-bindgen-macro-support v0.2.127
[INFO] [stderr]   Downloaded chia-traits v0.28.2
[INFO] [stderr]   Downloaded cty v0.2.2
[INFO] [stderr]   Downloaded chia-sha2 v0.36.1
[INFO] [stderr]   Downloaded xmltree v0.10.3
[INFO] [stderr]   Downloaded chia-sha2 v0.34.0
[INFO] [stderr]   Downloaded chia-sha2 v0.28.2
[INFO] [stderr]   Downloaded cfg-if v0.1.10
[INFO] [stderr]   Downloaded chia_streamable_macro v0.28.2
[INFO] [stderr]   Downloaded chia_streamable_macro v0.36.1
[INFO] [stderr]   Downloaded clvm-derive v0.36.1
[INFO] [stderr]   Downloaded bech32 v0.9.1
[INFO] [stderr]   Downloaded chia-traits v0.36.1
[INFO] [stderr]   Downloaded threadpool v1.8.1
[INFO] [stderr]   Downloaded blake2b-rs v0.2.0
[INFO] [stderr]   Downloaded hex-literal v0.4.1
[INFO] [stderr]   Downloaded clvm-utils v0.36.1
[INFO] [stderr]   Downloaded chia-sdk-utils v0.36.0
[INFO] [stderr]   Downloaded chacha20 v0.9.1
[INFO] [stderr]   Downloaded dig-ip v0.1.2
[INFO] [stderr]   Downloaded chia-puzzle-types v0.36.1
[INFO] [stderr]   Downloaded yamux v0.13.10
[INFO] [stderr]   Downloaded igd-next v0.17.1
[INFO] [stderr]   Downloaded clvm-traits v0.36.1
[INFO] [stderr]   Downloaded ipnet v2.12.1
[INFO] [stderr]   Downloaded chia-bls v0.28.2
[INFO] [stderr]   Downloaded yasna v0.5.2
[INFO] [stderr]   Downloaded chia-bls v0.36.1
[INFO] [stderr]   Downloaded find-msvc-tools v0.1.11
[INFO] [stderr]   Downloaded wasm-bindgen-futures v0.4.77
[INFO] [stderr]   Downloaded dig-peer v0.17.0
[INFO] [stderr]   Downloaded chia-protocol v0.36.1
[INFO] [stderr]   Downloaded dig-constants v0.11.1
[INFO] [stderr]   Downloaded xml-rs v0.8.29
[INFO] [stderr]   Downloaded dig-tls v0.4.1
[INFO] [stderr]   Downloaded chacha20poly1305 v0.10.1
[INFO] [stderr]   Downloaded attohttpc v0.30.1
[INFO] [stderr]   Downloaded rcgen v0.13.2
[INFO] [stderr]   Downloaded cc v1.4.4
[INFO] [stderr]   Downloaded dig-identity v0.7.1
[INFO] [stderr]   Downloaded dig-stun v0.2.0
[INFO] [stderr]   Downloaded dig-message v0.7.0
[INFO] [stderr]   Downloaded dig-rpc-protocol v0.15.0
[INFO] [stderr]   Downloaded zerocopy-derive v0.8.56
[INFO] [stderr]   Downloaded chia-consensus v0.36.1
[INFO] [stderr]   Downloaded sparse-merkle-tree v0.6.1
[INFO] [stderr]   Downloaded chia-puzzles v0.20.3
[INFO] [stderr]   Downloaded dig-dht v0.15.0
[INFO] [stderr]   Downloaded quinn-proto v0.11.17
[INFO] [stderr]   Downloaded dig-nat v0.21.2
[INFO] [stderr]   Downloaded zerocopy v0.8.56
[INFO] [stderr]   Downloaded blst v0.3.17
[INFO] [stderr]   Downloaded rustls v0.23.43
[INFO] [stderr]   Downloaded web-sys v0.3.104
[INFO] [stderr]   Downloaded clvmr v0.16.4
[INFO] running `Command { std: "docker" "create" "-v" "/var/lib/crater-agent-workspace/builds/worker-0-tc1/source:/opt/rustwide/workdir:ro,Z" "-v" "/var/lib/crater-agent-workspace/builds/worker-0-tc1/target:/opt/rustwide/target:rw,Z" "-v" "/var/lib/crater-agent-workspace/cargo-home:/opt/rustwide/cargo-home:ro,Z" "-v" "/var/lib/crater-agent-workspace/rustup-home:/opt/rustwide/rustup-home:ro,Z" "-m" "1610612736" "--network" "none" "ghcr.io/rust-lang/crates-build-env/linux@sha256:77db811e55d90add9212f6832c23229e3de5f1c1f9905e8cb07319ea15df73ac" "sleep" "infinity", kill_on_drop: false }`
[INFO] [stdout] 1db1aafab45137f600f90795164731cc651232903e3a6e46379f5ea1de42e877
[INFO] running `Command { std: "docker" "start" "1db1aafab45137f600f90795164731cc651232903e3a6e46379f5ea1de42e877", kill_on_drop: false }`
[INFO] running `Command { std: "docker" "inspect" "1db1aafab45137f600f90795164731cc651232903e3a6e46379f5ea1de42e877", kill_on_drop: false }`
[INFO] running `Command { std: "docker" "exec" "-e" "SOURCE_DIR=/opt/rustwide/workdir" "-e" "CARGO_HOME=/opt/rustwide/cargo-home" "-e" "RUSTUP_HOME=/opt/rustwide/rustup-home" "-e" "CARGO_TARGET_DIR=/opt/rustwide/target" "-w" "/opt/rustwide/workdir" "--user" "0:0" "1db1aafab45137f600f90795164731cc651232903e3a6e46379f5ea1de42e877" "/opt/rustwide/cargo-home/bin/cargo" "+1.99.0-beta.8" "metadata" "--no-deps" "--format-version=1", kill_on_drop: false }`
[INFO] running `Command { std: "docker" "inspect" "1db1aafab45137f600f90795164731cc651232903e3a6e46379f5ea1de42e877", kill_on_drop: false }`
[INFO] running `Command { std: "docker" "exec" "-e" "SOURCE_DIR=/opt/rustwide/workdir" "-e" "CARGO_HOME=/opt/rustwide/cargo-home" "-e" "RUSTUP_HOME=/opt/rustwide/rustup-home" "-e" "CARGO_TARGET_DIR=/opt/rustwide/target" "-e" "CARGO_INCREMENTAL=0" "-e" "RUST_BACKTRACE=full" "-e" "RUSTFLAGS=--cap-lints=warn" "-e" "RUSTDOCFLAGS=--cap-lints=warn" "-w" "/opt/rustwide/workdir" "--user" "0:0" "1db1aafab45137f600f90795164731cc651232903e3a6e46379f5ea1de42e877" "/opt/rustwide/cargo-home/bin/cargo" "+1.99.0-beta.8" "build" "--frozen" "--message-format=json" "--release", kill_on_drop: false }`
[INFO] [stderr]    Compiling proc-macro2 v1.0.107
[INFO] [stderr]    Compiling libc v0.2.189
[INFO] [stderr]    Compiling find-msvc-tools v0.1.11
[INFO] [stderr]    Compiling shlex v2.0.1
[INFO] [stderr]    Compiling subtle v2.6.1
[INFO] [stderr]    Compiling const-oid v0.9.6
[INFO] [stderr]    Compiling cpufeatures v0.2.17
[INFO] [stderr]    Compiling zerocopy v0.8.56
[INFO] [stderr]    Compiling base64ct v1.8.3
[INFO] [stderr]    Compiling generic-array v0.14.7
[INFO] [stderr]    Compiling thiserror v1.0.69
[INFO] [stderr]    Compiling hashbrown v0.17.1
[INFO] [stderr]    Compiling toml_datetime v0.6.11
[INFO] [stderr]    Compiling winnow v0.5.40
[INFO] [stderr]    Compiling memchr v2.8.3
[INFO] [stderr]    Compiling pin-project-lite v0.2.17
[INFO] [stderr]    Compiling base16ct v0.2.0
[INFO] [stderr]    Compiling num-integer v0.1.47
[INFO] [stderr]    Compiling stable_deref_trait v1.2.1
[INFO] [stderr]    Compiling bytes v1.12.1
[INFO] [stderr]    Compiling hex v0.4.3
[INFO] [stderr]    Compiling radium v0.7.0
[INFO] [stderr]    Compiling linked-hash-map v0.5.6
[INFO] [stderr]    Compiling futures-core v0.3.34
[INFO] [stderr]    Compiling itoa v1.0.18
[INFO] [stderr]    Compiling tap v1.0.1
[INFO] [stderr]    Compiling pem-rfc7468 v0.7.0
[INFO] [stderr]    Compiling num-bigint v0.4.8
[INFO] [stderr]    Compiling futures-sink v0.3.34
[INFO] [stderr]    Compiling wyz v0.5.1
[INFO] [stderr]    Compiling funty v2.0.0
[INFO] [stderr]    Compiling hex-literal v0.4.1
[INFO] [stderr]    Compiling smallvec v1.15.2
[INFO] [stderr]    Compiling futures-io v0.3.34
[INFO] [stderr]    Compiling keccak v0.1.6
[INFO] [stderr]    Compiling quote v1.0.47
[INFO] [stderr]    Compiling untrusted v0.9.0
[INFO] [stderr]    Compiling slab v0.4.12
[INFO] [stderr]    Compiling indexmap v2.14.0
[INFO] [stderr]    Compiling bumpalo v3.20.3
[INFO] [stderr]    Compiling syn v2.0.119
[INFO] [stderr]    Compiling syn v3.0.4
[INFO] [stderr]    Compiling futures-channel v0.3.34
[INFO] [stderr]    Compiling num-conv v0.2.2
[INFO] [stderr]    Compiling writeable v0.6.4
[INFO] [stderr]    Compiling bitvec v1.1.1
[INFO] [stderr]    Compiling time-core v0.1.9
[INFO] [stderr]    Compiling http v1.5.0
[INFO] [stderr]    Compiling litemap v0.8.3
[INFO] [stderr]    Compiling time-macros v0.2.32
[INFO] [stderr]    Compiling icu_properties_data v2.3.0
[INFO] [stderr]    Compiling equivalent v1.0.2
[INFO] [stderr]    Compiling deranged v0.5.8
[INFO] [stderr]    Compiling minimal-lexical v0.2.1
[INFO] [stderr]    Compiling log v0.4.34
[INFO] [stderr]    Compiling getrandom v0.2.17
[INFO] [stderr]    Compiling num_cpus v1.17.0
[INFO] [stderr]    Compiling jobserver v0.1.35
[INFO] [stderr]    Compiling mio v1.2.2
[INFO] [stderr]    Compiling threadpool v1.8.1
[INFO] [stderr]    Compiling socket2 v0.6.5
[INFO] [stderr]    Compiling rand_core v0.6.4
[INFO] [stderr]    Compiling cc v1.4.4
[INFO] [stderr]    Compiling toml_edit v0.19.15
[INFO] [stderr]    Compiling ff v0.13.1
[INFO] [stderr]    Compiling group v0.13.0
[INFO] [stderr]    Compiling powerfmt v0.2.0
[INFO] [stderr]    Compiling futures-task v0.3.34
[INFO] [stderr]    Compiling icu_normalizer_data v2.3.0
[INFO] [stderr]    Compiling utf8_iter v1.0.4
[INFO] [stderr]    Compiling nom v7.1.3
[INFO] [stderr]    Compiling getrandom v0.3.4
[INFO] [stderr]    Compiling tracing-core v0.1.36
[INFO] [stderr]    Compiling thiserror v2.0.20
[INFO] [stderr]    Compiling httparse v1.10.1
[INFO] [stderr]    Compiling rustls v0.23.43
[INFO] [stderr]    Compiling rand_core v0.9.5
[INFO] [stderr]    Compiling pkg-config v0.3.34
[INFO] [stderr]    Compiling oid-registry v0.7.1
[INFO] [stderr]    Compiling data-encoding v2.11.1
[INFO] [stderr]    Compiling base64 v0.22.1
[INFO] [stderr]    Compiling serde_core v1.0.229
[INFO] [stderr]    Compiling time v0.3.55
[INFO] [stderr]    Compiling http-body v1.1.0
[INFO] [stderr]    Compiling zmij v1.0.23
[INFO] [stderr]    Compiling fnv v1.0.7
[INFO] [stderr]    Compiling parking_lot_core v0.9.12
[INFO] [stderr]    Compiling atomic-waker v1.1.2
[INFO] [stderr]    Compiling blst v0.3.17
[INFO] [stderr]    Compiling ring v0.17.14
[INFO] [stderr]    Compiling blake2b-rs v0.2.0
[INFO] [stderr]    Compiling zstd-sys v2.0.16+zstd.1.5.7
[INFO] [stderr]    Compiling sparse-merkle-tree v0.6.1
[INFO] [stderr]    Compiling percent-encoding v2.3.2
[INFO] [stderr]    Compiling rand_core v0.10.1
[INFO] [stderr]    Compiling try-lock v0.2.5
[INFO] [stderr]    Compiling getrandom v0.4.3
[INFO] [stderr]    Compiling cty v0.2.2
[INFO] [stderr]    Compiling want v0.3.1
[INFO] [stderr]    Compiling form_urlencoded v1.2.2
[INFO] [stderr]    Compiling chia-puzzles v0.20.3
[INFO] [stderr]    Compiling scopeguard v1.2.0
[INFO] [stderr]    Compiling serde v1.0.229
[INFO] [stderr]    Compiling rustversion v1.0.23
[INFO] [stderr]    Compiling cfg-if v0.1.10
[INFO] [stderr]    Compiling bech32 v0.9.1
[INFO] [stderr]    Compiling serde_json v1.0.151
[INFO] [stderr]    Compiling chacha20 v0.10.1
[INFO] [stderr]    Compiling proc-macro-crate v1.3.1
[INFO] [stderr]    Compiling lock_api v0.4.14
[INFO] [stderr]    Compiling synstructure v0.13.2
[INFO] [stderr]    Compiling rusticata-macros v4.1.0
[INFO] [stderr]    Compiling pem v3.0.6
[INFO] [stderr]    Compiling utf-8 v0.7.6
[INFO] [stderr]    Compiling tower-service v0.3.3
[INFO] [stderr]    Compiling zstd-safe v7.2.4
[INFO] [stderr]    Compiling xml-rs v0.8.29
[INFO] [stderr]    Compiling rand v0.10.2
[INFO] [stderr]    Compiling parking_lot v0.12.5
[INFO] [stderr]    Compiling ppv-lite86 v0.2.21
[INFO] [stderr]    Compiling http-body-util v0.1.5
[INFO] [stderr]    Compiling static_assertions v1.1.0
[INFO] [stderr]    Compiling web-time v1.1.0
[INFO] [stderr]    Compiling opaque-debug v0.3.1
[INFO] [stderr]    Compiling nohash-hasher v0.2.0
[INFO] [stderr]    Compiling rand_chacha v0.3.1
[INFO] [stderr]    Compiling rand_chacha v0.9.0
[INFO] [stderr]    Compiling arc-swap v1.9.2
[INFO] [stderr]    Compiling xmltree v0.10.3
[INFO] [stderr]    Compiling displaydoc v0.2.7
[INFO] [stderr]    Compiling zeroize_derive v1.5.0
[INFO] [stderr]    Compiling thiserror-impl v1.0.69
[INFO] [stderr]    Compiling zerofrom-derive v0.1.7
[INFO] [stderr]    Compiling yoke-derive v0.8.2
[INFO] [stderr]    Compiling zerovec-derive v0.11.6
[INFO] [stderr]    Compiling chia_streamable_macro v0.36.1
[INFO] [stderr]    Compiling chia_streamable_macro v0.28.2
[INFO] [stderr]    Compiling zeroize v1.9.0
[INFO] [stderr]    Compiling der v0.7.10
[INFO] [stderr]    Compiling rand v0.8.8
[INFO] [stderr]    Compiling rustls-pki-types v1.15.1
[INFO] [stderr]    Compiling tokio-macros v2.7.2
[INFO] [stderr]    Compiling clvm-derive v0.36.1
[INFO] [stderr]    Compiling futures-macro v0.3.34
[INFO] [stderr]    Compiling tokio v1.53.1
[INFO] [stderr]    Compiling tracing-attributes v0.1.31
[INFO] [stderr]    Compiling asn1-rs-impl v0.2.0
[INFO] [stderr]    Compiling asn1-rs-derive v0.5.1
[INFO] [stderr]    Compiling zerofrom v0.1.8
[INFO] [stderr]    Compiling crypto-common v0.1.7
[INFO] [stderr]    Compiling block-buffer v0.10.4
[INFO] [stderr]    Compiling crypto-bigint v0.5.5
[INFO] [stderr]    Compiling yoke v0.8.3
[INFO] [stderr]    Compiling thiserror-impl v2.0.20
[INFO] [stderr]    Compiling digest v0.10.7
[INFO] [stderr]    Compiling rand v0.9.5
[INFO] [stderr]    Compiling inout v0.1.4
[INFO] [stderr]    Compiling zerovec v0.11.8
[INFO] [stderr]    Compiling zerotrie v0.2.5
[INFO] [stderr]    Compiling sha2 v0.10.9
[INFO] [stderr]    Compiling hmac v0.12.1
[INFO] [stderr]    Compiling signature v2.2.0
[INFO] [stderr]    Compiling sha1 v0.10.7
[INFO] [stderr]    Compiling hkdf v0.12.4
[INFO] [stderr]    Compiling rfc6979 v0.4.0
[INFO] [stderr]    Compiling sha3 v0.10.9
[INFO] [stderr]    Compiling futures-util v0.3.34
[INFO] [stderr]    Compiling chia-sha2 v0.36.1
[INFO] [stderr]    Compiling chia-sha2 v0.28.2
[INFO] [stderr]    Compiling chia-traits v0.36.1
[INFO] [stderr]    Compiling spki v0.7.3
[INFO] [stderr]    Compiling chia-traits v0.28.2
[INFO] [stderr]    Compiling chia-sha2 v0.34.0
[INFO] [stderr]    Compiling tinystr v0.8.4
[INFO] [stderr]    Compiling potential_utf v0.1.6
[INFO] [stderr]    Compiling pkcs8 v0.10.2
[INFO] [stderr]    Compiling icu_collections v2.3.0
[INFO] [stderr]    Compiling tracing v0.1.44
[INFO] [stderr]    Compiling asn1-rs v0.6.2
[INFO] [stderr]    Compiling sec1 v0.7.3
[INFO] [stderr]    Compiling icu_locale_core v2.3.0
[INFO] [stderr]    Compiling webpki-roots v1.0.9
[INFO] [stderr]    Compiling chia-bls v0.28.2
[INFO] [stderr]    Compiling chia-bls v0.36.1
[INFO] [stderr]    Compiling elliptic-curve v0.13.8
[INFO] [stderr]    Compiling yasna v0.5.2
[INFO] [stderr]    Compiling pin-project-internal v1.1.13
[INFO] [stderr]    Compiling serde_derive v1.0.229
[INFO] [stderr]    Compiling ecdsa v0.16.9
[INFO] [stderr]    Compiling primeorder v0.13.6
[INFO] [stderr]    Compiling icu_provider v2.3.1
[INFO] [stderr]    Compiling webpki-roots v0.26.11
[INFO] [stderr]    Compiling cipher v0.4.4
[INFO] [stderr]    Compiling universal-hash v0.5.1
[INFO] [stderr]    Compiling icu_normalizer v2.3.0
[INFO] [stderr]    Compiling k256 v0.13.4
[INFO] [stderr]    Compiling p256 v0.13.2
[INFO] [stderr]    Compiling icu_properties v2.3.0
[INFO] [stderr]    Compiling rustls-pemfile v2.2.0
[INFO] [stderr]    Compiling pin-project v1.1.13
[INFO] [stderr]    Compiling chacha20 v0.9.1
[INFO] [stderr]    Compiling poly1305 v0.8.0
[INFO] [stderr]    Compiling clvmr v0.16.4
[INFO] [stderr]    Compiling tokio-util v0.7.19
[INFO] [stderr]    Compiling der-parser v9.0.0
[INFO] [stderr]    Compiling aead v0.5.2
[INFO] [stderr]    Compiling async-trait v0.1.92
[INFO] [stderr]    Compiling clvm-traits v0.36.1
[INFO] [stderr]    Compiling idna_adapter v1.2.2
[INFO] [stderr]    Compiling h2 v0.4.19
[INFO] [stderr]    Compiling clvm-utils v0.36.1
[INFO] [stderr]    Compiling futures-executor v0.3.34
[INFO] [stderr]    Compiling futures v0.3.34
[INFO] [stderr]    Compiling idna v1.1.0
[INFO] [stderr]    Compiling chia-protocol v0.36.1
[INFO] [stderr]    Compiling dig-ip v0.1.2
[INFO] [stderr]    Compiling yamux v0.13.10
[INFO] [stderr]    Compiling chacha20poly1305 v0.10.1
[INFO] [stderr]    Compiling serde_repr v0.1.21
[INFO] [stderr]    Compiling url v2.5.8
[INFO] [stderr]    Compiling dig-rpc-protocol v0.15.0
[INFO] [stderr]    Compiling attohttpc v0.30.1
[INFO] [stderr]    Compiling chia-sdk-utils v0.36.0
[INFO] [stderr]    Compiling chia-puzzle-types v0.36.1
[INFO] [stderr]    Compiling dig-identity v0.7.1
[INFO] [stderr]    Compiling chia-consensus v0.36.1
[INFO] [stderr]    Compiling rustls-webpki v0.103.15
[INFO] [stderr]    Compiling x509-parser v0.16.0
[INFO] [stderr]    Compiling rustls-webpki v0.102.8
[INFO] [stderr]    Compiling dig-stun v0.2.0
[INFO] [stderr]    Compiling dig-constants v0.11.1
[INFO] [stderr]    Compiling hyper v1.11.0
[INFO] [stderr]    Compiling rcgen v0.13.2
[INFO] [stderr]    Compiling hyper-util v0.1.20
[INFO] [stderr]    Compiling igd-next v0.17.1
[INFO] [stderr]    Compiling tokio-rustls v0.26.4
[INFO] [stderr]    Compiling tungstenite v0.24.0
[INFO] [stderr]    Compiling dig-tls v0.4.1
[INFO] [stderr]    Compiling tokio-tungstenite v0.24.0
[INFO] [stderr]    Compiling dig-nat v0.21.2
[INFO] [stderr]    Compiling dig-dht v0.15.0
[INFO] [stderr]    Compiling zstd v0.13.3
[INFO] [stderr]    Compiling dig-message v0.7.0
[INFO] [stderr]    Compiling dig-peer v0.17.0
[INFO] [stderr]    Compiling dig-download v0.26.0 (/opt/rustwide/workdir)
[INFO] [stderr]     Finished `release` profile [optimized] target(s) in 3m 24s
[INFO] running `Command { std: "docker" "inspect" "1db1aafab45137f600f90795164731cc651232903e3a6e46379f5ea1de42e877", kill_on_drop: false }`
[INFO] running `Command { std: "docker" "exec" "-e" "SOURCE_DIR=/opt/rustwide/workdir" "-e" "CARGO_HOME=/opt/rustwide/cargo-home" "-e" "RUSTUP_HOME=/opt/rustwide/rustup-home" "-e" "CARGO_TARGET_DIR=/opt/rustwide/target" "-e" "CARGO_INCREMENTAL=0" "-e" "RUST_BACKTRACE=full" "-e" "RUSTFLAGS=--cap-lints=warn" "-e" "RUSTDOCFLAGS=--cap-lints=warn" "-w" "/opt/rustwide/workdir" "--user" "0:0" "1db1aafab45137f600f90795164731cc651232903e3a6e46379f5ea1de42e877" "/opt/rustwide/cargo-home/bin/cargo" "+1.99.0-beta.8" "test" "--frozen" "--no-run" "--message-format=json" "--release", kill_on_drop: false }`
[INFO] [stderr]    Compiling tokio v1.53.1
[INFO] [stderr]    Compiling tokio-util v0.7.19
[INFO] [stderr]    Compiling tokio-rustls v0.26.4
[INFO] [stderr]    Compiling dig-stun v0.2.0
[INFO] [stderr]    Compiling dig-ip v0.1.2
[INFO] [stderr]    Compiling tokio-tungstenite v0.24.0
[INFO] [stderr]    Compiling h2 v0.4.19
[INFO] [stderr]    Compiling hyper v1.11.0
[INFO] [stderr]    Compiling hyper-util v0.1.20
[INFO] [stderr]    Compiling igd-next v0.17.1
[INFO] [stderr]    Compiling dig-nat v0.21.2
[INFO] [stderr]    Compiling dig-dht v0.15.0
[INFO] [stderr]    Compiling dig-peer v0.17.0
[INFO] [stderr]    Compiling dig-download v0.26.0 (/opt/rustwide/workdir)
[INFO] [stdout] error[E0432]: unresolved import `dig_download::testkit`
[INFO] [stdout]    --> tests/module_peak_memory.rs:30:19
[INFO] [stdout]     |
[INFO] [stdout]  30 | use dig_download::testkit::{mock_providers, MockModuleTransport, MockProviderLocator};
[INFO] [stdout]     |                   ^^^^^^^ could not find `testkit` in `dig_download`
[INFO] [stdout]     |
[INFO] [stdout] note: found an item that was configured out
[INFO] [stdout]    --> src/lib.rs:100:9
[INFO] [stdout]     |
[INFO] [stdout]  99 | #[cfg(any(test, feature = "testkit"))]
[INFO] [stdout]     |          --------------------------- the item is gated here
[INFO] [stdout] 100 | pub mod testkit;
[INFO] [stdout]     |         ^^^^^^^
[INFO] [stdout] 
[INFO] [stdout] 
[INFO] [stdout] error[E0432]: unresolved import `dig_download::testkit`
[INFO] [stdout]    --> tests/onion_transfer.rs:15:19
[INFO] [stdout]     |
[INFO] [stdout]  15 | use dig_download::testkit::{
[INFO] [stdout]     |                   ^^^^^^^ could not find `testkit` in `dig_download`
[INFO] [stdout]     |
[INFO] [stdout] note: found an item that was configured out
[INFO] [stdout]    --> src/lib.rs:100:9
[INFO] [stdout]     |
[INFO] [stdout]  99 | #[cfg(any(test, feature = "testkit"))]
[INFO] [stdout]     |          --------------------------- the item is gated here
[INFO] [stdout] 100 | pub mod testkit;
[INFO] [stdout]     |         ^^^^^^^
[INFO] [stdout] 
[INFO] [stdout] 
[INFO] [stdout] For more information about this error, try `rustc --explain E0432`.
[INFO] [stdout] 
[INFO] [stderr] error: could not compile `dig-download` (test "module_peak_memory") due to 1 previous error
[INFO] [stderr] warning: build failed, waiting for other jobs to finish...
[INFO] [stdout] error[E0432]: unresolved import `dig_download::testkit`
[INFO] [stdout]    --> tests/orchestrator_scenarios.rs:18:19
[INFO] [stdout]     |
[INFO] [stdout]  18 | use dig_download::testkit::{
[INFO] [stdout]     |                   ^^^^^^^ could not find `testkit` in `dig_download`
[INFO] [stdout]     |
[INFO] [stdout] note: found an item that was configured out
[INFO] [stdout]    --> src/lib.rs:100:9
[INFO] [stdout]     |
[INFO] [stdout]  99 | #[cfg(any(test, feature = "testkit"))]
[INFO] [stdout]     |          --------------------------- the item is gated here
[INFO] [stdout] 100 | pub mod testkit;
[INFO] [stdout]     |         ^^^^^^^
[INFO] [stdout] 
[INFO] [stdout] 
[INFO] [stdout] For more information about this error, try `rustc --explain E0432`.
[INFO] [stdout] 
[INFO] [stderr] error: could not compile `dig-download` (test "onion_transfer") due to 1 previous error
[INFO] [stdout] For more information about this error, try `rustc --explain E0432`.
[INFO] [stdout] 
[INFO] [stderr] error: could not compile `dig-download` (test "orchestrator_scenarios") due to 1 previous error
[INFO] running `Command { std: "docker" "inspect" "1db1aafab45137f600f90795164731cc651232903e3a6e46379f5ea1de42e877", kill_on_drop: false }`
[INFO] running `Command { std: "docker" "rm" "-f" "1db1aafab45137f600f90795164731cc651232903e3a6e46379f5ea1de42e877", kill_on_drop: false }`
[INFO] [stdout] 1db1aafab45137f600f90795164731cc651232903e3a6e46379f5ea1de42e877
