[INFO] fetching crate diffusion_rs_backend 0.1.0...
[INFO] testing diffusion_rs_backend-0.1.0 against 1.99.0-beta.8+cargoflags=--release for beta-release-1.100-2
[INFO] extracting crate diffusion_rs_backend 0.1.0 into /workspace/builds/worker-5-tc1/source
[INFO] started tweaking crates.io crate diffusion_rs_backend 0.1.0
[INFO] finished tweaking crates.io crate diffusion_rs_backend 0.1.0
[INFO] tweaked toml for crates.io crate diffusion_rs_backend 0.1.0 written to /workspace/builds/worker-5-tc1/source/Cargo.toml
[INFO] validating manifest of crates.io crate diffusion_rs_backend 0.1.0 on toolchain 1.99.0-beta.8
[INFO] running `Command { std: CARGO_HOME="/workspace/cargo-home" RUSTUP_HOME="/workspace/rustup-home" "/workspace/cargo-home/bin/cargo" "+1.99.0-beta.8" "metadata" "--manifest-path" "Cargo.toml" "--no-deps", kill_on_drop: false }`
[INFO] running `Command { std: CARGO_HOME="/workspace/cargo-home" RUSTUP_HOME="/workspace/rustup-home" "/workspace/cargo-home/bin/cargo" "+1.99.0-beta.8" "generate-lockfile" "--manifest-path" "Cargo.toml", kill_on_drop: false }`
[INFO] [stderr]     Updating crates.io index
[INFO] [stderr]      Locking 315 packages to highest compatible versions
[INFO] [stderr]       Adding float8 v0.1.3 (available: v0.7.0)
[INFO] [stderr]       Adding generic-array v0.14.7 (available: v0.14.9)
[INFO] [stderr]       Adding metal v0.27.0 (available: v0.33.0)
[INFO] running `Command { std: CARGO_HOME="/workspace/cargo-home" RUSTUP_HOME="/workspace/rustup-home" "/workspace/cargo-home/bin/cargo" "+1.99.0-beta.8" "fetch" "--manifest-path" "Cargo.toml", kill_on_drop: false }`
[INFO] [stderr]  Downloading crates ...
[INFO] [stderr]   Downloaded objc_exception v0.1.2
[INFO] [stderr]   Downloaded float8 v0.1.3
[INFO] [stderr]   Downloaded rand_distr v0.5.1
[INFO] [stderr]   Downloaded ug-metal v0.0.2
[INFO] [stderr]   Downloaded derive_arbitrary v1.5.0
[INFO] [stderr]   Downloaded ug v0.0.2
[INFO] [stderr]   Downloaded ug-cuda v0.0.2
[INFO] [stderr]   Downloaded macro_rules_attribute-proc_macro v0.2.3
[INFO] [stderr]   Downloaded macro_rules_attribute v0.2.3
[INFO] [stderr]   Downloaded zopfli v0.8.4
[INFO] [stderr]   Downloaded zip v2.6.1
[INFO] [stderr]   Downloaded safetensors v0.4.5
[INFO] [stderr]   Downloaded hf-hub v0.3.2
[INFO] [stderr]   Downloaded tqdm v0.7.0
[INFO] [stderr]   Downloaded diffusion_rs_common v0.1.0
[INFO] [stderr]   Downloaded cudarc v0.12.1
[INFO] [stderr]   Downloaded gemm v0.17.1
[INFO] [stderr]   Downloaded cudarc v0.13.9
[INFO] [stderr]   Downloaded gemm-f64 v0.17.1
[INFO] [stderr]   Downloaded gemm-common v0.17.1
[INFO] [stderr]   Downloaded dyn-stack v0.10.0
[INFO] [stderr]   Downloaded gemm-f32 v0.17.1
[INFO] [stderr]   Downloaded gemm-f16 v0.17.1
[INFO] [stderr]   Downloaded gemm-c64 v0.17.1
[INFO] [stderr]   Downloaded gemm-c32 v0.17.1
[INFO] [stderr]   Downloaded bindgen_cuda v0.1.6
[INFO] [stderr]   Downloaded sysctl v0.5.5
[INFO] [stderr]   Downloaded pulp v0.18.22
[INFO] [stderr]   Downloaded metal v0.27.0
[INFO] [stderr]   Downloaded metal v0.29.0
[INFO] running `Command { std: "docker" "create" "-v" "/var/lib/crater-agent-workspace/builds/worker-5-tc1/source:/opt/rustwide/workdir:ro,Z" "-v" "/var/lib/crater-agent-workspace/builds/worker-5-tc1/target:/opt/rustwide/target:rw,Z" "-v" "/var/lib/crater-agent-workspace/cargo-home:/opt/rustwide/cargo-home:ro,Z" "-v" "/var/lib/crater-agent-workspace/rustup-home:/opt/rustwide/rustup-home:ro,Z" "-m" "1610612736" "--network" "none" "ghcr.io/rust-lang/crates-build-env/linux@sha256:77db811e55d90add9212f6832c23229e3de5f1c1f9905e8cb07319ea15df73ac" "sleep" "infinity", kill_on_drop: false }`
[INFO] [stdout] 0347adfaa80fb1a775afe593250f0bf1dc0b3e74eb3209b660f18d46747f8491
[INFO] running `Command { std: "docker" "start" "0347adfaa80fb1a775afe593250f0bf1dc0b3e74eb3209b660f18d46747f8491", kill_on_drop: false }`
[INFO] running `Command { std: "docker" "inspect" "0347adfaa80fb1a775afe593250f0bf1dc0b3e74eb3209b660f18d46747f8491", kill_on_drop: false }`
[INFO] running `Command { std: "docker" "exec" "-e" "SOURCE_DIR=/opt/rustwide/workdir" "-e" "CARGO_HOME=/opt/rustwide/cargo-home" "-e" "RUSTUP_HOME=/opt/rustwide/rustup-home" "-e" "CARGO_TARGET_DIR=/opt/rustwide/target" "-w" "/opt/rustwide/workdir" "--user" "0:0" "0347adfaa80fb1a775afe593250f0bf1dc0b3e74eb3209b660f18d46747f8491" "/opt/rustwide/cargo-home/bin/cargo" "+1.99.0-beta.8" "metadata" "--no-deps" "--format-version=1", kill_on_drop: false }`
[INFO] running `Command { std: "docker" "inspect" "0347adfaa80fb1a775afe593250f0bf1dc0b3e74eb3209b660f18d46747f8491", kill_on_drop: false }`
[INFO] running `Command { std: "docker" "exec" "-e" "SOURCE_DIR=/opt/rustwide/workdir" "-e" "CARGO_HOME=/opt/rustwide/cargo-home" "-e" "RUSTUP_HOME=/opt/rustwide/rustup-home" "-e" "CARGO_TARGET_DIR=/opt/rustwide/target" "-e" "CARGO_INCREMENTAL=0" "-e" "RUST_BACKTRACE=full" "-e" "RUSTFLAGS=--cap-lints=warn" "-e" "RUSTDOCFLAGS=--cap-lints=warn" "-w" "/opt/rustwide/workdir" "--user" "0:0" "0347adfaa80fb1a775afe593250f0bf1dc0b3e74eb3209b660f18d46747f8491" "/opt/rustwide/cargo-home/bin/cargo" "+1.99.0-beta.8" "build" "--frozen" "--message-format=json" "--release", kill_on_drop: false }`
[INFO] [stderr]    Compiling syn v3.0.9
[INFO] [stderr]    Compiling syn v2.0.119
[INFO] [stderr]    Compiling libc v0.2.191
[INFO] [stderr]    Compiling pkg-config v0.3.34
[INFO] [stderr]    Compiling num-traits v0.2.19
[INFO] [stderr]    Compiling getrandom v0.3.4
[INFO] [stderr]    Compiling libm v0.2.16
[INFO] [stderr]    Compiling crossbeam-utils v0.8.23
[INFO] [stderr]    Compiling smallvec v1.16.3
[INFO] [stderr]    Compiling rand_core v0.9.5
[INFO] [stderr]    Compiling either v1.19.0
[INFO] [stderr]    Compiling getrandom v0.2.17
[INFO] [stderr]    Compiling paste v1.0.15
[INFO] [stderr]    Compiling crossbeam-epoch v0.9.21
[INFO] [stderr]    Compiling reborrow v0.5.5
[INFO] [stderr]    Compiling writeable v0.6.4
[INFO] [stderr]    Compiling litemap v0.8.3
[INFO] [stderr]    Compiling crossbeam-deque v0.8.8
[INFO] [stderr]    Compiling icu_properties_data v2.3.0
[INFO] [stderr]    Compiling icu_normalizer_data v2.3.0
[INFO] [stderr]    Compiling rayon-core v1.13.0
[INFO] [stderr]    Compiling raw-cpuid v10.7.0
[INFO] [stderr]    Compiling crypto-common v0.1.7
[INFO] [stderr]    Compiling fnv v1.0.7
[INFO] [stderr]    Compiling seq-macro v0.3.6
[INFO] [stderr]    Compiling crc32fast v1.5.2
[INFO] [stderr]    Compiling jobserver v0.1.35
[INFO] [stderr]    Compiling bitflags v2.13.2
[INFO] [stderr]    Compiling cc v1.8.0
[INFO] [stderr]    Compiling rayon v1.12.0
[INFO] [stderr]    Compiling simd-adler32 v0.3.10
[INFO] [stderr]    Compiling num-integer v0.1.47
[INFO] [stderr]    Compiling synstructure v0.14.0
[INFO] [stderr]    Compiling rand_core v0.6.4
[INFO] [stderr]    Compiling block-buffer v0.10.4
[INFO] [stderr]    Compiling errno v0.3.14
[INFO] [stderr]    Compiling adler2 v2.0.1
[INFO] [stderr]    Compiling portable-atomic v1.15.0
[INFO] [stderr]    Compiling rustversion v1.0.23
[INFO] [stderr]    Compiling openssl v0.10.81
[INFO] [stderr]    Compiling signal-hook v0.3.18
[INFO] [stderr]    Compiling miniz_oxide v0.9.1
[INFO] [stderr]    Compiling signal-hook-registry v1.4.8
[INFO] [stderr]    Compiling digest v0.10.7
[INFO] [stderr]    Compiling zstd-safe v7.3.0
[INFO] [stderr]    Compiling native-tls v0.2.18
[INFO] [stderr]    Compiling rustls v0.23.46
[INFO] [stderr]    Compiling zerofrom-derive v0.1.8
[INFO] [stderr]    Compiling yoke-derive v0.8.4
[INFO] [stderr]    Compiling bytemuck_derive v1.12.1
[INFO] [stderr]    Compiling zerovec-derive v0.11.6
[INFO] [stderr]    Compiling displaydoc v0.2.7
[INFO] [stderr]    Compiling zerofrom v0.1.8
[INFO] [stderr]    Compiling serde_derive v1.0.229
[INFO] [stderr]    Compiling yoke v0.8.3
[INFO] [stderr]    Compiling openssl-sys v0.9.117
[INFO] [stderr]    Compiling zerotrie v0.2.5
[INFO] [stderr]    Compiling ring v0.17.14
[INFO] [stderr]    Compiling bytemuck v1.25.2
[INFO] [stderr]    Compiling zerovec v0.11.8
[INFO] [stderr]    Compiling darling_core v0.20.11
[INFO] [stderr]    Compiling zstd-sys v2.1.2+zstd.1.5.7
[INFO] [stderr]    Compiling num-complex v0.4.6
[INFO] [stderr]    Compiling dyn-stack v0.10.0
[INFO] [stderr]    Compiling tinystr v0.8.4
[INFO] [stderr]    Compiling icu_locale_core v2.3.0
[INFO] [stderr]    Compiling potential_utf v0.1.6
[INFO] [stderr]    Compiling icu_collections v2.3.0
[INFO] [stderr]    Compiling pulp v0.18.22
[INFO] [stderr]    Compiling zerocopy-derive v0.8.63
[INFO] [stderr]    Compiling zeroize_derive v1.5.0
[INFO] [stderr]    Compiling zeroize v1.9.1
[INFO] [stderr]    Compiling icu_provider v2.3.1
[INFO] [stderr]    Compiling serde v1.0.229
[INFO] [stderr]    Compiling rustls-pki-types v1.15.1
[INFO] [stderr]    Compiling icu_normalizer v2.3.0
[INFO] [stderr]    Compiling darling_macro v0.20.11
[INFO] [stderr]    Compiling zerocopy v0.8.63
[INFO] [stderr]    Compiling icu_properties v2.3.0
[INFO] [stderr]    Compiling darling v0.20.11
[INFO] [stderr]    Compiling openssl-macros v0.1.1
[INFO] [stderr]    Compiling bzip2-sys v0.1.13+1.0.8
[INFO] [stderr]    Compiling lzma-sys v0.1.20
[INFO] [stderr]    Compiling onig_sys v69.9.3
[INFO] [stderr]    Compiling percent-encoding v2.3.2
[INFO] [stderr]    Compiling unicode-width v0.2.2
[INFO] [stderr]    Compiling thiserror v1.0.69
[INFO] [stderr]    Compiling console v0.15.11
[INFO] [stderr]    Compiling form_urlencoded v1.2.2
[INFO] [stderr]    Compiling derive_builder_core v0.20.2
[INFO] [stderr]    Compiling idna_adapter v1.2.2
[INFO] [stderr]    Compiling webpki-roots v1.0.9
[INFO] [stderr]    Compiling idna v1.1.0
[INFO] [stderr]    Compiling thiserror-impl v1.0.69
[INFO] [stderr]    Compiling esaxx-rs v0.1.10
[INFO] [stderr]    Compiling flate2 v1.1.10
[INFO] [stderr]    Compiling parking_lot_core v0.9.12
[INFO] [stderr]    Compiling num-bigint v0.4.8
[INFO] [stderr]    Compiling mio v0.8.11
[INFO] [stderr]    Compiling ahash v0.8.12
[INFO] [stderr]    Compiling anyhow v1.0.104
[INFO] [stderr]    Compiling option-ext v0.2.0
[INFO] [stderr]    Compiling crc-catalog v2.5.0
[INFO] [stderr]    Compiling openssl-probe v0.2.1
[INFO] [stderr]    Compiling thiserror v2.0.21
[INFO] [stderr]    Compiling ppv-lite86 v0.2.21
[INFO] [stderr]    Compiling number_prefix v0.4.0
[INFO] [stderr]    Compiling indicatif v0.17.11
[INFO] [stderr]    Compiling rand_chacha v0.9.0
[INFO] [stderr]    Compiling rand v0.9.5
[INFO] [stderr]    Compiling rand_chacha v0.3.1
[INFO] [stderr]    Compiling rand_distr v0.5.1
[INFO] [stderr]    Compiling rand v0.8.8
[INFO] [stderr]    Compiling half v2.7.1
[INFO] [stderr]    Compiling num-rational v0.4.2
[INFO] [stderr]    Compiling gemm-common v0.17.1
[INFO] [stderr]    Compiling gemm-f32 v0.17.1
[INFO] [stderr]    Compiling crc v3.4.0
[INFO] [stderr]    Compiling regex-automata v0.4.18
[INFO] [stderr]    Compiling dirs-sys v0.4.1
[INFO] [stderr]    Compiling rustls-webpki v0.103.15
[INFO] [stderr]    Compiling nom v7.1.3
[INFO] [stderr]    Compiling signal-hook-mio v0.2.5
[INFO] [stderr]    Compiling cipher v0.4.4
[INFO] [stderr]    Compiling castaway v0.2.4
[INFO] [stderr]    Compiling parking_lot v0.12.5
[INFO] [stderr]    Compiling url v2.5.8
[INFO] [stderr]    Compiling webpki-roots v0.26.11
[INFO] [stderr]    Compiling derive_builder_macro v0.20.2
[INFO] [stderr]    Compiling monostate-impl v0.1.18
[INFO] [stderr]    Compiling synstructure v0.13.2
[INFO] [stderr]    Compiling thiserror-impl v2.0.21
[INFO] [stderr]    Compiling hmac v0.12.1
[INFO] [stderr]    Compiling num-iter v0.1.46
[INFO] [stderr]    Compiling itertools v0.14.0
[INFO] [stderr]    Compiling powerfmt v0.2.1
[INFO] [stderr]    Compiling ryu v1.0.23
[INFO] [stderr]    Compiling zip v2.6.1
[INFO] [stderr]    Compiling macro_rules_attribute-proc_macro v0.2.3
[INFO] [stderr]    Compiling bumpalo v3.20.3
[INFO] [stderr]    Compiling pastey v0.2.3
[INFO] [stderr]    Compiling deranged v0.5.9
[INFO] [stderr]    Compiling base64 v0.13.1
[INFO] [stderr]    Compiling unicode-segmentation v1.13.3
[INFO] [stderr]    Compiling base64 v0.22.1
[INFO] [stderr]    Compiling ureq v2.12.1
[INFO] [stderr]    Compiling spm_precompiled v0.1.4
[INFO] [stderr]    Compiling macro_rules_attribute v0.2.3
[INFO] [stderr]    Compiling zopfli v0.8.4
[INFO] [stderr]    Compiling rayon-cond v0.4.0
[INFO] [stderr]    Compiling lzma-rs v0.3.0
[INFO] [stderr]    Compiling compact_str v0.9.1
[INFO] [stderr]    Compiling time v0.3.55
[INFO] [stderr]    Compiling num v0.4.3
[INFO] [stderr]    Compiling yoke-derive v0.7.5
[INFO] [stderr]    Compiling pbkdf2 v0.12.2
[INFO] [stderr]    Compiling onig v6.5.3
[INFO] [stderr]    Compiling monostate v0.1.18
[INFO] [stderr]    Compiling xz2 v0.1.7
[INFO] [stderr]    Compiling derive_builder v0.20.2
[INFO] [stderr]    Compiling bzip2 v0.5.2
[INFO] [stderr]    Compiling regex v1.13.1
[INFO] [stderr]    Compiling crossterm v0.25.0
[INFO] [stderr]    Compiling aes v0.8.4
[INFO] [stderr]    Compiling dirs v5.0.1
[INFO] [stderr]    Compiling gemm-f16 v0.17.1
[INFO] [stderr]    Compiling gemm-c64 v0.17.1
[INFO] [stderr]    Compiling gemm-f64 v0.17.1
[INFO] [stderr]    Compiling gemm-c32 v0.17.1
[INFO] [stderr]    Compiling rand_distr v0.4.3
[INFO] [stderr]    Compiling sha1 v0.10.7
[INFO] [stderr]    Compiling dary_heap v0.3.9
[INFO] [stderr]    Compiling unicode-normalization-alignments v0.1.12
[INFO] [stderr]    Compiling diffusion_rs_common v0.1.0
[INFO] [stderr]    Compiling deflate64 v0.1.12
[INFO] [stderr]    Compiling constant_time_eq v0.3.1
[INFO] [stderr]    Compiling unicode_categories v0.1.1
[INFO] [stderr]    Compiling tokenizers v0.21.4
[INFO] [stderr]    Compiling float8 v0.1.3
[INFO] [stderr]    Compiling gemm v0.17.1
[INFO] [stderr]    Compiling hf-hub v0.3.2
[INFO] [stderr]    Compiling tqdm v0.7.0
[INFO] [stderr]    Compiling yoke v0.7.5
[INFO] [stderr]    Compiling ug v0.0.2
[INFO] [stderr]    Compiling safetensors v0.4.5
[INFO] [stderr]    Compiling memmap2 v0.9.11
[INFO] [stderr]    Compiling num_cpus v1.17.0
[INFO] [stderr]    Compiling diffusion_rs_backend v0.1.0 (/opt/rustwide/workdir)
[INFO] [stderr]    Compiling zstd v0.13.3
[INFO] [stdout] error[E0308]: mismatched types
[INFO] [stdout]    --> /opt/rustwide/cargo-home/registry/src/index.crates.io-1949cf8c6b5b557f/diffusion_rs_common-0.1.0/src/tokenizer.rs:22:50
[INFO] [stdout]     |
[INFO] [stdout]  22 |     Ok(Tokenizer::new(ModelWrapper::BPE(BPE::new(vocab, merges))))
[INFO] [stdout]     |                                         -------- ^^^^^ expected `AHashMap<String, u32>`, found `HashMap<String, u32>`
[INFO] [stdout]     |                                         |
[INFO] [stdout]     |                                         arguments to this function are incorrect
[INFO] [stdout]     |
[INFO] [stdout]     = note: expected struct `ahash::hash_map::AHashMap<std::string::String, u32>`
[INFO] [stdout]                found struct `HashMap<std::string::String, u32>`
[INFO] [stdout] note: associated function defined here
[INFO] [stdout]    --> /opt/rustwide/cargo-home/registry/src/index.crates.io-1949cf8c6b5b557f/tokenizers-0.21.4/src/models/bpe/model.rs:312:12
[INFO] [stdout]     |
[INFO] [stdout] 312 |     pub fn new(vocab: Vocab, merges: Merges) -> Self {
[INFO] [stdout]     |            ^^^
[INFO] [stdout] 
[INFO] [stdout] 
[INFO] [stdout] error[E0277]: the trait bound `half::bf16: SampleBorrow<half::bf16>` is not satisfied
[INFO] [stdout]     --> /opt/rustwide/cargo-home/registry/src/index.crates.io-1949cf8c6b5b557f/diffusion_rs_common-0.1.0/src/core/cpu_backend/mod.rs:3663:55
[INFO] [stdout]      |
[INFO] [stdout] 3663 |                     rand::distributions::Uniform::new(bf16::from_f64(min), bf16::from_f64(max));
[INFO] [stdout]      |                     --------------------------------- ^^^^^^^^^^^^^^^^^^^ the trait `SampleUniform` is not implemented for `half::bf16`
[INFO] [stdout]      |                     |
[INFO] [stdout]      |                     required by a bound introduced by this call
[INFO] [stdout]      |
[INFO] [stdout] note: there are multiple different versions of crate `rand` in the dependency graph
[INFO] [stdout]     --> /opt/rustwide/cargo-home/registry/src/index.crates.io-1949cf8c6b5b557f/rand-0.8.8/src/distributions/uniform.rs:214:1
[INFO] [stdout]      |
[INFO] [stdout]  214 | pub trait SampleUniform: Sized {
[INFO] [stdout]      | ^^^^^^^^^^^^^^^^^^^^^^^^^^^^^^ this is the expected trait
[INFO] [stdout]      |
[INFO] [stdout]     ::: /opt/rustwide/cargo-home/registry/src/index.crates.io-1949cf8c6b5b557f/rand-0.9.5/src/distr/uniform.rs:268:1
[INFO] [stdout]      |
[INFO] [stdout]  268 | pub trait SampleUniform: Sized {
[INFO] [stdout]      | ------------------------------ this is the found trait
[INFO] [stdout]      = help: you can use `cargo tree` to explore your dependency tree
[INFO] [stdout]      = help: the following other types implement trait `SampleUniform`:
[INFO] [stdout]                Duration
[INFO] [stdout]                F8E4M3
[INFO] [stdout]                F8E5M2
[INFO] [stdout]                char
[INFO] [stdout]                f32
[INFO] [stdout]                f64
[INFO] [stdout]                i128
[INFO] [stdout]                i16
[INFO] [stdout]              and 10 others
[INFO] [stdout]      = note: required for `half::bf16` to implement `SampleBorrow<half::bf16>`
[INFO] [stdout] note: required by a bound in `Uniform::<X>::new`
[INFO] [stdout]     --> /opt/rustwide/cargo-home/registry/src/index.crates.io-1949cf8c6b5b557f/rand-0.8.8/src/distributions/uniform.rs:184:13
[INFO] [stdout]      |
[INFO] [stdout]  182 |     pub fn new<B1, B2>(low: B1, high: B2) -> Uniform<X>
[INFO] [stdout]      |            --- required by a bound in this associated function
[INFO] [stdout]  183 |     where
[INFO] [stdout]  184 |         B1: SampleBorrow<X> + Sized,
[INFO] [stdout]      |             ^^^^^^^^^^^^^^^ required by this bound in `Uniform::<X>::new`
[INFO] [stdout] 
[INFO] [stdout] 
[INFO] [stdout] error[E0277]: the trait bound `half::bf16: SampleBorrow<half::bf16>` is not satisfied
[INFO] [stdout]     --> /opt/rustwide/cargo-home/registry/src/index.crates.io-1949cf8c6b5b557f/diffusion_rs_common-0.1.0/src/core/cpu_backend/mod.rs:3663:76
[INFO] [stdout]      |
[INFO] [stdout] 3663 |                     rand::distributions::Uniform::new(bf16::from_f64(min), bf16::from_f64(max));
[INFO] [stdout]      |                     ---------------------------------                      ^^^^^^^^^^^^^^^^^^^ the trait `SampleUniform` is not implemented for `half::bf16`
[INFO] [stdout]      |                     |
[INFO] [stdout]      |                     required by a bound introduced by this call
[INFO] [stdout]      |
[INFO] [stdout] note: there are multiple different versions of crate `rand` in the dependency graph
[INFO] [stdout]     --> /opt/rustwide/cargo-home/registry/src/index.crates.io-1949cf8c6b5b557f/rand-0.8.8/src/distributions/uniform.rs:214:1
[INFO] [stdout]      |
[INFO] [stdout]  214 | pub trait SampleUniform: Sized {
[INFO] [stdout]      | ^^^^^^^^^^^^^^^^^^^^^^^^^^^^^^ this is the expected trait
[INFO] [stdout]      |
[INFO] [stdout]     ::: /opt/rustwide/cargo-home/registry/src/index.crates.io-1949cf8c6b5b557f/rand-0.9.5/src/distr/uniform.rs:268:1
[INFO] [stdout]      |
[INFO] [stdout]  268 | pub trait SampleUniform: Sized {
[INFO] [stdout]      | ------------------------------ this is the found trait
[INFO] [stdout]      = help: you can use `cargo tree` to explore your dependency tree
[INFO] [stdout]      = help: the following other types implement trait `SampleUniform`:
[INFO] [stdout]                Duration
[INFO] [stdout]                F8E4M3
[INFO] [stdout]                F8E5M2
[INFO] [stdout]                char
[INFO] [stdout]                f32
[INFO] [stdout]                f64
[INFO] [stdout]                i128
[INFO] [stdout]                i16
[INFO] [stdout]              and 10 others
[INFO] [stdout]      = note: required for `half::bf16` to implement `SampleBorrow<half::bf16>`
[INFO] [stdout] note: required by a bound in `Uniform::<X>::new`
[INFO] [stdout]     --> /opt/rustwide/cargo-home/registry/src/index.crates.io-1949cf8c6b5b557f/rand-0.8.8/src/distributions/uniform.rs:185:13
[INFO] [stdout]      |
[INFO] [stdout]  182 |     pub fn new<B1, B2>(low: B1, high: B2) -> Uniform<X>
[INFO] [stdout]      |            --- required by a bound in this associated function
[INFO] [stdout] ...
[INFO] [stdout]  185 |         B2: SampleBorrow<X> + Sized,
[INFO] [stdout]      |             ^^^^^^^^^^^^^^^ required by this bound in `Uniform::<X>::new`
[INFO] [stdout] 
[INFO] [stdout] 
[INFO] [stdout] error[E0277]: the trait bound `half::bf16: SampleUniform` is not satisfied
[INFO] [stdout]     --> /opt/rustwide/cargo-home/registry/src/index.crates.io-1949cf8c6b5b557f/diffusion_rs_common-0.1.0/src/core/cpu_backend/mod.rs:3663:21
[INFO] [stdout]      |
[INFO] [stdout] 3663 |                     rand::distributions::Uniform::new(bf16::from_f64(min), bf16::from_f64(max));
[INFO] [stdout]      |                     ^^^^^^^^^^^^^^^^^^^^^^^^^^^^^^^^^^^^^^^^^^^^^^^^^^^^^^^^^^^^^^^^^^^^^^^^^^^ the trait `SampleUniform` is not implemented for `half::bf16`
[INFO] [stdout]      |
[INFO] [stdout] note: there are multiple different versions of crate `rand` in the dependency graph
[INFO] [stdout]     --> /opt/rustwide/cargo-home/registry/src/index.crates.io-1949cf8c6b5b557f/rand-0.8.8/src/distributions/uniform.rs:214:1
[INFO] [stdout]      |
[INFO] [stdout]  214 | pub trait SampleUniform: Sized {
[INFO] [stdout]      | ^^^^^^^^^^^^^^^^^^^^^^^^^^^^^^ this is the expected trait
[INFO] [stdout]      |
[INFO] [stdout]     ::: /opt/rustwide/cargo-home/registry/src/index.crates.io-1949cf8c6b5b557f/rand-0.9.5/src/distr/uniform.rs:268:1
[INFO] [stdout]      |
[INFO] [stdout]  268 | pub trait SampleUniform: Sized {
[INFO] [stdout]      | ------------------------------ this is the found trait
[INFO] [stdout]      = help: you can use `cargo tree` to explore your dependency tree
[INFO] [stdout]      = help: the following other types implement trait `SampleUniform`:
[INFO] [stdout]                Duration
[INFO] [stdout]                F8E4M3
[INFO] [stdout]                F8E5M2
[INFO] [stdout]                char
[INFO] [stdout]                f32
[INFO] [stdout]                f64
[INFO] [stdout]                i128
[INFO] [stdout]                i16
[INFO] [stdout]              and 10 others
[INFO] [stdout] note: required by a bound in `Uniform`
[INFO] [stdout]     --> /opt/rustwide/cargo-home/registry/src/index.crates.io-1949cf8c6b5b557f/rand-0.8.8/src/distributions/uniform.rs:177:23
[INFO] [stdout]      |
[INFO] [stdout]  177 | pub struct Uniform<X: SampleUniform>(X::Sampler);
[INFO] [stdout]      |                       ^^^^^^^^^^^^^ required by this bound in `Uniform`
[INFO] [stdout] 
[INFO] [stdout] 
[INFO] [stdout] error[E0277]: the trait bound `half::bf16: SampleUniform` is not satisfied in `Uniform<half::bf16>`
[INFO] [stdout]     --> /opt/rustwide/cargo-home/registry/src/index.crates.io-1949cf8c6b5b557f/diffusion_rs_common-0.1.0/src/core/cpu_backend/mod.rs:3662:21
[INFO] [stdout]      |
[INFO] [stdout] 3662 |                 let uniform =
[INFO] [stdout]      |                     ^^^^^^^ within `Uniform<half::bf16>`, the trait `SampleUniform` is not implemented for `half::bf16`
[INFO] [stdout]      |
[INFO] [stdout] note: there are multiple different versions of crate `rand` in the dependency graph
[INFO] [stdout]     --> /opt/rustwide/cargo-home/registry/src/index.crates.io-1949cf8c6b5b557f/rand-0.8.8/src/distributions/uniform.rs:214:1
[INFO] [stdout]      |
[INFO] [stdout]  214 | pub trait SampleUniform: Sized {
[INFO] [stdout]      | ^^^^^^^^^^^^^^^^^^^^^^^^^^^^^^ this is the expected trait
[INFO] [stdout]      |
[INFO] [stdout]     ::: /opt/rustwide/cargo-home/registry/src/index.crates.io-1949cf8c6b5b557f/rand-0.9.5/src/distr/uniform.rs:268:1
[INFO] [stdout]      |
[INFO] [stdout]  268 | pub trait SampleUniform: Sized {
[INFO] [stdout]      | ------------------------------ this is the found trait
[INFO] [stdout]      = help: you can use `cargo tree` to explore your dependency tree
[INFO] [stdout]      = help: the following other types implement trait `SampleUniform`:
[INFO] [stdout]                Duration
[INFO] [stdout]                F8E4M3
[INFO] [stdout]                F8E5M2
[INFO] [stdout]                char
[INFO] [stdout]                f32
[INFO] [stdout]                f64
[INFO] [stdout]                i128
[INFO] [stdout]                i16
[INFO] [stdout]              and 10 others
[INFO] [stdout] note: required because it appears within the type `Uniform<half::bf16>`
[INFO] [stdout]     --> /opt/rustwide/cargo-home/registry/src/index.crates.io-1949cf8c6b5b557f/rand-0.8.8/src/distributions/uniform.rs:177:12
[INFO] [stdout]      |
[INFO] [stdout]  177 | pub struct Uniform<X: SampleUniform>(X::Sampler);
[INFO] [stdout]      |            ^^^^^^^
[INFO] [stdout]      = note: all local variables must have a statically known size
[INFO] [stdout] 
[INFO] [stdout] 
[INFO] [stdout] error[E0277]: the trait bound `half::bf16: SampleUniform` is not satisfied
[INFO] [stdout]     --> /opt/rustwide/cargo-home/registry/src/index.crates.io-1949cf8c6b5b557f/diffusion_rs_common-0.1.0/src/core/cpu_backend/mod.rs:3665:50
[INFO] [stdout]      |
[INFO] [stdout] 3665 |                     data.push(rng.sample::<bf16, _>(uniform))
[INFO] [stdout]      |                                                  ^ the trait `SampleUniform` is not implemented for `half::bf16`
[INFO] [stdout]      |
[INFO] [stdout] note: there are multiple different versions of crate `rand` in the dependency graph
[INFO] [stdout]     --> /opt/rustwide/cargo-home/registry/src/index.crates.io-1949cf8c6b5b557f/rand-0.8.8/src/distributions/uniform.rs:214:1
[INFO] [stdout]      |
[INFO] [stdout]  214 | pub trait SampleUniform: Sized {
[INFO] [stdout]      | ^^^^^^^^^^^^^^^^^^^^^^^^^^^^^^ this is the expected trait
[INFO] [stdout]      |
[INFO] [stdout]     ::: /opt/rustwide/cargo-home/registry/src/index.crates.io-1949cf8c6b5b557f/rand-0.9.5/src/distr/uniform.rs:268:1
[INFO] [stdout]      |
[INFO] [stdout]  268 | pub trait SampleUniform: Sized {
[INFO] [stdout]      | ------------------------------ this is the found trait
[INFO] [stdout]      = help: you can use `cargo tree` to explore your dependency tree
[INFO] [stdout]      = help: the following other types implement trait `SampleUniform`:
[INFO] [stdout]                Duration
[INFO] [stdout]                F8E4M3
[INFO] [stdout]                F8E5M2
[INFO] [stdout]                char
[INFO] [stdout]                f32
[INFO] [stdout]                f64
[INFO] [stdout]                i128
[INFO] [stdout]                i16
[INFO] [stdout]              and 10 others
[INFO] [stdout] note: required by a bound in `Uniform`
[INFO] [stdout]     --> /opt/rustwide/cargo-home/registry/src/index.crates.io-1949cf8c6b5b557f/rand-0.8.8/src/distributions/uniform.rs:177:23
[INFO] [stdout]      |
[INFO] [stdout]  177 | pub struct Uniform<X: SampleUniform>(X::Sampler);
[INFO] [stdout]      |                       ^^^^^^^^^^^^^ required by this bound in `Uniform`
[INFO] [stdout] 
[INFO] [stdout] 
[INFO] [stdout] error[E0277]: the trait bound `half::f16: SampleBorrow<half::f16>` is not satisfied
[INFO] [stdout]     --> /opt/rustwide/cargo-home/registry/src/index.crates.io-1949cf8c6b5b557f/diffusion_rs_common-0.1.0/src/core/cpu_backend/mod.rs:3672:55
[INFO] [stdout]      |
[INFO] [stdout] 3672 |                     rand::distributions::Uniform::new(f16::from_f64(min), f16::from_f64(max));
[INFO] [stdout]      |                     --------------------------------- ^^^^^^^^^^^^^^^^^^ the trait `SampleUniform` is not implemented for `half::f16`
[INFO] [stdout]      |                     |
[INFO] [stdout]      |                     required by a bound introduced by this call
[INFO] [stdout]      |
[INFO] [stdout] note: there are multiple different versions of crate `rand` in the dependency graph
[INFO] [stdout]     --> /opt/rustwide/cargo-home/registry/src/index.crates.io-1949cf8c6b5b557f/rand-0.8.8/src/distributions/uniform.rs:214:1
[INFO] [stdout]      |
[INFO] [stdout]  214 | pub trait SampleUniform: Sized {
[INFO] [stdout]      | ^^^^^^^^^^^^^^^^^^^^^^^^^^^^^^ this is the expected trait
[INFO] [stdout]      |
[INFO] [stdout]     ::: /opt/rustwide/cargo-home/registry/src/index.crates.io-1949cf8c6b5b557f/rand-0.9.5/src/distr/uniform.rs:268:1
[INFO] [stdout]      |
[INFO] [stdout]  268 | pub trait SampleUniform: Sized {
[INFO] [stdout]      | ------------------------------ this is the found trait
[INFO] [stdout]      = help: you can use `cargo tree` to explore your dependency tree
[INFO] [stdout]      = help: the following other types implement trait `SampleUniform`:
[INFO] [stdout]                Duration
[INFO] [stdout]                F8E4M3
[INFO] [stdout]                F8E5M2
[INFO] [stdout]                char
[INFO] [stdout]                f32
[INFO] [stdout]                f64
[INFO] [stdout]                i128
[INFO] [stdout]                i16
[INFO] [stdout]              and 10 others
[INFO] [stdout]      = note: required for `half::f16` to implement `SampleBorrow<half::f16>`
[INFO] [stdout] note: required by a bound in `Uniform::<X>::new`
[INFO] [stdout]     --> /opt/rustwide/cargo-home/registry/src/index.crates.io-1949cf8c6b5b557f/rand-0.8.8/src/distributions/uniform.rs:184:13
[INFO] [stdout]      |
[INFO] [stdout]  182 |     pub fn new<B1, B2>(low: B1, high: B2) -> Uniform<X>
[INFO] [stdout]      |            --- required by a bound in this associated function
[INFO] [stdout]  183 |     where
[INFO] [stdout]  184 |         B1: SampleBorrow<X> + Sized,
[INFO] [stdout]      |             ^^^^^^^^^^^^^^^ required by this bound in `Uniform::<X>::new`
[INFO] [stdout] 
[INFO] [stdout] 
[INFO] [stdout] error[E0277]: the trait bound `half::f16: SampleBorrow<half::f16>` is not satisfied
[INFO] [stdout]     --> /opt/rustwide/cargo-home/registry/src/index.crates.io-1949cf8c6b5b557f/diffusion_rs_common-0.1.0/src/core/cpu_backend/mod.rs:3672:75
[INFO] [stdout]      |
[INFO] [stdout] 3672 |                     rand::distributions::Uniform::new(f16::from_f64(min), f16::from_f64(max));
[INFO] [stdout]      |                     ---------------------------------                     ^^^^^^^^^^^^^^^^^^ the trait `SampleUniform` is not implemented for `half::f16`
[INFO] [stdout]      |                     |
[INFO] [stdout]      |                     required by a bound introduced by this call
[INFO] [stdout]      |
[INFO] [stdout] note: there are multiple different versions of crate `rand` in the dependency graph
[INFO] [stdout]     --> /opt/rustwide/cargo-home/registry/src/index.crates.io-1949cf8c6b5b557f/rand-0.8.8/src/distributions/uniform.rs:214:1
[INFO] [stdout]      |
[INFO] [stdout]  214 | pub trait SampleUniform: Sized {
[INFO] [stdout]      | ^^^^^^^^^^^^^^^^^^^^^^^^^^^^^^ this is the expected trait
[INFO] [stdout]      |
[INFO] [stdout]     ::: /opt/rustwide/cargo-home/registry/src/index.crates.io-1949cf8c6b5b557f/rand-0.9.5/src/distr/uniform.rs:268:1
[INFO] [stdout]      |
[INFO] [stdout]  268 | pub trait SampleUniform: Sized {
[INFO] [stdout]      | ------------------------------ this is the found trait
[INFO] [stdout]      = help: you can use `cargo tree` to explore your dependency tree
[INFO] [stdout]      = help: the following other types implement trait `SampleUniform`:
[INFO] [stdout]                Duration
[INFO] [stdout]                F8E4M3
[INFO] [stdout]                F8E5M2
[INFO] [stdout]                char
[INFO] [stdout]                f32
[INFO] [stdout]                f64
[INFO] [stdout]                i128
[INFO] [stdout]                i16
[INFO] [stdout]              and 10 others
[INFO] [stdout]      = note: required for `half::f16` to implement `SampleBorrow<half::f16>`
[INFO] [stdout] note: required by a bound in `Uniform::<X>::new`
[INFO] [stdout]     --> /opt/rustwide/cargo-home/registry/src/index.crates.io-1949cf8c6b5b557f/rand-0.8.8/src/distributions/uniform.rs:185:13
[INFO] [stdout]      |
[INFO] [stdout]  182 |     pub fn new<B1, B2>(low: B1, high: B2) -> Uniform<X>
[INFO] [stdout]      |            --- required by a bound in this associated function
[INFO] [stdout] ...
[INFO] [stdout]  185 |         B2: SampleBorrow<X> + Sized,
[INFO] [stdout]      |             ^^^^^^^^^^^^^^^ required by this bound in `Uniform::<X>::new`
[INFO] [stdout] 
[INFO] [stdout] 
[INFO] [stdout] error[E0277]: the trait bound `half::f16: SampleUniform` is not satisfied
[INFO] [stdout]     --> /opt/rustwide/cargo-home/registry/src/index.crates.io-1949cf8c6b5b557f/diffusion_rs_common-0.1.0/src/core/cpu_backend/mod.rs:3672:21
[INFO] [stdout]      |
[INFO] [stdout] 3672 |                     rand::distributions::Uniform::new(f16::from_f64(min), f16::from_f64(max));
[INFO] [stdout]      |                     ^^^^^^^^^^^^^^^^^^^^^^^^^^^^^^^^^^^^^^^^^^^^^^^^^^^^^^^^^^^^^^^^^^^^^^^^^ the trait `SampleUniform` is not implemented for `half::f16`
[INFO] [stdout]      |
[INFO] [stdout] note: there are multiple different versions of crate `rand` in the dependency graph
[INFO] [stdout]     --> /opt/rustwide/cargo-home/registry/src/index.crates.io-1949cf8c6b5b557f/rand-0.8.8/src/distributions/uniform.rs:214:1
[INFO] [stdout]      |
[INFO] [stdout]  214 | pub trait SampleUniform: Sized {
[INFO] [stdout]      | ^^^^^^^^^^^^^^^^^^^^^^^^^^^^^^ this is the expected trait
[INFO] [stdout]      |
[INFO] [stdout]     ::: /opt/rustwide/cargo-home/registry/src/index.crates.io-1949cf8c6b5b557f/rand-0.9.5/src/distr/uniform.rs:268:1
[INFO] [stdout]      |
[INFO] [stdout]  268 | pub trait SampleUniform: Sized {
[INFO] [stdout]      | ------------------------------ this is the found trait
[INFO] [stdout]      = help: you can use `cargo tree` to explore your dependency tree
[INFO] [stdout]      = help: the following other types implement trait `SampleUniform`:
[INFO] [stdout]                Duration
[INFO] [stdout]                F8E4M3
[INFO] [stdout]                F8E5M2
[INFO] [stdout]                char
[INFO] [stdout]                f32
[INFO] [stdout]                f64
[INFO] [stdout]                i128
[INFO] [stdout]                i16
[INFO] [stdout]              and 10 others
[INFO] [stdout] note: required by a bound in `Uniform`
[INFO] [stdout]     --> /opt/rustwide/cargo-home/registry/src/index.crates.io-1949cf8c6b5b557f/rand-0.8.8/src/distributions/uniform.rs:177:23
[INFO] [stdout]      |
[INFO] [stdout]  177 | pub struct Uniform<X: SampleUniform>(X::Sampler);
[INFO] [stdout]      |                       ^^^^^^^^^^^^^ required by this bound in `Uniform`
[INFO] [stdout] 
[INFO] [stdout] 
[INFO] [stdout] error[E0277]: the trait bound `half::f16: SampleUniform` is not satisfied in `Uniform<half::f16>`
[INFO] [stdout]     --> /opt/rustwide/cargo-home/registry/src/index.crates.io-1949cf8c6b5b557f/diffusion_rs_common-0.1.0/src/core/cpu_backend/mod.rs:3671:21
[INFO] [stdout]      |
[INFO] [stdout] 3671 |                 let uniform =
[INFO] [stdout]      |                     ^^^^^^^ within `Uniform<half::f16>`, the trait `SampleUniform` is not implemented for `half::f16`
[INFO] [stdout]      |
[INFO] [stdout] note: there are multiple different versions of crate `rand` in the dependency graph
[INFO] [stdout]     --> /opt/rustwide/cargo-home/registry/src/index.crates.io-1949cf8c6b5b557f/rand-0.8.8/src/distributions/uniform.rs:214:1
[INFO] [stdout]      |
[INFO] [stdout]  214 | pub trait SampleUniform: Sized {
[INFO] [stdout]      | ^^^^^^^^^^^^^^^^^^^^^^^^^^^^^^ this is the expected trait
[INFO] [stdout]      |
[INFO] [stdout]     ::: /opt/rustwide/cargo-home/registry/src/index.crates.io-1949cf8c6b5b557f/rand-0.9.5/src/distr/uniform.rs:268:1
[INFO] [stdout]      |
[INFO] [stdout]  268 | pub trait SampleUniform: Sized {
[INFO] [stdout]      | ------------------------------ this is the found trait
[INFO] [stdout]      = help: you can use `cargo tree` to explore your dependency tree
[INFO] [stdout]      = help: the following other types implement trait `SampleUniform`:
[INFO] [stdout]                Duration
[INFO] [stdout]                F8E4M3
[INFO] [stdout]                F8E5M2
[INFO] [stdout]                char
[INFO] [stdout]                f32
[INFO] [stdout]                f64
[INFO] [stdout]                i128
[INFO] [stdout]                i16
[INFO] [stdout]              and 10 others
[INFO] [stdout] note: required because it appears within the type `Uniform<half::f16>`
[INFO] [stdout]     --> /opt/rustwide/cargo-home/registry/src/index.crates.io-1949cf8c6b5b557f/rand-0.8.8/src/distributions/uniform.rs:177:12
[INFO] [stdout]      |
[INFO] [stdout]  177 | pub struct Uniform<X: SampleUniform>(X::Sampler);
[INFO] [stdout]      |            ^^^^^^^
[INFO] [stdout]      = note: all local variables must have a statically known size
[INFO] [stdout] 
[INFO] [stdout] 
[INFO] [stdout] error[E0277]: the trait bound `half::f16: SampleUniform` is not satisfied
[INFO] [stdout]     --> /opt/rustwide/cargo-home/registry/src/index.crates.io-1949cf8c6b5b557f/diffusion_rs_common-0.1.0/src/core/cpu_backend/mod.rs:3674:49
[INFO] [stdout]      |
[INFO] [stdout] 3674 |                     data.push(rng.sample::<f16, _>(uniform))
[INFO] [stdout]      |                                                 ^ the trait `SampleUniform` is not implemented for `half::f16`
[INFO] [stdout]      |
[INFO] [stdout] note: there are multiple different versions of crate `rand` in the dependency graph
[INFO] [stdout]     --> /opt/rustwide/cargo-home/registry/src/index.crates.io-1949cf8c6b5b557f/rand-0.8.8/src/distributions/uniform.rs:214:1
[INFO] [stdout]      |
[INFO] [stdout]  214 | pub trait SampleUniform: Sized {
[INFO] [stdout]      | ^^^^^^^^^^^^^^^^^^^^^^^^^^^^^^ this is the expected trait
[INFO] [stdout]      |
[INFO] [stdout]     ::: /opt/rustwide/cargo-home/registry/src/index.crates.io-1949cf8c6b5b557f/rand-0.9.5/src/distr/uniform.rs:268:1
[INFO] [stdout]      |
[INFO] [stdout]  268 | pub trait SampleUniform: Sized {
[INFO] [stdout]      | ------------------------------ this is the found trait
[INFO] [stdout]      = help: you can use `cargo tree` to explore your dependency tree
[INFO] [stdout]      = help: the following other types implement trait `SampleUniform`:
[INFO] [stdout]                Duration
[INFO] [stdout]                F8E4M3
[INFO] [stdout]                F8E5M2
[INFO] [stdout]                char
[INFO] [stdout]                f32
[INFO] [stdout]                f64
[INFO] [stdout]                i128
[INFO] [stdout]                i16
[INFO] [stdout]              and 10 others
[INFO] [stdout] note: required by a bound in `Uniform`
[INFO] [stdout]     --> /opt/rustwide/cargo-home/registry/src/index.crates.io-1949cf8c6b5b557f/rand-0.8.8/src/distributions/uniform.rs:177:23
[INFO] [stdout]      |
[INFO] [stdout]  177 | pub struct Uniform<X: SampleUniform>(X::Sampler);
[INFO] [stdout]      |                       ^^^^^^^^^^^^^ required by this bound in `Uniform`
[INFO] [stdout] 
[INFO] [stdout] 
[INFO] [stdout] error[E0277]: the trait bound `StandardNormal: rand_distr::Distribution<half::bf16>` is not satisfied
[INFO] [stdout]     --> /opt/rustwide/cargo-home/registry/src/index.crates.io-1949cf8c6b5b557f/diffusion_rs_common-0.1.0/src/core/cpu_backend/mod.rs:3717:30
[INFO] [stdout]      |
[INFO] [stdout] 3717 |                 let normal = rand_distr::Normal::new(bf16::from_f64(mean), bf16::from_f64(std))
[INFO] [stdout]      |                              ^^^^^^^^^^^^^^^^^^^^^^^ the trait `rand_distr::Distribution<half::bf16>` is not implemented for `StandardNormal`
[INFO] [stdout]      |
[INFO] [stdout] note: there are multiple different versions of crate `rand` in the dependency graph
[INFO] [stdout]     --> /opt/rustwide/cargo-home/registry/src/index.crates.io-1949cf8c6b5b557f/rand-0.8.8/src/distributions/distribution.rs:35:1
[INFO] [stdout]      |
[INFO] [stdout]   35 | pub trait Distribution<T> {
[INFO] [stdout]      | ^^^^^^^^^^^^^^^^^^^^^^^^^ this is the expected trait
[INFO] [stdout]      |
[INFO] [stdout]     ::: /opt/rustwide/cargo-home/registry/src/index.crates.io-1949cf8c6b5b557f/rand-0.9.5/src/distr/distribution.rs:35:1
[INFO] [stdout]      |
[INFO] [stdout]   35 | pub trait Distribution<T> {
[INFO] [stdout]      | ------------------------- this is the trait that was imported
[INFO] [stdout]      = help: you can use `cargo tree` to explore your dependency tree
[INFO] [stdout] help: `StandardNormal` implements trait `rand_distr::Distribution<T>`
[INFO] [stdout]     --> /opt/rustwide/cargo-home/registry/src/index.crates.io-1949cf8c6b5b557f/rand_distr-0.4.3/src/normal.rs:43:1
[INFO] [stdout]      |
[INFO] [stdout]   43 | impl Distribution<f32> for StandardNormal {
[INFO] [stdout]      | ^^^^^^^^^^^^^^^^^^^^^^^^^^^^^^^^^^^^^^^^^ `rand_distr::Distribution<f32>`
[INFO] [stdout] ...
[INFO] [stdout]   52 | impl Distribution<f64> for StandardNormal {
[INFO] [stdout]      | ^^^^^^^^^^^^^^^^^^^^^^^^^^^^^^^^^^^^^^^^^ `rand_distr::Distribution<f64>`
[INFO] [stdout]      |
[INFO] [stdout]     ::: /opt/rustwide/cargo-home/registry/src/index.crates.io-1949cf8c6b5b557f/float8-0.1.3/src/rand_distr.rs:8:9
[INFO] [stdout]      |
[INFO] [stdout]    8 |         impl Distribution<$Ty> for $Distr {
[INFO] [stdout]      |         ^^^^^^^^^^^^^^^^^^^^^^^^^^^^^^^^^
[INFO] [stdout]      |         |
[INFO] [stdout]      |         `rand_distr::Distribution<F8E4M3>`
[INFO] [stdout]      |         `rand_distr::Distribution<F8E5M2>`
[INFO] [stdout] ...
[INFO] [stdout]   17 | impl_distribution_via_f32!(F8E4M3, rand_distr::StandardNormal);
[INFO] [stdout]      | -------------------------------------------------------------- in this macro invocation
[INFO] [stdout] ...
[INFO] [stdout]   23 | impl_distribution_via_f32!(F8E5M2, rand_distr::StandardNormal);
[INFO] [stdout]      | -------------------------------------------------------------- in this macro invocation
[INFO] [stdout]      = note: there are multiple different versions of crate `rand_distr` in the dependency graph
[INFO] [stdout]      = help: you can use `cargo tree` to explore your dependency tree
[INFO] [stdout] note: required by a bound in `rand_distr::Normal::<F>::new`
[INFO] [stdout]     --> /opt/rustwide/cargo-home/registry/src/index.crates.io-1949cf8c6b5b557f/rand_distr-0.4.3/src/normal.rs:147:33
[INFO] [stdout]      |
[INFO] [stdout]  147 | where F: Float, StandardNormal: Distribution<F>
[INFO] [stdout]      |                                 ^^^^^^^^^^^^^^^ required by this bound in `Normal::<F>::new`
[INFO] [stdout] ...
[INFO] [stdout]  156 |     pub fn new(mean: F, std_dev: F) -> Result<Normal<F>, Error> {
[INFO] [stdout]      |            --- required by a bound in this associated function
[INFO] [stdout]      = note: this error originates in the macro `impl_distribution_via_f32` (in Nightly builds, run with -Z macro-backtrace for more info)
[INFO] [stdout] 
[INFO] [stdout] 
[INFO] [stdout] error[E0277]: the trait bound `StandardNormal: rand_distr::Distribution<half::bf16>` is not satisfied
[INFO] [stdout]     --> /opt/rustwide/cargo-home/registry/src/index.crates.io-1949cf8c6b5b557f/diffusion_rs_common-0.1.0/src/core/cpu_backend/mod.rs:3717:30
[INFO] [stdout]      |
[INFO] [stdout] 3717 |                 let normal = rand_distr::Normal::new(bf16::from_f64(mean), bf16::from_f64(std))
[INFO] [stdout]      |                              ^^^^^^^^^^^^^^^^^^^^^^^^^^^^^^^^^^^^^^^^^^^^^^^^^^^^^^^^^^^^^^^^^^ the trait `rand_distr::Distribution<half::bf16>` is not implemented for `StandardNormal`
[INFO] [stdout]      |
[INFO] [stdout] note: there are multiple different versions of crate `rand` in the dependency graph
[INFO] [stdout]     --> /opt/rustwide/cargo-home/registry/src/index.crates.io-1949cf8c6b5b557f/rand-0.8.8/src/distributions/distribution.rs:35:1
[INFO] [stdout]      |
[INFO] [stdout]   35 | pub trait Distribution<T> {
[INFO] [stdout]      | ^^^^^^^^^^^^^^^^^^^^^^^^^ this is the expected trait
[INFO] [stdout]      |
[INFO] [stdout]     ::: /opt/rustwide/cargo-home/registry/src/index.crates.io-1949cf8c6b5b557f/rand-0.9.5/src/distr/distribution.rs:35:1
[INFO] [stdout]      |
[INFO] [stdout]   35 | pub trait Distribution<T> {
[INFO] [stdout]      | ------------------------- this is the trait that was imported
[INFO] [stdout]      = help: you can use `cargo tree` to explore your dependency tree
[INFO] [stdout] help: `StandardNormal` implements trait `rand_distr::Distribution<T>`
[INFO] [stdout]     --> /opt/rustwide/cargo-home/registry/src/index.crates.io-1949cf8c6b5b557f/rand_distr-0.4.3/src/normal.rs:43:1
[INFO] [stdout]      |
[INFO] [stdout]   43 | impl Distribution<f32> for StandardNormal {
[INFO] [stdout]      | ^^^^^^^^^^^^^^^^^^^^^^^^^^^^^^^^^^^^^^^^^ `rand_distr::Distribution<f32>`
[INFO] [stdout] ...
[INFO] [stdout]   52 | impl Distribution<f64> for StandardNormal {
[INFO] [stdout]      | ^^^^^^^^^^^^^^^^^^^^^^^^^^^^^^^^^^^^^^^^^ `rand_distr::Distribution<f64>`
[INFO] [stdout]      |
[INFO] [stdout]     ::: /opt/rustwide/cargo-home/registry/src/index.crates.io-1949cf8c6b5b557f/float8-0.1.3/src/rand_distr.rs:8:9
[INFO] [stdout]      |
[INFO] [stdout]    8 |         impl Distribution<$Ty> for $Distr {
[INFO] [stdout]      |         ^^^^^^^^^^^^^^^^^^^^^^^^^^^^^^^^^
[INFO] [stdout]      |         |
[INFO] [stdout]      |         `rand_distr::Distribution<F8E4M3>`
[INFO] [stdout]      |         `rand_distr::Distribution<F8E5M2>`
[INFO] [stdout] ...
[INFO] [stdout]   17 | impl_distribution_via_f32!(F8E4M3, rand_distr::StandardNormal);
[INFO] [stdout]      | -------------------------------------------------------------- in this macro invocation
[INFO] [stdout] ...
[INFO] [stdout]   23 | impl_distribution_via_f32!(F8E5M2, rand_distr::StandardNormal);
[INFO] [stdout]      | -------------------------------------------------------------- in this macro invocation
[INFO] [stdout]      = note: there are multiple different versions of crate `rand_distr` in the dependency graph
[INFO] [stdout]      = help: you can use `cargo tree` to explore your dependency tree
[INFO] [stdout] note: required by a bound in `rand_distr::Normal`
[INFO] [stdout]     --> /opt/rustwide/cargo-home/registry/src/index.crates.io-1949cf8c6b5b557f/rand_distr-0.4.3/src/normal.rs:118:33
[INFO] [stdout]      |
[INFO] [stdout]  117 | pub struct Normal<F>
[INFO] [stdout]      |            ------ required by a bound in this struct
[INFO] [stdout]  118 | where F: Float, StandardNormal: Distribution<F>
[INFO] [stdout]      |                                 ^^^^^^^^^^^^^^^ required by this bound in `Normal`
[INFO] [stdout]      = note: this error originates in the macro `impl_distribution_via_f32` (in Nightly builds, run with -Z macro-backtrace for more info)
[INFO] [stdout] 
[INFO] [stdout] 
[INFO] [stdout] error[E0277]: the trait bound `StandardNormal: rand_distr::Distribution<half::bf16>` is not satisfied
[INFO] [stdout]     --> /opt/rustwide/cargo-home/registry/src/index.crates.io-1949cf8c6b5b557f/diffusion_rs_common-0.1.0/src/core/cpu_backend/mod.rs:3717:30
[INFO] [stdout]      |
[INFO] [stdout] 3717 |                   let normal = rand_distr::Normal::new(bf16::from_f64(mean), bf16::from_f64(std))
[INFO] [stdout]      |  ______________________________^
[INFO] [stdout] 3718 | |                     .map_err(Error::wrap)?;
[INFO] [stdout]      | |_________________________________________^ the trait `rand_distr::Distribution<half::bf16>` is not implemented for `StandardNormal`
[INFO] [stdout]      |
[INFO] [stdout] note: there are multiple different versions of crate `rand` in the dependency graph
[INFO] [stdout]     --> /opt/rustwide/cargo-home/registry/src/index.crates.io-1949cf8c6b5b557f/rand-0.8.8/src/distributions/distribution.rs:35:1
[INFO] [stdout]      |
[INFO] [stdout]   35 | pub trait Distribution<T> {
[INFO] [stdout]      | ^^^^^^^^^^^^^^^^^^^^^^^^^ this is the expected trait
[INFO] [stdout]      |
[INFO] [stdout]     ::: /opt/rustwide/cargo-home/registry/src/index.crates.io-1949cf8c6b5b557f/rand-0.9.5/src/distr/distribution.rs:35:1
[INFO] [stdout]      |
[INFO] [stdout]   35 | pub trait Distribution<T> {
[INFO] [stdout]      | ------------------------- this is the trait that was imported
[INFO] [stdout]      = help: you can use `cargo tree` to explore your dependency tree
[INFO] [stdout] help: `StandardNormal` implements trait `rand_distr::Distribution<T>`
[INFO] [stdout]     --> /opt/rustwide/cargo-home/registry/src/index.crates.io-1949cf8c6b5b557f/rand_distr-0.4.3/src/normal.rs:43:1
[INFO] [stdout]      |
[INFO] [stdout]   43 | impl Distribution<f32> for StandardNormal {
[INFO] [stdout]      | ^^^^^^^^^^^^^^^^^^^^^^^^^^^^^^^^^^^^^^^^^ `rand_distr::Distribution<f32>`
[INFO] [stdout] ...
[INFO] [stdout]   52 | impl Distribution<f64> for StandardNormal {
[INFO] [stdout]      | ^^^^^^^^^^^^^^^^^^^^^^^^^^^^^^^^^^^^^^^^^ `rand_distr::Distribution<f64>`
[INFO] [stdout]      |
[INFO] [stdout]     ::: /opt/rustwide/cargo-home/registry/src/index.crates.io-1949cf8c6b5b557f/float8-0.1.3/src/rand_distr.rs:8:9
[INFO] [stdout]      |
[INFO] [stdout]    8 |         impl Distribution<$Ty> for $Distr {
[INFO] [stdout]      |         ^^^^^^^^^^^^^^^^^^^^^^^^^^^^^^^^^
[INFO] [stdout]      |         |
[INFO] [stdout]      |         `rand_distr::Distribution<F8E4M3>`
[INFO] [stdout]      |         `rand_distr::Distribution<F8E5M2>`
[INFO] [stdout] ...
[INFO] [stdout]   17 | impl_distribution_via_f32!(F8E4M3, rand_distr::StandardNormal);
[INFO] [stdout]      | -------------------------------------------------------------- in this macro invocation
[INFO] [stdout] ...
[INFO] [stdout]   23 | impl_distribution_via_f32!(F8E5M2, rand_distr::StandardNormal);
[INFO] [stdout]      | -------------------------------------------------------------- in this macro invocation
[INFO] [stdout]      = note: there are multiple different versions of crate `rand_distr` in the dependency graph
[INFO] [stdout]      = help: you can use `cargo tree` to explore your dependency tree
[INFO] [stdout] note: required by a bound in `rand_distr::Normal`
[INFO] [stdout]     --> /opt/rustwide/cargo-home/registry/src/index.crates.io-1949cf8c6b5b557f/rand_distr-0.4.3/src/normal.rs:118:33
[INFO] [stdout]      |
[INFO] [stdout]  117 | pub struct Normal<F>
[INFO] [stdout]      |            ------ required by a bound in this struct
[INFO] [stdout]  118 | where F: Float, StandardNormal: Distribution<F>
[INFO] [stdout]      |                                 ^^^^^^^^^^^^^^^ required by this bound in `Normal`
[INFO] [stdout]      = note: this error originates in the macro `impl_distribution_via_f32` (in Nightly builds, run with -Z macro-backtrace for more info)
[INFO] [stdout] 
[INFO] [stdout] 
[INFO] [stdout] error[E0277]: the trait bound `StandardNormal: rand_distr::Distribution<half::bf16>` is not satisfied
[INFO] [stdout]     --> /opt/rustwide/cargo-home/registry/src/index.crates.io-1949cf8c6b5b557f/diffusion_rs_common-0.1.0/src/core/cpu_backend/mod.rs:3717:30
[INFO] [stdout]      |
[INFO] [stdout] 3717 |                   let normal = rand_distr::Normal::new(bf16::from_f64(mean), bf16::from_f64(std))
[INFO] [stdout]      |  ______________________________^
[INFO] [stdout] 3718 | |                     .map_err(Error::wrap)?;
[INFO] [stdout]      | |__________________________________________^ the trait `rand_distr::Distribution<half::bf16>` is not implemented for `StandardNormal`
[INFO] [stdout]      |
[INFO] [stdout] note: there are multiple different versions of crate `rand` in the dependency graph
[INFO] [stdout]     --> /opt/rustwide/cargo-home/registry/src/index.crates.io-1949cf8c6b5b557f/rand-0.8.8/src/distributions/distribution.rs:35:1
[INFO] [stdout]      |
[INFO] [stdout]   35 | pub trait Distribution<T> {
[INFO] [stdout]      | ^^^^^^^^^^^^^^^^^^^^^^^^^ this is the expected trait
[INFO] [stdout]      |
[INFO] [stdout]     ::: /opt/rustwide/cargo-home/registry/src/index.crates.io-1949cf8c6b5b557f/rand-0.9.5/src/distr/distribution.rs:35:1
[INFO] [stdout]      |
[INFO] [stdout]   35 | pub trait Distribution<T> {
[INFO] [stdout]      | ------------------------- this is the trait that was imported
[INFO] [stdout]      = help: you can use `cargo tree` to explore your dependency tree
[INFO] [stdout] help: `StandardNormal` implements trait `rand_distr::Distribution<T>`
[INFO] [stdout]     --> /opt/rustwide/cargo-home/registry/src/index.crates.io-1949cf8c6b5b557f/rand_distr-0.4.3/src/normal.rs:43:1
[INFO] [stdout]      |
[INFO] [stdout]   43 | impl Distribution<f32> for StandardNormal {
[INFO] [stdout]      | ^^^^^^^^^^^^^^^^^^^^^^^^^^^^^^^^^^^^^^^^^ `rand_distr::Distribution<f32>`
[INFO] [stdout] ...
[INFO] [stdout]   52 | impl Distribution<f64> for StandardNormal {
[INFO] [stdout]      | ^^^^^^^^^^^^^^^^^^^^^^^^^^^^^^^^^^^^^^^^^ `rand_distr::Distribution<f64>`
[INFO] [stdout]      |
[INFO] [stdout]     ::: /opt/rustwide/cargo-home/registry/src/index.crates.io-1949cf8c6b5b557f/float8-0.1.3/src/rand_distr.rs:8:9
[INFO] [stdout]      |
[INFO] [stdout]    8 |         impl Distribution<$Ty> for $Distr {
[INFO] [stdout]      |         ^^^^^^^^^^^^^^^^^^^^^^^^^^^^^^^^^
[INFO] [stdout]      |         |
[INFO] [stdout]      |         `rand_distr::Distribution<F8E4M3>`
[INFO] [stdout]      |         `rand_distr::Distribution<F8E5M2>`
[INFO] [stdout] ...
[INFO] [stdout]   17 | impl_distribution_via_f32!(F8E4M3, rand_distr::StandardNormal);
[INFO] [stdout]      | -------------------------------------------------------------- in this macro invocation
[INFO] [stdout] ...
[INFO] [stdout]   23 | impl_distribution_via_f32!(F8E5M2, rand_distr::StandardNormal);
[INFO] [stdout]      | -------------------------------------------------------------- in this macro invocation
[INFO] [stdout]      = note: there are multiple different versions of crate `rand_distr` in the dependency graph
[INFO] [stdout]      = help: you can use `cargo tree` to explore your dependency tree
[INFO] [stdout] note: required by a bound in `rand_distr::Normal`
[INFO] [stdout]     --> /opt/rustwide/cargo-home/registry/src/index.crates.io-1949cf8c6b5b557f/rand_distr-0.4.3/src/normal.rs:118:33
[INFO] [stdout]      |
[INFO] [stdout]  117 | pub struct Normal<F>
[INFO] [stdout]      |            ------ required by a bound in this struct
[INFO] [stdout]  118 | where F: Float, StandardNormal: Distribution<F>
[INFO] [stdout]      |                                 ^^^^^^^^^^^^^^^ required by this bound in `Normal`
[INFO] [stdout]      = note: this error originates in the macro `impl_distribution_via_f32` (in Nightly builds, run with -Z macro-backtrace for more info)
[INFO] [stdout] 
[INFO] [stdout] 
[INFO] [stdout] error[E0599]: the method `sample` exists for struct `rand_distr::Normal<half::bf16>`, but its trait bounds were not satisfied
[INFO] [stdout]     --> /opt/rustwide/cargo-home/registry/src/index.crates.io-1949cf8c6b5b557f/diffusion_rs_common-0.1.0/src/core/cpu_backend/mod.rs:3720:38
[INFO] [stdout]      |
[INFO] [stdout] 3720 |                     data.push(normal.sample(&mut rng))
[INFO] [stdout]      |                                      ^^^^^^ method cannot be called on `rand_distr::Normal<half::bf16>` due to unsatisfied trait bounds
[INFO] [stdout]      |
[INFO] [stdout]     ::: /opt/rustwide/cargo-home/registry/src/index.crates.io-1949cf8c6b5b557f/rand_distr-0.4.3/src/normal.rs:41:1
[INFO] [stdout]      |
[INFO] [stdout]   41 | pub struct StandardNormal;
[INFO] [stdout]      | ------------------------- doesn't satisfy `_: Distribution<bf16>`
[INFO] [stdout] ...
[INFO] [stdout]  117 | pub struct Normal<F>
[INFO] [stdout]      | -------------------- doesn't satisfy `_: Distribution<bf16>`, `rand_distr::Normal<half::bf16>: RngCore` or `rand_distr::Normal<half::bf16>: rand::Rng`
[INFO] [stdout]      |
[INFO] [stdout]      = note: the following trait bounds were not satisfied:
[INFO] [stdout]              `StandardNormal: rand_distr::Distribution<half::bf16>`
[INFO] [stdout]              which is required by `rand_distr::Normal<half::bf16>: rand_distr::Distribution<half::bf16>`
[INFO] [stdout]              `rand_distr::Normal<half::bf16>: RngCore`
[INFO] [stdout]              which is required by `rand_distr::Normal<half::bf16>: rand::Rng`
[INFO] [stdout] 
[INFO] [stdout] 
[INFO] [stdout] error[E0277]: the trait bound `StandardNormal: rand_distr::Distribution<half::f16>` is not satisfied
[INFO] [stdout]     --> /opt/rustwide/cargo-home/registry/src/index.crates.io-1949cf8c6b5b557f/diffusion_rs_common-0.1.0/src/core/cpu_backend/mod.rs:3726:30
[INFO] [stdout]      |
[INFO] [stdout] 3726 |                 let normal = rand_distr::Normal::new(f16::from_f64(mean), f16::from_f64(std))
[INFO] [stdout]      |                              ^^^^^^^^^^^^^^^^^^^^^^^ the trait `rand_distr::Distribution<half::f16>` is not implemented for `StandardNormal`
[INFO] [stdout]      |
[INFO] [stdout] note: there are multiple different versions of crate `rand` in the dependency graph
[INFO] [stdout]     --> /opt/rustwide/cargo-home/registry/src/index.crates.io-1949cf8c6b5b557f/rand-0.8.8/src/distributions/distribution.rs:35:1
[INFO] [stdout]      |
[INFO] [stdout]   35 | pub trait Distribution<T> {
[INFO] [stdout]      | ^^^^^^^^^^^^^^^^^^^^^^^^^ this is the expected trait
[INFO] [stdout]      |
[INFO] [stdout]     ::: /opt/rustwide/cargo-home/registry/src/index.crates.io-1949cf8c6b5b557f/rand-0.9.5/src/distr/distribution.rs:35:1
[INFO] [stdout]      |
[INFO] [stdout]   35 | pub trait Distribution<T> {
[INFO] [stdout]      | ------------------------- this is the trait that was imported
[INFO] [stdout]      = help: you can use `cargo tree` to explore your dependency tree
[INFO] [stdout] help: `StandardNormal` implements trait `rand_distr::Distribution<T>`
[INFO] [stdout]     --> /opt/rustwide/cargo-home/registry/src/index.crates.io-1949cf8c6b5b557f/rand_distr-0.4.3/src/normal.rs:43:1
[INFO] [stdout]      |
[INFO] [stdout]   43 | impl Distribution<f32> for StandardNormal {
[INFO] [stdout]      | ^^^^^^^^^^^^^^^^^^^^^^^^^^^^^^^^^^^^^^^^^ `rand_distr::Distribution<f32>`
[INFO] [stdout] ...
[INFO] [stdout]   52 | impl Distribution<f64> for StandardNormal {
[INFO] [stdout]      | ^^^^^^^^^^^^^^^^^^^^^^^^^^^^^^^^^^^^^^^^^ `rand_distr::Distribution<f64>`
[INFO] [stdout]      |
[INFO] [stdout]     ::: /opt/rustwide/cargo-home/registry/src/index.crates.io-1949cf8c6b5b557f/float8-0.1.3/src/rand_distr.rs:8:9
[INFO] [stdout]      |
[INFO] [stdout]    8 |         impl Distribution<$Ty> for $Distr {
[INFO] [stdout]      |         ^^^^^^^^^^^^^^^^^^^^^^^^^^^^^^^^^
[INFO] [stdout]      |         |
[INFO] [stdout]      |         `rand_distr::Distribution<F8E4M3>`
[INFO] [stdout]      |         `rand_distr::Distribution<F8E5M2>`
[INFO] [stdout] ...
[INFO] [stdout]   17 | impl_distribution_via_f32!(F8E4M3, rand_distr::StandardNormal);
[INFO] [stdout]      | -------------------------------------------------------------- in this macro invocation
[INFO] [stdout] ...
[INFO] [stdout]   23 | impl_distribution_via_f32!(F8E5M2, rand_distr::StandardNormal);
[INFO] [stdout]      | -------------------------------------------------------------- in this macro invocation
[INFO] [stdout]      = note: there are multiple different versions of crate `rand_distr` in the dependency graph
[INFO] [stdout]      = help: you can use `cargo tree` to explore your dependency tree
[INFO] [stdout] note: required by a bound in `rand_distr::Normal::<F>::new`
[INFO] [stdout]     --> /opt/rustwide/cargo-home/registry/src/index.crates.io-1949cf8c6b5b557f/rand_distr-0.4.3/src/normal.rs:147:33
[INFO] [stdout]      |
[INFO] [stdout]  147 | where F: Float, StandardNormal: Distribution<F>
[INFO] [stdout]      |                                 ^^^^^^^^^^^^^^^ required by this bound in `Normal::<F>::new`
[INFO] [stdout] ...
[INFO] [stdout]  156 |     pub fn new(mean: F, std_dev: F) -> Result<Normal<F>, Error> {
[INFO] [stdout]      |            --- required by a bound in this associated function
[INFO] [stdout]      = note: this error originates in the macro `impl_distribution_via_f32` (in Nightly builds, run with -Z macro-backtrace for more info)
[INFO] [stdout] 
[INFO] [stdout] 
[INFO] [stdout] error[E0277]: the trait bound `StandardNormal: rand_distr::Distribution<half::f16>` is not satisfied
[INFO] [stdout]     --> /opt/rustwide/cargo-home/registry/src/index.crates.io-1949cf8c6b5b557f/diffusion_rs_common-0.1.0/src/core/cpu_backend/mod.rs:3726:30
[INFO] [stdout]      |
[INFO] [stdout] 3726 |                 let normal = rand_distr::Normal::new(f16::from_f64(mean), f16::from_f64(std))
[INFO] [stdout]      |                              ^^^^^^^^^^^^^^^^^^^^^^^^^^^^^^^^^^^^^^^^^^^^^^^^^^^^^^^^^^^^^^^^ the trait `rand_distr::Distribution<half::f16>` is not implemented for `StandardNormal`
[INFO] [stdout]      |
[INFO] [stdout] note: there are multiple different versions of crate `rand` in the dependency graph
[INFO] [stdout]     --> /opt/rustwide/cargo-home/registry/src/index.crates.io-1949cf8c6b5b557f/rand-0.8.8/src/distributions/distribution.rs:35:1
[INFO] [stdout]      |
[INFO] [stdout]   35 | pub trait Distribution<T> {
[INFO] [stdout]      | ^^^^^^^^^^^^^^^^^^^^^^^^^ this is the expected trait
[INFO] [stdout]      |
[INFO] [stdout]     ::: /opt/rustwide/cargo-home/registry/src/index.crates.io-1949cf8c6b5b557f/rand-0.9.5/src/distr/distribution.rs:35:1
[INFO] [stdout]      |
[INFO] [stdout]   35 | pub trait Distribution<T> {
[INFO] [stdout]      | ------------------------- this is the trait that was imported
[INFO] [stdout]      = help: you can use `cargo tree` to explore your dependency tree
[INFO] [stdout] help: `StandardNormal` implements trait `rand_distr::Distribution<T>`
[INFO] [stdout]     --> /opt/rustwide/cargo-home/registry/src/index.crates.io-1949cf8c6b5b557f/rand_distr-0.4.3/src/normal.rs:43:1
[INFO] [stdout]      |
[INFO] [stdout]   43 | impl Distribution<f32> for StandardNormal {
[INFO] [stdout]      | ^^^^^^^^^^^^^^^^^^^^^^^^^^^^^^^^^^^^^^^^^ `rand_distr::Distribution<f32>`
[INFO] [stdout] ...
[INFO] [stdout]   52 | impl Distribution<f64> for StandardNormal {
[INFO] [stdout]      | ^^^^^^^^^^^^^^^^^^^^^^^^^^^^^^^^^^^^^^^^^ `rand_distr::Distribution<f64>`
[INFO] [stdout]      |
[INFO] [stdout]     ::: /opt/rustwide/cargo-home/registry/src/index.crates.io-1949cf8c6b5b557f/float8-0.1.3/src/rand_distr.rs:8:9
[INFO] [stdout]      |
[INFO] [stdout]    8 |         impl Distribution<$Ty> for $Distr {
[INFO] [stdout]      |         ^^^^^^^^^^^^^^^^^^^^^^^^^^^^^^^^^
[INFO] [stdout]      |         |
[INFO] [stdout]      |         `rand_distr::Distribution<F8E4M3>`
[INFO] [stdout]      |         `rand_distr::Distribution<F8E5M2>`
[INFO] [stdout] ...
[INFO] [stdout]   17 | impl_distribution_via_f32!(F8E4M3, rand_distr::StandardNormal);
[INFO] [stdout]      | -------------------------------------------------------------- in this macro invocation
[INFO] [stdout] ...
[INFO] [stdout]   23 | impl_distribution_via_f32!(F8E5M2, rand_distr::StandardNormal);
[INFO] [stdout]      | -------------------------------------------------------------- in this macro invocation
[INFO] [stdout]      = note: there are multiple different versions of crate `rand_distr` in the dependency graph
[INFO] [stdout]      = help: you can use `cargo tree` to explore your dependency tree
[INFO] [stdout] note: required by a bound in `rand_distr::Normal`
[INFO] [stdout]     --> /opt/rustwide/cargo-home/registry/src/index.crates.io-1949cf8c6b5b557f/rand_distr-0.4.3/src/normal.rs:118:33
[INFO] [stdout]      |
[INFO] [stdout]  117 | pub struct Normal<F>
[INFO] [stdout]      |            ------ required by a bound in this struct
[INFO] [stdout]  118 | where F: Float, StandardNormal: Distribution<F>
[INFO] [stdout]      |                                 ^^^^^^^^^^^^^^^ required by this bound in `Normal`
[INFO] [stdout]      = note: this error originates in the macro `impl_distribution_via_f32` (in Nightly builds, run with -Z macro-backtrace for more info)
[INFO] [stdout] 
[INFO] [stdout] 
[INFO] [stdout] error[E0277]: the trait bound `StandardNormal: rand_distr::Distribution<half::f16>` is not satisfied
[INFO] [stdout]     --> /opt/rustwide/cargo-home/registry/src/index.crates.io-1949cf8c6b5b557f/diffusion_rs_common-0.1.0/src/core/cpu_backend/mod.rs:3726:30
[INFO] [stdout]      |
[INFO] [stdout] 3726 |                   let normal = rand_distr::Normal::new(f16::from_f64(mean), f16::from_f64(std))
[INFO] [stdout]      |  ______________________________^
[INFO] [stdout] 3727 | |                     .map_err(Error::wrap)?;
[INFO] [stdout]      | |_________________________________________^ the trait `rand_distr::Distribution<half::f16>` is not implemented for `StandardNormal`
[INFO] [stdout]      |
[INFO] [stdout] note: there are multiple different versions of crate `rand` in the dependency graph
[INFO] [stdout]     --> /opt/rustwide/cargo-home/registry/src/index.crates.io-1949cf8c6b5b557f/rand-0.8.8/src/distributions/distribution.rs:35:1
[INFO] [stdout]      |
[INFO] [stdout]   35 | pub trait Distribution<T> {
[INFO] [stdout]      | ^^^^^^^^^^^^^^^^^^^^^^^^^ this is the expected trait
[INFO] [stdout]      |
[INFO] [stdout]     ::: /opt/rustwide/cargo-home/registry/src/index.crates.io-1949cf8c6b5b557f/rand-0.9.5/src/distr/distribution.rs:35:1
[INFO] [stdout]      |
[INFO] [stdout]   35 | pub trait Distribution<T> {
[INFO] [stdout]      | ------------------------- this is the trait that was imported
[INFO] [stdout]      = help: you can use `cargo tree` to explore your dependency tree
[INFO] [stdout] help: `StandardNormal` implements trait `rand_distr::Distribution<T>`
[INFO] [stdout]     --> /opt/rustwide/cargo-home/registry/src/index.crates.io-1949cf8c6b5b557f/rand_distr-0.4.3/src/normal.rs:43:1
[INFO] [stdout]      |
[INFO] [stdout]   43 | impl Distribution<f32> for StandardNormal {
[INFO] [stdout]      | ^^^^^^^^^^^^^^^^^^^^^^^^^^^^^^^^^^^^^^^^^ `rand_distr::Distribution<f32>`
[INFO] [stdout] ...
[INFO] [stdout]   52 | impl Distribution<f64> for StandardNormal {
[INFO] [stdout]      | ^^^^^^^^^^^^^^^^^^^^^^^^^^^^^^^^^^^^^^^^^ `rand_distr::Distribution<f64>`
[INFO] [stdout]      |
[INFO] [stdout]     ::: /opt/rustwide/cargo-home/registry/src/index.crates.io-1949cf8c6b5b557f/float8-0.1.3/src/rand_distr.rs:8:9
[INFO] [stdout]      |
[INFO] [stdout]    8 |         impl Distribution<$Ty> for $Distr {
[INFO] [stdout]      |         ^^^^^^^^^^^^^^^^^^^^^^^^^^^^^^^^^
[INFO] [stdout]      |         |
[INFO] [stdout]      |         `rand_distr::Distribution<F8E4M3>`
[INFO] [stdout]      |         `rand_distr::Distribution<F8E5M2>`
[INFO] [stdout] ...
[INFO] [stdout]   17 | impl_distribution_via_f32!(F8E4M3, rand_distr::StandardNormal);
[INFO] [stdout]      | -------------------------------------------------------------- in this macro invocation
[INFO] [stdout] ...
[INFO] [stdout]   23 | impl_distribution_via_f32!(F8E5M2, rand_distr::StandardNormal);
[INFO] [stdout]      | -------------------------------------------------------------- in this macro invocation
[INFO] [stdout]      = note: there are multiple different versions of crate `rand_distr` in the dependency graph
[INFO] [stdout]      = help: you can use `cargo tree` to explore your dependency tree
[INFO] [stdout] note: required by a bound in `rand_distr::Normal`
[INFO] [stdout]     --> /opt/rustwide/cargo-home/registry/src/index.crates.io-1949cf8c6b5b557f/rand_distr-0.4.3/src/normal.rs:118:33
[INFO] [stdout]      |
[INFO] [stdout]  117 | pub struct Normal<F>
[INFO] [stdout]      |            ------ required by a bound in this struct
[INFO] [stdout]  118 | where F: Float, StandardNormal: Distribution<F>
[INFO] [stdout]      |                                 ^^^^^^^^^^^^^^^ required by this bound in `Normal`
[INFO] [stdout]      = note: this error originates in the macro `impl_distribution_via_f32` (in Nightly builds, run with -Z macro-backtrace for more info)
[INFO] [stdout] 
[INFO] [stdout] 
[INFO] [stdout] error[E0277]: the trait bound `StandardNormal: rand_distr::Distribution<half::f16>` is not satisfied
[INFO] [stdout]     --> /opt/rustwide/cargo-home/registry/src/index.crates.io-1949cf8c6b5b557f/diffusion_rs_common-0.1.0/src/core/cpu_backend/mod.rs:3726:30
[INFO] [stdout]      |
[INFO] [stdout] 3726 |                   let normal = rand_distr::Normal::new(f16::from_f64(mean), f16::from_f64(std))
[INFO] [stdout]      |  ______________________________^
[INFO] [stdout] 3727 | |                     .map_err(Error::wrap)?;
[INFO] [stdout]      | |__________________________________________^ the trait `rand_distr::Distribution<half::f16>` is not implemented for `StandardNormal`
[INFO] [stdout]      |
[INFO] [stdout] note: there are multiple different versions of crate `rand` in the dependency graph
[INFO] [stdout]     --> /opt/rustwide/cargo-home/registry/src/index.crates.io-1949cf8c6b5b557f/rand-0.8.8/src/distributions/distribution.rs:35:1
[INFO] [stdout]      |
[INFO] [stdout]   35 | pub trait Distribution<T> {
[INFO] [stdout]      | ^^^^^^^^^^^^^^^^^^^^^^^^^ this is the expected trait
[INFO] [stdout]      |
[INFO] [stdout]     ::: /opt/rustwide/cargo-home/registry/src/index.crates.io-1949cf8c6b5b557f/rand-0.9.5/src/distr/distribution.rs:35:1
[INFO] [stdout]      |
[INFO] [stdout]   35 | pub trait Distribution<T> {
[INFO] [stdout]      | ------------------------- this is the trait that was imported
[INFO] [stdout]      = help: you can use `cargo tree` to explore your dependency tree
[INFO] [stdout] help: `StandardNormal` implements trait `rand_distr::Distribution<T>`
[INFO] [stdout]     --> /opt/rustwide/cargo-home/registry/src/index.crates.io-1949cf8c6b5b557f/rand_distr-0.4.3/src/normal.rs:43:1
[INFO] [stdout]      |
[INFO] [stdout]   43 | impl Distribution<f32> for StandardNormal {
[INFO] [stdout]      | ^^^^^^^^^^^^^^^^^^^^^^^^^^^^^^^^^^^^^^^^^ `rand_distr::Distribution<f32>`
[INFO] [stdout] ...
[INFO] [stdout]   52 | impl Distribution<f64> for StandardNormal {
[INFO] [stdout]      | ^^^^^^^^^^^^^^^^^^^^^^^^^^^^^^^^^^^^^^^^^ `rand_distr::Distribution<f64>`
[INFO] [stdout]      |
[INFO] [stdout]     ::: /opt/rustwide/cargo-home/registry/src/index.crates.io-1949cf8c6b5b557f/float8-0.1.3/src/rand_distr.rs:8:9
[INFO] [stdout]      |
[INFO] [stdout]    8 |         impl Distribution<$Ty> for $Distr {
[INFO] [stdout]      |         ^^^^^^^^^^^^^^^^^^^^^^^^^^^^^^^^^
[INFO] [stdout]      |         |
[INFO] [stdout]      |         `rand_distr::Distribution<F8E4M3>`
[INFO] [stdout]      |         `rand_distr::Distribution<F8E5M2>`
[INFO] [stdout] ...
[INFO] [stdout]   17 | impl_distribution_via_f32!(F8E4M3, rand_distr::StandardNormal);
[INFO] [stdout]      | -------------------------------------------------------------- in this macro invocation
[INFO] [stdout] ...
[INFO] [stdout]   23 | impl_distribution_via_f32!(F8E5M2, rand_distr::StandardNormal);
[INFO] [stdout]      | -------------------------------------------------------------- in this macro invocation
[INFO] [stdout]      = note: there are multiple different versions of crate `rand_distr` in the dependency graph
[INFO] [stdout]      = help: you can use `cargo tree` to explore your dependency tree
[INFO] [stdout] note: required by a bound in `rand_distr::Normal`
[INFO] [stdout]     --> /opt/rustwide/cargo-home/registry/src/index.crates.io-1949cf8c6b5b557f/rand_distr-0.4.3/src/normal.rs:118:33
[INFO] [stdout]      |
[INFO] [stdout]  117 | pub struct Normal<F>
[INFO] [stdout]      |            ------ required by a bound in this struct
[INFO] [stdout]  118 | where F: Float, StandardNormal: Distribution<F>
[INFO] [stdout]      |                                 ^^^^^^^^^^^^^^^ required by this bound in `Normal`
[INFO] [stdout]      = note: this error originates in the macro `impl_distribution_via_f32` (in Nightly builds, run with -Z macro-backtrace for more info)
[INFO] [stdout] 
[INFO] [stdout] 
[INFO] [stdout] error[E0599]: the method `sample` exists for struct `rand_distr::Normal<half::f16>`, but its trait bounds were not satisfied
[INFO] [stdout]     --> /opt/rustwide/cargo-home/registry/src/index.crates.io-1949cf8c6b5b557f/diffusion_rs_common-0.1.0/src/core/cpu_backend/mod.rs:3729:38
[INFO] [stdout]      |
[INFO] [stdout] 3729 |                     data.push(normal.sample(&mut rng))
[INFO] [stdout]      |                                      ^^^^^^ method cannot be called on `rand_distr::Normal<half::f16>` due to unsatisfied trait bounds
[INFO] [stdout]      |
[INFO] [stdout]     ::: /opt/rustwide/cargo-home/registry/src/index.crates.io-1949cf8c6b5b557f/rand_distr-0.4.3/src/normal.rs:41:1
[INFO] [stdout]      |
[INFO] [stdout]   41 | pub struct StandardNormal;
[INFO] [stdout]      | ------------------------- doesn't satisfy `_: Distribution<f16>`
[INFO] [stdout] ...
[INFO] [stdout]  117 | pub struct Normal<F>
[INFO] [stdout]      | -------------------- doesn't satisfy `_: Distribution<f16>`, `rand_distr::Normal<half::f16>: RngCore` or `rand_distr::Normal<half::f16>: rand::Rng`
[INFO] [stdout]      |
[INFO] [stdout]      = note: the following trait bounds were not satisfied:
[INFO] [stdout]              `StandardNormal: rand_distr::Distribution<half::f16>`
[INFO] [stdout]              which is required by `rand_distr::Normal<half::f16>: rand_distr::Distribution<half::f16>`
[INFO] [stdout]              `rand_distr::Normal<half::f16>: RngCore`
[INFO] [stdout]              which is required by `rand_distr::Normal<half::f16>: rand::Rng`
[INFO] [stdout] 
[INFO] [stdout] 
[INFO] [stdout] Some errors have detailed explanations: E0277, E0308, E0599.
[INFO] [stdout] 
[INFO] [stdout] For more information about an error, try `rustc --explain E0277`.
[INFO] [stdout] 
[INFO] [stderr] error: could not compile `diffusion_rs_common` (lib) due to 21 previous errors
[INFO] running `Command { std: "docker" "inspect" "0347adfaa80fb1a775afe593250f0bf1dc0b3e74eb3209b660f18d46747f8491", kill_on_drop: false }`
[INFO] running `Command { std: "docker" "rm" "-f" "0347adfaa80fb1a775afe593250f0bf1dc0b3e74eb3209b660f18d46747f8491", kill_on_drop: false }`
[INFO] [stdout] 0347adfaa80fb1a775afe593250f0bf1dc0b3e74eb3209b660f18d46747f8491
