[INFO] fetching crate diffusion-rs 0.1.20...
[INFO] testing diffusion-rs-0.1.20 against 1.99.0-beta.8+cargoflags=--release for beta-release-1.100-2
[INFO] extracting crate diffusion-rs 0.1.20 into /workspace/builds/worker-1-tc1/source
[INFO] started tweaking crates.io crate diffusion-rs 0.1.20
[INFO] finished tweaking crates.io crate diffusion-rs 0.1.20
[INFO] tweaked toml for crates.io crate diffusion-rs 0.1.20 written to /workspace/builds/worker-1-tc1/source/Cargo.toml
[INFO] validating manifest of crates.io crate diffusion-rs 0.1.20 on toolchain 1.99.0-beta.8
[INFO] running `Command { std: CARGO_HOME="/workspace/cargo-home" RUSTUP_HOME="/workspace/rustup-home" "/workspace/cargo-home/bin/cargo" "+1.99.0-beta.8" "metadata" "--manifest-path" "Cargo.toml" "--no-deps", kill_on_drop: false }`
[INFO] crate crates.io crate diffusion-rs 0.1.20 already has a lockfile, it will not be regenerated
[INFO] running `Command { std: CARGO_HOME="/workspace/cargo-home" RUSTUP_HOME="/workspace/rustup-home" "/workspace/cargo-home/bin/cargo" "+1.99.0-beta.8" "fetch" "--manifest-path" "Cargo.toml", kill_on_drop: false }`
[INFO] [stderr]     Updating crates.io index
[INFO] [stderr]  Downloading crates ...
[INFO] [stderr]   Downloaded crc-catalog v2.5.0
[INFO] [stderr]   Downloaded tiff v0.11.3
[INFO] [stderr]   Downloaded as-slice v0.2.1
[INFO] [stderr]   Downloaded equator v0.4.2
[INFO] [stderr]   Downloaded noop_proc_macro v0.3.0
[INFO] [stderr]   Downloaded aligned-vec v0.6.4
[INFO] [stderr]   Downloaded equator-macro v0.4.2
[INFO] [stderr]   Downloaded simd_helpers v0.1.0
[INFO] [stderr]   Downloaded pastey v0.1.1
[INFO] [stderr]   Downloaded arg_enum_proc_macro v0.3.4
[INFO] [stderr]   Downloaded loop9 v0.1.5
[INFO] [stderr]   Downloaded maybe-rayon v0.1.1
[INFO] [stderr]   Downloaded bit_field v0.10.3
[INFO] [stderr]   Downloaded profiling-procmacros v1.0.18
[INFO] [stderr]   Downloaded lebe v0.5.3
[INFO] [stderr]   Downloaded aligned v0.4.3
[INFO] [stderr]   Downloaded interpolate_name v0.2.4
[INFO] [stderr]   Downloaded subenum v1.2.0
[INFO] [stderr]   Downloaded ravif v0.13.0
[INFO] [stderr]   Downloaded fax v0.2.7
[INFO] [stderr]   Downloaded v_frame v0.3.9
[INFO] [stderr]   Downloaded imgref v1.12.2
[INFO] [stderr]   Downloaded y4m v0.8.0
[INFO] [stderr]   Downloaded libredox v0.1.17
[INFO] [stderr]   Downloaded no_std_io2 v0.9.4
[INFO] [stderr]   Downloaded zune-inflate v0.2.54
[INFO] [stderr]   Downloaded built v0.8.1
[INFO] [stderr]   Downloaded av1-grain v0.2.5
[INFO] [stderr]   Downloaded avif-serialize v0.8.9
[INFO] [stderr]   Downloaded hf-hub v0.4.3
[INFO] [stderr]   Downloaded little_exif v0.6.23
[INFO] [stderr]   Downloaded bitstream-io v4.10.0
[INFO] [stderr]   Downloaded indicatif v0.17.11
[INFO] [stderr]   Downloaded qoi v0.4.1
[INFO] [stderr]   Downloaded cc v1.2.64
[INFO] [stderr]   Downloaded libfuzzer-sys v0.4.13
[INFO] [stderr]   Downloaded quick-xml v0.37.5
[INFO] [stderr]   Downloaded exr v1.74.0
[INFO] [stderr]   Downloaded av-scenechange v0.14.1
[INFO] [stderr]   Downloaded pxfm v0.1.29
[INFO] [stderr]   Downloaded rav1e v0.8.1
[INFO] [stderr]   Downloaded diffusion-rs-sys v0.1.20
[INFO] running `Command { std: "docker" "create" "-v" "/var/lib/crater-agent-workspace/builds/worker-1-tc1/source:/opt/rustwide/workdir:ro,Z" "-v" "/var/lib/crater-agent-workspace/builds/worker-1-tc1/target:/opt/rustwide/target:rw,Z" "-v" "/var/lib/crater-agent-workspace/cargo-home:/opt/rustwide/cargo-home:ro,Z" "-v" "/var/lib/crater-agent-workspace/rustup-home:/opt/rustwide/rustup-home:ro,Z" "-m" "1610612736" "--network" "none" "ghcr.io/rust-lang/crates-build-env/linux@sha256:77db811e55d90add9212f6832c23229e3de5f1c1f9905e8cb07319ea15df73ac" "sleep" "infinity", kill_on_drop: false }`
[INFO] [stdout] abaaaa29e0f9eac5ce5fd0b3e08f55f2352690d1d66adf4ef0996954e3e32792
[INFO] running `Command { std: "docker" "start" "abaaaa29e0f9eac5ce5fd0b3e08f55f2352690d1d66adf4ef0996954e3e32792", kill_on_drop: false }`
[INFO] running `Command { std: "docker" "inspect" "abaaaa29e0f9eac5ce5fd0b3e08f55f2352690d1d66adf4ef0996954e3e32792", kill_on_drop: false }`
[INFO] running `Command { std: "docker" "exec" "-e" "SOURCE_DIR=/opt/rustwide/workdir" "-e" "CARGO_HOME=/opt/rustwide/cargo-home" "-e" "RUSTUP_HOME=/opt/rustwide/rustup-home" "-e" "CARGO_TARGET_DIR=/opt/rustwide/target" "-w" "/opt/rustwide/workdir" "--user" "0:0" "abaaaa29e0f9eac5ce5fd0b3e08f55f2352690d1d66adf4ef0996954e3e32792" "/opt/rustwide/cargo-home/bin/cargo" "+1.99.0-beta.8" "metadata" "--no-deps" "--format-version=1", kill_on_drop: false }`
[INFO] running `Command { std: "docker" "inspect" "abaaaa29e0f9eac5ce5fd0b3e08f55f2352690d1d66adf4ef0996954e3e32792", kill_on_drop: false }`
[INFO] running `Command { std: "docker" "exec" "-e" "SOURCE_DIR=/opt/rustwide/workdir" "-e" "CARGO_HOME=/opt/rustwide/cargo-home" "-e" "RUSTUP_HOME=/opt/rustwide/rustup-home" "-e" "CARGO_TARGET_DIR=/opt/rustwide/target" "-e" "CARGO_INCREMENTAL=0" "-e" "RUST_BACKTRACE=full" "-e" "RUSTFLAGS=--cap-lints=warn" "-e" "RUSTDOCFLAGS=--cap-lints=warn" "-w" "/opt/rustwide/workdir" "--user" "0:0" "abaaaa29e0f9eac5ce5fd0b3e08f55f2352690d1d66adf4ef0996954e3e32792" "/opt/rustwide/cargo-home/bin/cargo" "+1.99.0-beta.8" "build" "--frozen" "--message-format=json" "--release", kill_on_drop: false }`
[INFO] [stderr]    Compiling simd-adler32 v0.3.9
[INFO] [stderr]    Compiling writeable v0.6.3
[INFO] [stderr]    Compiling log v0.4.32
[INFO] [stderr]    Compiling litemap v0.8.2
[INFO] [stderr]    Compiling num-traits v0.2.19
[INFO] [stderr]    Compiling cc v1.2.64
[INFO] [stderr]    Compiling smallvec v1.15.2
[INFO] [stderr]    Compiling syn v2.0.117
[INFO] [stderr]    Compiling icu_normalizer_data v2.2.0
[INFO] [stderr]    Compiling clang-sys v1.8.1
[INFO] [stderr]    Compiling libc v0.2.186
[INFO] [stderr]    Compiling prettyplease v0.2.37
[INFO] [stderr]    Compiling icu_properties_data v2.2.0
[INFO] [stderr]    Compiling either v1.16.0
[INFO] [stderr]    Compiling zeroize v1.9.0
[INFO] [stderr]    Compiling regex-syntax v0.8.11
[INFO] [stderr]    Compiling minimal-lexical v0.2.1
[INFO] [stderr]    Compiling paste v1.0.15
[INFO] [stderr]    Compiling rustls-pki-types v1.14.1
[INFO] [stderr]    Compiling arrayvec v0.7.6
[INFO] [stderr]    Compiling miniz_oxide v0.8.9
[INFO] [stderr]    Compiling libloading v0.8.9
[INFO] [stderr]    Compiling as-slice v0.2.1
[INFO] [stderr]    Compiling nom v7.1.3
[INFO] [stderr]    Compiling av-scenechange v0.14.1
[INFO] [stderr]    Compiling bindgen v0.71.1
[INFO] [stderr]    Compiling untrusted v0.9.0
[INFO] [stderr]    Compiling built v0.8.1
[INFO] [stderr]    Compiling aligned v0.4.3
[INFO] [stderr]    Compiling getrandom v0.3.4
[INFO] [stderr]    Compiling no_std_io2 v0.9.4
[INFO] [stderr]    Compiling rayon v1.12.0
[INFO] [stderr]    Compiling nom v8.0.0
[INFO] [stderr]    Compiling rustls v0.23.40
[INFO] [stderr]    Compiling itertools v0.13.0
[INFO] [stderr]    Compiling pastey v0.1.1
[INFO] [stderr]    Compiling flate2 v1.1.9
[INFO] [stderr]    Compiling percent-encoding v2.3.2
[INFO] [stderr]    Compiling rustc-hash v2.1.2
[INFO] [stderr]    Compiling y4m v0.8.0
[INFO] [stderr]    Compiling rav1e v0.8.1
[INFO] [stderr]    Compiling quick-error v2.0.1
[INFO] [stderr]    Compiling bitflags v2.13.0
[INFO] [stderr]    Compiling form_urlencoded v1.2.2
[INFO] [stderr]    Compiling alloc-stdlib v0.2.4
[INFO] [stderr]    Compiling webpki-roots v1.0.7
[INFO] [stderr]    Compiling rand_core v0.9.5
[INFO] [stderr]    Compiling itertools v0.14.0
[INFO] [stderr]    Compiling bitstream-io v4.10.0
[INFO] [stderr]    Compiling num-integer v0.1.46
[INFO] [stderr]    Compiling simd_helpers v0.1.0
[INFO] [stderr]    Compiling option-ext v0.2.0
[INFO] [stderr]    Compiling fs_extra v1.3.0
[INFO] [stderr]    Compiling weezl v0.1.12
[INFO] [stderr]    Compiling new_debug_unreachable v1.0.6
[INFO] [stderr]    Compiling zune-core v0.5.1
[INFO] [stderr]    Compiling imgref v1.12.2
[INFO] [stderr]    Compiling num-bigint v0.4.6
[INFO] [stderr]    Compiling cmake v0.1.58
[INFO] [stderr]    Compiling noop_proc_macro v0.3.0
[INFO] [stderr]    Compiling zune-jpeg v0.5.15
[INFO] [stderr]    Compiling loop9 v0.1.5
[INFO] [stderr]    Compiling console v0.15.11
[INFO] [stderr]    Compiling dirs-sys v0.5.0
[INFO] [stderr]    Compiling cexpr v0.6.0
[INFO] [stderr]    Compiling socks v0.3.4
[INFO] [stderr]    Compiling serde_json v1.0.150
[INFO] [stderr]    Compiling webpki-roots v0.26.11
[INFO] [stderr]    Compiling brotli-decompressor v5.0.3
[INFO] [stderr]    Compiling ring v0.17.14
[INFO] [stderr]    Compiling regex-automata v0.4.14
[INFO] [stderr]    Compiling avif-serialize v0.8.9
[INFO] [stderr]    Compiling zune-inflate v0.2.54
[INFO] [stderr]    Compiling fdeflate v0.3.7
[INFO] [stderr]    Compiling lebe v0.5.3
[INFO] [stderr]    Compiling fax v0.2.7
[INFO] [stderr]    Compiling pxfm v0.1.29
[INFO] [stderr]    Compiling color_quant v1.1.0
[INFO] [stderr]    Compiling num-rational v0.4.2
[INFO] [stderr]    Compiling bit_field v0.10.3
[INFO] [stderr]    Compiling maybe-rayon v0.1.1
[INFO] [stderr]    Compiling crc-catalog v2.5.0
[INFO] [stderr]    Compiling number_prefix v0.4.0
[INFO] [stderr]    Compiling rgb v0.8.53
[INFO] [stderr]    Compiling byteorder-lite v0.1.0
[INFO] [stderr]    Compiling bytemuck v1.25.0
[INFO] [stderr]    Compiling http v1.4.2
[INFO] [stderr]    Compiling indicatif v0.17.11
[INFO] [stderr]    Compiling crc v3.4.0
[INFO] [stderr]    Compiling png v0.18.1
[INFO] [stderr]    Compiling image-webp v0.2.4
[INFO] [stderr]    Compiling qoi v0.4.1
[INFO] [stderr]    Compiling gif v0.14.2
[INFO] [stderr]    Compiling regex v1.12.4
[INFO] [stderr]    Compiling brotli v8.0.4
[INFO] [stderr]    Compiling dirs v6.0.0
[INFO] [stderr]    Compiling quick-xml v0.37.5
[INFO] [stderr]    Compiling chrono v0.4.45
[INFO] [stderr]    Compiling num_cpus v1.17.0
[INFO] [stderr]    Compiling synstructure v0.13.2
[INFO] [stderr]    Compiling darling_core v0.20.11
[INFO] [stderr]    Compiling moxcms v0.8.1
[INFO] [stderr]    Compiling zerofrom-derive v0.1.7
[INFO] [stderr]    Compiling yoke-derive v0.8.2
[INFO] [stderr]    Compiling zerovec-derive v0.11.3
[INFO] [stderr]    Compiling displaydoc v0.2.6
[INFO] [stderr]    Compiling zerocopy-derive v0.8.52
[INFO] [stderr]    Compiling equator-macro v0.4.2
[INFO] [stderr]    Compiling thiserror-impl v2.0.18
[INFO] [stderr]    Compiling arg_enum_proc_macro v0.3.4
[INFO] [stderr]    Compiling profiling-procmacros v1.0.18
[INFO] [stderr]    Compiling serde_derive v1.0.228
[INFO] [stderr]    Compiling profiling v1.0.18
[INFO] [stderr]    Compiling num-derive v0.4.2
[INFO] [stderr]    Compiling zerofrom v0.1.8
[INFO] [stderr]    Compiling strum_macros v0.27.2
[INFO] [stderr]    Compiling yoke v0.8.3
[INFO] [stderr]    Compiling subenum v1.2.0
[INFO] [stderr]    Compiling equator v0.4.2
[INFO] [stderr]    Compiling zerovec v0.11.6
[INFO] [stderr]    Compiling zerotrie v0.2.4
[INFO] [stderr]    Compiling aligned-vec v0.6.4
[INFO] [stderr]    Compiling darling_macro v0.20.11
[INFO] [stderr]    Compiling v_frame v0.3.9
[INFO] [stderr]    Compiling darling v0.20.11
[INFO] [stderr]    Compiling derive_builder_core v0.20.2
[INFO] [stderr]    Compiling zerocopy v0.8.52
[INFO] [stderr]    Compiling thiserror v2.0.18
[INFO] [stderr]    Compiling av1-grain v0.2.5
[INFO] [stderr]    Compiling tinystr v0.8.3
[INFO] [stderr]    Compiling icu_locale_core v2.2.0
[INFO] [stderr]    Compiling potential_utf v0.1.5
[INFO] [stderr]    Compiling icu_collections v2.2.0
[INFO] [stderr]    Compiling derive_builder_macro v0.20.2
[INFO] [stderr]    Compiling icu_provider v2.2.0
[INFO] [stderr]    Compiling icu_properties v2.2.0
[INFO] [stderr]    Compiling icu_normalizer v2.2.0
[INFO] [stderr]    Compiling derive_builder v0.20.2
[INFO] [stderr]    Compiling strum v0.27.2
[INFO] [stderr]    Compiling little_exif v0.6.23
[INFO] [stderr]    Compiling serde v1.0.228
[INFO] [stderr]    Compiling idna_adapter v1.2.2
[INFO] [stderr]    Compiling idna v1.1.0
[INFO] [stderr]    Compiling url v2.5.8
[INFO] [stderr]    Compiling diffusion-rs-sys v0.1.20
[INFO] [stderr]    Compiling ppv-lite86 v0.2.21
[INFO] [stderr]    Compiling half v2.7.1
[INFO] [stderr]    Compiling ravif v0.13.0
[INFO] [stderr]    Compiling exr v1.74.0
[INFO] [stderr]    Compiling tiff v0.11.3
[INFO] [stderr]    Compiling rand_chacha v0.9.0
[INFO] [stderr]    Compiling rand v0.9.4
[INFO] [stderr]    Compiling rustls-webpki v0.103.13
[INFO] [stderr]    Compiling image v0.25.10
[INFO] [stderr]    Compiling ureq v2.12.1
[INFO] [stderr]    Compiling hf-hub v0.4.3
[INFO] [stderr] error: failed to run custom build command for `diffusion-rs-sys v0.1.20`
[INFO] [stderr] note: To improve backtraces for build dependencies, set the CARGO_PROFILE_RELEASE_BUILD_OVERRIDE_DEBUG=true environment variable to enable debug information generation.
[INFO] [stderr] 
[INFO] [stderr] Caused by:
[INFO] [stderr]   process didn't exit successfully: `/opt/rustwide/target/release/build/diffusion-rs-sys-aad7a622595fbc0e/build-script-build` (exit status: 101)
[INFO] [stderr]   --- stdout
[INFO] [stderr]   cargo:rustc-link-lib=dylib=stdc++
[INFO] [stderr]   cargo:rerun-if-changed=wrapper.h
[INFO] [stderr]   cargo:rerun-if-env-changed=TARGET
[INFO] [stderr]   cargo:rerun-if-env-changed=BINDGEN_EXTRA_CLANG_ARGS_x86_64-unknown-linux-gnu
[INFO] [stderr]   cargo:rerun-if-env-changed=BINDGEN_EXTRA_CLANG_ARGS_x86_64_unknown_linux_gnu
[INFO] [stderr]   cargo:rerun-if-env-changed=BINDGEN_EXTRA_CLANG_ARGS
[INFO] [stderr]   cargo:rerun-if-changed=wrapper.h
[INFO] [stderr]   cargo:rerun-if-changed=./stable-diffusion.cpp/include/stable-diffusion.h
[INFO] [stderr]   cargo:rerun-if-changed=/usr/lib/llvm-21/lib/clang/21/include/stdbool.h
[INFO] [stderr]   cargo:rerun-if-changed=/usr/lib/llvm-21/lib/clang/21/include/stddef.h
[INFO] [stderr]   cargo:rerun-if-changed=/usr/lib/llvm-21/lib/clang/21/include/__stddef_header_macro.h
[INFO] [stderr]   cargo:rerun-if-changed=/usr/lib/llvm-21/lib/clang/21/include/__stddef_ptrdiff_t.h
[INFO] [stderr]   cargo:rerun-if-changed=/usr/lib/llvm-21/lib/clang/21/include/__stddef_size_t.h
[INFO] [stderr]   cargo:rerun-if-changed=/usr/lib/llvm-21/lib/clang/21/include/__stddef_wchar_t.h
[INFO] [stderr]   cargo:rerun-if-changed=/usr/lib/llvm-21/lib/clang/21/include/__stddef_null.h
[INFO] [stderr]   cargo:rerun-if-changed=/usr/lib/llvm-21/lib/clang/21/include/__stddef_max_align_t.h
[INFO] [stderr]   cargo:rerun-if-changed=/usr/lib/llvm-21/lib/clang/21/include/__stddef_offsetof.h
[INFO] [stderr]   cargo:rerun-if-changed=/usr/lib/llvm-21/lib/clang/21/include/stdint.h
[INFO] [stderr]   cargo:rerun-if-changed=/usr/include/stdint.h
[INFO] [stderr]   cargo:rerun-if-changed=/usr/include/x86_64-linux-gnu/bits/libc-header-start.h
[INFO] [stderr]   cargo:rerun-if-changed=/usr/include/features.h
[INFO] [stderr]   cargo:rerun-if-changed=/usr/include/features-time64.h
[INFO] [stderr]   cargo:rerun-if-changed=/usr/include/x86_64-linux-gnu/bits/wordsize.h
[INFO] [stderr]   cargo:rerun-if-changed=/usr/include/x86_64-linux-gnu/bits/timesize.h
[INFO] [stderr]   cargo:rerun-if-changed=/usr/include/x86_64-linux-gnu/bits/wordsize.h
[INFO] [stderr]   cargo:rerun-if-changed=/usr/include/stdc-predef.h
[INFO] [stderr]   cargo:rerun-if-changed=/usr/include/x86_64-linux-gnu/sys/cdefs.h
[INFO] [stderr]   cargo:rerun-if-changed=/usr/include/x86_64-linux-gnu/bits/wordsize.h
[INFO] [stderr]   cargo:rerun-if-changed=/usr/include/x86_64-linux-gnu/bits/long-double.h
[INFO] [stderr]   cargo:rerun-if-changed=/usr/include/x86_64-linux-gnu/gnu/stubs.h
[INFO] [stderr]   cargo:rerun-if-changed=/usr/include/x86_64-linux-gnu/gnu/stubs-64.h
[INFO] [stderr]   cargo:rerun-if-changed=/usr/include/x86_64-linux-gnu/bits/types.h
[INFO] [stderr]   cargo:rerun-if-changed=/usr/include/features.h
[INFO] [stderr]   cargo:rerun-if-changed=/usr/include/x86_64-linux-gnu/bits/wordsize.h
[INFO] [stderr]   cargo:rerun-if-changed=/usr/include/x86_64-linux-gnu/bits/timesize.h
[INFO] [stderr]   cargo:rerun-if-changed=/usr/include/x86_64-linux-gnu/bits/wordsize.h
[INFO] [stderr]   cargo:rerun-if-changed=/usr/include/x86_64-linux-gnu/bits/typesizes.h
[INFO] [stderr]   cargo:rerun-if-changed=/usr/include/x86_64-linux-gnu/bits/time64.h
[INFO] [stderr]   cargo:rerun-if-changed=/usr/include/x86_64-linux-gnu/bits/wchar.h
[INFO] [stderr]   cargo:rerun-if-changed=/usr/include/x86_64-linux-gnu/bits/wordsize.h
[INFO] [stderr]   cargo:rerun-if-changed=/usr/include/x86_64-linux-gnu/bits/stdint-intn.h
[INFO] [stderr]   cargo:rerun-if-changed=/usr/include/x86_64-linux-gnu/bits/types.h
[INFO] [stderr]   cargo:rerun-if-changed=/usr/include/x86_64-linux-gnu/bits/stdint-uintn.h
[INFO] [stderr]   cargo:rerun-if-changed=/usr/include/x86_64-linux-gnu/bits/types.h
[INFO] [stderr]   cargo:rerun-if-changed=/usr/include/x86_64-linux-gnu/bits/stdint-least.h
[INFO] [stderr]   cargo:rerun-if-changed=/usr/include/x86_64-linux-gnu/bits/types.h
[INFO] [stderr]   cargo:rerun-if-changed=/usr/include/string.h
[INFO] [stderr]   cargo:rerun-if-changed=/usr/include/x86_64-linux-gnu/bits/libc-header-start.h
[INFO] [stderr]   cargo:rerun-if-changed=/usr/include/features.h
[INFO] [stderr]   cargo:rerun-if-changed=/usr/lib/llvm-21/lib/clang/21/include/stddef.h
[INFO] [stderr]   cargo:rerun-if-changed=/usr/lib/llvm-21/lib/clang/21/include/__stddef_size_t.h
[INFO] [stderr]   cargo:rerun-if-changed=/usr/lib/llvm-21/lib/clang/21/include/__stddef_null.h
[INFO] [stderr]   cargo:rerun-if-changed=/usr/include/x86_64-linux-gnu/bits/types/locale_t.h
[INFO] [stderr]   cargo:rerun-if-changed=/usr/include/x86_64-linux-gnu/bits/types/__locale_t.h
[INFO] [stderr]   cargo:rerun-if-changed=/usr/include/strings.h
[INFO] [stderr]   cargo:rerun-if-changed=/usr/include/features.h
[INFO] [stderr]   cargo:rerun-if-changed=/usr/lib/llvm-21/lib/clang/21/include/stddef.h
[INFO] [stderr]   cargo:rerun-if-changed=/usr/lib/llvm-21/lib/clang/21/include/__stddef_size_t.h
[INFO] [stderr]   cargo:rerun-if-changed=/usr/include/x86_64-linux-gnu/bits/types/locale_t.h
[INFO] [stderr]   cargo:rerun-if-changed=./stable-diffusion.cpp/ggml/include/ggml-backend.h
[INFO] [stderr]   cargo:rerun-if-changed=./stable-diffusion.cpp/ggml/include/ggml.h
[INFO] [stderr]   cargo:rerun-if-changed=/usr/lib/llvm-21/lib/clang/21/include/stdbool.h
[INFO] [stderr]   cargo:rerun-if-changed=/usr/lib/llvm-21/lib/clang/21/include/stddef.h
[INFO] [stderr]   cargo:rerun-if-changed=/usr/lib/llvm-21/lib/clang/21/include/__stddef_header_macro.h
[INFO] [stderr]   cargo:rerun-if-changed=/usr/lib/llvm-21/lib/clang/21/include/__stddef_ptrdiff_t.h
[INFO] [stderr]   cargo:rerun-if-changed=/usr/lib/llvm-21/lib/clang/21/include/__stddef_size_t.h
[INFO] [stderr]   cargo:rerun-if-changed=/usr/lib/llvm-21/lib/clang/21/include/__stddef_wchar_t.h
[INFO] [stderr]   cargo:rerun-if-changed=/usr/lib/llvm-21/lib/clang/21/include/__stddef_max_align_t.h
[INFO] [stderr]   cargo:rerun-if-changed=/usr/lib/llvm-21/lib/clang/21/include/__stddef_offsetof.h
[INFO] [stderr]   cargo:rerun-if-changed=/usr/lib/llvm-21/lib/clang/21/include/stdint.h
[INFO] [stderr]   cargo:rerun-if-changed=/usr/include/stdio.h
[INFO] [stderr]   cargo:rerun-if-changed=/usr/include/x86_64-linux-gnu/bits/libc-header-start.h
[INFO] [stderr]   cargo:rerun-if-changed=/usr/include/features.h
[INFO] [stderr]   cargo:rerun-if-changed=/usr/lib/llvm-21/lib/clang/21/include/stddef.h
[INFO] [stderr]   cargo:rerun-if-changed=/usr/lib/llvm-21/lib/clang/21/include/__stddef_size_t.h
[INFO] [stderr]   cargo:rerun-if-changed=/usr/lib/llvm-21/lib/clang/21/include/__stddef_null.h
[INFO] [stderr]   cargo:rerun-if-changed=/usr/lib/llvm-21/lib/clang/21/include/stdarg.h
[INFO] [stderr]   cargo:rerun-if-changed=/usr/lib/llvm-21/lib/clang/21/include/__stdarg___gnuc_va_list.h
[INFO] [stderr]   cargo:rerun-if-changed=/usr/include/x86_64-linux-gnu/bits/types.h
[INFO] [stderr]   cargo:rerun-if-changed=/usr/include/x86_64-linux-gnu/bits/types/__fpos_t.h
[INFO] [stderr]   cargo:rerun-if-changed=/usr/include/x86_64-linux-gnu/bits/types.h
[INFO] [stderr]   cargo:rerun-if-changed=/usr/include/x86_64-linux-gnu/bits/types/__mbstate_t.h
[INFO] [stderr]   cargo:rerun-if-changed=/usr/include/x86_64-linux-gnu/bits/types/__fpos64_t.h
[INFO] [stderr]   cargo:rerun-if-changed=/usr/include/x86_64-linux-gnu/bits/types.h
[INFO] [stderr]   cargo:rerun-if-changed=/usr/include/x86_64-linux-gnu/bits/types/__mbstate_t.h
[INFO] [stderr]   cargo:rerun-if-changed=/usr/include/x86_64-linux-gnu/bits/types/__FILE.h
[INFO] [stderr]   cargo:rerun-if-changed=/usr/include/x86_64-linux-gnu/bits/types/FILE.h
[INFO] [stderr]   cargo:rerun-if-changed=/usr/include/x86_64-linux-gnu/bits/types/struct_FILE.h
[INFO] [stderr]   cargo:rerun-if-changed=/usr/include/x86_64-linux-gnu/bits/types.h
[INFO] [stderr]   cargo:rerun-if-changed=/usr/include/x86_64-linux-gnu/bits/wordsize.h
[INFO] [stderr]   cargo:rerun-if-changed=/usr/include/x86_64-linux-gnu/bits/types/cookie_io_functions_t.h
[INFO] [stderr]   cargo:rerun-if-changed=/usr/include/x86_64-linux-gnu/bits/types.h
[INFO] [stderr]   cargo:rerun-if-changed=/usr/include/x86_64-linux-gnu/bits/stdio_lim.h
[INFO] [stderr]   cargo:rerun-if-changed=/usr/include/x86_64-linux-gnu/bits/floatn.h
[INFO] [stderr]   cargo:rerun-if-changed=/usr/include/features.h
[INFO] [stderr]   cargo:rerun-if-changed=/usr/include/x86_64-linux-gnu/bits/floatn-common.h
[INFO] [stderr]   cargo:rerun-if-changed=/usr/include/features.h
[INFO] [stderr]   cargo:rerun-if-changed=/usr/include/x86_64-linux-gnu/bits/long-double.h
[INFO] [stderr]   cargo:rerun-if-changed=./stable-diffusion.cpp/ggml/include/ggml-alloc.h
[INFO] [stderr]   cargo:rerun-if-changed=./stable-diffusion.cpp/ggml/include/ggml.h
[INFO] [stderr]   CMAKE_TOOLCHAIN_FILE_x86_64-unknown-linux-gnu = None
[INFO] [stderr]   CMAKE_TOOLCHAIN_FILE_x86_64_unknown_linux_gnu = None
[INFO] [stderr]   HOST_CMAKE_TOOLCHAIN_FILE = None
[INFO] [stderr]   CMAKE_TOOLCHAIN_FILE = None
[INFO] [stderr]   CMAKE_GENERATOR_x86_64-unknown-linux-gnu = None
[INFO] [stderr]   CMAKE_GENERATOR_x86_64_unknown_linux_gnu = None
[INFO] [stderr]   HOST_CMAKE_GENERATOR = None
[INFO] [stderr]   CMAKE_GENERATOR = None
[INFO] [stderr]   CMAKE_PREFIX_PATH_x86_64-unknown-linux-gnu = None
[INFO] [stderr]   CMAKE_PREFIX_PATH_x86_64_unknown_linux_gnu = None
[INFO] [stderr]   HOST_CMAKE_PREFIX_PATH = None
[INFO] [stderr]   CMAKE_PREFIX_PATH = None
[INFO] [stderr]   CMAKE_x86_64-unknown-linux-gnu = None
[INFO] [stderr]   CMAKE_x86_64_unknown_linux_gnu = None
[INFO] [stderr]   HOST_CMAKE = None
[INFO] [stderr]   CMAKE = None
[INFO] [stderr]   Running with debug output on.
[INFO] [stderr]   -- The C compiler identification is GNU 15.2.0
[INFO] [stderr]      Called from: [3]	/opt/rustwide/target/release/build/diffusion-rs-sys-a5e03cacec88f82b/out/stable-diffusion.cpp/CMakeLists.txt
[INFO] [stderr]                   [2]	/usr/share/cmake-4.2/Modules/CMakeDetermineCCompiler.cmake
[INFO] [stderr]                   [1]	/usr/share/cmake-4.2/Modules/CMakeDetermineCompilerId.cmake
[INFO] [stderr]   -- The CXX compiler identification is GNU 15.2.0
[INFO] [stderr]      Called from: [3]	/opt/rustwide/target/release/build/diffusion-rs-sys-a5e03cacec88f82b/out/stable-diffusion.cpp/CMakeLists.txt
[INFO] [stderr]                   [2]	/usr/share/cmake-4.2/Modules/CMakeDetermineCXXCompiler.cmake
[INFO] [stderr]                   [1]	/usr/share/cmake-4.2/Modules/CMakeDetermineCompilerId.cmake
[INFO] [stderr]   -- Detecting C compiler ABI info
[INFO] [stderr]      Called from: [3]	/opt/rustwide/target/release/build/diffusion-rs-sys-a5e03cacec88f82b/out/stable-diffusion.cpp/CMakeLists.txt
[INFO] [stderr]                   [2]	/usr/share/cmake-4.2/Modules/CMakeTestCCompiler.cmake
[INFO] [stderr]                   [1]	/usr/share/cmake-4.2/Modules/CMakeDetermineCompilerABI.cmake
[INFO] [stderr]   -- Detecting C compiler ABI info - done
[INFO] [stderr]      Called from: [3]	/opt/rustwide/target/release/build/diffusion-rs-sys-a5e03cacec88f82b/out/stable-diffusion.cpp/CMakeLists.txt
[INFO] [stderr]                   [2]	/usr/share/cmake-4.2/Modules/CMakeTestCCompiler.cmake
[INFO] [stderr]                   [1]	/usr/share/cmake-4.2/Modules/CMakeDetermineCompilerABI.cmake
[INFO] [stderr]   -- Check for working C compiler: /usr/bin/cc - skipped
[INFO] [stderr]      Called from: [2]	/opt/rustwide/target/release/build/diffusion-rs-sys-a5e03cacec88f82b/out/stable-diffusion.cpp/CMakeLists.txt
[INFO] [stderr]                   [1]	/usr/share/cmake-4.2/Modules/CMakeTestCCompiler.cmake
[INFO] [stderr]   -- Detecting C compile features
[INFO] [stderr]      Called from: [3]	/opt/rustwide/target/release/build/diffusion-rs-sys-a5e03cacec88f82b/out/stable-diffusion.cpp/CMakeLists.txt
[INFO] [stderr]                   [2]	/usr/share/cmake-4.2/Modules/CMakeTestCCompiler.cmake
[INFO] [stderr]                   [1]	/usr/share/cmake-4.2/Modules/CMakeDetermineCompilerSupport.cmake
[INFO] [stderr]   -- Detecting C compile features - done
[INFO] [stderr]      Called from: [3]	/opt/rustwide/target/release/build/diffusion-rs-sys-a5e03cacec88f82b/out/stable-diffusion.cpp/CMakeLists.txt
[INFO] [stderr]                   [2]	/usr/share/cmake-4.2/Modules/CMakeTestCCompiler.cmake
[INFO] [stderr]                   [1]	/usr/share/cmake-4.2/Modules/CMakeDetermineCompilerSupport.cmake
[INFO] [stderr]   -- Detecting CXX compiler ABI info
[INFO] [stderr]      Called from: [3]	/opt/rustwide/target/release/build/diffusion-rs-sys-a5e03cacec88f82b/out/stable-diffusion.cpp/CMakeLists.txt
[INFO] [stderr]                   [2]	/usr/share/cmake-4.2/Modules/CMakeTestCXXCompiler.cmake
[INFO] [stderr]                   [1]	/usr/share/cmake-4.2/Modules/CMakeDetermineCompilerABI.cmake
[INFO] [stderr]   -- Detecting CXX compiler ABI info - done
[INFO] [stderr]      Called from: [3]	/opt/rustwide/target/release/build/diffusion-rs-sys-a5e03cacec88f82b/out/stable-diffusion.cpp/CMakeLists.txt
[INFO] [stderr]                   [2]	/usr/share/cmake-4.2/Modules/CMakeTestCXXCompiler.cmake
[INFO] [stderr]                   [1]	/usr/share/cmake-4.2/Modules/CMakeDetermineCompilerABI.cmake
[INFO] [stderr]   -- Check for working CXX compiler: /usr/bin/c++ - skipped
[INFO] [stderr]      Called from: [2]	/opt/rustwide/target/release/build/diffusion-rs-sys-a5e03cacec88f82b/out/stable-diffusion.cpp/CMakeLists.txt
[INFO] [stderr]                   [1]	/usr/share/cmake-4.2/Modules/CMakeTestCXXCompiler.cmake
[INFO] [stderr]   -- Detecting CXX compile features
[INFO] [stderr]      Called from: [3]	/opt/rustwide/target/release/build/diffusion-rs-sys-a5e03cacec88f82b/out/stable-diffusion.cpp/CMakeLists.txt
[INFO] [stderr]                   [2]	/usr/share/cmake-4.2/Modules/CMakeTestCXXCompiler.cmake
[INFO] [stderr]                   [1]	/usr/share/cmake-4.2/Modules/CMakeDetermineCompilerSupport.cmake
[INFO] [stderr]   -- Detecting CXX compile features - done
[INFO] [stderr]      Called from: [3]	/opt/rustwide/target/release/build/diffusion-rs-sys-a5e03cacec88f82b/out/stable-diffusion.cpp/CMakeLists.txt
[INFO] [stderr]                   [2]	/usr/share/cmake-4.2/Modules/CMakeTestCXXCompiler.cmake
[INFO] [stderr]                   [1]	/usr/share/cmake-4.2/Modules/CMakeDetermineCompilerSupport.cmake
[INFO] [stderr]   -- stable-diffusion.cpp version unknown
[INFO] [stderr]      Called from: [1]	/opt/rustwide/target/release/build/diffusion-rs-sys-a5e03cacec88f82b/out/stable-diffusion.cpp/CMakeLists.txt
[INFO] [stderr]   -- stable-diffusion.cpp commit unknown
[INFO] [stderr]      Called from: [1]	/opt/rustwide/target/release/build/diffusion-rs-sys-a5e03cacec88f82b/out/stable-diffusion.cpp/CMakeLists.txt
[INFO] [stderr]   -- The ASM compiler identification is GNU
[INFO] [stderr]      Called from: [2]	/opt/rustwide/target/release/build/diffusion-rs-sys-a5e03cacec88f82b/out/stable-diffusion.cpp/ggml/CMakeLists.txt
[INFO] [stderr]                   [1]	/usr/share/cmake-4.2/Modules/CMakeDetermineASMCompiler.cmake
[INFO] [stderr]   -- Found assembler: /usr/bin/cc
[INFO] [stderr]      Called from: [2]	/opt/rustwide/target/release/build/diffusion-rs-sys-a5e03cacec88f82b/out/stable-diffusion.cpp/ggml/CMakeLists.txt
[INFO] [stderr]                   [1]	/usr/share/cmake-4.2/Modules/CMakeDetermineASMCompiler.cmake
[INFO] [stderr]   -- Performing Test CMAKE_HAVE_LIBC_PTHREAD
[INFO] [stderr]      Called from: [5]	/opt/rustwide/target/release/build/diffusion-rs-sys-a5e03cacec88f82b/out/stable-diffusion.cpp/ggml/CMakeLists.txt
[INFO] [stderr]                   [4]	/usr/share/cmake-4.2/Modules/FindThreads.cmake
[INFO] [stderr]                   [3]	/usr/share/cmake-4.2/Modules/FindThreads.cmake
[INFO] [stderr]                   [2]	/usr/share/cmake-4.2/Modules/CheckCSourceCompiles.cmake
[INFO] [stderr]                   [1]	/usr/share/cmake-4.2/Modules/Internal/CheckSourceCompiles.cmake
[INFO] [stderr]   -- Performing Test CMAKE_HAVE_LIBC_PTHREAD - Success
[INFO] [stderr]      Called from: [5]	/opt/rustwide/target/release/build/diffusion-rs-sys-a5e03cacec88f82b/out/stable-diffusion.cpp/ggml/CMakeLists.txt
[INFO] [stderr]                   [4]	/usr/share/cmake-4.2/Modules/FindThreads.cmake
[INFO] [stderr]                   [3]	/usr/share/cmake-4.2/Modules/FindThreads.cmake
[INFO] [stderr]                   [2]	/usr/share/cmake-4.2/Modules/CheckCSourceCompiles.cmake
[INFO] [stderr]                   [1]	/usr/share/cmake-4.2/Modules/Internal/CheckSourceCompiles.cmake
[INFO] [stderr]   -- Found Threads: TRUE
[INFO] [stderr]      Called from: [4]	/opt/rustwide/target/release/build/diffusion-rs-sys-a5e03cacec88f82b/out/stable-diffusion.cpp/ggml/CMakeLists.txt
[INFO] [stderr]                   [3]	/usr/share/cmake-4.2/Modules/FindThreads.cmake
[INFO] [stderr]                   [2]	/usr/share/cmake-4.2/Modules/FindPackageHandleStandardArgs.cmake
[INFO] [stderr]                   [1]	/usr/share/cmake-4.2/Modules/FindPackageMessage.cmake
[INFO] [stderr]   -- Warning: ccache not found - consider installing it for faster compilation or disable this warning with GGML_CCACHE=OFF
[INFO] [stderr]      Called from: [1]	/opt/rustwide/target/release/build/diffusion-rs-sys-a5e03cacec88f82b/out/stable-diffusion.cpp/ggml/src/CMakeLists.txt
[INFO] [stderr]   -- CMAKE_SYSTEM_PROCESSOR: x86_64
[INFO] [stderr]      Called from: [1]	/opt/rustwide/target/release/build/diffusion-rs-sys-a5e03cacec88f82b/out/stable-diffusion.cpp/ggml/src/CMakeLists.txt
[INFO] [stderr]   -- GGML_SYSTEM_ARCH: x86
[INFO] [stderr]      Called from: [1]	/opt/rustwide/target/release/build/diffusion-rs-sys-a5e03cacec88f82b/out/stable-diffusion.cpp/ggml/src/CMakeLists.txt
[INFO] [stderr]   -- Including CPU backend
[INFO] [stderr]      Called from: [2]	/opt/rustwide/target/release/build/diffusion-rs-sys-a5e03cacec88f82b/out/stable-diffusion.cpp/ggml/src/CMakeLists.txt
[INFO] [stderr]                   [1]	/opt/rustwide/target/release/build/diffusion-rs-sys-a5e03cacec88f82b/out/stable-diffusion.cpp/ggml/src/CMakeLists.txt
[INFO] [stderr]   -- x86 detected
[INFO] [stderr]      Called from: [2]	/opt/rustwide/target/release/build/diffusion-rs-sys-a5e03cacec88f82b/out/stable-diffusion.cpp/ggml/src/CMakeLists.txt
[INFO] [stderr]                   [1]	/opt/rustwide/target/release/build/diffusion-rs-sys-a5e03cacec88f82b/out/stable-diffusion.cpp/ggml/src/ggml-cpu/CMakeLists.txt
[INFO] [stderr]   -- Adding CPU backend variant ggml-cpu: -march=native 
[INFO] [stderr]      Called from: [2]	/opt/rustwide/target/release/build/diffusion-rs-sys-a5e03cacec88f82b/out/stable-diffusion.cpp/ggml/src/CMakeLists.txt
[INFO] [stderr]                   [1]	/opt/rustwide/target/release/build/diffusion-rs-sys-a5e03cacec88f82b/out/stable-diffusion.cpp/ggml/src/ggml-cpu/CMakeLists.txt
[INFO] [stderr]   -- ggml version: 0.12.0
[INFO] [stderr]      Called from: [1]	/opt/rustwide/target/release/build/diffusion-rs-sys-a5e03cacec88f82b/out/stable-diffusion.cpp/ggml/CMakeLists.txt
[INFO] [stderr]   -- ggml commit:  unknown
[INFO] [stderr]      Called from: [1]	/opt/rustwide/target/release/build/diffusion-rs-sys-a5e03cacec88f82b/out/stable-diffusion.cpp/ggml/CMakeLists.txt
[INFO] [stderr]   -- Configuring done (4.8s)
[INFO] [stderr]   -- Generating /opt/rustwide/target/release/build/diffusion-rs-sys-a5e03cacec88f82b/out/build
[INFO] [stderr]      Called from: [1]	/opt/rustwide/target/release/build/diffusion-rs-sys-a5e03cacec88f82b/out/stable-diffusion.cpp/CMakeLists.txt
[INFO] [stderr]   -- Generating /opt/rustwide/target/release/build/diffusion-rs-sys-a5e03cacec88f82b/out/build/ggml
[INFO] [stderr]      Called from: [1]	/opt/rustwide/target/release/build/diffusion-rs-sys-a5e03cacec88f82b/out/stable-diffusion.cpp/ggml/CMakeLists.txt
[INFO] [stderr]   -- Generating /opt/rustwide/target/release/build/diffusion-rs-sys-a5e03cacec88f82b/out/build/ggml/src
[INFO] [stderr]      Called from: [1]	/opt/rustwide/target/release/build/diffusion-rs-sys-a5e03cacec88f82b/out/stable-diffusion.cpp/ggml/src/CMakeLists.txt
[INFO] [stderr]   -- Generating /opt/rustwide/target/release/build/diffusion-rs-sys-a5e03cacec88f82b/out/build/ggml/src/ggml-cpu
[INFO] [stderr]      Called from: [1]	/opt/rustwide/target/release/build/diffusion-rs-sys-a5e03cacec88f82b/out/stable-diffusion.cpp/ggml/src/ggml-cpu/CMakeLists.txt
[INFO] [stderr]   -- Generating /opt/rustwide/target/release/build/diffusion-rs-sys-a5e03cacec88f82b/out/build/thirdparty
[INFO] [stderr]      Called from: [1]	/opt/rustwide/target/release/build/diffusion-rs-sys-a5e03cacec88f82b/out/stable-diffusion.cpp/thirdparty/CMakeLists.txt
[INFO] [stderr]   -- Generating done (0.3s)
[INFO] [stderr]   -- Build files have been written to: /opt/rustwide/target/release/build/diffusion-rs-sys-a5e03cacec88f82b/out/build
[INFO] [stderr]   Change Dir: '/opt/rustwide/target/release/build/diffusion-rs-sys-a5e03cacec88f82b/out/build'
[INFO] [stderr] 
[INFO] [stderr]   Run Build Command(s): /usr/bin/cmake -E env VERBOSE=1 /usr/bin/gmake -f Makefile install
[INFO] [stderr]   /usr/bin/cmake -P /opt/rustwide/target/release/build/diffusion-rs-sys-a5e03cacec88f82b/out/build/CMakeFiles/VerifyGlobs.cmake
[INFO] [stderr]   /usr/bin/cmake -S/opt/rustwide/target/release/build/diffusion-rs-sys-a5e03cacec88f82b/out/stable-diffusion.cpp -B/opt/rustwide/target/release/build/diffusion-rs-sys-a5e03cacec88f82b/out/build --check-build-system CMakeFiles/Makefile.cmake 0
[INFO] [stderr]   /usr/bin/cmake -E cmake_progress_start /opt/rustwide/target/release/build/diffusion-rs-sys-a5e03cacec88f82b/out/build/CMakeFiles /opt/rustwide/target/release/build/diffusion-rs-sys-a5e03cacec88f82b/out/build//CMakeFiles/progress.marks
[INFO] [stderr]   /usr/bin/gmake  -f CMakeFiles/Makefile2 all
[INFO] [stderr]   gmake[1]: Entering directory '/opt/rustwide/target/release/build/diffusion-rs-sys-a5e03cacec88f82b/out/build'
[INFO] [stderr]   /usr/bin/gmake  -f thirdparty/CMakeFiles/zip.dir/build.make thirdparty/CMakeFiles/zip.dir/depend
[INFO] [stderr]   gmake[2]: Entering directory '/opt/rustwide/target/release/build/diffusion-rs-sys-a5e03cacec88f82b/out/build'
[INFO] [stderr]   cd /opt/rustwide/target/release/build/diffusion-rs-sys-a5e03cacec88f82b/out/build && /usr/bin/cmake -E cmake_depends "Unix Makefiles" /opt/rustwide/target/release/build/diffusion-rs-sys-a5e03cacec88f82b/out/stable-diffusion.cpp /opt/rustwide/target/release/build/diffusion-rs-sys-a5e03cacec88f82b/out/stable-diffusion.cpp/thirdparty /opt/rustwide/target/release/build/diffusion-rs-sys-a5e03cacec88f82b/out/build /opt/rustwide/target/release/build/diffusion-rs-sys-a5e03cacec88f82b/out/build/thirdparty /opt/rustwide/target/release/build/diffusion-rs-sys-a5e03cacec88f82b/out/build/thirdparty/CMakeFiles/zip.dir/DependInfo.cmake "--color=" zip
[INFO] [stderr]   gmake[2]: Leaving directory '/opt/rustwide/target/release/build/diffusion-rs-sys-a5e03cacec88f82b/out/build'
[INFO] [stderr]   /usr/bin/gmake  -f thirdparty/CMakeFiles/zip.dir/build.make thirdparty/CMakeFiles/zip.dir/build
[INFO] [stderr]   gmake[2]: Entering directory '/opt/rustwide/target/release/build/diffusion-rs-sys-a5e03cacec88f82b/out/build'
[INFO] [stderr]   [  1%] Building C object thirdparty/CMakeFiles/zip.dir/zip.c.o
[INFO] [stderr]   cd /opt/rustwide/target/release/build/diffusion-rs-sys-a5e03cacec88f82b/out/build/thirdparty && /usr/bin/cc -DGGML_MAX_NAME=128 -I/opt/rustwide/target/release/build/diffusion-rs-sys-a5e03cacec88f82b/out/stable-diffusion.cpp/thirdparty/. -ffunction-sections -fdata-sections -fPIC -m64 -w -O3 -DNDEBUG -std=gnu11 -MD -MT thirdparty/CMakeFiles/zip.dir/zip.c.o -MF CMakeFiles/zip.dir/zip.c.o.d -o CMakeFiles/zip.dir/zip.c.o -c /opt/rustwide/target/release/build/diffusion-rs-sys-a5e03cacec88f82b/out/stable-diffusion.cpp/thirdparty/zip.c
[INFO] [stderr]   /usr/bin/gmake  -f ggml/src/CMakeFiles/ggml-base.dir/build.make ggml/src/CMakeFiles/ggml-base.dir/depend
[INFO] [stderr]   gmake[2]: Entering directory '/opt/rustwide/target/release/build/diffusion-rs-sys-a5e03cacec88f82b/out/build'
[INFO] [stderr]   cd /opt/rustwide/target/release/build/diffusion-rs-sys-a5e03cacec88f82b/out/build && /usr/bin/cmake -E cmake_depends "Unix Makefiles" /opt/rustwide/target/release/build/diffusion-rs-sys-a5e03cacec88f82b/out/stable-diffusion.cpp /opt/rustwide/target/release/build/diffusion-rs-sys-a5e03cacec88f82b/out/stable-diffusion.cpp/ggml/src /opt/rustwide/target/release/build/diffusion-rs-sys-a5e03cacec88f82b/out/build /opt/rustwide/target/release/build/diffusion-rs-sys-a5e03cacec88f82b/out/build/ggml/src /opt/rustwide/target/release/build/diffusion-rs-sys-a5e03cacec88f82b/out/build/ggml/src/CMakeFiles/ggml-base.dir/DependInfo.cmake "--color=" ggml-base
[INFO] [stderr]   gmake[2]: Leaving directory '/opt/rustwide/target/release/build/diffusion-rs-sys-a5e03cacec88f82b/out/build'
[INFO] [stderr]   /usr/bin/gmake  -f ggml/src/CMakeFiles/ggml-base.dir/build.make ggml/src/CMakeFiles/ggml-base.dir/build
[INFO] [stderr]   gmake[2]: Entering directory '/opt/rustwide/target/release/build/diffusion-rs-sys-a5e03cacec88f82b/out/build'
[INFO] [stderr]   [  3%] Building C object ggml/src/CMakeFiles/ggml-base.dir/ggml.c.o
[INFO] [stderr]   cd /opt/rustwide/target/release/build/diffusion-rs-sys-a5e03cacec88f82b/out/build/ggml/src && /usr/bin/cc -DGGML_COMMIT=\"unknown\" -DGGML_MAX_NAME=128 -DGGML_SCHED_MAX_COPIES=4 -DGGML_VERSION=\"0.12.0\" -D_GNU_SOURCE -D_XOPEN_SOURCE=600 -I/opt/rustwide/target/release/build/diffusion-rs-sys-a5e03cacec88f82b/out/stable-diffusion.cpp/ggml/src/. -I/opt/rustwide/target/release/build/diffusion-rs-sys-a5e03cacec88f82b/out/stable-diffusion.cpp/ggml/src/../include -ffunction-sections -fdata-sections -fPIC -m64 -w -O3 -DNDEBUG -std=gnu11 -Wshadow -Wstrict-prototypes -Wpointer-arith -Wmissing-prototypes -Werror=implicit-int -Werror=implicit-function-declaration -Wall -Wextra -Wpedantic -Wcast-qual -Wno-unused-function -Wdouble-promotion -MD -MT ggml/src/CMakeFiles/ggml-base.dir/ggml.c.o -MF CMakeFiles/ggml-base.dir/ggml.c.o.d -o CMakeFiles/ggml-base.dir/ggml.c.o -c /opt/rustwide/target/release/build/diffusion-rs-sys-a5e03cacec88f82b/out/stable-diffusion.cpp/ggml/src/ggml.c
[INFO] [stderr]   [  5%] Building CXX object ggml/src/CMakeFiles/ggml-base.dir/ggml.cpp.o
[INFO] [stderr]   cd /opt/rustwide/target/release/build/diffusion-rs-sys-a5e03cacec88f82b/out/build/ggml/src && /usr/bin/c++ -DGGML_COMMIT=\"unknown\" -DGGML_MAX_NAME=128 -DGGML_SCHED_MAX_COPIES=4 -DGGML_VERSION=\"0.12.0\" -D_GNU_SOURCE -D_XOPEN_SOURCE=600 -I/opt/rustwide/target/release/build/diffusion-rs-sys-a5e03cacec88f82b/out/stable-diffusion.cpp/ggml/src/. -I/opt/rustwide/target/release/build/diffusion-rs-sys-a5e03cacec88f82b/out/stable-diffusion.cpp/ggml/src/../include -ffunction-sections -fdata-sections -fPIC -m64 -w -O3 -DNDEBUG -std=gnu++17 -Wmissing-declarations -Wmissing-noreturn -Wall -Wextra -Wpedantic -Wcast-qual -Wno-unused-function -Wno-array-bounds -Wextra-semi -MD -MT ggml/src/CMakeFiles/ggml-base.dir/ggml.cpp.o -MF CMakeFiles/ggml-base.dir/ggml.cpp.o.d -o CMakeFiles/ggml-base.dir/ggml.cpp.o -c /opt/rustwide/target/release/build/diffusion-rs-sys-a5e03cacec88f82b/out/stable-diffusion.cpp/ggml/src/ggml.cpp
[INFO] [stderr]   [  6%] Building C object ggml/src/CMakeFiles/ggml-base.dir/ggml-alloc.c.o
[INFO] [stderr]   cd /opt/rustwide/target/release/build/diffusion-rs-sys-a5e03cacec88f82b/out/build/ggml/src && /usr/bin/cc -DGGML_COMMIT=\"unknown\" -DGGML_MAX_NAME=128 -DGGML_SCHED_MAX_COPIES=4 -DGGML_VERSION=\"0.12.0\" -D_GNU_SOURCE -D_XOPEN_SOURCE=600 -I/opt/rustwide/target/release/build/diffusion-rs-sys-a5e03cacec88f82b/out/stable-diffusion.cpp/ggml/src/. -I/opt/rustwide/target/release/build/diffusion-rs-sys-a5e03cacec88f82b/out/stable-diffusion.cpp/ggml/src/../include -ffunction-sections -fdata-sections -fPIC -m64 -w -O3 -DNDEBUG -std=gnu11 -Wshadow -Wstrict-prototypes -Wpointer-arith -Wmissing-prototypes -Werror=implicit-int -Werror=implicit-function-declaration -Wall -Wextra -Wpedantic -Wcast-qual -Wno-unused-function -Wdouble-promotion -MD -MT ggml/src/CMakeFiles/ggml-base.dir/ggml-alloc.c.o -MF CMakeFiles/ggml-base.dir/ggml-alloc.c.o.d -o CMakeFiles/ggml-base.dir/ggml-alloc.c.o -c /opt/rustwide/target/release/build/diffusion-rs-sys-a5e03cacec88f82b/out/stable-diffusion.cpp/ggml/src/ggml-alloc.c
[INFO] [stderr]   [  8%] Building CXX object ggml/src/CMakeFiles/ggml-base.dir/ggml-backend.cpp.o
[INFO] [stderr]   cd /opt/rustwide/target/release/build/diffusion-rs-sys-a5e03cacec88f82b/out/build/ggml/src && /usr/bin/c++ -DGGML_COMMIT=\"unknown\" -DGGML_MAX_NAME=128 -DGGML_SCHED_MAX_COPIES=4 -DGGML_VERSION=\"0.12.0\" -D_GNU_SOURCE -D_XOPEN_SOURCE=600 -I/opt/rustwide/target/release/build/diffusion-rs-sys-a5e03cacec88f82b/out/stable-diffusion.cpp/ggml/src/. -I/opt/rustwide/target/release/build/diffusion-rs-sys-a5e03cacec88f82b/out/stable-diffusion.cpp/ggml/src/../include -ffunction-sections -fdata-sections -fPIC -m64 -w -O3 -DNDEBUG -std=gnu++17 -Wmissing-declarations -Wmissing-noreturn -Wall -Wextra -Wpedantic -Wcast-qual -Wno-unused-function -Wno-array-bounds -Wextra-semi -MD -MT ggml/src/CMakeFiles/ggml-base.dir/ggml-backend.cpp.o -MF CMakeFiles/ggml-base.dir/ggml-backend.cpp.o.d -o CMakeFiles/ggml-base.dir/ggml-backend.cpp.o -c /opt/rustwide/target/release/build/diffusion-rs-sys-a5e03cacec88f82b/out/stable-diffusion.cpp/ggml/src/ggml-backend.cpp
[INFO] [stderr]   [ 10%] Building CXX object ggml/src/CMakeFiles/ggml-base.dir/ggml-backend-meta.cpp.o
[INFO] [stderr]   cd /opt/rustwide/target/release/build/diffusion-rs-sys-a5e03cacec88f82b/out/build/ggml/src && /usr/bin/c++ -DGGML_COMMIT=\"unknown\" -DGGML_MAX_NAME=128 -DGGML_SCHED_MAX_COPIES=4 -DGGML_VERSION=\"0.12.0\" -D_GNU_SOURCE -D_XOPEN_SOURCE=600 -I/opt/rustwide/target/release/build/diffusion-rs-sys-a5e03cacec88f82b/out/stable-diffusion.cpp/ggml/src/. -I/opt/rustwide/target/release/build/diffusion-rs-sys-a5e03cacec88f82b/out/stable-diffusion.cpp/ggml/src/../include -ffunction-sections -fdata-sections -fPIC -m64 -w -O3 -DNDEBUG -std=gnu++17 -Wmissing-declarations -Wmissing-noreturn -Wall -Wextra -Wpedantic -Wcast-qual -Wno-unused-function -Wno-array-bounds -Wextra-semi -MD -MT ggml/src/CMakeFiles/ggml-base.dir/ggml-backend-meta.cpp.o -MF CMakeFiles/ggml-base.dir/ggml-backend-meta.cpp.o.d -o CMakeFiles/ggml-base.dir/ggml-backend-meta.cpp.o -c /opt/rustwide/target/release/build/diffusion-rs-sys-a5e03cacec88f82b/out/stable-diffusion.cpp/ggml/src/ggml-backend-meta.cpp
[INFO] [stderr]   [ 12%] Building CXX object ggml/src/CMakeFiles/ggml-base.dir/ggml-opt.cpp.o
[INFO] [stderr]   cd /opt/rustwide/target/release/build/diffusion-rs-sys-a5e03cacec88f82b/out/build/ggml/src && /usr/bin/c++ -DGGML_COMMIT=\"unknown\" -DGGML_MAX_NAME=128 -DGGML_SCHED_MAX_COPIES=4 -DGGML_VERSION=\"0.12.0\" -D_GNU_SOURCE -D_XOPEN_SOURCE=600 -I/opt/rustwide/target/release/build/diffusion-rs-sys-a5e03cacec88f82b/out/stable-diffusion.cpp/ggml/src/. -I/opt/rustwide/target/release/build/diffusion-rs-sys-a5e03cacec88f82b/out/stable-diffusion.cpp/ggml/src/../include -ffunction-sections -fdata-sections -fPIC -m64 -w -O3 -DNDEBUG -std=gnu++17 -Wmissing-declarations -Wmissing-noreturn -Wall -Wextra -Wpedantic -Wcast-qual -Wno-unused-function -Wno-array-bounds -Wextra-semi -MD -MT ggml/src/CMakeFiles/ggml-base.dir/ggml-opt.cpp.o -MF CMakeFiles/ggml-base.dir/ggml-opt.cpp.o.d -o CMakeFiles/ggml-base.dir/ggml-opt.cpp.o -c /opt/rustwide/target/release/build/diffusion-rs-sys-a5e03cacec88f82b/out/stable-diffusion.cpp/ggml/src/ggml-opt.cpp
[INFO] [stderr]   [ 13%] Building CXX object ggml/src/CMakeFiles/ggml-base.dir/ggml-threading.cpp.o
[INFO] [stderr]   cd /opt/rustwide/target/release/build/diffusion-rs-sys-a5e03cacec88f82b/out/build/ggml/src && /usr/bin/c++ -DGGML_COMMIT=\"unknown\" -DGGML_MAX_NAME=128 -DGGML_SCHED_MAX_COPIES=4 -DGGML_VERSION=\"0.12.0\" -D_GNU_SOURCE -D_XOPEN_SOURCE=600 -I/opt/rustwide/target/release/build/diffusion-rs-sys-a5e03cacec88f82b/out/stable-diffusion.cpp/ggml/src/. -I/opt/rustwide/target/release/build/diffusion-rs-sys-a5e03cacec88f82b/out/stable-diffusion.cpp/ggml/src/../include -ffunction-sections -fdata-sections -fPIC -m64 -w -O3 -DNDEBUG -std=gnu++17 -Wmissing-declarations -Wmissing-noreturn -Wall -Wextra -Wpedantic -Wcast-qual -Wno-unused-function -Wno-array-bounds -Wextra-semi -MD -MT ggml/src/CMakeFiles/ggml-base.dir/ggml-threading.cpp.o -MF CMakeFiles/ggml-base.dir/ggml-threading.cpp.o.d -o CMakeFiles/ggml-base.dir/ggml-threading.cpp.o -c /opt/rustwide/target/release/build/diffusion-rs-sys-a5e03cacec88f82b/out/stable-diffusion.cpp/ggml/src/ggml-threading.cpp
[INFO] [stderr]   [ 15%] Building C object ggml/src/CMakeFiles/ggml-base.dir/ggml-quants.c.o
[INFO] [stderr]   cd /opt/rustwide/target/release/build/diffusion-rs-sys-a5e03cacec88f82b/out/build/ggml/src && /usr/bin/cc -DGGML_COMMIT=\"unknown\" -DGGML_MAX_NAME=128 -DGGML_SCHED_MAX_COPIES=4 -DGGML_VERSION=\"0.12.0\" -D_GNU_SOURCE -D_XOPEN_SOURCE=600 -I/opt/rustwide/target/release/build/diffusion-rs-sys-a5e03cacec88f82b/out/stable-diffusion.cpp/ggml/src/. -I/opt/rustwide/target/release/build/diffusion-rs-sys-a5e03cacec88f82b/out/stable-diffusion.cpp/ggml/src/../include -ffunction-sections -fdata-sections -fPIC -m64 -w -O3 -DNDEBUG -std=gnu11 -Wshadow -Wstrict-prototypes -Wpointer-arith -Wmissing-prototypes -Werror=implicit-int -Werror=implicit-function-declaration -Wall -Wextra -Wpedantic -Wcast-qual -Wno-unused-function -Wdouble-promotion -MD -MT ggml/src/CMakeFiles/ggml-base.dir/ggml-quants.c.o -MF CMakeFiles/ggml-base.dir/ggml-quants.c.o.d -o CMakeFiles/ggml-base.dir/ggml-quants.c.o -c /opt/rustwide/target/release/build/diffusion-rs-sys-a5e03cacec88f82b/out/stable-diffusion.cpp/ggml/src/ggml-quants.c
[INFO] [stderr]   [ 17%] Building CXX object ggml/src/CMakeFiles/ggml-base.dir/gguf.cpp.o
[INFO] [stderr]   cd /opt/rustwide/target/release/build/diffusion-rs-sys-a5e03cacec88f82b/out/build/ggml/src && /usr/bin/c++ -DGGML_COMMIT=\"unknown\" -DGGML_MAX_NAME=128 -DGGML_SCHED_MAX_COPIES=4 -DGGML_VERSION=\"0.12.0\" -D_GNU_SOURCE -D_XOPEN_SOURCE=600 -I/opt/rustwide/target/release/build/diffusion-rs-sys-a5e03cacec88f82b/out/stable-diffusion.cpp/ggml/src/. -I/opt/rustwide/target/release/build/diffusion-rs-sys-a5e03cacec88f82b/out/stable-diffusion.cpp/ggml/src/../include -ffunction-sections -fdata-sections -fPIC -m64 -w -O3 -DNDEBUG -std=gnu++17 -Wmissing-declarations -Wmissing-noreturn -Wall -Wextra -Wpedantic -Wcast-qual -Wno-unused-function -Wno-array-bounds -Wextra-semi -MD -MT ggml/src/CMakeFiles/ggml-base.dir/gguf.cpp.o -MF CMakeFiles/ggml-base.dir/gguf.cpp.o.d -o CMakeFiles/ggml-base.dir/gguf.cpp.o -c /opt/rustwide/target/release/build/diffusion-rs-sys-a5e03cacec88f82b/out/stable-diffusion.cpp/ggml/src/gguf.cpp
[INFO] [stderr]   gmake[2]: Leaving directory '/opt/rustwide/target/release/build/diffusion-rs-sys-a5e03cacec88f82b/out/build'
[INFO] [stderr]   [ 17%] Built target zip
[INFO] [stderr]   [ 18%] Linking CXX static library libggml-base.a
[INFO] [stderr]   cd /opt/rustwide/target/release/build/diffusion-rs-sys-a5e03cacec88f82b/out/build/ggml/src && /usr/bin/cmake -P CMakeFiles/ggml-base.dir/cmake_clean_target.cmake
[INFO] [stderr]   cd /opt/rustwide/target/release/build/diffusion-rs-sys-a5e03cacec88f82b/out/build/ggml/src && /usr/bin/cmake -E cmake_link_script CMakeFiles/ggml-base.dir/link.txt --verbose=1
[INFO] [stderr]   /usr/bin/ar qc libggml-base.a "CMakeFiles/ggml-base.dir/ggml.c.o" "CMakeFiles/ggml-base.dir/ggml.cpp.o" "CMakeFiles/ggml-base.dir/ggml-alloc.c.o" "CMakeFiles/ggml-base.dir/ggml-backend.cpp.o" "CMakeFiles/ggml-base.dir/ggml-backend-meta.cpp.o" "CMakeFiles/ggml-base.dir/ggml-opt.cpp.o" "CMakeFiles/ggml-base.dir/ggml-threading.cpp.o" "CMakeFiles/ggml-base.dir/ggml-quants.c.o" "CMakeFiles/ggml-base.dir/gguf.cpp.o"
[INFO] [stderr]   /usr/bin/ranlib libggml-base.a
[INFO] [stderr]   gmake[2]: Leaving directory '/opt/rustwide/target/release/build/diffusion-rs-sys-a5e03cacec88f82b/out/build'
[INFO] [stderr]   [ 18%] Built target ggml-base
[INFO] [stderr]   /usr/bin/gmake  -f ggml/src/CMakeFiles/ggml-cpu.dir/build.make ggml/src/CMakeFiles/ggml-cpu.dir/depend
[INFO] [stderr]   gmake[2]: Entering directory '/opt/rustwide/target/release/build/diffusion-rs-sys-a5e03cacec88f82b/out/build'
[INFO] [stderr]   cd /opt/rustwide/target/release/build/diffusion-rs-sys-a5e03cacec88f82b/out/build && /usr/bin/cmake -E cmake_depends "Unix Makefiles" /opt/rustwide/target/release/build/diffusion-rs-sys-a5e03cacec88f82b/out/stable-diffusion.cpp /opt/rustwide/target/release/build/diffusion-rs-sys-a5e03cacec88f82b/out/stable-diffusion.cpp/ggml/src /opt/rustwide/target/release/build/diffusion-rs-sys-a5e03cacec88f82b/out/build /opt/rustwide/target/release/build/diffusion-rs-sys-a5e03cacec88f82b/out/build/ggml/src /opt/rustwide/target/release/build/diffusion-rs-sys-a5e03cacec88f82b/out/build/ggml/src/CMakeFiles/ggml-cpu.dir/DependInfo.cmake "--color=" ggml-cpu
[INFO] [stderr]   gmake[2]: Leaving directory '/opt/rustwide/target/release/build/diffusion-rs-sys-a5e03cacec88f82b/out/build'
[INFO] [stderr]   /usr/bin/gmake  -f ggml/src/CMakeFiles/ggml-cpu.dir/build.make ggml/src/CMakeFiles/ggml-cpu.dir/build
[INFO] [stderr]   gmake[2]: Entering directory '/opt/rustwide/target/release/build/diffusion-rs-sys-a5e03cacec88f82b/out/build'
[INFO] [stderr]   [ 20%] Building CXX object ggml/src/CMakeFiles/ggml-cpu.dir/ggml-cpu/ggml-cpu.cpp.o
[INFO] [stderr]   [ 22%] Building CXX object ggml/src/CMakeFiles/ggml-cpu.dir/ggml-cpu/traits.cpp.o
[INFO] [stderr]   [ 24%] Building CXX object ggml/src/CMakeFiles/ggml-cpu.dir/ggml-cpu/hbm.cpp.o
[INFO] [stderr]   [ 25%] Building C object ggml/src/CMakeFiles/ggml-cpu.dir/ggml-cpu/quants.c.o
[INFO] [stderr]   cd /opt/rustwide/target/release/build/diffusion-rs-sys-a5e03cacec88f82b/out/build/ggml/src && /usr/bin/c++ -DGGML_MAX_NAME=128 -DGGML_SCHED_MAX_COPIES=4 -DGGML_USE_CPU_REPACK -D_GNU_SOURCE -D_XOPEN_SOURCE=600 -I/opt/rustwide/target/release/build/diffusion-rs-sys-a5e03cacec88f82b/out/stable-diffusion.cpp/ggml/src/.. -I/opt/rustwide/target/release/build/diffusion-rs-sys-a5e03cacec88f82b/out/stable-diffusion.cpp/ggml/src/. -I/opt/rustwide/target/release/build/diffusion-rs-sys-a5e03cacec88f82b/out/stable-diffusion.cpp/ggml/src/ggml-cpu -I/opt/rustwide/target/release/build/diffusion-rs-sys-a5e03cacec88f82b/out/stable-diffusion.cpp/ggml/src/../include -ffunction-sections -fdata-sections -fPIC -m64 -w -O3 -DNDEBUG -std=gnu++17 -Wmissing-declarations -Wmissing-noreturn -Wall -Wextra -Wpedantic -Wcast-qual -Wno-unused-function -Wno-array-bounds -Wextra-semi -march=native -MD -MT ggml/src/CMakeFiles/ggml-cpu.dir/ggml-cpu/ggml-cpu.cpp.o -MF CMakeFiles/ggml-cpu.dir/ggml-cpu/ggml-cpu.cpp.o.d -o CMakeFiles/ggml-cpu.dir/ggml-cpu/ggml-cpu.cpp.o -c /opt/rustwide/target/release/build/diffusion-rs-sys-a5e03cacec88f82b/out/stable-diffusion.cpp/ggml/src/ggml-cpu/ggml-cpu.cpp
[INFO] [stderr]   cd /opt/rustwide/target/release/build/diffusion-rs-sys-a5e03cacec88f82b/out/build/ggml/src && /usr/bin/c++ -DGGML_MAX_NAME=128 -DGGML_SCHED_MAX_COPIES=4 -DGGML_USE_CPU_REPACK -D_GNU_SOURCE -D_XOPEN_SOURCE=600 -I/opt/rustwide/target/release/build/diffusion-rs-sys-a5e03cacec88f82b/out/stable-diffusion.cpp/ggml/src/.. -I/opt/rustwide/target/release/build/diffusion-rs-sys-a5e03cacec88f82b/out/stable-diffusion.cpp/ggml/src/. -I/opt/rustwide/target/release/build/diffusion-rs-sys-a5e03cacec88f82b/out/stable-diffusion.cpp/ggml/src/ggml-cpu -I/opt/rustwide/target/release/build/diffusion-rs-sys-a5e03cacec88f82b/out/stable-diffusion.cpp/ggml/src/../include -ffunction-sections -fdata-sections -fPIC -m64 -w -O3 -DNDEBUG -std=gnu++17 -Wmissing-declarations -Wmissing-noreturn -Wall -Wextra -Wpedantic -Wcast-qual -Wno-unused-function -Wno-array-bounds -Wextra-semi -march=native -MD -MT ggml/src/CMakeFiles/ggml-cpu.dir/ggml-cpu/hbm.cpp.o -MF CMakeFiles/ggml-cpu.dir/ggml-cpu/hbm.cpp.o.d -o CMakeFiles/ggml-cpu.dir/ggml-cpu/hbm.cpp.o -c /opt/rustwide/target/release/build/diffusion-rs-sys-a5e03cacec88f82b/out/stable-diffusion.cpp/ggml/src/ggml-cpu/hbm.cpp
[INFO] [stderr]   cd /opt/rustwide/target/release/build/diffusion-rs-sys-a5e03cacec88f82b/out/build/ggml/src && /usr/bin/cc -DGGML_MAX_NAME=128 -DGGML_SCHED_MAX_COPIES=4 -DGGML_USE_CPU_REPACK -D_GNU_SOURCE -D_XOPEN_SOURCE=600 -I/opt/rustwide/target/release/build/diffusion-rs-sys-a5e03cacec88f82b/out/stable-diffusion.cpp/ggml/src/.. -I/opt/rustwide/target/release/build/diffusion-rs-sys-a5e03cacec88f82b/out/stable-diffusion.cpp/ggml/src/. -I/opt/rustwide/target/release/build/diffusion-rs-sys-a5e03cacec88f82b/out/stable-diffusion.cpp/ggml/src/ggml-cpu -I/opt/rustwide/target/release/build/diffusion-rs-sys-a5e03cacec88f82b/out/stable-diffusion.cpp/ggml/src/../include -ffunction-sections -fdata-sections -fPIC -m64 -w -O3 -DNDEBUG -std=gnu11 -Wshadow -Wstrict-prototypes -Wpointer-arith -Wmissing-prototypes -Werror=implicit-int -Werror=implicit-function-declaration -Wall -Wextra -Wpedantic -Wcast-qual -Wno-unused-function -Wdouble-promotion -march=native -MD -MT ggml/src/CMakeFiles/ggml-cpu.dir/ggml-cpu/quants.c.o -MF CMakeFiles/ggml-cpu.dir/ggml-cpu/quants.c.o.d -o CMakeFiles/ggml-cpu.dir/ggml-cpu/quants.c.o -c /opt/rustwide/target/release/build/diffusion-rs-sys-a5e03cacec88f82b/out/stable-diffusion.cpp/ggml/src/ggml-cpu/quants.c
[INFO] [stderr]   cd /opt/rustwide/target/release/build/diffusion-rs-sys-a5e03cacec88f82b/out/build/ggml/src && /usr/bin/c++ -DGGML_MAX_NAME=128 -DGGML_SCHED_MAX_COPIES=4 -DGGML_USE_CPU_REPACK -D_GNU_SOURCE -D_XOPEN_SOURCE=600 -I/opt/rustwide/target/release/build/diffusion-rs-sys-a5e03cacec88f82b/out/stable-diffusion.cpp/ggml/src/.. -I/opt/rustwide/target/release/build/diffusion-rs-sys-a5e03cacec88f82b/out/stable-diffusion.cpp/ggml/src/. -I/opt/rustwide/target/release/build/diffusion-rs-sys-a5e03cacec88f82b/out/stable-diffusion.cpp/ggml/src/ggml-cpu -I/opt/rustwide/target/release/build/diffusion-rs-sys-a5e03cacec88f82b/out/stable-diffusion.cpp/ggml/src/../include -ffunction-sections -fdata-sections -fPIC -m64 -w -O3 -DNDEBUG -std=gnu++17 -Wmissing-declarations -Wmissing-noreturn -Wall -Wextra -Wpedantic -Wcast-qual -Wno-unused-function -Wno-array-bounds -Wextra-semi -march=native -MD -MT ggml/src/CMakeFiles/ggml-cpu.dir/ggml-cpu/traits.cpp.o -MF CMakeFiles/ggml-cpu.dir/ggml-cpu/traits.cpp.o.d -o CMakeFiles/ggml-cpu.dir/ggml-cpu/traits.cpp.o -c /opt/rustwide/target/release/build/diffusion-rs-sys-a5e03cacec88f82b/out/stable-diffusion.cpp/ggml/src/ggml-cpu/traits.cpp
[INFO] [stderr]   [ 27%] Building CXX object ggml/src/CMakeFiles/ggml-cpu.dir/ggml-cpu/amx/amx.cpp.o
[INFO] [stderr]   cd /opt/rustwide/target/release/build/diffusion-rs-sys-a5e03cacec88f82b/out/build/ggml/src && /usr/bin/c++ -DGGML_MAX_NAME=128 -DGGML_SCHED_MAX_COPIES=4 -DGGML_USE_CPU_REPACK -D_GNU_SOURCE -D_XOPEN_SOURCE=600 -I/opt/rustwide/target/release/build/diffusion-rs-sys-a5e03cacec88f82b/out/stable-diffusion.cpp/ggml/src/.. -I/opt/rustwide/target/release/build/diffusion-rs-sys-a5e03cacec88f82b/out/stable-diffusion.cpp/ggml/src/. -I/opt/rustwide/target/release/build/diffusion-rs-sys-a5e03cacec88f82b/out/stable-diffusion.cpp/ggml/src/ggml-cpu -I/opt/rustwide/target/release/build/diffusion-rs-sys-a5e03cacec88f82b/out/stable-diffusion.cpp/ggml/src/../include -ffunction-sections -fdata-sections -fPIC -m64 -w -O3 -DNDEBUG -std=gnu++17 -Wmissing-declarations -Wmissing-noreturn -Wall -Wextra -Wpedantic -Wcast-qual -Wno-unused-function -Wno-array-bounds -Wextra-semi -march=native -MD -MT ggml/src/CMakeFiles/ggml-cpu.dir/ggml-cpu/amx/amx.cpp.o -MF CMakeFiles/ggml-cpu.dir/ggml-cpu/amx/amx.cpp.o.d -o CMakeFiles/ggml-cpu.dir/ggml-cpu/amx/amx.cpp.o -c /opt/rustwide/target/release/build/diffusion-rs-sys-a5e03cacec88f82b/out/stable-diffusion.cpp/ggml/src/ggml-cpu/amx/amx.cpp
[INFO] [stderr]   [ 29%] Building C object ggml/src/CMakeFiles/ggml-cpu.dir/ggml-cpu/ggml-cpu.c.o
[INFO] [stderr]   [ 31%] Building CXX object ggml/src/CMakeFiles/ggml-cpu.dir/ggml-cpu/binary-ops.cpp.o
[INFO] [stderr]   [ 32%] Building CXX object ggml/src/CMakeFiles/ggml-cpu.dir/ggml-cpu/amx/mmq.cpp.o
[INFO] [stderr]   cd /opt/rustwide/target/release/build/diffusion-rs-sys-a5e03cacec88f82b/out/build/ggml/src && /usr/bin/c++ -DGGML_MAX_NAME=128 -DGGML_SCHED_MAX_COPIES=4 -DGGML_USE_CPU_REPACK -D_GNU_SOURCE -D_XOPEN_SOURCE=600 -I/opt/rustwide/target/release/build/diffusion-rs-sys-a5e03cacec88f82b/out/stable-diffusion.cpp/ggml/src/.. -I/opt/rustwide/target/release/build/diffusion-rs-sys-a5e03cacec88f82b/out/stable-diffusion.cpp/ggml/src/. -I/opt/rustwide/target/release/build/diffusion-rs-sys-a5e03cacec88f82b/out/stable-diffusion.cpp/ggml/src/ggml-cpu -I/opt/rustwide/target/release/build/diffusion-rs-sys-a5e03cacec88f82b/out/stable-diffusion.cpp/ggml/src/../include -ffunction-sections -fdata-sections -fPIC -m64 -w -O3 -DNDEBUG -std=gnu++17 -Wmissing-declarations -Wmissing-noreturn -Wall -Wextra -Wpedantic -Wcast-qual -Wno-unused-function -Wno-array-bounds -Wextra-semi -march=native -MD -MT ggml/src/CMakeFiles/ggml-cpu.dir/ggml-cpu/binary-ops.cpp.o -MF CMakeFiles/ggml-cpu.dir/ggml-cpu/binary-ops.cpp.o.d -o CMakeFiles/ggml-cpu.dir/ggml-cpu/binary-ops.cpp.o -c /opt/rustwide/target/release/build/diffusion-rs-sys-a5e03cacec88f82b/out/stable-diffusion.cpp/ggml/src/ggml-cpu/binary-ops.cpp
[INFO] [stderr]   cd /opt/rustwide/target/release/build/diffusion-rs-sys-a5e03cacec88f82b/out/build/ggml/src && /usr/bin/c++ -DGGML_MAX_NAME=128 -DGGML_SCHED_MAX_COPIES=4 -DGGML_USE_CPU_REPACK -D_GNU_SOURCE -D_XOPEN_SOURCE=600 -I/opt/rustwide/target/release/build/diffusion-rs-sys-a5e03cacec88f82b/out/stable-diffusion.cpp/ggml/src/.. -I/opt/rustwide/target/release/build/diffusion-rs-sys-a5e03cacec88f82b/out/stable-diffusion.cpp/ggml/src/. -I/opt/rustwide/target/release/build/diffusion-rs-sys-a5e03cacec88f82b/out/stable-diffusion.cpp/ggml/src/ggml-cpu -I/opt/rustwide/target/release/build/diffusion-rs-sys-a5e03cacec88f82b/out/stable-diffusion.cpp/ggml/src/../include -ffunction-sections -fdata-sections -fPIC -m64 -w -O3 -DNDEBUG -std=gnu++17 -Wmissing-declarations -Wmissing-noreturn -Wall -Wextra -Wpedantic -Wcast-qual -Wno-unused-function -Wno-array-bounds -Wextra-semi -march=native -MD -MT ggml/src/CMakeFiles/ggml-cpu.dir/ggml-cpu/amx/mmq.cpp.o -MF CMakeFiles/ggml-cpu.dir/ggml-cpu/amx/mmq.cpp.o.d -o CMakeFiles/ggml-cpu.dir/ggml-cpu/amx/mmq.cpp.o -c /opt/rustwide/target/release/build/diffusion-rs-sys-a5e03cacec88f82b/out/stable-diffusion.cpp/ggml/src/ggml-cpu/amx/mmq.cpp
[INFO] [stderr]   cd /opt/rustwide/target/release/build/diffusion-rs-sys-a5e03cacec88f82b/out/build/ggml/src && /usr/bin/cc -DGGML_MAX_NAME=128 -DGGML_SCHED_MAX_COPIES=4 -DGGML_USE_CPU_REPACK -D_GNU_SOURCE -D_XOPEN_SOURCE=600 -I/opt/rustwide/target/release/build/diffusion-rs-sys-a5e03cacec88f82b/out/stable-diffusion.cpp/ggml/src/.. -I/opt/rustwide/target/release/build/diffusion-rs-sys-a5e03cacec88f82b/out/stable-diffusion.cpp/ggml/src/. -I/opt/rustwide/target/release/build/diffusion-rs-sys-a5e03cacec88f82b/out/stable-diffusion.cpp/ggml/src/ggml-cpu -I/opt/rustwide/target/release/build/diffusion-rs-sys-a5e03cacec88f82b/out/stable-diffusion.cpp/ggml/src/../include -ffunction-sections -fdata-sections -fPIC -m64 -w -O3 -DNDEBUG -std=gnu11 -Wshadow -Wstrict-prototypes -Wpointer-arith -Wmissing-prototypes -Werror=implicit-int -Werror=implicit-function-declaration -Wall -Wextra -Wpedantic -Wcast-qual -Wno-unused-function -Wdouble-promotion -march=native -MD -MT ggml/src/CMakeFiles/ggml-cpu.dir/ggml-cpu/ggml-cpu.c.o -MF CMakeFiles/ggml-cpu.dir/ggml-cpu/ggml-cpu.c.o.d -o CMakeFiles/ggml-cpu.dir/ggml-cpu/ggml-cpu.c.o -c /opt/rustwide/target/release/build/diffusion-rs-sys-a5e03cacec88f82b/out/stable-diffusion.cpp/ggml/src/ggml-cpu/ggml-cpu.c
[INFO] [stderr]   [ 34%] Building C object ggml/src/CMakeFiles/ggml-cpu.dir/ggml-cpu/arch/x86/quants.c.o
[INFO] [stderr]   [ 36%] Building CXX object ggml/src/CMakeFiles/ggml-cpu.dir/ggml-cpu/arch/x86/repack.cpp.o
[INFO] [stderr]   [ 37%] Building CXX object ggml/src/CMakeFiles/ggml-cpu.dir/ggml-cpu/repack.cpp.o
[INFO] [stderr]   cd /opt/rustwide/target/release/build/diffusion-rs-sys-a5e03cacec88f82b/out/build/ggml/src && /usr/bin/cc -DGGML_MAX_NAME=128 -DGGML_SCHED_MAX_COPIES=4 -DGGML_USE_CPU_REPACK -D_GNU_SOURCE -D_XOPEN_SOURCE=600 -I/opt/rustwide/target/release/build/diffusion-rs-sys-a5e03cacec88f82b/out/stable-diffusion.cpp/ggml/src/.. -I/opt/rustwide/target/release/build/diffusion-rs-sys-a5e03cacec88f82b/out/stable-diffusion.cpp/ggml/src/. -I/opt/rustwide/target/release/build/diffusion-rs-sys-a5e03cacec88f82b/out/stable-diffusion.cpp/ggml/src/ggml-cpu -I/opt/rustwide/target/release/build/diffusion-rs-sys-a5e03cacec88f82b/out/stable-diffusion.cpp/ggml/src/../include -ffunction-sections -fdata-sections -fPIC -m64 -w -O3 -DNDEBUG -std=gnu11 -Wshadow -Wstrict-prototypes -Wpointer-arith -Wmissing-prototypes -Werror=implicit-int -Werror=implicit-function-declaration -Wall -Wextra -Wpedantic -Wcast-qual -Wno-unused-function -Wdouble-promotion -march=native -MD -MT ggml/src/CMakeFiles/ggml-cpu.dir/ggml-cpu/arch/x86/quants.c.o -MF CMakeFiles/ggml-cpu.dir/ggml-cpu/arch/x86/quants.c.o.d -o CMakeFiles/ggml-cpu.dir/ggml-cpu/arch/x86/quants.c.o -c /opt/rustwide/target/release/build/diffusion-rs-sys-a5e03cacec88f82b/out/stable-diffusion.cpp/ggml/src/ggml-cpu/arch/x86/quants.c
[INFO] [stderr]   cd /opt/rustwide/target/release/build/diffusion-rs-sys-a5e03cacec88f82b/out/build/ggml/src && /usr/bin/c++ -DGGML_MAX_NAME=128 -DGGML_SCHED_MAX_COPIES=4 -DGGML_USE_CPU_REPACK -D_GNU_SOURCE -D_XOPEN_SOURCE=600 -I/opt/rustwide/target/release/build/diffusion-rs-sys-a5e03cacec88f82b/out/stable-diffusion.cpp/ggml/src/.. -I/opt/rustwide/target/release/build/diffusion-rs-sys-a5e03cacec88f82b/out/stable-diffusion.cpp/ggml/src/. -I/opt/rustwide/target/release/build/diffusion-rs-sys-a5e03cacec88f82b/out/stable-diffusion.cpp/ggml/src/ggml-cpu -I/opt/rustwide/target/release/build/diffusion-rs-sys-a5e03cacec88f82b/out/stable-diffusion.cpp/ggml/src/../include -ffunction-sections -fdata-sections -fPIC -m64 -w -O3 -DNDEBUG -std=gnu++17 -Wmissing-declarations -Wmissing-noreturn -Wall -Wextra -Wpedantic -Wcast-qual -Wno-unused-function -Wno-array-bounds -Wextra-semi -march=native -MD -MT ggml/src/CMakeFiles/ggml-cpu.dir/ggml-cpu/arch/x86/repack.cpp.o -MF CMakeFiles/ggml-cpu.dir/ggml-cpu/arch/x86/repack.cpp.o.d -o CMakeFiles/ggml-cpu.dir/ggml-cpu/arch/x86/repack.cpp.o -c /opt/rustwide/target/release/build/diffusion-rs-sys-a5e03cacec88f82b/out/stable-diffusion.cpp/ggml/src/ggml-cpu/arch/x86/repack.cpp
[INFO] [stderr]   [ 39%] Building CXX object ggml/src/CMakeFiles/ggml-cpu.dir/ggml-cpu/ops.cpp.o
[INFO] [stderr]   cd /opt/rustwide/target/release/build/diffusion-rs-sys-a5e03cacec88f82b/out/build/ggml/src && /usr/bin/c++ -DGGML_MAX_NAME=128 -DGGML_SCHED_MAX_COPIES=4 -DGGML_USE_CPU_REPACK -D_GNU_SOURCE -D_XOPEN_SOURCE=600 -I/opt/rustwide/target/release/build/diffusion-rs-sys-a5e03cacec88f82b/out/stable-diffusion.cpp/ggml/src/.. -I/opt/rustwide/target/release/build/diffusion-rs-sys-a5e03cacec88f82b/out/stable-diffusion.cpp/ggml/src/. -I/opt/rustwide/target/release/build/diffusion-rs-sys-a5e03cacec88f82b/out/stable-diffusion.cpp/ggml/src/ggml-cpu -I/opt/rustwide/target/release/build/diffusion-rs-sys-a5e03cacec88f82b/out/stable-diffusion.cpp/ggml/src/../include -ffunction-sections -fdata-sections -fPIC -m64 -w -O3 -DNDEBUG -std=gnu++17 -Wmissing-declarations -Wmissing-noreturn -Wall -Wextra -Wpedantic -Wcast-qual -Wno-unused-function -Wno-array-bounds -Wextra-semi -march=native -MD -MT ggml/src/CMakeFiles/ggml-cpu.dir/ggml-cpu/repack.cpp.o -MF CMakeFiles/ggml-cpu.dir/ggml-cpu/repack.cpp.o.d -o CMakeFiles/ggml-cpu.dir/ggml-cpu/repack.cpp.o -c /opt/rustwide/target/release/build/diffusion-rs-sys-a5e03cacec88f82b/out/stable-diffusion.cpp/ggml/src/ggml-cpu/repack.cpp
[INFO] [stderr]   [ 41%] Building CXX object ggml/src/CMakeFiles/ggml-cpu.dir/ggml-cpu/vec.cpp.o
[INFO] [stderr]   cd /opt/rustwide/target/release/build/diffusion-rs-sys-a5e03cacec88f82b/out/build/ggml/src && /usr/bin/c++ -DGGML_MAX_NAME=128 -DGGML_SCHED_MAX_COPIES=4 -DGGML_USE_CPU_REPACK -D_GNU_SOURCE -D_XOPEN_SOURCE=600 -I/opt/rustwide/target/release/build/diffusion-rs-sys-a5e03cacec88f82b/out/stable-diffusion.cpp/ggml/src/.. -I/opt/rustwide/target/release/build/diffusion-rs-sys-a5e03cacec88f82b/out/stable-diffusion.cpp/ggml/src/. -I/opt/rustwide/target/release/build/diffusion-rs-sys-a5e03cacec88f82b/out/stable-diffusion.cpp/ggml/src/ggml-cpu -I/opt/rustwide/target/release/build/diffusion-rs-sys-a5e03cacec88f82b/out/stable-diffusion.cpp/ggml/src/../include -ffunction-sections -fdata-sections -fPIC -m64 -w -O3 -DNDEBUG -std=gnu++17 -Wmissing-declarations -Wmissing-noreturn -Wall -Wextra -Wpedantic -Wcast-qual -Wno-unused-function -Wno-array-bounds -Wextra-semi -march=native -MD -MT ggml/src/CMakeFiles/ggml-cpu.dir/ggml-cpu/ops.cpp.o -MF CMakeFiles/ggml-cpu.dir/ggml-cpu/ops.cpp.o.d -o CMakeFiles/ggml-cpu.dir/ggml-cpu/ops.cpp.o -c /opt/rustwide/target/release/build/diffusion-rs-sys-a5e03cacec88f82b/out/stable-diffusion.cpp/ggml/src/ggml-cpu/ops.cpp
[INFO] [stderr]   cd /opt/rustwide/target/release/build/diffusion-rs-sys-a5e03cacec88f82b/out/build/ggml/src && /usr/bin/c++ -DGGML_MAX_NAME=128 -DGGML_SCHED_MAX_COPIES=4 -DGGML_USE_CPU_REPACK -D_GNU_SOURCE -D_XOPEN_SOURCE=600 -I/opt/rustwide/target/release/build/diffusion-rs-sys-a5e03cacec88f82b/out/stable-diffusion.cpp/ggml/src/.. -I/opt/rustwide/target/release/build/diffusion-rs-sys-a5e03cacec88f82b/out/stable-diffusion.cpp/ggml/src/. -I/opt/rustwide/target/release/build/diffusion-rs-sys-a5e03cacec88f82b/out/stable-diffusion.cpp/ggml/src/ggml-cpu -I/opt/rustwide/target/release/build/diffusion-rs-sys-a5e03cacec88f82b/out/stable-diffusion.cpp/ggml/src/../include -ffunction-sections -fdata-sections -fPIC -m64 -w -O3 -DNDEBUG -std=gnu++17 -Wmissing-declarations -Wmissing-noreturn -Wall -Wextra -Wpedantic -Wcast-qual -Wno-unused-function -Wno-array-bounds -Wextra-semi -march=native -MD -MT ggml/src/CMakeFiles/ggml-cpu.dir/ggml-cpu/vec.cpp.o -MF CMakeFiles/ggml-cpu.dir/ggml-cpu/vec.cpp.o.d -o CMakeFiles/ggml-cpu.dir/ggml-cpu/vec.cpp.o -c /opt/rustwide/target/release/build/diffusion-rs-sys-a5e03cacec88f82b/out/stable-diffusion.cpp/ggml/src/ggml-cpu/vec.cpp
[INFO] [stderr]   [ 43%] Building CXX object ggml/src/CMakeFiles/ggml-cpu.dir/ggml-cpu/unary-ops.cpp.o
[INFO] [stderr]   cd /opt/rustwide/target/release/build/diffusion-rs-sys-a5e03cacec88f82b/out/build/ggml/src && /usr/bin/c++ -DGGML_MAX_NAME=128 -DGGML_SCHED_MAX_COPIES=4 -DGGML_USE_CPU_REPACK -D_GNU_SOURCE -D_XOPEN_SOURCE=600 -I/opt/rustwide/target/release/build/diffusion-rs-sys-a5e03cacec88f82b/out/stable-diffusion.cpp/ggml/src/.. -I/opt/rustwide/target/release/build/diffusion-rs-sys-a5e03cacec88f82b/out/stable-diffusion.cpp/ggml/src/. -I/opt/rustwide/target/release/build/diffusion-rs-sys-a5e03cacec88f82b/out/stable-diffusion.cpp/ggml/src/ggml-cpu -I/opt/rustwide/target/release/build/diffusion-rs-sys-a5e03cacec88f82b/out/stable-diffusion.cpp/ggml/src/../include -ffunction-sections -fdata-sections -fPIC -m64 -w -O3 -DNDEBUG -std=gnu++17 -Wmissing-declarations -Wmissing-noreturn -Wall -Wextra -Wpedantic -Wcast-qual -Wno-unused-function -Wno-array-bounds -Wextra-semi -march=native -MD -MT ggml/src/CMakeFiles/ggml-cpu.dir/ggml-cpu/unary-ops.cpp.o -MF CMakeFiles/ggml-cpu.dir/ggml-cpu/unary-ops.cpp.o.d -o CMakeFiles/ggml-cpu.dir/ggml-cpu/unary-ops.cpp.o -c /opt/rustwide/target/release/build/diffusion-rs-sys-a5e03cacec88f82b/out/stable-diffusion.cpp/ggml/src/ggml-cpu/unary-ops.cpp
[INFO] [stderr]   gmake[2]: Leaving directory '/opt/rustwide/target/release/build/diffusion-rs-sys-a5e03cacec88f82b/out/build'
[INFO] [stderr]   gmake[1]: Leaving directory '/opt/rustwide/target/release/build/diffusion-rs-sys-a5e03cacec88f82b/out/build'
[INFO] [stderr] 
[INFO] [stderr] 
[INFO] [stderr]   --- stderr
[INFO] [stderr]   error: 'rustfmt' is not installed for the toolchain '1.99.0-beta.8-x86_64-unknown-linux-gnu'.
[INFO] [stderr]   help: run `rustup component add --toolchain 1.99.0-beta.8-x86_64-unknown-linux-gnu rustfmt` to install it
[INFO] [stderr]   Failed to run rustfmt: Internal rustfmt error (non-fatal, continuing)
[INFO] [stderr]   running: cd "/opt/rustwide/target/release/build/diffusion-rs-sys-a5e03cacec88f82b/out/build" && CMAKE_PREFIX_PATH="" LC_ALL="C" "cmake" "-Wdev" "--debug-output" "/opt/rustwide/target/release/build/diffusion-rs-sys-a5e03cacec88f82b/out/stable-diffusion.cpp/" "-B" "/opt/rustwide/target/release/build/diffusion-rs-sys-a5e03cacec88f82b/out/build" "-DSD_BUILD_SHARED_LIBS=OFF" "-DSD_BUILD_EXAMPLES=OFF" "-DSD_BUILD_SERVER=OFF" "-DGGML_OPENMP=OFF" "-DSD_WEBP=OFF" "-DSD_WEBM=OFF" "-DCMAKE_INSTALL_PREFIX=/opt/rustwide/target/release/build/diffusion-rs-sys-a5e03cacec88f82b/out" "-DCMAKE_C_FLAGS= -ffunction-sections -fdata-sections -fPIC -m64 -w" "-DCMAKE_C_COMPILER=/usr/bin/cc" "-DCMAKE_CXX_FLAGS= -ffunction-sections -fdata-sections -fPIC -m64 -w" "-DCMAKE_CXX_COMPILER=/usr/bin/c++" "-DCMAKE_ASM_FLAGS= -ffunction-sections -fdata-sections -fPIC -m64 -w" "-DCMAKE_ASM_COMPILER=/usr/bin/cc" "-DCMAKE_BUILD_TYPE=Release" "-DCMAKE_VERBOSE_MAKEFILE:BOOL=ON"
[INFO] [stderr]   CMake Warning (dev) at /usr/share/cmake-4.2/Modules/CMakeDetermineCompiler.cmake:128 (set):
[INFO] [stderr]     Policy CMP0126 is not set: set(CACHE) does not remove a normal variable of
[INFO] [stderr]     the same name.  Run "cmake --help-policy CMP0126" for policy details.  Use
[INFO] [stderr]     the cmake_policy command to set the policy and suppress this warning.
[INFO] [stderr] 
[INFO] [stderr]     For compatibility with older versions of CMake, normal variable
[INFO] [stderr]     "CMAKE_C_COMPILER" will be removed from the current scope.
[INFO] [stderr]   Call Stack (most recent call first):
[INFO] [stderr]     /usr/share/cmake-4.2/Modules/CMakeDetermineCCompiler.cmake:67 (_cmake_find_compiler_path)
[INFO] [stderr]     CMakeLists.txt:2 (project)
[INFO] [stderr]   This warning is for project developers.  Use -Wno-dev to suppress it.
[INFO] [stderr] 
[INFO] [stderr]      Called from: [3]	/opt/rustwide/target/release/build/diffusion-rs-sys-a5e03cacec88f82b/out/stable-diffusion.cpp/CMakeLists.txt
[INFO] [stderr]                   [2]	/usr/share/cmake-4.2/Modules/CMakeDetermineCCompiler.cmake
[INFO] [stderr]                   [1]	/usr/share/cmake-4.2/Modules/CMakeDetermineCompiler.cmake
[INFO] [stderr]   CMake Warning (dev) at /usr/share/cmake-4.2/Modules/CMakeDetermineCompiler.cmake:128 (set):
[INFO] [stderr]     Policy CMP0126 is not set: set(CACHE) does not remove a normal variable of
[INFO] [stderr]     the same name.  Run "cmake --help-policy CMP0126" for policy details.  Use
[INFO] [stderr]     the cmake_policy command to set the policy and suppress this warning.
[INFO] [stderr] 
[INFO] [stderr]     For compatibility with older versions of CMake, normal variable
[INFO] [stderr]     "CMAKE_CXX_COMPILER" will be removed from the current scope.
[INFO] [stderr]   Call Stack (most recent call first):
[INFO] [stderr]     /usr/share/cmake-4.2/Modules/CMakeDetermineCXXCompiler.cmake:71 (_cmake_find_compiler_path)
[INFO] [stderr]     CMakeLists.txt:2 (project)
[INFO] [stderr]   This warning is for project developers.  Use -Wno-dev to suppress it.
[INFO] [stderr] 
[INFO] [stderr]      Called from: [3]	/opt/rustwide/target/release/build/diffusion-rs-sys-a5e03cacec88f82b/out/stable-diffusion.cpp/CMakeLists.txt
[INFO] [stderr]                   [2]	/usr/share/cmake-4.2/Modules/CMakeDetermineCXXCompiler.cmake
[INFO] [stderr]                   [1]	/usr/share/cmake-4.2/Modules/CMakeDetermineCompiler.cmake
[INFO] [stderr]   CMake Warning (dev) at /usr/share/cmake-4.2/Modules/CMakeFindBinUtils.cmake:243 (find_program):
[INFO] [stderr]     Policy CMP0126 is not set: set(CACHE) does not remove a normal variable of
[INFO] [stderr]     the same name.  Run "cmake --help-policy CMP0126" for policy details.  Use
[INFO] [stderr]     the cmake_policy command to set the policy and suppress this warning.
[INFO] [stderr] 
[INFO] [stderr]     For compatibility with older versions of CMake, normal variable
[INFO] [stderr]     "CMAKE_TAPI" will be removed from the current scope.
[INFO] [stderr]   Call Stack (most recent call first):
[INFO] [stderr]     /usr/share/cmake-4.2/Modules/CMakeDetermineCXXCompiler.cmake:206 (include)
[INFO] [stderr]     CMakeLists.txt:2 (project)
[INFO] [stderr]   This warning is for project developers.  Use -Wno-dev to suppress it.
[INFO] [stderr] 
[INFO] [stderr]      Called from: [3]	/opt/rustwide/target/release/build/diffusion-rs-sys-a5e03cacec88f82b/out/stable-diffusion.cpp/CMakeLists.txt
[INFO] [stderr]                   [2]	/usr/share/cmake-4.2/Modules/CMakeDetermineCXXCompiler.cmake
[INFO] [stderr]                   [1]	/usr/share/cmake-4.2/Modules/CMakeFindBinUtils.cmake
[INFO] [stderr]   -- Build static library
[INFO] [stderr]      Called from: [1]	/opt/rustwide/target/release/build/diffusion-rs-sys-a5e03cacec88f82b/out/stable-diffusion.cpp/CMakeLists.txt
[INFO] [stderr]      Entering             /opt/rustwide/target/release/build/diffusion-rs-sys-a5e03cacec88f82b/out/stable-diffusion.cpp/ggml
[INFO] [stderr]      Called from: [1]	/opt/rustwide/target/release/build/diffusion-rs-sys-a5e03cacec88f82b/out/stable-diffusion.cpp/CMakeLists.txt
[INFO] [stderr]      Entering             /opt/rustwide/target/release/build/diffusion-rs-sys-a5e03cacec88f82b/out/stable-diffusion.cpp/ggml/src
[INFO] [stderr]      Called from: [1]	/opt/rustwide/target/release/build/diffusion-rs-sys-a5e03cacec88f82b/out/stable-diffusion.cpp/ggml/CMakeLists.txt
[INFO] [stderr]      Entering             /opt/rustwide/target/release/build/diffusion-rs-sys-a5e03cacec88f82b/out/stable-diffusion.cpp/ggml/src/ggml-cpu
[INFO] [stderr]      Called from: [2]	/opt/rustwide/target/release/build/diffusion-rs-sys-a5e03cacec88f82b/out/stable-diffusion.cpp/ggml/src/CMakeLists.txt
[INFO] [stderr]                   [1]	/opt/rustwide/target/release/build/diffusion-rs-sys-a5e03cacec88f82b/out/stable-diffusion.cpp/ggml/src/CMakeLists.txt
[INFO] [stderr]      Returning to         /opt/rustwide/target/release/build/diffusion-rs-sys-a5e03cacec88f82b/out/stable-diffusion.cpp/ggml/src
[INFO] [stderr]      Called from: [2]	/opt/rustwide/target/release/build/diffusion-rs-sys-a5e03cacec88f82b/out/stable-diffusion.cpp/ggml/src/CMakeLists.txt
[INFO] [stderr]                   [1]	/opt/rustwide/target/release/build/diffusion-rs-sys-a5e03cacec88f82b/out/stable-diffusion.cpp/ggml/src/CMakeLists.txt
[INFO] [stderr]      Returning to         /opt/rustwide/target/release/build/diffusion-rs-sys-a5e03cacec88f82b/out/stable-diffusion.cpp/ggml
[INFO] [stderr]      Called from: [1]	/opt/rustwide/target/release/build/diffusion-rs-sys-a5e03cacec88f82b/out/stable-diffusion.cpp/ggml/CMakeLists.txt
[INFO] [stderr]      Returning to         /opt/rustwide/target/release/build/diffusion-rs-sys-a5e03cacec88f82b/out/stable-diffusion.cpp
[INFO] [stderr]      Called from: [1]	/opt/rustwide/target/release/build/diffusion-rs-sys-a5e03cacec88f82b/out/stable-diffusion.cpp/CMakeLists.txt
[INFO] [stderr]      Entering             /opt/rustwide/target/release/build/diffusion-rs-sys-a5e03cacec88f82b/out/stable-diffusion.cpp/thirdparty
[INFO] [stderr]      Called from: [1]	/opt/rustwide/target/release/build/diffusion-rs-sys-a5e03cacec88f82b/out/stable-diffusion.cpp/CMakeLists.txt
[INFO] [stderr]      Returning to         /opt/rustwide/target/release/build/diffusion-rs-sys-a5e03cacec88f82b/out/stable-diffusion.cpp
[INFO] [stderr]      Called from: [1]	/opt/rustwide/target/release/build/diffusion-rs-sys-a5e03cacec88f82b/out/stable-diffusion.cpp/CMakeLists.txt
[INFO] [stderr]   CMake Warning (dev) in ggml/CMakeLists.txt:
[INFO] [stderr]     Policy CMP0200 is not set: Location and configuration selection for
[INFO] [stderr]     imported targets is more consistent.  Run "cmake --help-policy CMP0200" for
[INFO] [stderr]     policy details.  Use the cmake_policy command to set the policy and
[INFO] [stderr]     suppress this warning.
[INFO] [stderr] 
[INFO] [stderr]     Configuration selection for imported target "Threads::Threads" selected
[INFO] [stderr]     configuration "(none)", but would select configuration "RELEASE" under the
[INFO] [stderr]     NEW policy.
[INFO] [stderr] 
[INFO] [stderr]   This warning is for project developers.  Use -Wno-dev to suppress it.
[INFO] [stderr] 
[INFO] [stderr]   CMake Warning (dev) at CMakeLists.txt:283 (add_library):
[INFO] [stderr]     Policy CMP0156 is not set: De-duplicate libraries on link lines based on
[INFO] [stderr]     linker capabilities.  Run "cmake --help-policy CMP0156" for policy details.
[INFO] [stderr]     Use the cmake_policy command to set the policy and suppress this warning.
[INFO] [stderr] 
[INFO] [stderr]     Since the policy is not set, legacy libraries de-duplication strategy will
[INFO] [stderr]     be applied.
[INFO] [stderr]   This warning is for project developers.  Use -Wno-dev to suppress it.
[INFO] [stderr] 
[INFO] [stderr]      Called from: [1]	/opt/rustwide/target/release/build/diffusion-rs-sys-a5e03cacec88f82b/out/stable-diffusion.cpp/CMakeLists.txt
[INFO] [stderr]   CMake Warning (dev) in CMakeLists.txt:
[INFO] [stderr]     Policy CMP0082 is not set: Install rules from add_subdirectory() are
[INFO] [stderr]     interleaved with those in caller.  Run "cmake --help-policy CMP0082" for
[INFO] [stderr]     policy details.  Use the cmake_policy command to set the policy and
[INFO] [stderr]     suppress this warning.
[INFO] [stderr] 
[INFO] [stderr]   This warning is for project developers.  Use -Wno-dev to suppress it.
[INFO] [stderr] 
[INFO] [stderr]      Called from: [1]	/opt/rustwide/target/release/build/diffusion-rs-sys-a5e03cacec88f82b/out/stable-diffusion.cpp/CMakeLists.txt
[INFO] [stderr]   CMake Warning (dev) at ggml/src/CMakeLists.txt:192 (add_library):
[INFO] [stderr]     Policy CMP0156 is not set: De-duplicate libraries on link lines based on
[INFO] [stderr]     linker capabilities.  Run "cmake --help-policy CMP0156" for policy details.
[INFO] [stderr]     Use the cmake_policy command to set the policy and suppress this warning.
[INFO] [stderr] 
[INFO] [stderr]     Since the policy is not set, legacy libraries de-duplication strategy will
[INFO] [stderr]     be applied.
[INFO] [stderr]   This warning is for project developers.  Use -Wno-dev to suppress it.
[INFO] [stderr] 
[INFO] [stderr]      Called from: [1]	/opt/rustwide/target/release/build/diffusion-rs-sys-a5e03cacec88f82b/out/stable-diffusion.cpp/ggml/src/CMakeLists.txt
[INFO] [stderr]   CMake Warning (dev) at ggml/src/CMakeLists.txt:261 (add_library):
[INFO] [stderr]     Policy CMP0156 is not set: De-duplicate libraries on link lines based on
[INFO] [stderr]     linker capabilities.  Run "cmake --help-policy CMP0156" for policy details.
[INFO] [stderr]     Use the cmake_policy command to set the policy and suppress this warning.
[INFO] [stderr] 
[INFO] [stderr]     Since the policy is not set, legacy libraries de-duplication strategy will
[INFO] [stderr]     be applied.
[INFO] [stderr]   Call Stack (most recent call first):
[INFO] [stderr]     ggml/src/ggml-cpu/CMakeLists.txt:27 (ggml_add_backend_library)
[INFO] [stderr]     ggml/src/CMakeLists.txt:446 (ggml_add_cpu_backend_variant_impl)
[INFO] [stderr]   This warning is for project developers.  Use -Wno-dev to suppress it.
[INFO] [stderr] 
[INFO] [stderr]      Called from: [1]	/opt/rustwide/target/release/build/diffusion-rs-sys-a5e03cacec88f82b/out/stable-diffusion.cpp/ggml/src/CMakeLists.txt
[INFO] [stderr]   CMake Warning (dev) at ggml/src/CMakeLists.txt:225 (add_library):
[INFO] [stderr]     Policy CMP0156 is not set: De-duplicate libraries on link lines based on
[INFO] [stderr]     linker capabilities.  Run "cmake --help-policy CMP0156" for policy details.
[INFO] [stderr]     Use the cmake_policy command to set the policy and suppress this warning.
[INFO] [stderr] 
[INFO] [stderr]     Since the policy is not set, legacy libraries de-duplication strategy will
[INFO] [stderr]     be applied.
[INFO] [stderr]   This warning is for project developers.  Use -Wno-dev to suppress it.
[INFO] [stderr] 
[INFO] [stderr]      Called from: [1]	/opt/rustwide/target/release/build/diffusion-rs-sys-a5e03cacec88f82b/out/stable-diffusion.cpp/ggml/src/CMakeLists.txt
[INFO] [stderr]   CMake Warning:
[INFO] [stderr]     Manually-specified variables were not used by the project:
[INFO] [stderr] 
[INFO] [stderr]       SD_BUILD_SERVER
[INFO] [stderr] 
[INFO] [stderr] 
[INFO] [stderr]   running: cd "/opt/rustwide/target/release/build/diffusion-rs-sys-a5e03cacec88f82b/out/build" && LC_ALL="C" MAKEFLAGS="-j --jobserver-fds=4,5 --jobserver-auth=4,5" "cmake" "--build" "/opt/rustwide/target/release/build/diffusion-rs-sys-a5e03cacec88f82b/out/build" "--target" "install" "--config" "Release"
[INFO] [stderr]   In file included from /opt/rustwide/target/release/build/diffusion-rs-sys-a5e03cacec88f82b/out/stable-diffusion.cpp/thirdparty/zip.c:40:
[INFO] [stderr]   /opt/rustwide/target/release/build/diffusion-rs-sys-a5e03cacec88f82b/out/stable-diffusion.cpp/thirdparty/miniz.h:4988:9: note: '#pragma message: Using fopen, ftello, fseeko, stat() etc. path for file I/O - this path may not support large files.'
[INFO] [stderr]    4988 | #pragma message(                                                               \
[INFO] [stderr]         |         ^~~~~~~
[INFO] [stderr]   c++: fatal error: Killed signal terminated program cc1plus
[INFO] [stderr]   compilation terminated.
[INFO] [stderr]   gmake[2]: *** [ggml/src/CMakeFiles/ggml-cpu.dir/build.make:236: ggml/src/CMakeFiles/ggml-cpu.dir/ggml-cpu/ops.cpp.o] Error 1
[INFO] [stderr]   gmake[2]: *** Waiting for unfinished jobs....
[INFO] [stderr]   c++: fatal error: Killed signal terminated program cc1plus
[INFO] [stderr]   compilation terminated.
[INFO] [stderr]   gmake[2]: *** [ggml/src/CMakeFiles/ggml-cpu.dir/build.make:110: ggml/src/CMakeFiles/ggml-cpu.dir/ggml-cpu/repack.cpp.o] Error 1
[INFO] [stderr]   c++: fatal error: Killed signal terminated program cc1plus
[INFO] [stderr]   compilation terminated.
[INFO] [stderr]   gmake[2]: *** [ggml/src/CMakeFiles/ggml-cpu.dir/build.make:166: ggml/src/CMakeFiles/ggml-cpu.dir/ggml-cpu/amx/amx.cpp.o] Error 1
[INFO] [stderr]   c++: fatal error: Killed signal terminated program cc1plus
[INFO] [stderr]   compilation terminated.
[INFO] [stderr]   gmake[2]: *** [ggml/src/CMakeFiles/ggml-cpu.dir/build.make:96: ggml/src/CMakeFiles/ggml-cpu.dir/ggml-cpu/ggml-cpu.cpp.o] Error 1
[INFO] [stderr]   gmake[1]: *** [CMakeFiles/Makefile2:282: ggml/src/CMakeFiles/ggml-cpu.dir/all] Error 2
[INFO] [stderr]   gmake: *** [Makefile:139: all] Error 2
[INFO] [stderr] 
[INFO] [stderr]   thread 'main' (2512) panicked at /opt/rustwide/cargo-home/registry/src/index.crates.io-1949cf8c6b5b557f/cmake-0.1.58/src/lib.rs:1132:5:
[INFO] [stderr] 
[INFO] [stderr]   command did not execute successfully, got: exit status: 2
[INFO] [stderr] 
[INFO] [stderr]   build script failed, must exit now
[INFO] [stderr]   stack backtrace:
[INFO] [stderr]      0:     0x5b1d8e123ce1 - <<std[70759c8f55707aa4]::sys::backtrace::BacktraceLock>::print::DisplayBacktrace as core[df12db4294e9bfd3]::fmt::Display>::fmt
[INFO] [stderr]      1:     0x5b1d8e13bcaa - core[df12db4294e9bfd3]::fmt::write
[INFO] [stderr]      2:     0x5b1d8e12a1ec - <std[70759c8f55707aa4]::sys::stdio::unix::Stderr as core[df12db4294e9bfd3]::io::write::Write>::write_fmt
[INFO] [stderr]      3:     0x5b1d8e0fffa6 - std[70759c8f55707aa4]::panicking::default_hook::{closure#0}
[INFO] [stderr]      4:     0x5b1d8e11ce81 - std[70759c8f55707aa4]::panicking::default_hook
[INFO] [stderr]      5:     0x5b1d8e11d1ab - std[70759c8f55707aa4]::panicking::panic_with_hook
[INFO] [stderr]      6:     0x5b1d8e100052 - std[70759c8f55707aa4]::panicking::panic_handler::{closure#0}
[INFO] [stderr]      7:     0x5b1d8e0f8be9 - std[70759c8f55707aa4]::sys::backtrace::__rust_end_short_backtrace::<std[70759c8f55707aa4]::panicking::panic_handler::{closure#0}, !>
[INFO] [stderr]      8:     0x5b1d8e10086d - __rustc[8fa7c3cbc660c2b3]::rust_begin_unwind
[INFO] [stderr]      9:     0x5b1d8e13c4cc - core[df12db4294e9bfd3]::panicking::panic_fmt
[INFO] [stderr]     10:     0x5b1d8e08e827 - cmake[e32fd12932a93539]::fail
[INFO] [stderr]     11:     0x5b1d8e08e4b3 - cmake[e32fd12932a93539]::run
[INFO] [stderr]     12:     0x5b1d8e0944b5 - <cmake[e32fd12932a93539]::Config>::build
[INFO] [stderr]     13:     0x5b1d8db9f2a7 - build_script_build[b5dc5ef6aab9632e]::main
[INFO] [stderr]     14:     0x5b1d8dba17c3 - <fn() as core[df12db4294e9bfd3]::ops::function::FnOnce<()>>::call_once
[INFO] [stderr]     15:     0x5b1d8db9d9fe - std[70759c8f55707aa4]::sys::backtrace::__rust_begin_short_backtrace::<fn(), ()>
[INFO] [stderr]     16:     0x5b1d8db9db79 - std[70759c8f55707aa4]::rt::lang_start::<()>::{closure#0}
[INFO] [stderr]     17:     0x5b1d8e11c139 - std[70759c8f55707aa4]::rt::lang_start_internal
[INFO] [stderr]     18:     0x5b1d8db9d391 - std[70759c8f55707aa4]::rt::lang_start::<()>
[INFO] [stderr]     19:     0x5b1d8dba1ac5 - main
[INFO] [stderr]     20:     0x75257a9f0601 - <unknown>
[INFO] [stderr]     21:     0x75257a9f0718 - __libc_start_main
[INFO] [stderr]     22:     0x5b1d8db97ca5 - _start
[INFO] [stderr]     23:                0x0 - <unknown>
[INFO] running `Command { std: "docker" "inspect" "abaaaa29e0f9eac5ce5fd0b3e08f55f2352690d1d66adf4ef0996954e3e32792", kill_on_drop: false }`
[INFO] running `Command { std: "docker" "rm" "-f" "abaaaa29e0f9eac5ce5fd0b3e08f55f2352690d1d66adf4ef0996954e3e32792", kill_on_drop: false }`
[INFO] [stdout] abaaaa29e0f9eac5ce5fd0b3e08f55f2352690d1d66adf4ef0996954e3e32792
