[INFO] fetching crate diffusion-rs-sys 0.1.20...
[INFO] testing diffusion-rs-sys-0.1.20 against 1.99.0-beta.8+cargoflags=--release for beta-release-1.100-2
[INFO] extracting crate diffusion-rs-sys 0.1.20 into /workspace/builds/worker-1-tc1/source
[INFO] started tweaking crates.io crate diffusion-rs-sys 0.1.20
[INFO] finished tweaking crates.io crate diffusion-rs-sys 0.1.20
[INFO] tweaked toml for crates.io crate diffusion-rs-sys 0.1.20 written to /workspace/builds/worker-1-tc1/source/Cargo.toml
[INFO] validating manifest of crates.io crate diffusion-rs-sys 0.1.20 on toolchain 1.99.0-beta.8
[INFO] running `Command { std: CARGO_HOME="/workspace/cargo-home" RUSTUP_HOME="/workspace/rustup-home" "/workspace/cargo-home/bin/cargo" "+1.99.0-beta.8" "metadata" "--manifest-path" "Cargo.toml" "--no-deps", kill_on_drop: false }`
[INFO] crate crates.io crate diffusion-rs-sys 0.1.20 already has a lockfile, it will not be regenerated
[INFO] running `Command { std: CARGO_HOME="/workspace/cargo-home" RUSTUP_HOME="/workspace/rustup-home" "/workspace/cargo-home/bin/cargo" "+1.99.0-beta.8" "fetch" "--manifest-path" "Cargo.toml", kill_on_drop: false }`
[INFO] [stderr]     Blocking waiting for file lock on package cache
[INFO] [stderr]     Updating crates.io index
[INFO] [stderr]     Blocking waiting for file lock on package cache
[INFO] [stderr]  Downloading crates ...
[INFO] [stderr]   Downloaded fs_extra v1.3.0
[INFO] [stderr]   Downloaded cmake v0.1.58
[INFO] [stderr]   Downloaded shlex v2.0.1
[INFO] [stderr]   Downloaded cc v1.2.64
[INFO] [stderr]   Downloaded rustc-hash v2.1.2
[INFO] [stderr]   Downloaded windows-link v0.2.1
[INFO] [stderr]   Downloaded cfg-if v1.0.4
[INFO] [stderr]   Downloaded find-msvc-tools v0.1.9
[INFO] [stderr]   Downloaded libloading v0.8.9
[INFO] [stderr]   Downloaded cexpr v0.6.0
[INFO] [stderr]   Downloaded quote v1.0.45
[INFO] [stderr]   Downloaded shlex v1.3.0
[INFO] [stderr]   Downloaded either v1.16.0
[INFO] [stderr]   Downloaded glob v0.3.3
[INFO] [stderr]   Downloaded log v0.4.32
[INFO] [stderr]   Downloaded clang-sys v1.8.1
[INFO] [stderr]   Downloaded bitflags v2.13.0
[INFO] [stderr]   Downloaded unicode-ident v1.0.24
[INFO] [stderr]   Downloaded proc-macro2 v1.0.106
[INFO] [stderr]   Downloaded minimal-lexical v0.2.1
[INFO] [stderr]   Downloaded memchr v2.8.2
[INFO] [stderr]   Downloaded nom v7.1.3
[INFO] [stderr]   Downloaded regex v1.12.4
[INFO] [stderr]   Downloaded aho-corasick v1.1.4
[INFO] [stderr]   Downloaded itertools v0.13.0
[INFO] [stderr]   Downloaded bindgen v0.71.1
[INFO] [stderr]   Downloaded syn v2.0.117
[INFO] [stderr]   Downloaded regex-syntax v0.8.11
[INFO] [stderr]   Downloaded regex-automata v0.4.14
[INFO] [stderr]   Downloaded libc v0.2.186
[INFO] running `Command { std: "docker" "create" "-v" "/var/lib/crater-agent-workspace/builds/worker-1-tc1/source:/opt/rustwide/workdir:ro,Z" "-v" "/var/lib/crater-agent-workspace/builds/worker-1-tc1/target:/opt/rustwide/target:rw,Z" "-v" "/var/lib/crater-agent-workspace/cargo-home:/opt/rustwide/cargo-home:ro,Z" "-v" "/var/lib/crater-agent-workspace/rustup-home:/opt/rustwide/rustup-home:ro,Z" "-m" "1610612736" "--network" "none" "ghcr.io/rust-lang/crates-build-env/linux@sha256:77db811e55d90add9212f6832c23229e3de5f1c1f9905e8cb07319ea15df73ac" "sleep" "infinity", kill_on_drop: false }`
[INFO] [stdout] 4f58bac7fdd9ba4d5351201f957661055aed5b4fc636cfa8e76c06c23f5b7589
[INFO] running `Command { std: "docker" "start" "4f58bac7fdd9ba4d5351201f957661055aed5b4fc636cfa8e76c06c23f5b7589", kill_on_drop: false }`
[INFO] running `Command { std: "docker" "inspect" "4f58bac7fdd9ba4d5351201f957661055aed5b4fc636cfa8e76c06c23f5b7589", kill_on_drop: false }`
[INFO] running `Command { std: "docker" "exec" "-e" "SOURCE_DIR=/opt/rustwide/workdir" "-e" "CARGO_HOME=/opt/rustwide/cargo-home" "-e" "RUSTUP_HOME=/opt/rustwide/rustup-home" "-e" "CARGO_TARGET_DIR=/opt/rustwide/target" "-w" "/opt/rustwide/workdir" "--user" "0:0" "4f58bac7fdd9ba4d5351201f957661055aed5b4fc636cfa8e76c06c23f5b7589" "/opt/rustwide/cargo-home/bin/cargo" "+1.99.0-beta.8" "metadata" "--no-deps" "--format-version=1", kill_on_drop: false }`
[INFO] running `Command { std: "docker" "inspect" "4f58bac7fdd9ba4d5351201f957661055aed5b4fc636cfa8e76c06c23f5b7589", kill_on_drop: false }`
[INFO] running `Command { std: "docker" "exec" "-e" "SOURCE_DIR=/opt/rustwide/workdir" "-e" "CARGO_HOME=/opt/rustwide/cargo-home" "-e" "RUSTUP_HOME=/opt/rustwide/rustup-home" "-e" "CARGO_TARGET_DIR=/opt/rustwide/target" "-e" "CARGO_INCREMENTAL=0" "-e" "RUST_BACKTRACE=full" "-e" "RUSTFLAGS=--cap-lints=warn" "-e" "RUSTDOCFLAGS=--cap-lints=warn" "-w" "/opt/rustwide/workdir" "--user" "0:0" "4f58bac7fdd9ba4d5351201f957661055aed5b4fc636cfa8e76c06c23f5b7589" "/opt/rustwide/cargo-home/bin/cargo" "+1.99.0-beta.8" "build" "--frozen" "--message-format=json" "--release", kill_on_drop: false }`
[INFO] [stderr]    Compiling proc-macro2 v1.0.106
[INFO] [stderr]    Compiling glob v0.3.3
[INFO] [stderr]    Compiling quote v1.0.45
[INFO] [stderr]    Compiling unicode-ident v1.0.24
[INFO] [stderr]    Compiling prettyplease v0.2.37
[INFO] [stderr]    Compiling libc v0.2.186
[INFO] [stderr]    Compiling regex-syntax v0.8.11
[INFO] [stderr]    Compiling cfg-if v1.0.4
[INFO] [stderr]    Compiling minimal-lexical v0.2.1
[INFO] [stderr]    Compiling memchr v2.8.2
[INFO] [stderr]    Compiling bindgen v0.71.1
[INFO] [stderr]    Compiling shlex v2.0.1
[INFO] [stderr]    Compiling either v1.16.0
[INFO] [stderr]    Compiling find-msvc-tools v0.1.9
[INFO] [stderr]    Compiling log v0.4.32
[INFO] [stderr]    Compiling rustc-hash v2.1.2
[INFO] [stderr]    Compiling libloading v0.8.9
[INFO] [stderr]    Compiling bitflags v2.13.0
[INFO] [stderr]    Compiling shlex v1.3.0
[INFO] [stderr]    Compiling fs_extra v1.3.0
[INFO] [stderr]    Compiling itertools v0.13.0
[INFO] [stderr]    Compiling cc v1.2.64
[INFO] [stderr]    Compiling clang-sys v1.8.1
[INFO] [stderr]    Compiling nom v7.1.3
[INFO] [stderr]    Compiling syn v2.0.117
[INFO] [stderr]    Compiling cmake v0.1.58
[INFO] [stderr]    Compiling regex-automata v0.4.14
[INFO] [stderr]    Compiling cexpr v0.6.0
[INFO] [stderr]    Compiling regex v1.12.4
[INFO] [stderr]    Compiling diffusion-rs-sys v0.1.20 (/opt/rustwide/workdir)
[INFO] [stderr] error: failed to run custom build command for `diffusion-rs-sys v0.1.20 (/opt/rustwide/workdir)`
[INFO] [stderr] note: To improve backtraces for build dependencies, set the CARGO_PROFILE_RELEASE_BUILD_OVERRIDE_DEBUG=true environment variable to enable debug information generation.
[INFO] [stderr] 
[INFO] [stderr] Caused by:
[INFO] [stderr]   process didn't exit successfully: `/opt/rustwide/target/release/build/diffusion-rs-sys-3c63951c573353ae/build-script-build` (exit status: 101)
[INFO] [stderr]   --- stdout
[INFO] [stderr]   cargo:rustc-link-lib=dylib=stdc++
[INFO] [stderr]   cargo:rerun-if-changed=wrapper.h
[INFO] [stderr]   cargo:rerun-if-env-changed=TARGET
[INFO] [stderr]   cargo:rerun-if-env-changed=BINDGEN_EXTRA_CLANG_ARGS_x86_64-unknown-linux-gnu
[INFO] [stderr]   cargo:rerun-if-env-changed=BINDGEN_EXTRA_CLANG_ARGS_x86_64_unknown_linux_gnu
[INFO] [stderr]   cargo:rerun-if-env-changed=BINDGEN_EXTRA_CLANG_ARGS
[INFO] [stderr]   cargo:rerun-if-changed=wrapper.h
[INFO] [stderr]   cargo:rerun-if-changed=./stable-diffusion.cpp/include/stable-diffusion.h
[INFO] [stderr]   cargo:rerun-if-changed=/usr/lib/llvm-21/lib/clang/21/include/stdbool.h
[INFO] [stderr]   cargo:rerun-if-changed=/usr/lib/llvm-21/lib/clang/21/include/stddef.h
[INFO] [stderr]   cargo:rerun-if-changed=/usr/lib/llvm-21/lib/clang/21/include/__stddef_header_macro.h
[INFO] [stderr]   cargo:rerun-if-changed=/usr/lib/llvm-21/lib/clang/21/include/__stddef_ptrdiff_t.h
[INFO] [stderr]   cargo:rerun-if-changed=/usr/lib/llvm-21/lib/clang/21/include/__stddef_size_t.h
[INFO] [stderr]   cargo:rerun-if-changed=/usr/lib/llvm-21/lib/clang/21/include/__stddef_wchar_t.h
[INFO] [stderr]   cargo:rerun-if-changed=/usr/lib/llvm-21/lib/clang/21/include/__stddef_null.h
[INFO] [stderr]   cargo:rerun-if-changed=/usr/lib/llvm-21/lib/clang/21/include/__stddef_max_align_t.h
[INFO] [stderr]   cargo:rerun-if-changed=/usr/lib/llvm-21/lib/clang/21/include/__stddef_offsetof.h
[INFO] [stderr]   cargo:rerun-if-changed=/usr/lib/llvm-21/lib/clang/21/include/stdint.h
[INFO] [stderr]   cargo:rerun-if-changed=/usr/include/stdint.h
[INFO] [stderr]   cargo:rerun-if-changed=/usr/include/x86_64-linux-gnu/bits/libc-header-start.h
[INFO] [stderr]   cargo:rerun-if-changed=/usr/include/features.h
[INFO] [stderr]   cargo:rerun-if-changed=/usr/include/features-time64.h
[INFO] [stderr]   cargo:rerun-if-changed=/usr/include/x86_64-linux-gnu/bits/wordsize.h
[INFO] [stderr]   cargo:rerun-if-changed=/usr/include/x86_64-linux-gnu/bits/timesize.h
[INFO] [stderr]   cargo:rerun-if-changed=/usr/include/x86_64-linux-gnu/bits/wordsize.h
[INFO] [stderr]   cargo:rerun-if-changed=/usr/include/stdc-predef.h
[INFO] [stderr]   cargo:rerun-if-changed=/usr/include/x86_64-linux-gnu/sys/cdefs.h
[INFO] [stderr]   cargo:rerun-if-changed=/usr/include/x86_64-linux-gnu/bits/wordsize.h
[INFO] [stderr]   cargo:rerun-if-changed=/usr/include/x86_64-linux-gnu/bits/long-double.h
[INFO] [stderr]   cargo:rerun-if-changed=/usr/include/x86_64-linux-gnu/gnu/stubs.h
[INFO] [stderr]   cargo:rerun-if-changed=/usr/include/x86_64-linux-gnu/gnu/stubs-64.h
[INFO] [stderr]   cargo:rerun-if-changed=/usr/include/x86_64-linux-gnu/bits/types.h
[INFO] [stderr]   cargo:rerun-if-changed=/usr/include/features.h
[INFO] [stderr]   cargo:rerun-if-changed=/usr/include/x86_64-linux-gnu/bits/wordsize.h
[INFO] [stderr]   cargo:rerun-if-changed=/usr/include/x86_64-linux-gnu/bits/timesize.h
[INFO] [stderr]   cargo:rerun-if-changed=/usr/include/x86_64-linux-gnu/bits/wordsize.h
[INFO] [stderr]   cargo:rerun-if-changed=/usr/include/x86_64-linux-gnu/bits/typesizes.h
[INFO] [stderr]   cargo:rerun-if-changed=/usr/include/x86_64-linux-gnu/bits/time64.h
[INFO] [stderr]   cargo:rerun-if-changed=/usr/include/x86_64-linux-gnu/bits/wchar.h
[INFO] [stderr]   cargo:rerun-if-changed=/usr/include/x86_64-linux-gnu/bits/wordsize.h
[INFO] [stderr]   cargo:rerun-if-changed=/usr/include/x86_64-linux-gnu/bits/stdint-intn.h
[INFO] [stderr]   cargo:rerun-if-changed=/usr/include/x86_64-linux-gnu/bits/types.h
[INFO] [stderr]   cargo:rerun-if-changed=/usr/include/x86_64-linux-gnu/bits/stdint-uintn.h
[INFO] [stderr]   cargo:rerun-if-changed=/usr/include/x86_64-linux-gnu/bits/types.h
[INFO] [stderr]   cargo:rerun-if-changed=/usr/include/x86_64-linux-gnu/bits/stdint-least.h
[INFO] [stderr]   cargo:rerun-if-changed=/usr/include/x86_64-linux-gnu/bits/types.h
[INFO] [stderr]   cargo:rerun-if-changed=/usr/include/string.h
[INFO] [stderr]   cargo:rerun-if-changed=/usr/include/x86_64-linux-gnu/bits/libc-header-start.h
[INFO] [stderr]   cargo:rerun-if-changed=/usr/include/features.h
[INFO] [stderr]   cargo:rerun-if-changed=/usr/lib/llvm-21/lib/clang/21/include/stddef.h
[INFO] [stderr]   cargo:rerun-if-changed=/usr/lib/llvm-21/lib/clang/21/include/__stddef_size_t.h
[INFO] [stderr]   cargo:rerun-if-changed=/usr/lib/llvm-21/lib/clang/21/include/__stddef_null.h
[INFO] [stderr]   cargo:rerun-if-changed=/usr/include/x86_64-linux-gnu/bits/types/locale_t.h
[INFO] [stderr]   cargo:rerun-if-changed=/usr/include/x86_64-linux-gnu/bits/types/__locale_t.h
[INFO] [stderr]   cargo:rerun-if-changed=/usr/include/strings.h
[INFO] [stderr]   cargo:rerun-if-changed=/usr/include/features.h
[INFO] [stderr]   cargo:rerun-if-changed=/usr/lib/llvm-21/lib/clang/21/include/stddef.h
[INFO] [stderr]   cargo:rerun-if-changed=/usr/lib/llvm-21/lib/clang/21/include/__stddef_size_t.h
[INFO] [stderr]   cargo:rerun-if-changed=/usr/include/x86_64-linux-gnu/bits/types/locale_t.h
[INFO] [stderr]   cargo:rerun-if-changed=./stable-diffusion.cpp/ggml/include/ggml-backend.h
[INFO] [stderr]   cargo:rerun-if-changed=./stable-diffusion.cpp/ggml/include/ggml.h
[INFO] [stderr]   cargo:rerun-if-changed=/usr/lib/llvm-21/lib/clang/21/include/stdbool.h
[INFO] [stderr]   cargo:rerun-if-changed=/usr/lib/llvm-21/lib/clang/21/include/stddef.h
[INFO] [stderr]   cargo:rerun-if-changed=/usr/lib/llvm-21/lib/clang/21/include/__stddef_header_macro.h
[INFO] [stderr]   cargo:rerun-if-changed=/usr/lib/llvm-21/lib/clang/21/include/__stddef_ptrdiff_t.h
[INFO] [stderr]   cargo:rerun-if-changed=/usr/lib/llvm-21/lib/clang/21/include/__stddef_size_t.h
[INFO] [stderr]   cargo:rerun-if-changed=/usr/lib/llvm-21/lib/clang/21/include/__stddef_wchar_t.h
[INFO] [stderr]   cargo:rerun-if-changed=/usr/lib/llvm-21/lib/clang/21/include/__stddef_max_align_t.h
[INFO] [stderr]   cargo:rerun-if-changed=/usr/lib/llvm-21/lib/clang/21/include/__stddef_offsetof.h
[INFO] [stderr]   cargo:rerun-if-changed=/usr/lib/llvm-21/lib/clang/21/include/stdint.h
[INFO] [stderr]   cargo:rerun-if-changed=/usr/include/stdio.h
[INFO] [stderr]   cargo:rerun-if-changed=/usr/include/x86_64-linux-gnu/bits/libc-header-start.h
[INFO] [stderr]   cargo:rerun-if-changed=/usr/include/features.h
[INFO] [stderr]   cargo:rerun-if-changed=/usr/lib/llvm-21/lib/clang/21/include/stddef.h
[INFO] [stderr]   cargo:rerun-if-changed=/usr/lib/llvm-21/lib/clang/21/include/__stddef_size_t.h
[INFO] [stderr]   cargo:rerun-if-changed=/usr/lib/llvm-21/lib/clang/21/include/__stddef_null.h
[INFO] [stderr]   cargo:rerun-if-changed=/usr/lib/llvm-21/lib/clang/21/include/stdarg.h
[INFO] [stderr]   cargo:rerun-if-changed=/usr/lib/llvm-21/lib/clang/21/include/__stdarg___gnuc_va_list.h
[INFO] [stderr]   cargo:rerun-if-changed=/usr/include/x86_64-linux-gnu/bits/types.h
[INFO] [stderr]   cargo:rerun-if-changed=/usr/include/x86_64-linux-gnu/bits/types/__fpos_t.h
[INFO] [stderr]   cargo:rerun-if-changed=/usr/include/x86_64-linux-gnu/bits/types.h
[INFO] [stderr]   cargo:rerun-if-changed=/usr/include/x86_64-linux-gnu/bits/types/__mbstate_t.h
[INFO] [stderr]   cargo:rerun-if-changed=/usr/include/x86_64-linux-gnu/bits/types/__fpos64_t.h
[INFO] [stderr]   cargo:rerun-if-changed=/usr/include/x86_64-linux-gnu/bits/types.h
[INFO] [stderr]   cargo:rerun-if-changed=/usr/include/x86_64-linux-gnu/bits/types/__mbstate_t.h
[INFO] [stderr]   cargo:rerun-if-changed=/usr/include/x86_64-linux-gnu/bits/types/__FILE.h
[INFO] [stderr]   cargo:rerun-if-changed=/usr/include/x86_64-linux-gnu/bits/types/FILE.h
[INFO] [stderr]   cargo:rerun-if-changed=/usr/include/x86_64-linux-gnu/bits/types/struct_FILE.h
[INFO] [stderr]   cargo:rerun-if-changed=/usr/include/x86_64-linux-gnu/bits/types.h
[INFO] [stderr]   cargo:rerun-if-changed=/usr/include/x86_64-linux-gnu/bits/wordsize.h
[INFO] [stderr]   cargo:rerun-if-changed=/usr/include/x86_64-linux-gnu/bits/types/cookie_io_functions_t.h
[INFO] [stderr]   cargo:rerun-if-changed=/usr/include/x86_64-linux-gnu/bits/types.h
[INFO] [stderr]   cargo:rerun-if-changed=/usr/include/x86_64-linux-gnu/bits/stdio_lim.h
[INFO] [stderr]   cargo:rerun-if-changed=/usr/include/x86_64-linux-gnu/bits/floatn.h
[INFO] [stderr]   cargo:rerun-if-changed=/usr/include/features.h
[INFO] [stderr]   cargo:rerun-if-changed=/usr/include/x86_64-linux-gnu/bits/floatn-common.h
[INFO] [stderr]   cargo:rerun-if-changed=/usr/include/features.h
[INFO] [stderr]   cargo:rerun-if-changed=/usr/include/x86_64-linux-gnu/bits/long-double.h
[INFO] [stderr]   cargo:rerun-if-changed=./stable-diffusion.cpp/ggml/include/ggml-alloc.h
[INFO] [stderr]   cargo:rerun-if-changed=./stable-diffusion.cpp/ggml/include/ggml.h
[INFO] [stderr]   CMAKE_TOOLCHAIN_FILE_x86_64-unknown-linux-gnu = None
[INFO] [stderr]   CMAKE_TOOLCHAIN_FILE_x86_64_unknown_linux_gnu = None
[INFO] [stderr]   HOST_CMAKE_TOOLCHAIN_FILE = None
[INFO] [stderr]   CMAKE_TOOLCHAIN_FILE = None
[INFO] [stderr]   CMAKE_GENERATOR_x86_64-unknown-linux-gnu = None
[INFO] [stderr]   CMAKE_GENERATOR_x86_64_unknown_linux_gnu = None
[INFO] [stderr]   HOST_CMAKE_GENERATOR = None
[INFO] [stderr]   CMAKE_GENERATOR = None
[INFO] [stderr]   CMAKE_PREFIX_PATH_x86_64-unknown-linux-gnu = None
[INFO] [stderr]   CMAKE_PREFIX_PATH_x86_64_unknown_linux_gnu = None
[INFO] [stderr]   HOST_CMAKE_PREFIX_PATH = None
[INFO] [stderr]   CMAKE_PREFIX_PATH = None
[INFO] [stderr]   CMAKE_x86_64-unknown-linux-gnu = None
[INFO] [stderr]   CMAKE_x86_64_unknown_linux_gnu = None
[INFO] [stderr]   HOST_CMAKE = None
[INFO] [stderr]   CMAKE = None
[INFO] [stderr]   Running with debug output on.
[INFO] [stderr]   -- The C compiler identification is GNU 15.2.0
[INFO] [stderr]      Called from: [3]	/opt/rustwide/target/release/build/diffusion-rs-sys-dd99123b527dfb3e/out/stable-diffusion.cpp/CMakeLists.txt
[INFO] [stderr]                   [2]	/usr/share/cmake-4.2/Modules/CMakeDetermineCCompiler.cmake
[INFO] [stderr]                   [1]	/usr/share/cmake-4.2/Modules/CMakeDetermineCompilerId.cmake
[INFO] [stderr]   -- The CXX compiler identification is GNU 15.2.0
[INFO] [stderr]      Called from: [3]	/opt/rustwide/target/release/build/diffusion-rs-sys-dd99123b527dfb3e/out/stable-diffusion.cpp/CMakeLists.txt
[INFO] [stderr]                   [2]	/usr/share/cmake-4.2/Modules/CMakeDetermineCXXCompiler.cmake
[INFO] [stderr]                   [1]	/usr/share/cmake-4.2/Modules/CMakeDetermineCompilerId.cmake
[INFO] [stderr]   -- Detecting C compiler ABI info
[INFO] [stderr]      Called from: [3]	/opt/rustwide/target/release/build/diffusion-rs-sys-dd99123b527dfb3e/out/stable-diffusion.cpp/CMakeLists.txt
[INFO] [stderr]                   [2]	/usr/share/cmake-4.2/Modules/CMakeTestCCompiler.cmake
[INFO] [stderr]                   [1]	/usr/share/cmake-4.2/Modules/CMakeDetermineCompilerABI.cmake
[INFO] [stderr]   -- Detecting C compiler ABI info - done
[INFO] [stderr]      Called from: [3]	/opt/rustwide/target/release/build/diffusion-rs-sys-dd99123b527dfb3e/out/stable-diffusion.cpp/CMakeLists.txt
[INFO] [stderr]                   [2]	/usr/share/cmake-4.2/Modules/CMakeTestCCompiler.cmake
[INFO] [stderr]                   [1]	/usr/share/cmake-4.2/Modules/CMakeDetermineCompilerABI.cmake
[INFO] [stderr]   -- Check for working C compiler: /usr/bin/cc - skipped
[INFO] [stderr]      Called from: [2]	/opt/rustwide/target/release/build/diffusion-rs-sys-dd99123b527dfb3e/out/stable-diffusion.cpp/CMakeLists.txt
[INFO] [stderr]                   [1]	/usr/share/cmake-4.2/Modules/CMakeTestCCompiler.cmake
[INFO] [stderr]   -- Detecting C compile features
[INFO] [stderr]      Called from: [3]	/opt/rustwide/target/release/build/diffusion-rs-sys-dd99123b527dfb3e/out/stable-diffusion.cpp/CMakeLists.txt
[INFO] [stderr]                   [2]	/usr/share/cmake-4.2/Modules/CMakeTestCCompiler.cmake
[INFO] [stderr]                   [1]	/usr/share/cmake-4.2/Modules/CMakeDetermineCompilerSupport.cmake
[INFO] [stderr]   -- Detecting C compile features - done
[INFO] [stderr]      Called from: [3]	/opt/rustwide/target/release/build/diffusion-rs-sys-dd99123b527dfb3e/out/stable-diffusion.cpp/CMakeLists.txt
[INFO] [stderr]                   [2]	/usr/share/cmake-4.2/Modules/CMakeTestCCompiler.cmake
[INFO] [stderr]                   [1]	/usr/share/cmake-4.2/Modules/CMakeDetermineCompilerSupport.cmake
[INFO] [stderr]   -- Detecting CXX compiler ABI info
[INFO] [stderr]      Called from: [3]	/opt/rustwide/target/release/build/diffusion-rs-sys-dd99123b527dfb3e/out/stable-diffusion.cpp/CMakeLists.txt
[INFO] [stderr]                   [2]	/usr/share/cmake-4.2/Modules/CMakeTestCXXCompiler.cmake
[INFO] [stderr]                   [1]	/usr/share/cmake-4.2/Modules/CMakeDetermineCompilerABI.cmake
[INFO] [stderr]   -- Detecting CXX compiler ABI info - done
[INFO] [stderr]      Called from: [3]	/opt/rustwide/target/release/build/diffusion-rs-sys-dd99123b527dfb3e/out/stable-diffusion.cpp/CMakeLists.txt
[INFO] [stderr]                   [2]	/usr/share/cmake-4.2/Modules/CMakeTestCXXCompiler.cmake
[INFO] [stderr]                   [1]	/usr/share/cmake-4.2/Modules/CMakeDetermineCompilerABI.cmake
[INFO] [stderr]   -- Check for working CXX compiler: /usr/bin/c++ - skipped
[INFO] [stderr]      Called from: [2]	/opt/rustwide/target/release/build/diffusion-rs-sys-dd99123b527dfb3e/out/stable-diffusion.cpp/CMakeLists.txt
[INFO] [stderr]                   [1]	/usr/share/cmake-4.2/Modules/CMakeTestCXXCompiler.cmake
[INFO] [stderr]   -- Detecting CXX compile features
[INFO] [stderr]      Called from: [3]	/opt/rustwide/target/release/build/diffusion-rs-sys-dd99123b527dfb3e/out/stable-diffusion.cpp/CMakeLists.txt
[INFO] [stderr]                   [2]	/usr/share/cmake-4.2/Modules/CMakeTestCXXCompiler.cmake
[INFO] [stderr]                   [1]	/usr/share/cmake-4.2/Modules/CMakeDetermineCompilerSupport.cmake
[INFO] [stderr]   -- Detecting CXX compile features - done
[INFO] [stderr]      Called from: [3]	/opt/rustwide/target/release/build/diffusion-rs-sys-dd99123b527dfb3e/out/stable-diffusion.cpp/CMakeLists.txt
[INFO] [stderr]                   [2]	/usr/share/cmake-4.2/Modules/CMakeTestCXXCompiler.cmake
[INFO] [stderr]                   [1]	/usr/share/cmake-4.2/Modules/CMakeDetermineCompilerSupport.cmake
[INFO] [stderr]   -- stable-diffusion.cpp version unknown
[INFO] [stderr]      Called from: [1]	/opt/rustwide/target/release/build/diffusion-rs-sys-dd99123b527dfb3e/out/stable-diffusion.cpp/CMakeLists.txt
[INFO] [stderr]   -- stable-diffusion.cpp commit unknown
[INFO] [stderr]      Called from: [1]	/opt/rustwide/target/release/build/diffusion-rs-sys-dd99123b527dfb3e/out/stable-diffusion.cpp/CMakeLists.txt
[INFO] [stderr]   -- The ASM compiler identification is GNU
[INFO] [stderr]      Called from: [2]	/opt/rustwide/target/release/build/diffusion-rs-sys-dd99123b527dfb3e/out/stable-diffusion.cpp/ggml/CMakeLists.txt
[INFO] [stderr]                   [1]	/usr/share/cmake-4.2/Modules/CMakeDetermineASMCompiler.cmake
[INFO] [stderr]   -- Found assembler: /usr/bin/cc
[INFO] [stderr]      Called from: [2]	/opt/rustwide/target/release/build/diffusion-rs-sys-dd99123b527dfb3e/out/stable-diffusion.cpp/ggml/CMakeLists.txt
[INFO] [stderr]                   [1]	/usr/share/cmake-4.2/Modules/CMakeDetermineASMCompiler.cmake
[INFO] [stderr]   -- Performing Test CMAKE_HAVE_LIBC_PTHREAD
[INFO] [stderr]      Called from: [5]	/opt/rustwide/target/release/build/diffusion-rs-sys-dd99123b527dfb3e/out/stable-diffusion.cpp/ggml/CMakeLists.txt
[INFO] [stderr]                   [4]	/usr/share/cmake-4.2/Modules/FindThreads.cmake
[INFO] [stderr]                   [3]	/usr/share/cmake-4.2/Modules/FindThreads.cmake
[INFO] [stderr]                   [2]	/usr/share/cmake-4.2/Modules/CheckCSourceCompiles.cmake
[INFO] [stderr]                   [1]	/usr/share/cmake-4.2/Modules/Internal/CheckSourceCompiles.cmake
[INFO] [stderr]   -- Performing Test CMAKE_HAVE_LIBC_PTHREAD - Success
[INFO] [stderr]      Called from: [5]	/opt/rustwide/target/release/build/diffusion-rs-sys-dd99123b527dfb3e/out/stable-diffusion.cpp/ggml/CMakeLists.txt
[INFO] [stderr]                   [4]	/usr/share/cmake-4.2/Modules/FindThreads.cmake
[INFO] [stderr]                   [3]	/usr/share/cmake-4.2/Modules/FindThreads.cmake
[INFO] [stderr]                   [2]	/usr/share/cmake-4.2/Modules/CheckCSourceCompiles.cmake
[INFO] [stderr]                   [1]	/usr/share/cmake-4.2/Modules/Internal/CheckSourceCompiles.cmake
[INFO] [stderr]   -- Found Threads: TRUE
[INFO] [stderr]      Called from: [4]	/opt/rustwide/target/release/build/diffusion-rs-sys-dd99123b527dfb3e/out/stable-diffusion.cpp/ggml/CMakeLists.txt
[INFO] [stderr]                   [3]	/usr/share/cmake-4.2/Modules/FindThreads.cmake
[INFO] [stderr]                   [2]	/usr/share/cmake-4.2/Modules/FindPackageHandleStandardArgs.cmake
[INFO] [stderr]                   [1]	/usr/share/cmake-4.2/Modules/FindPackageMessage.cmake
[INFO] [stderr]   -- Warning: ccache not found - consider installing it for faster compilation or disable this warning with GGML_CCACHE=OFF
[INFO] [stderr]      Called from: [1]	/opt/rustwide/target/release/build/diffusion-rs-sys-dd99123b527dfb3e/out/stable-diffusion.cpp/ggml/src/CMakeLists.txt
[INFO] [stderr]   -- CMAKE_SYSTEM_PROCESSOR: x86_64
[INFO] [stderr]      Called from: [1]	/opt/rustwide/target/release/build/diffusion-rs-sys-dd99123b527dfb3e/out/stable-diffusion.cpp/ggml/src/CMakeLists.txt
[INFO] [stderr]   -- GGML_SYSTEM_ARCH: x86
[INFO] [stderr]      Called from: [1]	/opt/rustwide/target/release/build/diffusion-rs-sys-dd99123b527dfb3e/out/stable-diffusion.cpp/ggml/src/CMakeLists.txt
[INFO] [stderr]   -- Including CPU backend
[INFO] [stderr]      Called from: [2]	/opt/rustwide/target/release/build/diffusion-rs-sys-dd99123b527dfb3e/out/stable-diffusion.cpp/ggml/src/CMakeLists.txt
[INFO] [stderr]                   [1]	/opt/rustwide/target/release/build/diffusion-rs-sys-dd99123b527dfb3e/out/stable-diffusion.cpp/ggml/src/CMakeLists.txt
[INFO] [stderr]   -- x86 detected
[INFO] [stderr]      Called from: [2]	/opt/rustwide/target/release/build/diffusion-rs-sys-dd99123b527dfb3e/out/stable-diffusion.cpp/ggml/src/CMakeLists.txt
[INFO] [stderr]                   [1]	/opt/rustwide/target/release/build/diffusion-rs-sys-dd99123b527dfb3e/out/stable-diffusion.cpp/ggml/src/ggml-cpu/CMakeLists.txt
[INFO] [stderr]   -- Adding CPU backend variant ggml-cpu: -march=native 
[INFO] [stderr]      Called from: [2]	/opt/rustwide/target/release/build/diffusion-rs-sys-dd99123b527dfb3e/out/stable-diffusion.cpp/ggml/src/CMakeLists.txt
[INFO] [stderr]                   [1]	/opt/rustwide/target/release/build/diffusion-rs-sys-dd99123b527dfb3e/out/stable-diffusion.cpp/ggml/src/ggml-cpu/CMakeLists.txt
[INFO] [stderr]   -- ggml version: 0.12.0
[INFO] [stderr]      Called from: [1]	/opt/rustwide/target/release/build/diffusion-rs-sys-dd99123b527dfb3e/out/stable-diffusion.cpp/ggml/CMakeLists.txt
[INFO] [stderr]   -- ggml commit:  unknown
[INFO] [stderr]      Called from: [1]	/opt/rustwide/target/release/build/diffusion-rs-sys-dd99123b527dfb3e/out/stable-diffusion.cpp/ggml/CMakeLists.txt
[INFO] [stderr]   -- Configuring done (2.4s)
[INFO] [stderr]   -- Generating /opt/rustwide/target/release/build/diffusion-rs-sys-dd99123b527dfb3e/out/build
[INFO] [stderr]      Called from: [1]	/opt/rustwide/target/release/build/diffusion-rs-sys-dd99123b527dfb3e/out/stable-diffusion.cpp/CMakeLists.txt
[INFO] [stderr]   -- Generating /opt/rustwide/target/release/build/diffusion-rs-sys-dd99123b527dfb3e/out/build/ggml
[INFO] [stderr]      Called from: [1]	/opt/rustwide/target/release/build/diffusion-rs-sys-dd99123b527dfb3e/out/stable-diffusion.cpp/ggml/CMakeLists.txt
[INFO] [stderr]   -- Generating /opt/rustwide/target/release/build/diffusion-rs-sys-dd99123b527dfb3e/out/build/ggml/src
[INFO] [stderr]      Called from: [1]	/opt/rustwide/target/release/build/diffusion-rs-sys-dd99123b527dfb3e/out/stable-diffusion.cpp/ggml/src/CMakeLists.txt
[INFO] [stderr]   -- Generating /opt/rustwide/target/release/build/diffusion-rs-sys-dd99123b527dfb3e/out/build/ggml/src/ggml-cpu
[INFO] [stderr]      Called from: [1]	/opt/rustwide/target/release/build/diffusion-rs-sys-dd99123b527dfb3e/out/stable-diffusion.cpp/ggml/src/ggml-cpu/CMakeLists.txt
[INFO] [stderr]   -- Generating /opt/rustwide/target/release/build/diffusion-rs-sys-dd99123b527dfb3e/out/build/thirdparty
[INFO] [stderr]      Called from: [1]	/opt/rustwide/target/release/build/diffusion-rs-sys-dd99123b527dfb3e/out/stable-diffusion.cpp/thirdparty/CMakeLists.txt
[INFO] [stderr]   -- Generating done (0.1s)
[INFO] [stderr]   -- Build files have been written to: /opt/rustwide/target/release/build/diffusion-rs-sys-dd99123b527dfb3e/out/build
[INFO] [stderr]   Change Dir: '/opt/rustwide/target/release/build/diffusion-rs-sys-dd99123b527dfb3e/out/build'
[INFO] [stderr] 
[INFO] [stderr]   Run Build Command(s): /usr/bin/cmake -E env VERBOSE=1 /usr/bin/gmake -f Makefile install
[INFO] [stderr]   /usr/bin/cmake -P /opt/rustwide/target/release/build/diffusion-rs-sys-dd99123b527dfb3e/out/build/CMakeFiles/VerifyGlobs.cmake
[INFO] [stderr]   /usr/bin/cmake -S/opt/rustwide/target/release/build/diffusion-rs-sys-dd99123b527dfb3e/out/stable-diffusion.cpp -B/opt/rustwide/target/release/build/diffusion-rs-sys-dd99123b527dfb3e/out/build --check-build-system CMakeFiles/Makefile.cmake 0
[INFO] [stderr]   /usr/bin/cmake -E cmake_progress_start /opt/rustwide/target/release/build/diffusion-rs-sys-dd99123b527dfb3e/out/build/CMakeFiles /opt/rustwide/target/release/build/diffusion-rs-sys-dd99123b527dfb3e/out/build//CMakeFiles/progress.marks
[INFO] [stderr]   /usr/bin/gmake  -f CMakeFiles/Makefile2 all
[INFO] [stderr]   gmake[1]: Entering directory '/opt/rustwide/target/release/build/diffusion-rs-sys-dd99123b527dfb3e/out/build'
[INFO] [stderr]   /usr/bin/gmake  -f thirdparty/CMakeFiles/zip.dir/build.make thirdparty/CMakeFiles/zip.dir/depend
[INFO] [stderr]   gmake[2]: Entering directory '/opt/rustwide/target/release/build/diffusion-rs-sys-dd99123b527dfb3e/out/build'
[INFO] [stderr]   cd /opt/rustwide/target/release/build/diffusion-rs-sys-dd99123b527dfb3e/out/build && /usr/bin/cmake -E cmake_depends "Unix Makefiles" /opt/rustwide/target/release/build/diffusion-rs-sys-dd99123b527dfb3e/out/stable-diffusion.cpp /opt/rustwide/target/release/build/diffusion-rs-sys-dd99123b527dfb3e/out/stable-diffusion.cpp/thirdparty /opt/rustwide/target/release/build/diffusion-rs-sys-dd99123b527dfb3e/out/build /opt/rustwide/target/release/build/diffusion-rs-sys-dd99123b527dfb3e/out/build/thirdparty /opt/rustwide/target/release/build/diffusion-rs-sys-dd99123b527dfb3e/out/build/thirdparty/CMakeFiles/zip.dir/DependInfo.cmake "--color=" zip
[INFO] [stderr]   /usr/bin/gmake  -f ggml/src/CMakeFiles/ggml-base.dir/build.make ggml/src/CMakeFiles/ggml-base.dir/depend
[INFO] [stderr]   gmake[2]: Entering directory '/opt/rustwide/target/release/build/diffusion-rs-sys-dd99123b527dfb3e/out/build'
[INFO] [stderr]   cd /opt/rustwide/target/release/build/diffusion-rs-sys-dd99123b527dfb3e/out/build && /usr/bin/cmake -E cmake_depends "Unix Makefiles" /opt/rustwide/target/release/build/diffusion-rs-sys-dd99123b527dfb3e/out/stable-diffusion.cpp /opt/rustwide/target/release/build/diffusion-rs-sys-dd99123b527dfb3e/out/stable-diffusion.cpp/ggml/src /opt/rustwide/target/release/build/diffusion-rs-sys-dd99123b527dfb3e/out/build /opt/rustwide/target/release/build/diffusion-rs-sys-dd99123b527dfb3e/out/build/ggml/src /opt/rustwide/target/release/build/diffusion-rs-sys-dd99123b527dfb3e/out/build/ggml/src/CMakeFiles/ggml-base.dir/DependInfo.cmake "--color=" ggml-base
[INFO] [stderr]   gmake[2]: Leaving directory '/opt/rustwide/target/release/build/diffusion-rs-sys-dd99123b527dfb3e/out/build'
[INFO] [stderr]   /usr/bin/gmake  -f thirdparty/CMakeFiles/zip.dir/build.make thirdparty/CMakeFiles/zip.dir/build
[INFO] [stderr]   gmake[2]: Entering directory '/opt/rustwide/target/release/build/diffusion-rs-sys-dd99123b527dfb3e/out/build'
[INFO] [stderr]   [  1%] Building C object thirdparty/CMakeFiles/zip.dir/zip.c.o
[INFO] [stderr]   cd /opt/rustwide/target/release/build/diffusion-rs-sys-dd99123b527dfb3e/out/build/thirdparty && /usr/bin/cc -DGGML_MAX_NAME=128 -I/opt/rustwide/target/release/build/diffusion-rs-sys-dd99123b527dfb3e/out/stable-diffusion.cpp/thirdparty/. -ffunction-sections -fdata-sections -fPIC -m64 -w -O3 -DNDEBUG -std=gnu11 -MD -MT thirdparty/CMakeFiles/zip.dir/zip.c.o -MF CMakeFiles/zip.dir/zip.c.o.d -o CMakeFiles/zip.dir/zip.c.o -c /opt/rustwide/target/release/build/diffusion-rs-sys-dd99123b527dfb3e/out/stable-diffusion.cpp/thirdparty/zip.c
[INFO] [stderr]   gmake[2]: Leaving directory '/opt/rustwide/target/release/build/diffusion-rs-sys-dd99123b527dfb3e/out/build'
[INFO] [stderr]   /usr/bin/gmake  -f ggml/src/CMakeFiles/ggml-base.dir/build.make ggml/src/CMakeFiles/ggml-base.dir/build
[INFO] [stderr]   gmake[2]: Entering directory '/opt/rustwide/target/release/build/diffusion-rs-sys-dd99123b527dfb3e/out/build'
[INFO] [stderr]   [  3%] Building CXX object ggml/src/CMakeFiles/ggml-base.dir/ggml-backend-meta.cpp.o
[INFO] [stderr]   [  5%] Building C object ggml/src/CMakeFiles/ggml-base.dir/ggml-alloc.c.o
[INFO] [stderr]   cd /opt/rustwide/target/release/build/diffusion-rs-sys-dd99123b527dfb3e/out/build/ggml/src && /usr/bin/c++ -DGGML_COMMIT=\"unknown\" -DGGML_MAX_NAME=128 -DGGML_SCHED_MAX_COPIES=4 -DGGML_VERSION=\"0.12.0\" -D_GNU_SOURCE -D_XOPEN_SOURCE=600 -I/opt/rustwide/target/release/build/diffusion-rs-sys-dd99123b527dfb3e/out/stable-diffusion.cpp/ggml/src/. -I/opt/rustwide/target/release/build/diffusion-rs-sys-dd99123b527dfb3e/out/stable-diffusion.cpp/ggml/src/../include -ffunction-sections -fdata-sections -fPIC -m64 -w -O3 -DNDEBUG -std=gnu++17 -Wmissing-declarations -Wmissing-noreturn -Wall -Wextra -Wpedantic -Wcast-qual -Wno-unused-function -Wno-array-bounds -Wextra-semi -MD -MT ggml/src/CMakeFiles/ggml-base.dir/ggml-backend-meta.cpp.o -MF CMakeFiles/ggml-base.dir/ggml-backend-meta.cpp.o.d -o CMakeFiles/ggml-base.dir/ggml-backend-meta.cpp.o -c /opt/rustwide/target/release/build/diffusion-rs-sys-dd99123b527dfb3e/out/stable-diffusion.cpp/ggml/src/ggml-backend-meta.cpp
[INFO] [stderr]   [  6%] Building C object ggml/src/CMakeFiles/ggml-base.dir/ggml-quants.c.o
[INFO] [stderr]   cd /opt/rustwide/target/release/build/diffusion-rs-sys-dd99123b527dfb3e/out/build/ggml/src && /usr/bin/cc -DGGML_COMMIT=\"unknown\" -DGGML_MAX_NAME=128 -DGGML_SCHED_MAX_COPIES=4 -DGGML_VERSION=\"0.12.0\" -D_GNU_SOURCE -D_XOPEN_SOURCE=600 -I/opt/rustwide/target/release/build/diffusion-rs-sys-dd99123b527dfb3e/out/stable-diffusion.cpp/ggml/src/. -I/opt/rustwide/target/release/build/diffusion-rs-sys-dd99123b527dfb3e/out/stable-diffusion.cpp/ggml/src/../include -ffunction-sections -fdata-sections -fPIC -m64 -w -O3 -DNDEBUG -std=gnu11 -Wshadow -Wstrict-prototypes -Wpointer-arith -Wmissing-prototypes -Werror=implicit-int -Werror=implicit-function-declaration -Wall -Wextra -Wpedantic -Wcast-qual -Wno-unused-function -Wdouble-promotion -MD -MT ggml/src/CMakeFiles/ggml-base.dir/ggml-quants.c.o -MF CMakeFiles/ggml-base.dir/ggml-quants.c.o.d -o CMakeFiles/ggml-base.dir/ggml-quants.c.o -c /opt/rustwide/target/release/build/diffusion-rs-sys-dd99123b527dfb3e/out/stable-diffusion.cpp/ggml/src/ggml-quants.c
[INFO] [stderr]   [  8%] Building CXX object ggml/src/CMakeFiles/ggml-base.dir/ggml.cpp.o
[INFO] [stderr]   cd /opt/rustwide/target/release/build/diffusion-rs-sys-dd99123b527dfb3e/out/build/ggml/src && /usr/bin/cc -DGGML_COMMIT=\"unknown\" -DGGML_MAX_NAME=128 -DGGML_SCHED_MAX_COPIES=4 -DGGML_VERSION=\"0.12.0\" -D_GNU_SOURCE -D_XOPEN_SOURCE=600 -I/opt/rustwide/target/release/build/diffusion-rs-sys-dd99123b527dfb3e/out/stable-diffusion.cpp/ggml/src/. -I/opt/rustwide/target/release/build/diffusion-rs-sys-dd99123b527dfb3e/out/stable-diffusion.cpp/ggml/src/../include -ffunction-sections -fdata-sections -fPIC -m64 -w -O3 -DNDEBUG -std=gnu11 -Wshadow -Wstrict-prototypes -Wpointer-arith -Wmissing-prototypes -Werror=implicit-int -Werror=implicit-function-declaration -Wall -Wextra -Wpedantic -Wcast-qual -Wno-unused-function -Wdouble-promotion -MD -MT ggml/src/CMakeFiles/ggml-base.dir/ggml-alloc.c.o -MF CMakeFiles/ggml-base.dir/ggml-alloc.c.o.d -o CMakeFiles/ggml-base.dir/ggml-alloc.c.o -c /opt/rustwide/target/release/build/diffusion-rs-sys-dd99123b527dfb3e/out/stable-diffusion.cpp/ggml/src/ggml-alloc.c
[INFO] [stderr]   cd /opt/rustwide/target/release/build/diffusion-rs-sys-dd99123b527dfb3e/out/build/ggml/src && /usr/bin/c++ -DGGML_COMMIT=\"unknown\" -DGGML_MAX_NAME=128 -DGGML_SCHED_MAX_COPIES=4 -DGGML_VERSION=\"0.12.0\" -D_GNU_SOURCE -D_XOPEN_SOURCE=600 -I/opt/rustwide/target/release/build/diffusion-rs-sys-dd99123b527dfb3e/out/stable-diffusion.cpp/ggml/src/. -I/opt/rustwide/target/release/build/diffusion-rs-sys-dd99123b527dfb3e/out/stable-diffusion.cpp/ggml/src/../include -ffunction-sections -fdata-sections -fPIC -m64 -w -O3 -DNDEBUG -std=gnu++17 -Wmissing-declarations -Wmissing-noreturn -Wall -Wextra -Wpedantic -Wcast-qual -Wno-unused-function -Wno-array-bounds -Wextra-semi -MD -MT ggml/src/CMakeFiles/ggml-base.dir/ggml.cpp.o -MF CMakeFiles/ggml-base.dir/ggml.cpp.o.d -o CMakeFiles/ggml-base.dir/ggml.cpp.o -c /opt/rustwide/target/release/build/diffusion-rs-sys-dd99123b527dfb3e/out/stable-diffusion.cpp/ggml/src/ggml.cpp
[INFO] [stderr]   [ 10%] Building CXX object ggml/src/CMakeFiles/ggml-base.dir/ggml-backend.cpp.o
[INFO] [stderr]   [ 12%] Building CXX object ggml/src/CMakeFiles/ggml-base.dir/ggml-threading.cpp.o
[INFO] [stderr]   cd /opt/rustwide/target/release/build/diffusion-rs-sys-dd99123b527dfb3e/out/build/ggml/src && /usr/bin/c++ -DGGML_COMMIT=\"unknown\" -DGGML_MAX_NAME=128 -DGGML_SCHED_MAX_COPIES=4 -DGGML_VERSION=\"0.12.0\" -D_GNU_SOURCE -D_XOPEN_SOURCE=600 -I/opt/rustwide/target/release/build/diffusion-rs-sys-dd99123b527dfb3e/out/stable-diffusion.cpp/ggml/src/. -I/opt/rustwide/target/release/build/diffusion-rs-sys-dd99123b527dfb3e/out/stable-diffusion.cpp/ggml/src/../include -ffunction-sections -fdata-sections -fPIC -m64 -w -O3 -DNDEBUG -std=gnu++17 -Wmissing-declarations -Wmissing-noreturn -Wall -Wextra -Wpedantic -Wcast-qual -Wno-unused-function -Wno-array-bounds -Wextra-semi -MD -MT ggml/src/CMakeFiles/ggml-base.dir/ggml-backend.cpp.o -MF CMakeFiles/ggml-base.dir/ggml-backend.cpp.o.d -o CMakeFiles/ggml-base.dir/ggml-backend.cpp.o -c /opt/rustwide/target/release/build/diffusion-rs-sys-dd99123b527dfb3e/out/stable-diffusion.cpp/ggml/src/ggml-backend.cpp
[INFO] [stderr]   cd /opt/rustwide/target/release/build/diffusion-rs-sys-dd99123b527dfb3e/out/build/ggml/src && /usr/bin/c++ -DGGML_COMMIT=\"unknown\" -DGGML_MAX_NAME=128 -DGGML_SCHED_MAX_COPIES=4 -DGGML_VERSION=\"0.12.0\" -D_GNU_SOURCE -D_XOPEN_SOURCE=600 -I/opt/rustwide/target/release/build/diffusion-rs-sys-dd99123b527dfb3e/out/stable-diffusion.cpp/ggml/src/. -I/opt/rustwide/target/release/build/diffusion-rs-sys-dd99123b527dfb3e/out/stable-diffusion.cpp/ggml/src/../include -ffunction-sections -fdata-sections -fPIC -m64 -w -O3 -DNDEBUG -std=gnu++17 -Wmissing-declarations -Wmissing-noreturn -Wall -Wextra -Wpedantic -Wcast-qual -Wno-unused-function -Wno-array-bounds -Wextra-semi -MD -MT ggml/src/CMakeFiles/ggml-base.dir/ggml-threading.cpp.o -MF CMakeFiles/ggml-base.dir/ggml-threading.cpp.o.d -o CMakeFiles/ggml-base.dir/ggml-threading.cpp.o -c /opt/rustwide/target/release/build/diffusion-rs-sys-dd99123b527dfb3e/out/stable-diffusion.cpp/ggml/src/ggml-threading.cpp
[INFO] [stderr]   [ 13%] Building CXX object ggml/src/CMakeFiles/ggml-base.dir/gguf.cpp.o
[INFO] [stderr]   cd /opt/rustwide/target/release/build/diffusion-rs-sys-dd99123b527dfb3e/out/build/ggml/src && /usr/bin/c++ -DGGML_COMMIT=\"unknown\" -DGGML_MAX_NAME=128 -DGGML_SCHED_MAX_COPIES=4 -DGGML_VERSION=\"0.12.0\" -D_GNU_SOURCE -D_XOPEN_SOURCE=600 -I/opt/rustwide/target/release/build/diffusion-rs-sys-dd99123b527dfb3e/out/stable-diffusion.cpp/ggml/src/. -I/opt/rustwide/target/release/build/diffusion-rs-sys-dd99123b527dfb3e/out/stable-diffusion.cpp/ggml/src/../include -ffunction-sections -fdata-sections -fPIC -m64 -w -O3 -DNDEBUG -std=gnu++17 -Wmissing-declarations -Wmissing-noreturn -Wall -Wextra -Wpedantic -Wcast-qual -Wno-unused-function -Wno-array-bounds -Wextra-semi -MD -MT ggml/src/CMakeFiles/ggml-base.dir/gguf.cpp.o -MF CMakeFiles/ggml-base.dir/gguf.cpp.o.d -o CMakeFiles/ggml-base.dir/gguf.cpp.o -c /opt/rustwide/target/release/build/diffusion-rs-sys-dd99123b527dfb3e/out/stable-diffusion.cpp/ggml/src/gguf.cpp
[INFO] [stderr]   [ 15%] Building C object ggml/src/CMakeFiles/ggml-base.dir/ggml.c.o
[INFO] [stderr]   [ 17%] Building CXX object ggml/src/CMakeFiles/ggml-base.dir/ggml-opt.cpp.o
[INFO] [stderr]   cd /opt/rustwide/target/release/build/diffusion-rs-sys-dd99123b527dfb3e/out/build/ggml/src && /usr/bin/cc -DGGML_COMMIT=\"unknown\" -DGGML_MAX_NAME=128 -DGGML_SCHED_MAX_COPIES=4 -DGGML_VERSION=\"0.12.0\" -D_GNU_SOURCE -D_XOPEN_SOURCE=600 -I/opt/rustwide/target/release/build/diffusion-rs-sys-dd99123b527dfb3e/out/stable-diffusion.cpp/ggml/src/. -I/opt/rustwide/target/release/build/diffusion-rs-sys-dd99123b527dfb3e/out/stable-diffusion.cpp/ggml/src/../include -ffunction-sections -fdata-sections -fPIC -m64 -w -O3 -DNDEBUG -std=gnu11 -Wshadow -Wstrict-prototypes -Wpointer-arith -Wmissing-prototypes -Werror=implicit-int -Werror=implicit-function-declaration -Wall -Wextra -Wpedantic -Wcast-qual -Wno-unused-function -Wdouble-promotion -MD -MT ggml/src/CMakeFiles/ggml-base.dir/ggml.c.o -MF CMakeFiles/ggml-base.dir/ggml.c.o.d -o CMakeFiles/ggml-base.dir/ggml.c.o -c /opt/rustwide/target/release/build/diffusion-rs-sys-dd99123b527dfb3e/out/stable-diffusion.cpp/ggml/src/ggml.c
[INFO] [stderr]   cd /opt/rustwide/target/release/build/diffusion-rs-sys-dd99123b527dfb3e/out/build/ggml/src && /usr/bin/c++ -DGGML_COMMIT=\"unknown\" -DGGML_MAX_NAME=128 -DGGML_SCHED_MAX_COPIES=4 -DGGML_VERSION=\"0.12.0\" -D_GNU_SOURCE -D_XOPEN_SOURCE=600 -I/opt/rustwide/target/release/build/diffusion-rs-sys-dd99123b527dfb3e/out/stable-diffusion.cpp/ggml/src/. -I/opt/rustwide/target/release/build/diffusion-rs-sys-dd99123b527dfb3e/out/stable-diffusion.cpp/ggml/src/../include -ffunction-sections -fdata-sections -fPIC -m64 -w -O3 -DNDEBUG -std=gnu++17 -Wmissing-declarations -Wmissing-noreturn -Wall -Wextra -Wpedantic -Wcast-qual -Wno-unused-function -Wno-array-bounds -Wextra-semi -MD -MT ggml/src/CMakeFiles/ggml-base.dir/ggml-opt.cpp.o -MF CMakeFiles/ggml-base.dir/ggml-opt.cpp.o.d -o CMakeFiles/ggml-base.dir/ggml-opt.cpp.o -c /opt/rustwide/target/release/build/diffusion-rs-sys-dd99123b527dfb3e/out/stable-diffusion.cpp/ggml/src/ggml-opt.cpp
[INFO] [stderr]   gmake[2]: Leaving directory '/opt/rustwide/target/release/build/diffusion-rs-sys-dd99123b527dfb3e/out/build'
[INFO] [stderr]   [ 17%] Built target zip
[INFO] [stderr]   [ 18%] Linking CXX static library libggml-base.a
[INFO] [stderr]   cd /opt/rustwide/target/release/build/diffusion-rs-sys-dd99123b527dfb3e/out/build/ggml/src && /usr/bin/cmake -P CMakeFiles/ggml-base.dir/cmake_clean_target.cmake
[INFO] [stderr]   cd /opt/rustwide/target/release/build/diffusion-rs-sys-dd99123b527dfb3e/out/build/ggml/src && /usr/bin/cmake -E cmake_link_script CMakeFiles/ggml-base.dir/link.txt --verbose=1
[INFO] [stderr]   /usr/bin/ar qc libggml-base.a "CMakeFiles/ggml-base.dir/ggml.c.o" "CMakeFiles/ggml-base.dir/ggml.cpp.o" "CMakeFiles/ggml-base.dir/ggml-alloc.c.o" "CMakeFiles/ggml-base.dir/ggml-backend.cpp.o" "CMakeFiles/ggml-base.dir/ggml-backend-meta.cpp.o" "CMakeFiles/ggml-base.dir/ggml-opt.cpp.o" "CMakeFiles/ggml-base.dir/ggml-threading.cpp.o" "CMakeFiles/ggml-base.dir/ggml-quants.c.o" "CMakeFiles/ggml-base.dir/gguf.cpp.o"
[INFO] [stderr]   /usr/bin/ranlib libggml-base.a
[INFO] [stderr]   gmake[2]: Leaving directory '/opt/rustwide/target/release/build/diffusion-rs-sys-dd99123b527dfb3e/out/build'
[INFO] [stderr]   [ 18%] Built target ggml-base
[INFO] [stderr]   /usr/bin/gmake  -f ggml/src/CMakeFiles/ggml-cpu.dir/build.make ggml/src/CMakeFiles/ggml-cpu.dir/depend
[INFO] [stderr]   gmake[2]: Entering directory '/opt/rustwide/target/release/build/diffusion-rs-sys-dd99123b527dfb3e/out/build'
[INFO] [stderr]   cd /opt/rustwide/target/release/build/diffusion-rs-sys-dd99123b527dfb3e/out/build && /usr/bin/cmake -E cmake_depends "Unix Makefiles" /opt/rustwide/target/release/build/diffusion-rs-sys-dd99123b527dfb3e/out/stable-diffusion.cpp /opt/rustwide/target/release/build/diffusion-rs-sys-dd99123b527dfb3e/out/stable-diffusion.cpp/ggml/src /opt/rustwide/target/release/build/diffusion-rs-sys-dd99123b527dfb3e/out/build /opt/rustwide/target/release/build/diffusion-rs-sys-dd99123b527dfb3e/out/build/ggml/src /opt/rustwide/target/release/build/diffusion-rs-sys-dd99123b527dfb3e/out/build/ggml/src/CMakeFiles/ggml-cpu.dir/DependInfo.cmake "--color=" ggml-cpu
[INFO] [stderr]   gmake[2]: Leaving directory '/opt/rustwide/target/release/build/diffusion-rs-sys-dd99123b527dfb3e/out/build'
[INFO] [stderr]   /usr/bin/gmake  -f ggml/src/CMakeFiles/ggml-cpu.dir/build.make ggml/src/CMakeFiles/ggml-cpu.dir/build
[INFO] [stderr]   gmake[2]: Entering directory '/opt/rustwide/target/release/build/diffusion-rs-sys-dd99123b527dfb3e/out/build'
[INFO] [stderr]   [ 20%] Building CXX object ggml/src/CMakeFiles/ggml-cpu.dir/ggml-cpu/ggml-cpu.cpp.o
[INFO] [stderr]   [ 22%] Building C object ggml/src/CMakeFiles/ggml-cpu.dir/ggml-cpu/ggml-cpu.c.o
[INFO] [stderr]   cd /opt/rustwide/target/release/build/diffusion-rs-sys-dd99123b527dfb3e/out/build/ggml/src && /usr/bin/c++ -DGGML_MAX_NAME=128 -DGGML_SCHED_MAX_COPIES=4 -DGGML_USE_CPU_REPACK -D_GNU_SOURCE -D_XOPEN_SOURCE=600 -I/opt/rustwide/target/release/build/diffusion-rs-sys-dd99123b527dfb3e/out/stable-diffusion.cpp/ggml/src/.. -I/opt/rustwide/target/release/build/diffusion-rs-sys-dd99123b527dfb3e/out/stable-diffusion.cpp/ggml/src/. -I/opt/rustwide/target/release/build/diffusion-rs-sys-dd99123b527dfb3e/out/stable-diffusion.cpp/ggml/src/ggml-cpu -I/opt/rustwide/target/release/build/diffusion-rs-sys-dd99123b527dfb3e/out/stable-diffusion.cpp/ggml/src/../include -ffunction-sections -fdata-sections -fPIC -m64 -w -O3 -DNDEBUG -std=gnu++17 -Wmissing-declarations -Wmissing-noreturn -Wall -Wextra -Wpedantic -Wcast-qual -Wno-unused-function -Wno-array-bounds -Wextra-semi -march=native -MD -MT ggml/src/CMakeFiles/ggml-cpu.dir/ggml-cpu/ggml-cpu.cpp.o -MF CMakeFiles/ggml-cpu.dir/ggml-cpu/ggml-cpu.cpp.o.d -o CMakeFiles/ggml-cpu.dir/ggml-cpu/ggml-cpu.cpp.o -c /opt/rustwide/target/release/build/diffusion-rs-sys-dd99123b527dfb3e/out/stable-diffusion.cpp/ggml/src/ggml-cpu/ggml-cpu.cpp
[INFO] [stderr]   cd /opt/rustwide/target/release/build/diffusion-rs-sys-dd99123b527dfb3e/out/build/ggml/src && /usr/bin/cc -DGGML_MAX_NAME=128 -DGGML_SCHED_MAX_COPIES=4 -DGGML_USE_CPU_REPACK -D_GNU_SOURCE -D_XOPEN_SOURCE=600 -I/opt/rustwide/target/release/build/diffusion-rs-sys-dd99123b527dfb3e/out/stable-diffusion.cpp/ggml/src/.. -I/opt/rustwide/target/release/build/diffusion-rs-sys-dd99123b527dfb3e/out/stable-diffusion.cpp/ggml/src/. -I/opt/rustwide/target/release/build/diffusion-rs-sys-dd99123b527dfb3e/out/stable-diffusion.cpp/ggml/src/ggml-cpu -I/opt/rustwide/target/release/build/diffusion-rs-sys-dd99123b527dfb3e/out/stable-diffusion.cpp/ggml/src/../include -ffunction-sections -fdata-sections -fPIC -m64 -w -O3 -DNDEBUG -std=gnu11 -Wshadow -Wstrict-prototypes -Wpointer-arith -Wmissing-prototypes -Werror=implicit-int -Werror=implicit-function-declaration -Wall -Wextra -Wpedantic -Wcast-qual -Wno-unused-function -Wdouble-promotion -march=native -MD -MT ggml/src/CMakeFiles/ggml-cpu.dir/ggml-cpu/ggml-cpu.c.o -MF CMakeFiles/ggml-cpu.dir/ggml-cpu/ggml-cpu.c.o.d -o CMakeFiles/ggml-cpu.dir/ggml-cpu/ggml-cpu.c.o -c /opt/rustwide/target/release/build/diffusion-rs-sys-dd99123b527dfb3e/out/stable-diffusion.cpp/ggml/src/ggml-cpu/ggml-cpu.c
[INFO] [stderr]   [ 25%] Building C object ggml/src/CMakeFiles/ggml-cpu.dir/ggml-cpu/quants.c.o
[INFO] [stderr]   [ 25%] Building CXX object ggml/src/CMakeFiles/ggml-cpu.dir/ggml-cpu/traits.cpp.o
[INFO] [stderr]   [ 27%] Building CXX object ggml/src/CMakeFiles/ggml-cpu.dir/ggml-cpu/arch/x86/repack.cpp.o
[INFO] [stderr]   cd /opt/rustwide/target/release/build/diffusion-rs-sys-dd99123b527dfb3e/out/build/ggml/src && /usr/bin/c++ -DGGML_MAX_NAME=128 -DGGML_SCHED_MAX_COPIES=4 -DGGML_USE_CPU_REPACK -D_GNU_SOURCE -D_XOPEN_SOURCE=600 -I/opt/rustwide/target/release/build/diffusion-rs-sys-dd99123b527dfb3e/out/stable-diffusion.cpp/ggml/src/.. -I/opt/rustwide/target/release/build/diffusion-rs-sys-dd99123b527dfb3e/out/stable-diffusion.cpp/ggml/src/. -I/opt/rustwide/target/release/build/diffusion-rs-sys-dd99123b527dfb3e/out/stable-diffusion.cpp/ggml/src/ggml-cpu -I/opt/rustwide/target/release/build/diffusion-rs-sys-dd99123b527dfb3e/out/stable-diffusion.cpp/ggml/src/../include -ffunction-sections -fdata-sections -fPIC -m64 -w -O3 -DNDEBUG -std=gnu++17 -Wmissing-declarations -Wmissing-noreturn -Wall -Wextra -Wpedantic -Wcast-qual -Wno-unused-function -Wno-array-bounds -Wextra-semi -march=native -MD -MT ggml/src/CMakeFiles/ggml-cpu.dir/ggml-cpu/arch/x86/repack.cpp.o -MF CMakeFiles/ggml-cpu.dir/ggml-cpu/arch/x86/repack.cpp.o.d -o CMakeFiles/ggml-cpu.dir/ggml-cpu/arch/x86/repack.cpp.o -c /opt/rustwide/target/release/build/diffusion-rs-sys-dd99123b527dfb3e/out/stable-diffusion.cpp/ggml/src/ggml-cpu/arch/x86/repack.cpp
[INFO] [stderr]   cd /opt/rustwide/target/release/build/diffusion-rs-sys-dd99123b527dfb3e/out/build/ggml/src && /usr/bin/cc -DGGML_MAX_NAME=128 -DGGML_SCHED_MAX_COPIES=4 -DGGML_USE_CPU_REPACK -D_GNU_SOURCE -D_XOPEN_SOURCE=600 -I/opt/rustwide/target/release/build/diffusion-rs-sys-dd99123b527dfb3e/out/stable-diffusion.cpp/ggml/src/.. -I/opt/rustwide/target/release/build/diffusion-rs-sys-dd99123b527dfb3e/out/stable-diffusion.cpp/ggml/src/. -I/opt/rustwide/target/release/build/diffusion-rs-sys-dd99123b527dfb3e/out/stable-diffusion.cpp/ggml/src/ggml-cpu -I/opt/rustwide/target/release/build/diffusion-rs-sys-dd99123b527dfb3e/out/stable-diffusion.cpp/ggml/src/../include -ffunction-sections -fdata-sections -fPIC -m64 -w -O3 -DNDEBUG -std=gnu11 -Wshadow -Wstrict-prototypes -Wpointer-arith -Wmissing-prototypes -Werror=implicit-int -Werror=implicit-function-declaration -Wall -Wextra -Wpedantic -Wcast-qual -Wno-unused-function -Wdouble-promotion -march=native -MD -MT ggml/src/CMakeFiles/ggml-cpu.dir/ggml-cpu/quants.c.o -MF CMakeFiles/ggml-cpu.dir/ggml-cpu/quants.c.o.d -o CMakeFiles/ggml-cpu.dir/ggml-cpu/quants.c.o -c /opt/rustwide/target/release/build/diffusion-rs-sys-dd99123b527dfb3e/out/stable-diffusion.cpp/ggml/src/ggml-cpu/quants.c
[INFO] [stderr]   [ 29%] Building CXX object ggml/src/CMakeFiles/ggml-cpu.dir/ggml-cpu/amx/mmq.cpp.o
[INFO] [stderr]   [ 31%] Building CXX object ggml/src/CMakeFiles/ggml-cpu.dir/ggml-cpu/hbm.cpp.o
[INFO] [stderr]   cd /opt/rustwide/target/release/build/diffusion-rs-sys-dd99123b527dfb3e/out/build/ggml/src && /usr/bin/c++ -DGGML_MAX_NAME=128 -DGGML_SCHED_MAX_COPIES=4 -DGGML_USE_CPU_REPACK -D_GNU_SOURCE -D_XOPEN_SOURCE=600 -I/opt/rustwide/target/release/build/diffusion-rs-sys-dd99123b527dfb3e/out/stable-diffusion.cpp/ggml/src/.. -I/opt/rustwide/target/release/build/diffusion-rs-sys-dd99123b527dfb3e/out/stable-diffusion.cpp/ggml/src/. -I/opt/rustwide/target/release/build/diffusion-rs-sys-dd99123b527dfb3e/out/stable-diffusion.cpp/ggml/src/ggml-cpu -I/opt/rustwide/target/release/build/diffusion-rs-sys-dd99123b527dfb3e/out/stable-diffusion.cpp/ggml/src/../include -ffunction-sections -fdata-sections -fPIC -m64 -w -O3 -DNDEBUG -std=gnu++17 -Wmissing-declarations -Wmissing-noreturn -Wall -Wextra -Wpedantic -Wcast-qual -Wno-unused-function -Wno-array-bounds -Wextra-semi -march=native -MD -MT ggml/src/CMakeFiles/ggml-cpu.dir/ggml-cpu/traits.cpp.o -MF CMakeFiles/ggml-cpu.dir/ggml-cpu/traits.cpp.o.d -o CMakeFiles/ggml-cpu.dir/ggml-cpu/traits.cpp.o -c /opt/rustwide/target/release/build/diffusion-rs-sys-dd99123b527dfb3e/out/stable-diffusion.cpp/ggml/src/ggml-cpu/traits.cpp
[INFO] [stderr]   [ 32%] Building CXX object ggml/src/CMakeFiles/ggml-cpu.dir/ggml-cpu/binary-ops.cpp.o
[INFO] [stderr]   [ 34%] Building CXX object ggml/src/CMakeFiles/ggml-cpu.dir/ggml-cpu/unary-ops.cpp.o
[INFO] [stderr]   cd /opt/rustwide/target/release/build/diffusion-rs-sys-dd99123b527dfb3e/out/build/ggml/src && /usr/bin/c++ -DGGML_MAX_NAME=128 -DGGML_SCHED_MAX_COPIES=4 -DGGML_USE_CPU_REPACK -D_GNU_SOURCE -D_XOPEN_SOURCE=600 -I/opt/rustwide/target/release/build/diffusion-rs-sys-dd99123b527dfb3e/out/stable-diffusion.cpp/ggml/src/.. -I/opt/rustwide/target/release/build/diffusion-rs-sys-dd99123b527dfb3e/out/stable-diffusion.cpp/ggml/src/. -I/opt/rustwide/target/release/build/diffusion-rs-sys-dd99123b527dfb3e/out/stable-diffusion.cpp/ggml/src/ggml-cpu -I/opt/rustwide/target/release/build/diffusion-rs-sys-dd99123b527dfb3e/out/stable-diffusion.cpp/ggml/src/../include -ffunction-sections -fdata-sections -fPIC -m64 -w -O3 -DNDEBUG -std=gnu++17 -Wmissing-declarations -Wmissing-noreturn -Wall -Wextra -Wpedantic -Wcast-qual -Wno-unused-function -Wno-array-bounds -Wextra-semi -march=native -MD -MT ggml/src/CMakeFiles/ggml-cpu.dir/ggml-cpu/amx/mmq.cpp.o -MF CMakeFiles/ggml-cpu.dir/ggml-cpu/amx/mmq.cpp.o.d -o CMakeFiles/ggml-cpu.dir/ggml-cpu/amx/mmq.cpp.o -c /opt/rustwide/target/release/build/diffusion-rs-sys-dd99123b527dfb3e/out/stable-diffusion.cpp/ggml/src/ggml-cpu/amx/mmq.cpp
[INFO] [stderr]   cd /opt/rustwide/target/release/build/diffusion-rs-sys-dd99123b527dfb3e/out/build/ggml/src && /usr/bin/c++ -DGGML_MAX_NAME=128 -DGGML_SCHED_MAX_COPIES=4 -DGGML_USE_CPU_REPACK -D_GNU_SOURCE -D_XOPEN_SOURCE=600 -I/opt/rustwide/target/release/build/diffusion-rs-sys-dd99123b527dfb3e/out/stable-diffusion.cpp/ggml/src/.. -I/opt/rustwide/target/release/build/diffusion-rs-sys-dd99123b527dfb3e/out/stable-diffusion.cpp/ggml/src/. -I/opt/rustwide/target/release/build/diffusion-rs-sys-dd99123b527dfb3e/out/stable-diffusion.cpp/ggml/src/ggml-cpu -I/opt/rustwide/target/release/build/diffusion-rs-sys-dd99123b527dfb3e/out/stable-diffusion.cpp/ggml/src/../include -ffunction-sections -fdata-sections -fPIC -m64 -w -O3 -DNDEBUG -std=gnu++17 -Wmissing-declarations -Wmissing-noreturn -Wall -Wextra -Wpedantic -Wcast-qual -Wno-unused-function -Wno-array-bounds -Wextra-semi -march=native -MD -MT ggml/src/CMakeFiles/ggml-cpu.dir/ggml-cpu/binary-ops.cpp.o -MF CMakeFiles/ggml-cpu.dir/ggml-cpu/binary-ops.cpp.o.d -o CMakeFiles/ggml-cpu.dir/ggml-cpu/binary-ops.cpp.o -c /opt/rustwide/target/release/build/diffusion-rs-sys-dd99123b527dfb3e/out/stable-diffusion.cpp/ggml/src/ggml-cpu/binary-ops.cpp
[INFO] [stderr]   [ 36%] Building CXX object ggml/src/CMakeFiles/ggml-cpu.dir/ggml-cpu/vec.cpp.o
[INFO] [stderr]   cd /opt/rustwide/target/release/build/diffusion-rs-sys-dd99123b527dfb3e/out/build/ggml/src && /usr/bin/c++ -DGGML_MAX_NAME=128 -DGGML_SCHED_MAX_COPIES=4 -DGGML_USE_CPU_REPACK -D_GNU_SOURCE -D_XOPEN_SOURCE=600 -I/opt/rustwide/target/release/build/diffusion-rs-sys-dd99123b527dfb3e/out/stable-diffusion.cpp/ggml/src/.. -I/opt/rustwide/target/release/build/diffusion-rs-sys-dd99123b527dfb3e/out/stable-diffusion.cpp/ggml/src/. -I/opt/rustwide/target/release/build/diffusion-rs-sys-dd99123b527dfb3e/out/stable-diffusion.cpp/ggml/src/ggml-cpu -I/opt/rustwide/target/release/build/diffusion-rs-sys-dd99123b527dfb3e/out/stable-diffusion.cpp/ggml/src/../include -ffunction-sections -fdata-sections -fPIC -m64 -w -O3 -DNDEBUG -std=gnu++17 -Wmissing-declarations -Wmissing-noreturn -Wall -Wextra -Wpedantic -Wcast-qual -Wno-unused-function -Wno-array-bounds -Wextra-semi -march=native -MD -MT ggml/src/CMakeFiles/ggml-cpu.dir/ggml-cpu/unary-ops.cpp.o -MF CMakeFiles/ggml-cpu.dir/ggml-cpu/unary-ops.cpp.o.d -o CMakeFiles/ggml-cpu.dir/ggml-cpu/unary-ops.cpp.o -c /opt/rustwide/target/release/build/diffusion-rs-sys-dd99123b527dfb3e/out/stable-diffusion.cpp/ggml/src/ggml-cpu/unary-ops.cpp
[INFO] [stderr]   cd /opt/rustwide/target/release/build/diffusion-rs-sys-dd99123b527dfb3e/out/build/ggml/src && /usr/bin/c++ -DGGML_MAX_NAME=128 -DGGML_SCHED_MAX_COPIES=4 -DGGML_USE_CPU_REPACK -D_GNU_SOURCE -D_XOPEN_SOURCE=600 -I/opt/rustwide/target/release/build/diffusion-rs-sys-dd99123b527dfb3e/out/stable-diffusion.cpp/ggml/src/.. -I/opt/rustwide/target/release/build/diffusion-rs-sys-dd99123b527dfb3e/out/stable-diffusion.cpp/ggml/src/. -I/opt/rustwide/target/release/build/diffusion-rs-sys-dd99123b527dfb3e/out/stable-diffusion.cpp/ggml/src/ggml-cpu -I/opt/rustwide/target/release/build/diffusion-rs-sys-dd99123b527dfb3e/out/stable-diffusion.cpp/ggml/src/../include -ffunction-sections -fdata-sections -fPIC -m64 -w -O3 -DNDEBUG -std=gnu++17 -Wmissing-declarations -Wmissing-noreturn -Wall -Wextra -Wpedantic -Wcast-qual -Wno-unused-function -Wno-array-bounds -Wextra-semi -march=native -MD -MT ggml/src/CMakeFiles/ggml-cpu.dir/ggml-cpu/hbm.cpp.o -MF CMakeFiles/ggml-cpu.dir/ggml-cpu/hbm.cpp.o.d -o CMakeFiles/ggml-cpu.dir/ggml-cpu/hbm.cpp.o -c /opt/rustwide/target/release/build/diffusion-rs-sys-dd99123b527dfb3e/out/stable-diffusion.cpp/ggml/src/ggml-cpu/hbm.cpp
[INFO] [stderr]   cd /opt/rustwide/target/release/build/diffusion-rs-sys-dd99123b527dfb3e/out/build/ggml/src && /usr/bin/c++ -DGGML_MAX_NAME=128 -DGGML_SCHED_MAX_COPIES=4 -DGGML_USE_CPU_REPACK -D_GNU_SOURCE -D_XOPEN_SOURCE=600 -I/opt/rustwide/target/release/build/diffusion-rs-sys-dd99123b527dfb3e/out/stable-diffusion.cpp/ggml/src/.. -I/opt/rustwide/target/release/build/diffusion-rs-sys-dd99123b527dfb3e/out/stable-diffusion.cpp/ggml/src/. -I/opt/rustwide/target/release/build/diffusion-rs-sys-dd99123b527dfb3e/out/stable-diffusion.cpp/ggml/src/ggml-cpu -I/opt/rustwide/target/release/build/diffusion-rs-sys-dd99123b527dfb3e/out/stable-diffusion.cpp/ggml/src/../include -ffunction-sections -fdata-sections -fPIC -m64 -w -O3 -DNDEBUG -std=gnu++17 -Wmissing-declarations -Wmissing-noreturn -Wall -Wextra -Wpedantic -Wcast-qual -Wno-unused-function -Wno-array-bounds -Wextra-semi -march=native -MD -MT ggml/src/CMakeFiles/ggml-cpu.dir/ggml-cpu/vec.cpp.o -MF CMakeFiles/ggml-cpu.dir/ggml-cpu/vec.cpp.o.d -o CMakeFiles/ggml-cpu.dir/ggml-cpu/vec.cpp.o -c /opt/rustwide/target/release/build/diffusion-rs-sys-dd99123b527dfb3e/out/stable-diffusion.cpp/ggml/src/ggml-cpu/vec.cpp
[INFO] [stderr]   [ 37%] Building CXX object ggml/src/CMakeFiles/ggml-cpu.dir/ggml-cpu/ops.cpp.o
[INFO] [stderr]   [ 39%] Building C object ggml/src/CMakeFiles/ggml-cpu.dir/ggml-cpu/arch/x86/quants.c.o
[INFO] [stderr]   [ 41%] Building CXX object ggml/src/CMakeFiles/ggml-cpu.dir/ggml-cpu/repack.cpp.o
[INFO] [stderr]   cd /opt/rustwide/target/release/build/diffusion-rs-sys-dd99123b527dfb3e/out/build/ggml/src && /usr/bin/c++ -DGGML_MAX_NAME=128 -DGGML_SCHED_MAX_COPIES=4 -DGGML_USE_CPU_REPACK -D_GNU_SOURCE -D_XOPEN_SOURCE=600 -I/opt/rustwide/target/release/build/diffusion-rs-sys-dd99123b527dfb3e/out/stable-diffusion.cpp/ggml/src/.. -I/opt/rustwide/target/release/build/diffusion-rs-sys-dd99123b527dfb3e/out/stable-diffusion.cpp/ggml/src/. -I/opt/rustwide/target/release/build/diffusion-rs-sys-dd99123b527dfb3e/out/stable-diffusion.cpp/ggml/src/ggml-cpu -I/opt/rustwide/target/release/build/diffusion-rs-sys-dd99123b527dfb3e/out/stable-diffusion.cpp/ggml/src/../include -ffunction-sections -fdata-sections -fPIC -m64 -w -O3 -DNDEBUG -std=gnu++17 -Wmissing-declarations -Wmissing-noreturn -Wall -Wextra -Wpedantic -Wcast-qual -Wno-unused-function -Wno-array-bounds -Wextra-semi -march=native -MD -MT ggml/src/CMakeFiles/ggml-cpu.dir/ggml-cpu/ops.cpp.o -MF CMakeFiles/ggml-cpu.dir/ggml-cpu/ops.cpp.o.d -o CMakeFiles/ggml-cpu.dir/ggml-cpu/ops.cpp.o -c /opt/rustwide/target/release/build/diffusion-rs-sys-dd99123b527dfb3e/out/stable-diffusion.cpp/ggml/src/ggml-cpu/ops.cpp
[INFO] [stderr]   cd /opt/rustwide/target/release/build/diffusion-rs-sys-dd99123b527dfb3e/out/build/ggml/src && /usr/bin/cc -DGGML_MAX_NAME=128 -DGGML_SCHED_MAX_COPIES=4 -DGGML_USE_CPU_REPACK -D_GNU_SOURCE -D_XOPEN_SOURCE=600 -I/opt/rustwide/target/release/build/diffusion-rs-sys-dd99123b527dfb3e/out/stable-diffusion.cpp/ggml/src/.. -I/opt/rustwide/target/release/build/diffusion-rs-sys-dd99123b527dfb3e/out/stable-diffusion.cpp/ggml/src/. -I/opt/rustwide/target/release/build/diffusion-rs-sys-dd99123b527dfb3e/out/stable-diffusion.cpp/ggml/src/ggml-cpu -I/opt/rustwide/target/release/build/diffusion-rs-sys-dd99123b527dfb3e/out/stable-diffusion.cpp/ggml/src/../include -ffunction-sections -fdata-sections -fPIC -m64 -w -O3 -DNDEBUG -std=gnu11 -Wshadow -Wstrict-prototypes -Wpointer-arith -Wmissing-prototypes -Werror=implicit-int -Werror=implicit-function-declaration -Wall -Wextra -Wpedantic -Wcast-qual -Wno-unused-function -Wdouble-promotion -march=native -MD -MT ggml/src/CMakeFiles/ggml-cpu.dir/ggml-cpu/arch/x86/quants.c.o -MF CMakeFiles/ggml-cpu.dir/ggml-cpu/arch/x86/quants.c.o.d -o CMakeFiles/ggml-cpu.dir/ggml-cpu/arch/x86/quants.c.o -c /opt/rustwide/target/release/build/diffusion-rs-sys-dd99123b527dfb3e/out/stable-diffusion.cpp/ggml/src/ggml-cpu/arch/x86/quants.c
[INFO] [stderr]   cd /opt/rustwide/target/release/build/diffusion-rs-sys-dd99123b527dfb3e/out/build/ggml/src && /usr/bin/c++ -DGGML_MAX_NAME=128 -DGGML_SCHED_MAX_COPIES=4 -DGGML_USE_CPU_REPACK -D_GNU_SOURCE -D_XOPEN_SOURCE=600 -I/opt/rustwide/target/release/build/diffusion-rs-sys-dd99123b527dfb3e/out/stable-diffusion.cpp/ggml/src/.. -I/opt/rustwide/target/release/build/diffusion-rs-sys-dd99123b527dfb3e/out/stable-diffusion.cpp/ggml/src/. -I/opt/rustwide/target/release/build/diffusion-rs-sys-dd99123b527dfb3e/out/stable-diffusion.cpp/ggml/src/ggml-cpu -I/opt/rustwide/target/release/build/diffusion-rs-sys-dd99123b527dfb3e/out/stable-diffusion.cpp/ggml/src/../include -ffunction-sections -fdata-sections -fPIC -m64 -w -O3 -DNDEBUG -std=gnu++17 -Wmissing-declarations -Wmissing-noreturn -Wall -Wextra -Wpedantic -Wcast-qual -Wno-unused-function -Wno-array-bounds -Wextra-semi -march=native -MD -MT ggml/src/CMakeFiles/ggml-cpu.dir/ggml-cpu/repack.cpp.o -MF CMakeFiles/ggml-cpu.dir/ggml-cpu/repack.cpp.o.d -o CMakeFiles/ggml-cpu.dir/ggml-cpu/repack.cpp.o -c /opt/rustwide/target/release/build/diffusion-rs-sys-dd99123b527dfb3e/out/stable-diffusion.cpp/ggml/src/ggml-cpu/repack.cpp
[INFO] [stderr]   [ 43%] Building CXX object ggml/src/CMakeFiles/ggml-cpu.dir/ggml-cpu/amx/amx.cpp.o
[INFO] [stderr]   cd /opt/rustwide/target/release/build/diffusion-rs-sys-dd99123b527dfb3e/out/build/ggml/src && /usr/bin/c++ -DGGML_MAX_NAME=128 -DGGML_SCHED_MAX_COPIES=4 -DGGML_USE_CPU_REPACK -D_GNU_SOURCE -D_XOPEN_SOURCE=600 -I/opt/rustwide/target/release/build/diffusion-rs-sys-dd99123b527dfb3e/out/stable-diffusion.cpp/ggml/src/.. -I/opt/rustwide/target/release/build/diffusion-rs-sys-dd99123b527dfb3e/out/stable-diffusion.cpp/ggml/src/. -I/opt/rustwide/target/release/build/diffusion-rs-sys-dd99123b527dfb3e/out/stable-diffusion.cpp/ggml/src/ggml-cpu -I/opt/rustwide/target/release/build/diffusion-rs-sys-dd99123b527dfb3e/out/stable-diffusion.cpp/ggml/src/../include -ffunction-sections -fdata-sections -fPIC -m64 -w -O3 -DNDEBUG -std=gnu++17 -Wmissing-declarations -Wmissing-noreturn -Wall -Wextra -Wpedantic -Wcast-qual -Wno-unused-function -Wno-array-bounds -Wextra-semi -march=native -MD -MT ggml/src/CMakeFiles/ggml-cpu.dir/ggml-cpu/amx/amx.cpp.o -MF CMakeFiles/ggml-cpu.dir/ggml-cpu/amx/amx.cpp.o.d -o CMakeFiles/ggml-cpu.dir/ggml-cpu/amx/amx.cpp.o -c /opt/rustwide/target/release/build/diffusion-rs-sys-dd99123b527dfb3e/out/stable-diffusion.cpp/ggml/src/ggml-cpu/amx/amx.cpp
[INFO] [stderr]   gmake[2]: Leaving directory '/opt/rustwide/target/release/build/diffusion-rs-sys-dd99123b527dfb3e/out/build'
[INFO] [stderr]   gmake[1]: Leaving directory '/opt/rustwide/target/release/build/diffusion-rs-sys-dd99123b527dfb3e/out/build'
[INFO] [stderr] 
[INFO] [stderr] 
[INFO] [stderr]   --- stderr
[INFO] [stderr]   error: 'rustfmt' is not installed for the toolchain '1.99.0-beta.8-x86_64-unknown-linux-gnu'.
[INFO] [stderr]   help: run `rustup component add --toolchain 1.99.0-beta.8-x86_64-unknown-linux-gnu rustfmt` to install it
[INFO] [stderr]   Failed to run rustfmt: Internal rustfmt error (non-fatal, continuing)
[INFO] [stderr]   running: cd "/opt/rustwide/target/release/build/diffusion-rs-sys-dd99123b527dfb3e/out/build" && CMAKE_PREFIX_PATH="" LC_ALL="C" "cmake" "-Wdev" "--debug-output" "/opt/rustwide/target/release/build/diffusion-rs-sys-dd99123b527dfb3e/out/stable-diffusion.cpp/" "-B" "/opt/rustwide/target/release/build/diffusion-rs-sys-dd99123b527dfb3e/out/build" "-DSD_BUILD_SHARED_LIBS=OFF" "-DSD_BUILD_EXAMPLES=OFF" "-DSD_BUILD_SERVER=OFF" "-DGGML_OPENMP=OFF" "-DSD_WEBP=OFF" "-DSD_WEBM=OFF" "-DCMAKE_INSTALL_PREFIX=/opt/rustwide/target/release/build/diffusion-rs-sys-dd99123b527dfb3e/out" "-DCMAKE_C_FLAGS= -ffunction-sections -fdata-sections -fPIC -m64 -w" "-DCMAKE_C_COMPILER=/usr/bin/cc" "-DCMAKE_CXX_FLAGS= -ffunction-sections -fdata-sections -fPIC -m64 -w" "-DCMAKE_CXX_COMPILER=/usr/bin/c++" "-DCMAKE_ASM_FLAGS= -ffunction-sections -fdata-sections -fPIC -m64 -w" "-DCMAKE_ASM_COMPILER=/usr/bin/cc" "-DCMAKE_BUILD_TYPE=Release" "-DCMAKE_VERBOSE_MAKEFILE:BOOL=ON"
[INFO] [stderr]   CMake Warning (dev) at /usr/share/cmake-4.2/Modules/CMakeDetermineCompiler.cmake:128 (set):
[INFO] [stderr]     Policy CMP0126 is not set: set(CACHE) does not remove a normal variable of
[INFO] [stderr]     the same name.  Run "cmake --help-policy CMP0126" for policy details.  Use
[INFO] [stderr]     the cmake_policy command to set the policy and suppress this warning.
[INFO] [stderr] 
[INFO] [stderr]     For compatibility with older versions of CMake, normal variable
[INFO] [stderr]     "CMAKE_C_COMPILER" will be removed from the current scope.
[INFO] [stderr]   Call Stack (most recent call first):
[INFO] [stderr]     /usr/share/cmake-4.2/Modules/CMakeDetermineCCompiler.cmake:67 (_cmake_find_compiler_path)
[INFO] [stderr]     CMakeLists.txt:2 (project)
[INFO] [stderr]   This warning is for project developers.  Use -Wno-dev to suppress it.
[INFO] [stderr] 
[INFO] [stderr]      Called from: [3]	/opt/rustwide/target/release/build/diffusion-rs-sys-dd99123b527dfb3e/out/stable-diffusion.cpp/CMakeLists.txt
[INFO] [stderr]                   [2]	/usr/share/cmake-4.2/Modules/CMakeDetermineCCompiler.cmake
[INFO] [stderr]                   [1]	/usr/share/cmake-4.2/Modules/CMakeDetermineCompiler.cmake
[INFO] [stderr]   CMake Warning (dev) at /usr/share/cmake-4.2/Modules/CMakeDetermineCompiler.cmake:128 (set):
[INFO] [stderr]     Policy CMP0126 is not set: set(CACHE) does not remove a normal variable of
[INFO] [stderr]     the same name.  Run "cmake --help-policy CMP0126" for policy details.  Use
[INFO] [stderr]     the cmake_policy command to set the policy and suppress this warning.
[INFO] [stderr] 
[INFO] [stderr]     For compatibility with older versions of CMake, normal variable
[INFO] [stderr]     "CMAKE_CXX_COMPILER" will be removed from the current scope.
[INFO] [stderr]   Call Stack (most recent call first):
[INFO] [stderr]     /usr/share/cmake-4.2/Modules/CMakeDetermineCXXCompiler.cmake:71 (_cmake_find_compiler_path)
[INFO] [stderr]     CMakeLists.txt:2 (project)
[INFO] [stderr]   This warning is for project developers.  Use -Wno-dev to suppress it.
[INFO] [stderr] 
[INFO] [stderr]      Called from: [3]	/opt/rustwide/target/release/build/diffusion-rs-sys-dd99123b527dfb3e/out/stable-diffusion.cpp/CMakeLists.txt
[INFO] [stderr]                   [2]	/usr/share/cmake-4.2/Modules/CMakeDetermineCXXCompiler.cmake
[INFO] [stderr]                   [1]	/usr/share/cmake-4.2/Modules/CMakeDetermineCompiler.cmake
[INFO] [stderr]   CMake Warning (dev) at /usr/share/cmake-4.2/Modules/CMakeFindBinUtils.cmake:243 (find_program):
[INFO] [stderr]     Policy CMP0126 is not set: set(CACHE) does not remove a normal variable of
[INFO] [stderr]     the same name.  Run "cmake --help-policy CMP0126" for policy details.  Use
[INFO] [stderr]     the cmake_policy command to set the policy and suppress this warning.
[INFO] [stderr] 
[INFO] [stderr]     For compatibility with older versions of CMake, normal variable
[INFO] [stderr]     "CMAKE_TAPI" will be removed from the current scope.
[INFO] [stderr]   Call Stack (most recent call first):
[INFO] [stderr]     /usr/share/cmake-4.2/Modules/CMakeDetermineCXXCompiler.cmake:206 (include)
[INFO] [stderr]     CMakeLists.txt:2 (project)
[INFO] [stderr]   This warning is for project developers.  Use -Wno-dev to suppress it.
[INFO] [stderr] 
[INFO] [stderr]      Called from: [3]	/opt/rustwide/target/release/build/diffusion-rs-sys-dd99123b527dfb3e/out/stable-diffusion.cpp/CMakeLists.txt
[INFO] [stderr]                   [2]	/usr/share/cmake-4.2/Modules/CMakeDetermineCXXCompiler.cmake
[INFO] [stderr]                   [1]	/usr/share/cmake-4.2/Modules/CMakeFindBinUtils.cmake
[INFO] [stderr]   -- Build static library
[INFO] [stderr]      Called from: [1]	/opt/rustwide/target/release/build/diffusion-rs-sys-dd99123b527dfb3e/out/stable-diffusion.cpp/CMakeLists.txt
[INFO] [stderr]      Entering             /opt/rustwide/target/release/build/diffusion-rs-sys-dd99123b527dfb3e/out/stable-diffusion.cpp/ggml
[INFO] [stderr]      Called from: [1]	/opt/rustwide/target/release/build/diffusion-rs-sys-dd99123b527dfb3e/out/stable-diffusion.cpp/CMakeLists.txt
[INFO] [stderr]      Entering             /opt/rustwide/target/release/build/diffusion-rs-sys-dd99123b527dfb3e/out/stable-diffusion.cpp/ggml/src
[INFO] [stderr]      Called from: [1]	/opt/rustwide/target/release/build/diffusion-rs-sys-dd99123b527dfb3e/out/stable-diffusion.cpp/ggml/CMakeLists.txt
[INFO] [stderr]      Entering             /opt/rustwide/target/release/build/diffusion-rs-sys-dd99123b527dfb3e/out/stable-diffusion.cpp/ggml/src/ggml-cpu
[INFO] [stderr]      Called from: [2]	/opt/rustwide/target/release/build/diffusion-rs-sys-dd99123b527dfb3e/out/stable-diffusion.cpp/ggml/src/CMakeLists.txt
[INFO] [stderr]                   [1]	/opt/rustwide/target/release/build/diffusion-rs-sys-dd99123b527dfb3e/out/stable-diffusion.cpp/ggml/src/CMakeLists.txt
[INFO] [stderr]      Returning to         /opt/rustwide/target/release/build/diffusion-rs-sys-dd99123b527dfb3e/out/stable-diffusion.cpp/ggml/src
[INFO] [stderr]      Called from: [2]	/opt/rustwide/target/release/build/diffusion-rs-sys-dd99123b527dfb3e/out/stable-diffusion.cpp/ggml/src/CMakeLists.txt
[INFO] [stderr]                   [1]	/opt/rustwide/target/release/build/diffusion-rs-sys-dd99123b527dfb3e/out/stable-diffusion.cpp/ggml/src/CMakeLists.txt
[INFO] [stderr]      Returning to         /opt/rustwide/target/release/build/diffusion-rs-sys-dd99123b527dfb3e/out/stable-diffusion.cpp/ggml
[INFO] [stderr]      Called from: [1]	/opt/rustwide/target/release/build/diffusion-rs-sys-dd99123b527dfb3e/out/stable-diffusion.cpp/ggml/CMakeLists.txt
[INFO] [stderr]      Returning to         /opt/rustwide/target/release/build/diffusion-rs-sys-dd99123b527dfb3e/out/stable-diffusion.cpp
[INFO] [stderr]      Called from: [1]	/opt/rustwide/target/release/build/diffusion-rs-sys-dd99123b527dfb3e/out/stable-diffusion.cpp/CMakeLists.txt
[INFO] [stderr]      Entering             /opt/rustwide/target/release/build/diffusion-rs-sys-dd99123b527dfb3e/out/stable-diffusion.cpp/thirdparty
[INFO] [stderr]      Called from: [1]	/opt/rustwide/target/release/build/diffusion-rs-sys-dd99123b527dfb3e/out/stable-diffusion.cpp/CMakeLists.txt
[INFO] [stderr]      Returning to         /opt/rustwide/target/release/build/diffusion-rs-sys-dd99123b527dfb3e/out/stable-diffusion.cpp
[INFO] [stderr]      Called from: [1]	/opt/rustwide/target/release/build/diffusion-rs-sys-dd99123b527dfb3e/out/stable-diffusion.cpp/CMakeLists.txt
[INFO] [stderr]   CMake Warning (dev) in ggml/CMakeLists.txt:
[INFO] [stderr]     Policy CMP0200 is not set: Location and configuration selection for
[INFO] [stderr]     imported targets is more consistent.  Run "cmake --help-policy CMP0200" for
[INFO] [stderr]     policy details.  Use the cmake_policy command to set the policy and
[INFO] [stderr]     suppress this warning.
[INFO] [stderr] 
[INFO] [stderr]     Configuration selection for imported target "Threads::Threads" selected
[INFO] [stderr]     configuration "(none)", but would select configuration "RELEASE" under the
[INFO] [stderr]     NEW policy.
[INFO] [stderr] 
[INFO] [stderr]   This warning is for project developers.  Use -Wno-dev to suppress it.
[INFO] [stderr] 
[INFO] [stderr]   CMake Warning (dev) at CMakeLists.txt:283 (add_library):
[INFO] [stderr]     Policy CMP0156 is not set: De-duplicate libraries on link lines based on
[INFO] [stderr]     linker capabilities.  Run "cmake --help-policy CMP0156" for policy details.
[INFO] [stderr]     Use the cmake_policy command to set the policy and suppress this warning.
[INFO] [stderr] 
[INFO] [stderr]     Since the policy is not set, legacy libraries de-duplication strategy will
[INFO] [stderr]     be applied.
[INFO] [stderr]   This warning is for project developers.  Use -Wno-dev to suppress it.
[INFO] [stderr] 
[INFO] [stderr]      Called from: [1]	/opt/rustwide/target/release/build/diffusion-rs-sys-dd99123b527dfb3e/out/stable-diffusion.cpp/CMakeLists.txt
[INFO] [stderr]   CMake Warning (dev) in CMakeLists.txt:
[INFO] [stderr]     Policy CMP0082 is not set: Install rules from add_subdirectory() are
[INFO] [stderr]     interleaved with those in caller.  Run "cmake --help-policy CMP0082" for
[INFO] [stderr]     policy details.  Use the cmake_policy command to set the policy and
[INFO] [stderr]     suppress this warning.
[INFO] [stderr] 
[INFO] [stderr]   This warning is for project developers.  Use -Wno-dev to suppress it.
[INFO] [stderr] 
[INFO] [stderr]      Called from: [1]	/opt/rustwide/target/release/build/diffusion-rs-sys-dd99123b527dfb3e/out/stable-diffusion.cpp/CMakeLists.txt
[INFO] [stderr]   CMake Warning (dev) at ggml/src/CMakeLists.txt:192 (add_library):
[INFO] [stderr]     Policy CMP0156 is not set: De-duplicate libraries on link lines based on
[INFO] [stderr]     linker capabilities.  Run "cmake --help-policy CMP0156" for policy details.
[INFO] [stderr]     Use the cmake_policy command to set the policy and suppress this warning.
[INFO] [stderr] 
[INFO] [stderr]     Since the policy is not set, legacy libraries de-duplication strategy will
[INFO] [stderr]     be applied.
[INFO] [stderr]   This warning is for project developers.  Use -Wno-dev to suppress it.
[INFO] [stderr] 
[INFO] [stderr]      Called from: [1]	/opt/rustwide/target/release/build/diffusion-rs-sys-dd99123b527dfb3e/out/stable-diffusion.cpp/ggml/src/CMakeLists.txt
[INFO] [stderr]   CMake Warning (dev) at ggml/src/CMakeLists.txt:261 (add_library):
[INFO] [stderr]     Policy CMP0156 is not set: De-duplicate libraries on link lines based on
[INFO] [stderr]     linker capabilities.  Run "cmake --help-policy CMP0156" for policy details.
[INFO] [stderr]     Use the cmake_policy command to set the policy and suppress this warning.
[INFO] [stderr] 
[INFO] [stderr]     Since the policy is not set, legacy libraries de-duplication strategy will
[INFO] [stderr]     be applied.
[INFO] [stderr]   Call Stack (most recent call first):
[INFO] [stderr]     ggml/src/ggml-cpu/CMakeLists.txt:27 (ggml_add_backend_library)
[INFO] [stderr]     ggml/src/CMakeLists.txt:446 (ggml_add_cpu_backend_variant_impl)
[INFO] [stderr]   This warning is for project developers.  Use -Wno-dev to suppress it.
[INFO] [stderr] 
[INFO] [stderr]      Called from: [1]	/opt/rustwide/target/release/build/diffusion-rs-sys-dd99123b527dfb3e/out/stable-diffusion.cpp/ggml/src/CMakeLists.txt
[INFO] [stderr]   CMake Warning (dev) at ggml/src/CMakeLists.txt:225 (add_library):
[INFO] [stderr]     Policy CMP0156 is not set: De-duplicate libraries on link lines based on
[INFO] [stderr]     linker capabilities.  Run "cmake --help-policy CMP0156" for policy details.
[INFO] [stderr]     Use the cmake_policy command to set the policy and suppress this warning.
[INFO] [stderr] 
[INFO] [stderr]     Since the policy is not set, legacy libraries de-duplication strategy will
[INFO] [stderr]     be applied.
[INFO] [stderr]   This warning is for project developers.  Use -Wno-dev to suppress it.
[INFO] [stderr] 
[INFO] [stderr]      Called from: [1]	/opt/rustwide/target/release/build/diffusion-rs-sys-dd99123b527dfb3e/out/stable-diffusion.cpp/ggml/src/CMakeLists.txt
[INFO] [stderr]   CMake Warning:
[INFO] [stderr]     Manually-specified variables were not used by the project:
[INFO] [stderr] 
[INFO] [stderr]       SD_BUILD_SERVER
[INFO] [stderr] 
[INFO] [stderr] 
[INFO] [stderr]   running: cd "/opt/rustwide/target/release/build/diffusion-rs-sys-dd99123b527dfb3e/out/build" && LC_ALL="C" MAKEFLAGS="-j --jobserver-fds=4,5 --jobserver-auth=4,5" "cmake" "--build" "/opt/rustwide/target/release/build/diffusion-rs-sys-dd99123b527dfb3e/out/build" "--target" "install" "--config" "Release"
[INFO] [stderr]   In file included from /opt/rustwide/target/release/build/diffusion-rs-sys-dd99123b527dfb3e/out/stable-diffusion.cpp/thirdparty/zip.c:40:
[INFO] [stderr]   /opt/rustwide/target/release/build/diffusion-rs-sys-dd99123b527dfb3e/out/stable-diffusion.cpp/thirdparty/miniz.h:4988:9: note: '#pragma message: Using fopen, ftello, fseeko, stat() etc. path for file I/O - this path may not support large files.'
[INFO] [stderr]    4988 | #pragma message(                                                               \
[INFO] [stderr]         |         ^~~~~~~
[INFO] [stderr]   c++: fatal error: Killed signal terminated program cc1plus
[INFO] [stderr]   compilation terminated.
[INFO] [stderr]   cc: fatal error: Killed signal terminated program cc1
[INFO] [stderr]   compilation terminated.
[INFO] [stderr]   gmake[2]: *** [ggml/src/CMakeFiles/ggml-cpu.dir/build.make:180: ggml/src/CMakeFiles/ggml-cpu.dir/ggml-cpu/amx/mmq.cpp.o] Error 1
[INFO] [stderr]   gmake[2]: *** Waiting for unfinished jobs....
[INFO] [stderr]   gmake[2]: *** [ggml/src/CMakeFiles/ggml-cpu.dir/build.make:82: ggml/src/CMakeFiles/ggml-cpu.dir/ggml-cpu/ggml-cpu.c.o] Error 1
[INFO] [stderr]   c++: fatal error: Killed signal terminated program cc1plus
[INFO] [stderr]   compilation terminated.
[INFO] [stderr]   gmake[2]: *** [ggml/src/CMakeFiles/ggml-cpu.dir/build.make:236: ggml/src/CMakeFiles/ggml-cpu.dir/ggml-cpu/ops.cpp.o] Error 1
[INFO] [stderr]   c++: fatal error: Killed signal terminated program cc1plus
[INFO] [stderr]   compilation terminated.
[INFO] [stderr]   gmake[2]: *** [ggml/src/CMakeFiles/ggml-cpu.dir/build.make:264: ggml/src/CMakeFiles/ggml-cpu.dir/ggml-cpu/arch/x86/repack.cpp.o] Error 1
[INFO] [stderr]   gmake[1]: *** [CMakeFiles/Makefile2:282: ggml/src/CMakeFiles/ggml-cpu.dir/all] Error 2
[INFO] [stderr]   gmake: *** [Makefile:139: all] Error 2
[INFO] [stderr] 
[INFO] [stderr]   thread 'main' (580) panicked at /opt/rustwide/cargo-home/registry/src/index.crates.io-1949cf8c6b5b557f/cmake-0.1.58/src/lib.rs:1132:5:
[INFO] [stderr] 
[INFO] [stderr]   command did not execute successfully, got: exit status: 2
[INFO] [stderr] 
[INFO] [stderr]   build script failed, must exit now
[INFO] [stderr]   stack backtrace:
[INFO] [stderr]      0:     0x63fa1fc90d91 - <<std[70759c8f55707aa4]::sys::backtrace::BacktraceLock>::print::DisplayBacktrace as core[df12db4294e9bfd3]::fmt::Display>::fmt
[INFO] [stderr]      1:     0x63fa1fca8d5a - core[df12db4294e9bfd3]::fmt::write
[INFO] [stderr]      2:     0x63fa1fc9729c - <std[70759c8f55707aa4]::sys::stdio::unix::Stderr as core[df12db4294e9bfd3]::io::write::Write>::write_fmt
[INFO] [stderr]      3:     0x63fa1fc6d056 - std[70759c8f55707aa4]::panicking::default_hook::{closure#0}
[INFO] [stderr]      4:     0x63fa1fc89f31 - std[70759c8f55707aa4]::panicking::default_hook
[INFO] [stderr]      5:     0x63fa1fc8a25b - std[70759c8f55707aa4]::panicking::panic_with_hook
[INFO] [stderr]      6:     0x63fa1fc6d102 - std[70759c8f55707aa4]::panicking::panic_handler::{closure#0}
[INFO] [stderr]      7:     0x63fa1fc65c99 - std[70759c8f55707aa4]::sys::backtrace::__rust_end_short_backtrace::<std[70759c8f55707aa4]::panicking::panic_handler::{closure#0}, !>
[INFO] [stderr]      8:     0x63fa1fc6d91d - __rustc[8fa7c3cbc660c2b3]::rust_begin_unwind
[INFO] [stderr]      9:     0x63fa1fca957c - core[df12db4294e9bfd3]::panicking::panic_fmt
[INFO] [stderr]     10:     0x63fa1fbfb8d7 - cmake[e32fd12932a93539]::fail
[INFO] [stderr]     11:     0x63fa1fbfb563 - cmake[e32fd12932a93539]::run
[INFO] [stderr]     12:     0x63fa1fc01565 - <cmake[e32fd12932a93539]::Config>::build
[INFO] [stderr]     13:     0x63fa1f70c2e7 - build_script_build[80e45ab608d95245]::main
[INFO] [stderr]     14:     0x63fa1f70e803 - <fn() as core[df12db4294e9bfd3]::ops::function::FnOnce<()>>::call_once
[INFO] [stderr]     15:     0x63fa1f70aa3e - std[70759c8f55707aa4]::sys::backtrace::__rust_begin_short_backtrace::<fn(), ()>
[INFO] [stderr]     16:     0x63fa1f70abb9 - std[70759c8f55707aa4]::rt::lang_start::<()>::{closure#0}
[INFO] [stderr]     17:     0x63fa1fc891e9 - std[70759c8f55707aa4]::rt::lang_start_internal
[INFO] [stderr]     18:     0x63fa1f70a3d1 - std[70759c8f55707aa4]::rt::lang_start::<()>
[INFO] [stderr]     19:     0x63fa1f70eb05 - main
[INFO] [stderr]     20:     0x737ea7de8601 - <unknown>
[INFO] [stderr]     21:     0x737ea7de8718 - __libc_start_main
[INFO] [stderr]     22:     0x63fa1f704ce5 - _start
[INFO] [stderr]     23:                0x0 - <unknown>
[INFO] running `Command { std: "docker" "inspect" "4f58bac7fdd9ba4d5351201f957661055aed5b4fc636cfa8e76c06c23f5b7589", kill_on_drop: false }`
[INFO] running `Command { std: "docker" "rm" "-f" "4f58bac7fdd9ba4d5351201f957661055aed5b4fc636cfa8e76c06c23f5b7589", kill_on_drop: false }`
[INFO] [stdout] 4f58bac7fdd9ba4d5351201f957661055aed5b4fc636cfa8e76c06c23f5b7589
