[INFO] fetching crate diffr-grammars 0.1.20...
[INFO] testing diffr-grammars-0.1.20 against 1.100.0-beta.1+cargoflags=--release for beta-release-1.100-2
[INFO] extracting crate diffr-grammars 0.1.20 into /workspace/builds/worker-4-tc2/source
[INFO] started tweaking crates.io crate diffr-grammars 0.1.20
[INFO] finished tweaking crates.io crate diffr-grammars 0.1.20
[INFO] tweaked toml for crates.io crate diffr-grammars 0.1.20 written to /workspace/builds/worker-4-tc2/source/Cargo.toml
[INFO] validating manifest of crates.io crate diffr-grammars 0.1.20 on toolchain 1.100.0-beta.1
[INFO] running `Command { std: CARGO_HOME="/workspace/cargo-home" RUSTUP_HOME="/workspace/rustup-home" "/workspace/cargo-home/bin/cargo" "+1.100.0-beta.1" "metadata" "--manifest-path" "Cargo.toml" "--no-deps", kill_on_drop: false }`
[INFO] crate crates.io crate diffr-grammars 0.1.20 already has a lockfile, it will not be regenerated
[INFO] running `Command { std: CARGO_HOME="/workspace/cargo-home" RUSTUP_HOME="/workspace/rustup-home" "/workspace/cargo-home/bin/cargo" "+1.100.0-beta.1" "fetch" "--manifest-path" "Cargo.toml", kill_on_drop: false }`
[INFO] running `Command { std: "docker" "create" "-v" "/var/lib/crater-agent-workspace/builds/worker-4-tc2/source:/opt/rustwide/workdir:ro,Z" "-v" "/var/lib/crater-agent-workspace/builds/worker-4-tc2/target:/opt/rustwide/target:rw,Z" "-v" "/var/lib/crater-agent-workspace/cargo-home:/opt/rustwide/cargo-home:ro,Z" "-v" "/var/lib/crater-agent-workspace/rustup-home:/opt/rustwide/rustup-home:ro,Z" "-m" "1610612736" "--network" "none" "ghcr.io/rust-lang/crates-build-env/linux@sha256:77db811e55d90add9212f6832c23229e3de5f1c1f9905e8cb07319ea15df73ac" "sleep" "infinity", kill_on_drop: false }`
[INFO] [stdout] c2df22f5886a4e1a3beee4ca18e653578c87a15417a3b10f3b988442cc96c44f
[INFO] running `Command { std: "docker" "start" "c2df22f5886a4e1a3beee4ca18e653578c87a15417a3b10f3b988442cc96c44f", kill_on_drop: false }`
[INFO] running `Command { std: "docker" "inspect" "c2df22f5886a4e1a3beee4ca18e653578c87a15417a3b10f3b988442cc96c44f", kill_on_drop: false }`
[INFO] running `Command { std: "docker" "exec" "-e" "SOURCE_DIR=/opt/rustwide/workdir" "-e" "CARGO_HOME=/opt/rustwide/cargo-home" "-e" "RUSTUP_HOME=/opt/rustwide/rustup-home" "-e" "CARGO_TARGET_DIR=/opt/rustwide/target" "-w" "/opt/rustwide/workdir" "--user" "0:0" "c2df22f5886a4e1a3beee4ca18e653578c87a15417a3b10f3b988442cc96c44f" "/opt/rustwide/cargo-home/bin/cargo" "+1.100.0-beta.1" "metadata" "--no-deps" "--format-version=1", kill_on_drop: false }`
[INFO] running `Command { std: "docker" "inspect" "c2df22f5886a4e1a3beee4ca18e653578c87a15417a3b10f3b988442cc96c44f", kill_on_drop: false }`
[INFO] running `Command { std: "docker" "exec" "-e" "SOURCE_DIR=/opt/rustwide/workdir" "-e" "CARGO_HOME=/opt/rustwide/cargo-home" "-e" "RUSTUP_HOME=/opt/rustwide/rustup-home" "-e" "CARGO_TARGET_DIR=/opt/rustwide/target" "-e" "CARGO_INCREMENTAL=0" "-e" "RUST_BACKTRACE=full" "-e" "RUSTFLAGS=--cap-lints=warn" "-e" "RUSTDOCFLAGS=--cap-lints=warn" "-w" "/opt/rustwide/workdir" "--user" "0:0" "c2df22f5886a4e1a3beee4ca18e653578c87a15417a3b10f3b988442cc96c44f" "/opt/rustwide/cargo-home/bin/cargo" "+1.100.0-beta.1" "build" "--frozen" "--message-format=json" "--release", kill_on_drop: false }`
[INFO] [stderr]    Compiling find-msvc-tools v0.1.8
[INFO] [stderr]    Compiling tree-sitter-language v0.1.7
[INFO] [stderr]    Compiling serde_json v1.0.145
[INFO] [stderr]    Compiling ryu v1.0.17
[INFO] [stderr]    Compiling crossbeam-utils v0.8.19
[INFO] [stderr]    Compiling crossbeam-epoch v0.9.20
[INFO] [stderr]    Compiling regex-syntax v0.8.11
[INFO] [stderr]    Compiling serde_core v1.0.228
[INFO] [stderr]    Compiling indexmap v2.14.0
[INFO] [stderr]    Compiling aho-corasick v1.1.3
[INFO] [stderr]    Compiling zstd-safe v7.3.0
[INFO] [stderr]    Compiling streaming-iterator v0.1.9
[INFO] [stderr]    Compiling either v1.10.0
[INFO] [stderr]    Compiling jobserver v0.1.32
[INFO] [stderr]    Compiling rayon-core v1.12.1
[INFO] [stderr]    Compiling object v0.40.0
[INFO] [stderr]    Compiling cc v1.2.54
[INFO] [stderr]    Compiling crossbeam-deque v0.8.8
[INFO] [stderr]    Compiling zstd-sys v2.1.0+zstd.1.5.7
[INFO] [stderr]    Compiling tree-sitter-ada v0.1.0
[INFO] [stderr]    Compiling tree-sitter-newick v1.1.0
[INFO] [stderr]    Compiling tree-sitter-xml v0.7.0
[INFO] [stderr]    Compiling tree-sitter-dart-orchard v0.5.0
[INFO] [stderr]    Compiling tree-sitter-scheme v0.24.7
[INFO] [stderr]    Compiling tree-sitter-php v0.24.2
[INFO] [stderr]    Compiling tree-sitter-javascript v0.25.0
[INFO] [stderr]    Compiling tree-sitter-fortran v0.6.0
[INFO] [stderr]    Compiling tree-sitter-cmake v0.7.1
[INFO] [stderr]    Compiling tree-sitter-swift v0.7.1
[INFO] [stderr]    Compiling tree-sitter-r v1.2.0
[INFO] [stderr]    Compiling tree-sitter-go v0.25.0
[INFO] [stderr]    Compiling tree-sitter-bash v0.25.1
[INFO] [stderr]    Compiling tree-sitter-objc v3.0.2
[INFO] [stderr]    Compiling tree-sitter-elisp v1.7.2
[INFO] [stderr]    Compiling tree-sitter-vhdl v1.4.0
[INFO] [stderr]    Compiling tree-sitter-scala v0.26.2
[INFO] [stderr]    Compiling tree-sitter-julia v0.23.1
[INFO] [stderr]    Compiling tree-sitter-gleam v1.0.0
[INFO] [stderr]    Compiling tree-sitter-pascal v0.10.0
[INFO] [stderr]    Compiling tree-sitter-containerfile v0.8.0
[INFO] [stderr]    Compiling tree-sitter-html v0.23.2
[INFO] [stderr]    Compiling ts-parser-perl v1.2.1
[INFO] [stderr]    Compiling tree-sitter-elm v5.8.0
[INFO] [stderr]    Compiling tree-sitter-solidity v1.2.13
[INFO] [stderr]    Compiling tree-sitter-qmljs v0.3.0
[INFO] [stderr]    Compiling tree-sitter-haskell v0.23.1
[INFO] [stderr]    Compiling tree-sitter-make v1.1.1
[INFO] [stderr]    Compiling tree-sitter-css v0.25.0
[INFO] [stderr]    Compiling tree-sitter-verilog v1.0.3
[INFO] [stderr]    Compiling tree-sitter-rust-orchard v0.16.6
[INFO] [stderr]    Compiling tree-sitter-ocaml v0.25.0
[INFO] [stderr]    Compiling tree-sitter-java-orchard v0.5.9
[INFO] [stderr]    Compiling tree-sitter-fish v3.6.0
[INFO] [stderr]    Compiling tree-sitter-clojure-orchard v0.2.5
[INFO] [stderr]    Compiling tree-sitter-hcl v1.1.0
[INFO] [stderr]    Compiling tree-sitter-zig v1.1.2
[INFO] [stderr]    Compiling tree-sitter-sfapex v2.4.0
[INFO] [stderr]    Compiling tree-sitter-asm v0.24.0
[INFO] [stderr]    Compiling tree-sitter-nix v0.3.0
[INFO] [stderr]    Compiling tree-sitter-python v0.25.0
[INFO] [stderr]    Compiling tree-sitter-devicetree v0.14.1
[INFO] [stderr]    Compiling tree-sitter-c-sharp v0.23.1
[INFO] [stderr]    Compiling tree-sitter-json v0.24.8
[INFO] [stderr]    Compiling tree-sitter-fsharp v0.3.0
[INFO] [stderr]    Compiling tree-sitter-typescript v0.23.2
[INFO] [stderr]    Compiling tree-sitter-commonlisp v0.4.1
[INFO] [stderr]    Compiling tree-sitter-ruby v0.23.1
[INFO] [stderr]    Compiling tree-sitter-c v0.24.1
[INFO] [stderr]    Compiling tree-sitter-elixir v0.3.4
[INFO] [stderr]    Compiling tree-sitter-yaml v0.7.2
[INFO] [stderr]    Compiling tree-sitter-sequel v0.3.11
[INFO] [stderr]    Compiling tree-sitter-proto v0.4.0
[INFO] [stderr]    Compiling tree-sitter-lua v0.5.0
[INFO] [stderr]    Compiling tree-sitter-cpp v0.23.4
[INFO] [stderr]    Compiling tree-sitter-toml-ng v0.7.0
[INFO] [stderr]    Compiling tree-sitter-racket v0.24.7
[INFO] [stderr]    Compiling tree-sitter-erlang v0.20.0
[INFO] [stderr]    Compiling regex-automata v0.4.18
[INFO] [stderr]    Compiling tree-sitter v0.26.10
[INFO] [stderr]    Compiling regex v1.12.2
[INFO] [stderr]    Compiling rayon v1.10.0
[INFO] [stderr] warning: tree-sitter-verilog@1.0.3: cc: fatal error: Killed signal terminated program cc1
[INFO] [stderr] warning: tree-sitter-verilog@1.0.3: compilation terminated.
[INFO] [stderr] error: failed to run custom build command for `tree-sitter-verilog v1.0.3`
[INFO] [stderr] note: To improve backtraces for build dependencies, set the CARGO_PROFILE_RELEASE_BUILD_OVERRIDE_DEBUG=true environment variable to enable debug information generation.
[INFO] [stderr] 
[INFO] [stderr] Caused by:
[INFO] [stderr]   process didn't exit successfully: `/opt/rustwide/target/release/build/tree-sitter-verilog/3e98eafd6238bc85/out/build_script_build` (exit status: 1)
[INFO] [stderr]   --- stdout
[INFO] [stderr]   cargo:rerun-if-changed=src/parser.c
[INFO] [stderr]   OUT_DIR = Some(/opt/rustwide/target/release/build/tree-sitter-verilog/bc41f2834c728f59/out)
[INFO] [stderr]   OPT_LEVEL = Some(0)
[INFO] [stderr]   TARGET = Some(x86_64-unknown-linux-gnu)
[INFO] [stderr]   CARGO_ENCODED_RUSTFLAGS = Some(--cap-lints=warn)
[INFO] [stderr]   HOST = Some(x86_64-unknown-linux-gnu)
[INFO] [stderr]   cargo:rerun-if-env-changed=CC_x86_64-unknown-linux-gnu
[INFO] [stderr]   CC_x86_64-unknown-linux-gnu = None
[INFO] [stderr]   cargo:rerun-if-env-changed=CC_x86_64_unknown_linux_gnu
[INFO] [stderr]   CC_x86_64_unknown_linux_gnu = None
[INFO] [stderr]   cargo:rerun-if-env-changed=HOST_CC
[INFO] [stderr]   HOST_CC = None
[INFO] [stderr]   cargo:rerun-if-env-changed=CC
[INFO] [stderr]   CC = None
[INFO] [stderr]   cargo:rerun-if-env-changed=CC_ENABLE_DEBUG_OUTPUT
[INFO] [stderr]   RUSTC_WRAPPER = None
[INFO] [stderr]   cargo:rerun-if-env-changed=CRATE_CC_NO_DEFAULTS
[INFO] [stderr]   CRATE_CC_NO_DEFAULTS = None
[INFO] [stderr]   DEBUG = Some(false)
[INFO] [stderr]   CARGO_CFG_TARGET_FEATURE = Some(fxsr,sse,sse2)
[INFO] [stderr]   cargo:rerun-if-env-changed=CFLAGS
[INFO] [stderr]   CFLAGS = None
[INFO] [stderr]   cargo:rerun-if-env-changed=HOST_CFLAGS
[INFO] [stderr]   HOST_CFLAGS = None
[INFO] [stderr]   cargo:rerun-if-env-changed=CFLAGS_x86_64_unknown_linux_gnu
[INFO] [stderr]   CFLAGS_x86_64_unknown_linux_gnu = None
[INFO] [stderr]   cargo:rerun-if-env-changed=CFLAGS_x86_64-unknown-linux-gnu
[INFO] [stderr]   CFLAGS_x86_64-unknown-linux-gnu = None
[INFO] [stderr]   cargo:warning=cc: fatal error: Killed signal terminated program cc1
[INFO] [stderr]   cargo:warning=compilation terminated.
[INFO] [stderr] 
[INFO] [stderr]   --- stderr
[INFO] [stderr] 
[INFO] [stderr] 
[INFO] [stderr]   error occurred in cc-rs: command did not execute successfully (status code exit status: 1): LC_ALL="C" "cc" "-O0" "-ffunction-sections" "-fdata-sections" "-fPIC" "-m64" "-std=c11" "-I" "src" "-Wall" "-Wextra" "-o" "/opt/rustwide/target/release/build/tree-sitter-verilog/bc41f2834c728f59/out/ea708c7824d36062-parser.o" "-c" "src/parser.c"
[INFO] [stderr] 
[INFO] [stderr] 
[INFO] [stderr] warning: build failed, waiting for other jobs to finish...
[INFO] [stderr] warning: tree-sitter-fsharp@0.3.0: cc: fatal error: Killed signal terminated program cc1
[INFO] [stderr] warning: tree-sitter-fsharp@0.3.0: compilation terminated.
[INFO] [stderr] warning: tree-sitter-fsharp@0.3.0: ToolExecError: command did not execute successfully (status code exit status: 1): LC_ALL="C" "cc" "-O0" "-ffunction-sections" "-fdata-sections" "-fPIC" "-m64" "-std=c11" "-I" "./fsharp/src" "-Wall" "-Wextra" "-o" "/opt/rustwide/target/release/build/tree-sitter-fsharp/c251a8aae1118248/out/577cc755a205cb7f-parser.o" "-c" "./fsharp/src/parser.c"cargo:warning=In file included from ./fsharp/src/../../common/scanner.h:5,
[INFO] [stderr] warning: tree-sitter-fsharp@0.3.0:                  from ./fsharp/src/scanner.c:1:
[INFO] [stderr] warning: tree-sitter-fsharp@0.3.0: ./fsharp/src/../../common/scanner.h: In function 'pop_indent':
[INFO] [stderr] warning: tree-sitter-fsharp@0.3.0: ./fsharp/src/tree_sitter/array.h:127:42: warning: value computed is not used [-Wunused-value]
[INFO] [stderr] warning: tree-sitter-fsharp@0.3.0:   127 | #define array_pop(self) ((self)->contents[--(self)->size])
[INFO] [stderr] warning: tree-sitter-fsharp@0.3.0:       |                         ~~~~~~~~~~~~~~~~~^~~~~~~~~~~~~~~~~
[INFO] [stderr] warning: tree-sitter-fsharp@0.3.0: ./fsharp/src/../../common/scanner.h:69:5: note: in expansion of macro 'array_pop'
[INFO] [stderr] warning: tree-sitter-fsharp@0.3.0:    69 |     array_pop(&scanner->indents);
[INFO] [stderr] warning: tree-sitter-fsharp@0.3.0:       |     ^~~~~~~~~
[INFO] [stderr] warning: tree-sitter-fsharp@0.3.0: ./fsharp/src/tree_sitter/array.h:127:42: warning: value computed is not used [-Wunused-value]
[INFO] [stderr] warning: tree-sitter-fsharp@0.3.0:   127 | #define array_pop(self) ((self)->contents[--(self)->size])
[INFO] [stderr] warning: tree-sitter-fsharp@0.3.0:       |                         ~~~~~~~~~~~~~~~~~^~~~~~~~~~~~~~~~~
[INFO] [stderr] warning: tree-sitter-fsharp@0.3.0: ./fsharp/src/../../common/scanner.h:72:5: note: in expansion of macro 'array_pop'
[INFO] [stderr] warning: tree-sitter-fsharp@0.3.0:    72 |     array_pop(&scanner->paren_indents);
[INFO] [stderr] warning: tree-sitter-fsharp@0.3.0:       |     ^~~~~~~~~
[INFO] [stderr] warning: tree-sitter-fsharp@0.3.0: ./fsharp/src/../../common/scanner.h: In function 'scan':
[INFO] [stderr] warning: tree-sitter-fsharp@0.3.0: ./fsharp/src/tree_sitter/array.h:127:42: warning: value computed is not used [-Wunused-value]
[INFO] [stderr] warning: tree-sitter-fsharp@0.3.0:   127 | #define array_pop(self) ((self)->contents[--(self)->size])
[INFO] [stderr] warning: tree-sitter-fsharp@0.3.0:       |                         ~~~~~~~~~~~~~~~~~^~~~~~~~~~~~~~~~~
[INFO] [stderr] warning: tree-sitter-fsharp@0.3.0: ./fsharp/src/../../common/scanner.h:569:21: note: in expansion of macro 'array_pop'
[INFO] [stderr] warning: tree-sitter-fsharp@0.3.0:   569 |                     array_pop(&scanner->preprocessor_indents);
[INFO] [stderr] warning: tree-sitter-fsharp@0.3.0:       |                     ^~~~~~~~~
[INFO] [stderr] warning: tree-sitter-fsharp@0.3.0: cc: fatal error: Killed signal terminated program cc1
[INFO] [stderr] warning: tree-sitter-fsharp@0.3.0: compilation terminated.
[INFO] [stderr] warning: tree-sitter-fsharp@0.3.0: ToolExecError: command did not execute successfully (status code exit status: 1): LC_ALL="C" "cc" "-O0" "-ffunction-sections" "-fdata-sections" "-fPIC" "-m64" "-std=c11" "-I" "./fsharp/src" "-Wall" "-Wextra" "-o" "/opt/rustwide/target/release/build/tree-sitter-fsharp/c251a8aae1118248/out/66b572ab669a1060-parser.o" "-c" "./fsharp_signature/src/parser.c"cargo:warning=In file included from ./fsharp_signature/src/../../common/scanner.h:5,
[INFO] [stderr] warning: tree-sitter-fsharp@0.3.0:                  from ./fsharp_signature/src/scanner.c:1:
[INFO] [stderr] warning: tree-sitter-fsharp@0.3.0: ./fsharp_signature/src/../../common/scanner.h: In function 'pop_indent':
[INFO] [stderr] warning: tree-sitter-fsharp@0.3.0: ./fsharp/src/tree_sitter/array.h:127:42: warning: value computed is not used [-Wunused-value]
[INFO] [stderr] warning: tree-sitter-fsharp@0.3.0:   127 | #define array_pop(self) ((self)->contents[--(self)->size])
[INFO] [stderr] warning: tree-sitter-fsharp@0.3.0:       |                         ~~~~~~~~~~~~~~~~~^~~~~~~~~~~~~~~~~
[INFO] [stderr] warning: tree-sitter-fsharp@0.3.0: ./fsharp_signature/src/../../common/scanner.h:69:5: note: in expansion of macro 'array_pop'
[INFO] [stderr] warning: tree-sitter-fsharp@0.3.0:    69 |     array_pop(&scanner->indents);
[INFO] [stderr] warning: tree-sitter-fsharp@0.3.0:       |     ^~~~~~~~~
[INFO] [stderr] warning: tree-sitter-fsharp@0.3.0: ./fsharp/src/tree_sitter/array.h:127:42: warning: value computed is not used [-Wunused-value]
[INFO] [stderr] warning: tree-sitter-fsharp@0.3.0:   127 | #define array_pop(self) ((self)->contents[--(self)->size])
[INFO] [stderr] warning: tree-sitter-fsharp@0.3.0:       |                         ~~~~~~~~~~~~~~~~~^~~~~~~~~~~~~~~~~
[INFO] [stderr] warning: tree-sitter-fsharp@0.3.0: ./fsharp_signature/src/../../common/scanner.h:72:5: note: in expansion of macro 'array_pop'
[INFO] [stderr] warning: tree-sitter-fsharp@0.3.0:    72 |     array_pop(&scanner->paren_indents);
[INFO] [stderr] warning: tree-sitter-fsharp@0.3.0:       |     ^~~~~~~~~
[INFO] [stderr] warning: tree-sitter-fsharp@0.3.0: ./fsharp_signature/src/../../common/scanner.h: In function 'scan':
[INFO] [stderr] warning: tree-sitter-fsharp@0.3.0: ./fsharp/src/tree_sitter/array.h:127:42: warning: value computed is not used [-Wunused-value]
[INFO] [stderr] warning: tree-sitter-fsharp@0.3.0:   127 | #define array_pop(self) ((self)->contents[--(self)->size])
[INFO] [stderr] warning: tree-sitter-fsharp@0.3.0:       |                         ~~~~~~~~~~~~~~~~~^~~~~~~~~~~~~~~~~
[INFO] [stderr] warning: tree-sitter-fsharp@0.3.0: ./fsharp_signature/src/../../common/scanner.h:569:21: note: in expansion of macro 'array_pop'
[INFO] [stderr] warning: tree-sitter-fsharp@0.3.0:   569 |                     array_pop(&scanner->preprocessor_indents);
[INFO] [stderr] warning: tree-sitter-fsharp@0.3.0:       |                     ^~~~~~~~~
[INFO] [stderr] error: failed to run custom build command for `tree-sitter-fsharp v0.3.0`
[INFO] [stderr] note: To improve backtraces for build dependencies, set the CARGO_PROFILE_RELEASE_BUILD_OVERRIDE_DEBUG=true environment variable to enable debug information generation.
[INFO] [stderr] 
[INFO] [stderr] Caused by:
[INFO] [stderr]   process didn't exit successfully: `/opt/rustwide/target/release/build/tree-sitter-fsharp/935b29c3b0d9cc76/out/build_script_build` (exit status: 1)
[INFO] [stderr]   --- stdout
[INFO] [stderr]   cargo:rerun-if-changed=./common
[INFO] [stderr]   cargo:rerun-if-changed=./fsharp/src/parser.c
[INFO] [stderr]   cargo:rerun-if-changed=./fsharp/src/scanner.c
[INFO] [stderr]   cargo:rerun-if-changed=./fsharp_signature/src/parser.c
[INFO] [stderr]   cargo:rerun-if-changed=./fsharp_signature/src/scanner.c
[INFO] [stderr]   OUT_DIR = Some(/opt/rustwide/target/release/build/tree-sitter-fsharp/c251a8aae1118248/out)
[INFO] [stderr]   OPT_LEVEL = Some(0)
[INFO] [stderr]   TARGET = Some(x86_64-unknown-linux-gnu)
[INFO] [stderr]   CARGO_ENCODED_RUSTFLAGS = Some(--cap-lints=warn)
[INFO] [stderr]   HOST = Some(x86_64-unknown-linux-gnu)
[INFO] [stderr]   cargo:rerun-if-env-changed=CC_x86_64-unknown-linux-gnu
[INFO] [stderr]   CC_x86_64-unknown-linux-gnu = None
[INFO] [stderr]   cargo:rerun-if-env-changed=CC_x86_64_unknown_linux_gnu
[INFO] [stderr]   CC_x86_64_unknown_linux_gnu = None
[INFO] [stderr]   cargo:rerun-if-env-changed=HOST_CC
[INFO] [stderr]   HOST_CC = None
[INFO] [stderr]   cargo:rerun-if-env-changed=CC
[INFO] [stderr]   CC = None
[INFO] [stderr]   cargo:rerun-if-env-changed=CC_ENABLE_DEBUG_OUTPUT
[INFO] [stderr]   RUSTC_WRAPPER = None
[INFO] [stderr]   cargo:rerun-if-env-changed=CRATE_CC_NO_DEFAULTS
[INFO] [stderr]   CRATE_CC_NO_DEFAULTS = None
[INFO] [stderr]   DEBUG = Some(false)
[INFO] [stderr]   CARGO_CFG_TARGET_FEATURE = Some(fxsr,sse,sse2)
[INFO] [stderr]   cargo:rerun-if-env-changed=CFLAGS
[INFO] [stderr]   CFLAGS = None
[INFO] [stderr]   cargo:rerun-if-env-changed=HOST_CFLAGS
[INFO] [stderr]   HOST_CFLAGS = None
[INFO] [stderr]   cargo:rerun-if-env-changed=CFLAGS_x86_64_unknown_linux_gnu
[INFO] [stderr]   CFLAGS_x86_64_unknown_linux_gnu = None
[INFO] [stderr]   cargo:rerun-if-env-changed=CFLAGS_x86_64-unknown-linux-gnu
[INFO] [stderr]   CFLAGS_x86_64-unknown-linux-gnu = None
[INFO] [stderr]   cargo:warning=cc: fatal error: Killed signal terminated program cc1
[INFO] [stderr]   cargo:warning=compilation terminated.
[INFO] [stderr]   exit status: 1
[INFO] [stderr]   cargo:warning=ToolExecError: command did not execute successfully (status code exit status: 1): LC_ALL="C" "cc" "-O0" "-ffunction-sections" "-fdata-sections" "-fPIC" "-m64" "-std=c11" "-I" "./fsharp/src" "-Wall" "-Wextra" "-o" "/opt/rustwide/target/release/build/tree-sitter-fsharp/c251a8aae1118248/out/577cc755a205cb7f-parser.o" "-c" "./fsharp/src/parser.c"cargo:warning=In file included from ./fsharp/src/../../common/scanner.h:5,
[INFO] [stderr]   cargo:warning=                 from ./fsharp/src/scanner.c:1:
[INFO] [stderr]   cargo:warning=./fsharp/src/../../common/scanner.h: In function 'pop_indent':
[INFO] [stderr]   cargo:warning=./fsharp/src/tree_sitter/array.h:127:42: warning: value computed is not used [-Wunused-value]
[INFO] [stderr]   cargo:warning=  127 | #define array_pop(self) ((self)->contents[--(self)->size])
[INFO] [stderr]   cargo:warning=      |                         ~~~~~~~~~~~~~~~~~^~~~~~~~~~~~~~~~~
[INFO] [stderr]   cargo:warning=./fsharp/src/../../common/scanner.h:69:5: note: in expansion of macro 'array_pop'
[INFO] [stderr]   cargo:warning=   69 |     array_pop(&scanner->indents);
[INFO] [stderr]   cargo:warning=      |     ^~~~~~~~~
[INFO] [stderr]   cargo:warning=./fsharp/src/tree_sitter/array.h:127:42: warning: value computed is not used [-Wunused-value]
[INFO] [stderr]   cargo:warning=  127 | #define array_pop(self) ((self)->contents[--(self)->size])
[INFO] [stderr]   cargo:warning=      |                         ~~~~~~~~~~~~~~~~~^~~~~~~~~~~~~~~~~
[INFO] [stderr]   cargo:warning=./fsharp/src/../../common/scanner.h:72:5: note: in expansion of macro 'array_pop'
[INFO] [stderr]   cargo:warning=   72 |     array_pop(&scanner->paren_indents);
[INFO] [stderr]   cargo:warning=      |     ^~~~~~~~~
[INFO] [stderr]   cargo:warning=./fsharp/src/../../common/scanner.h: In function 'scan':
[INFO] [stderr]   cargo:warning=./fsharp/src/tree_sitter/array.h:127:42: warning: value computed is not used [-Wunused-value]
[INFO] [stderr]   cargo:warning=  127 | #define array_pop(self) ((self)->contents[--(self)->size])
[INFO] [stderr]   cargo:warning=      |                         ~~~~~~~~~~~~~~~~~^~~~~~~~~~~~~~~~~
[INFO] [stderr]   cargo:warning=./fsharp/src/../../common/scanner.h:569:21: note: in expansion of macro 'array_pop'
[INFO] [stderr]   cargo:warning=  569 |                     array_pop(&scanner->preprocessor_indents);
[INFO] [stderr]   cargo:warning=      |                     ^~~~~~~~~
[INFO] [stderr]   cargo:warning=cc: fatal error: Killed signal terminated program cc1
[INFO] [stderr]   cargo:warning=compilation terminated.
[INFO] [stderr] 
[INFO] [stderr]   exit status: 0
[INFO] [stderr]   exit status: 1
[INFO] [stderr]   cargo:warning=ToolExecError: command did not execute successfully (status code exit status: 1): LC_ALL="C" "cc" "-O0" "-ffunction-sections" "-fdata-sections" "-fPIC" "-m64" "-std=c11" "-I" "./fsharp/src" "-Wall" "-Wextra" "-o" "/opt/rustwide/target/release/build/tree-sitter-fsharp/c251a8aae1118248/out/66b572ab669a1060-parser.o" "-c" "./fsharp_signature/src/parser.c"cargo:warning=In file included from ./fsharp_signature/src/../../common/scanner.h:5,
[INFO] [stderr]   cargo:warning=                 from ./fsharp_signature/src/scanner.c:1:
[INFO] [stderr]   cargo:warning=./fsharp_signature/src/../../common/scanner.h: In function 'pop_indent':
[INFO] [stderr]   cargo:warning=./fsharp/src/tree_sitter/array.h:127:42: warning: value computed is not used [-Wunused-value]
[INFO] [stderr]   cargo:warning=  127 | #define array_pop(self) ((self)->contents[--(self)->size])
[INFO] [stderr]   cargo:warning=      |                         ~~~~~~~~~~~~~~~~~^~~~~~~~~~~~~~~~~
[INFO] [stderr]   cargo:warning=./fsharp_signature/src/../../common/scanner.h:69:5: note: in expansion of macro 'array_pop'
[INFO] [stderr]   cargo:warning=   69 |     array_pop(&scanner->indents);
[INFO] [stderr]   cargo:warning=      |     ^~~~~~~~~
[INFO] [stderr]   cargo:warning=./fsharp/src/tree_sitter/array.h:127:42: warning: value computed is not used [-Wunused-value]
[INFO] [stderr]   cargo:warning=  127 | #define array_pop(self) ((self)->contents[--(self)->size])
[INFO] [stderr]   cargo:warning=      |                         ~~~~~~~~~~~~~~~~~^~~~~~~~~~~~~~~~~
[INFO] [stderr]   cargo:warning=./fsharp_signature/src/../../common/scanner.h:72:5: note: in expansion of macro 'array_pop'
[INFO] [stderr]   cargo:warning=   72 |     array_pop(&scanner->paren_indents);
[INFO] [stderr]   cargo:warning=      |     ^~~~~~~~~
[INFO] [stderr]   cargo:warning=./fsharp_signature/src/../../common/scanner.h: In function 'scan':
[INFO] [stderr]   cargo:warning=./fsharp/src/tree_sitter/array.h:127:42: warning: value computed is not used [-Wunused-value]
[INFO] [stderr]   cargo:warning=  127 | #define array_pop(self) ((self)->contents[--(self)->size])
[INFO] [stderr]   cargo:warning=      |                         ~~~~~~~~~~~~~~~~~^~~~~~~~~~~~~~~~~
[INFO] [stderr]   cargo:warning=./fsharp_signature/src/../../common/scanner.h:569:21: note: in expansion of macro 'array_pop'
[INFO] [stderr]   cargo:warning=  569 |                     array_pop(&scanner->preprocessor_indents);
[INFO] [stderr]   cargo:warning=      |                     ^~~~~~~~~
[INFO] [stderr] 
[INFO] [stderr]   exit status: 0
[INFO] [stderr] 
[INFO] [stderr]   --- stderr
[INFO] [stderr] 
[INFO] [stderr] 
[INFO] [stderr]   error occurred in cc-rs: command did not execute successfully (status code exit status: 1): LC_ALL="C" "cc" "-O0" "-ffunction-sections" "-fdata-sections" "-fPIC" "-m64" "-std=c11" "-I" "./fsharp/src" "-Wall" "-Wextra" "-o" "/opt/rustwide/target/release/build/tree-sitter-fsharp/c251a8aae1118248/out/66b572ab669a1060-parser.o" "-c" "./fsharp_signature/src/parser.c"
[INFO] [stderr] 
[INFO] [stderr] 
[INFO] running `Command { std: "docker" "inspect" "c2df22f5886a4e1a3beee4ca18e653578c87a15417a3b10f3b988442cc96c44f", kill_on_drop: false }`
[INFO] running `Command { std: "docker" "rm" "-f" "c2df22f5886a4e1a3beee4ca18e653578c87a15417a3b10f3b988442cc96c44f", kill_on_drop: false }`
[INFO] [stdout] c2df22f5886a4e1a3beee4ca18e653578c87a15417a3b10f3b988442cc96c44f
