[INFO] fetching crate diffler-core 0.19.1...
[INFO] testing diffler-core-0.19.1 against 1.99.0-beta.8+cargoflags=--release for beta-release-1.100-2
[INFO] extracting crate diffler-core 0.19.1 into /workspace/builds/worker-5-tc1/source
[INFO] started tweaking crates.io crate diffler-core 0.19.1
[INFO] removed 0 missing tests
[INFO] finished tweaking crates.io crate diffler-core 0.19.1
[INFO] tweaked toml for crates.io crate diffler-core 0.19.1 written to /workspace/builds/worker-5-tc1/source/Cargo.toml
[INFO] validating manifest of crates.io crate diffler-core 0.19.1 on toolchain 1.99.0-beta.8
[INFO] running `Command { std: CARGO_HOME="/workspace/cargo-home" RUSTUP_HOME="/workspace/rustup-home" "/workspace/cargo-home/bin/cargo" "+1.99.0-beta.8" "metadata" "--manifest-path" "Cargo.toml" "--no-deps", kill_on_drop: false }`
[INFO] crate crates.io crate diffler-core 0.19.1 already has a lockfile, it will not be regenerated
[INFO] running `Command { std: CARGO_HOME="/workspace/cargo-home" RUSTUP_HOME="/workspace/rustup-home" "/workspace/cargo-home/bin/cargo" "+1.99.0-beta.8" "fetch" "--manifest-path" "Cargo.toml", kill_on_drop: false }`
[INFO] [stderr]     Updating crates.io index
[INFO] [stderr]  Downloading crates ...
[INFO] [stderr]   Downloaded wasm-bindgen-shared v0.2.123
[INFO] [stderr]   Downloaded wasm-bindgen-macro-support v0.2.123
[INFO] [stderr]   Downloaded wasm-bindgen-macro v0.2.123
[INFO] [stderr]   Downloaded wasm-bindgen v0.2.123
[INFO] [stderr]   Downloaded tree-sitter-svelte-ng v1.0.2
[INFO] [stderr]   Downloaded tree-sitter-json v0.24.8
[INFO] [stderr]   Downloaded tree-sitter-language v0.1.7
[INFO] [stderr]   Downloaded tree-sitter-html v0.23.2
[INFO] [stderr]   Downloaded tree-sitter-highlight v0.26.13
[INFO] [stderr]   Downloaded arborium-sysroot v2.18.2
[INFO] [stderr]   Downloaded tree-sitter-toml-ng v0.7.0
[INFO] [stderr]   Downloaded syndiff v0.2.0
[INFO] [stderr]   Downloaded tree-sitter-lua v0.5.0
[INFO] [stderr]   Downloaded tree-sitter-nix v0.3.0
[INFO] [stderr]   Downloaded arborium-dockerfile v2.18.2
[INFO] [stderr]   Downloaded dlmalloc v0.2.14
[INFO] [stderr]   Downloaded tree-sitter-hcl v1.1.0
[INFO] [stderr]   Downloaded tree-sitter-css v0.25.0
[INFO] [stderr]   Downloaded memchr v2.8.1
[INFO] [stderr]   Downloaded tree-sitter-xml v0.7.0
[INFO] [stderr]   Downloaded tree-sitter-make v1.1.1
[INFO] [stderr]   Downloaded js-sys v0.3.100
[INFO] [stderr]   Downloaded cc v1.2.63
[INFO] [stderr]   Downloaded tree-sitter-yaml v0.7.2
[INFO] [stderr]   Downloaded tree-sitter-go v0.25.0
[INFO] [stderr]   Downloaded tree-sitter-java v0.23.5
[INFO] [stderr]   Downloaded imara-diff v0.2.0
[INFO] [stderr]   Downloaded tree-sitter-zig v1.1.2
[INFO] [stderr]   Downloaded tree-sitter-c v0.24.2
[INFO] [stderr]   Downloaded tree-sitter-powershell v0.26.4
[INFO] [stderr]   Downloaded git2 v0.21.0
[INFO] [stderr]   Downloaded tree-sitter-md v0.5.3
[INFO] [stderr]   Downloaded tree-sitter-dart v0.2.0
[INFO] [stderr]   Downloaded tree-sitter-elixir v0.3.5
[INFO] [stderr]   Downloaded tree-sitter-ruby v0.23.1
[INFO] [stderr]   Downloaded tree-sitter-php v0.24.2
[INFO] [stderr]   Downloaded web-sys v0.3.100
[INFO] [stderr]   Downloaded tree-sitter-haskell v0.24.1
[INFO] [stderr]   Downloaded tree-sitter-sequel v0.3.11
[INFO] [stderr]   Downloaded tree-sitter-cpp v0.23.4
[INFO] [stderr]   Downloaded tree-sitter-swift v0.7.3
[INFO] [stderr]   Downloaded tree-sitter-c-sharp v0.23.5
[INFO] [stderr]   Downloaded tree-sitter-scala v0.26.2
[INFO] [stderr]   Downloaded libgit2-sys v0.18.5+1.9.4
[INFO] running `Command { std: "docker" "create" "-v" "/var/lib/crater-agent-workspace/builds/worker-5-tc1/source:/opt/rustwide/workdir:ro,Z" "-v" "/var/lib/crater-agent-workspace/builds/worker-5-tc1/target:/opt/rustwide/target:rw,Z" "-v" "/var/lib/crater-agent-workspace/cargo-home:/opt/rustwide/cargo-home:ro,Z" "-v" "/var/lib/crater-agent-workspace/rustup-home:/opt/rustwide/rustup-home:ro,Z" "-m" "1610612736" "--network" "none" "ghcr.io/rust-lang/crates-build-env/linux@sha256:77db811e55d90add9212f6832c23229e3de5f1c1f9905e8cb07319ea15df73ac" "sleep" "infinity", kill_on_drop: false }`
[INFO] [stdout] 864502f69b870503ace7ca0ad6d5084d166cc193d6d38b2b2c62679d84e36786
[INFO] running `Command { std: "docker" "start" "864502f69b870503ace7ca0ad6d5084d166cc193d6d38b2b2c62679d84e36786", kill_on_drop: false }`
[INFO] running `Command { std: "docker" "inspect" "864502f69b870503ace7ca0ad6d5084d166cc193d6d38b2b2c62679d84e36786", kill_on_drop: false }`
[INFO] running `Command { std: "docker" "exec" "-e" "SOURCE_DIR=/opt/rustwide/workdir" "-e" "CARGO_HOME=/opt/rustwide/cargo-home" "-e" "RUSTUP_HOME=/opt/rustwide/rustup-home" "-e" "CARGO_TARGET_DIR=/opt/rustwide/target" "-w" "/opt/rustwide/workdir" "--user" "0:0" "864502f69b870503ace7ca0ad6d5084d166cc193d6d38b2b2c62679d84e36786" "/opt/rustwide/cargo-home/bin/cargo" "+1.99.0-beta.8" "metadata" "--no-deps" "--format-version=1", kill_on_drop: false }`
[INFO] running `Command { std: "docker" "inspect" "864502f69b870503ace7ca0ad6d5084d166cc193d6d38b2b2c62679d84e36786", kill_on_drop: false }`
[INFO] running `Command { std: "docker" "exec" "-e" "SOURCE_DIR=/opt/rustwide/workdir" "-e" "CARGO_HOME=/opt/rustwide/cargo-home" "-e" "RUSTUP_HOME=/opt/rustwide/rustup-home" "-e" "CARGO_TARGET_DIR=/opt/rustwide/target" "-e" "CARGO_INCREMENTAL=0" "-e" "RUST_BACKTRACE=full" "-e" "RUSTFLAGS=--cap-lints=warn" "-e" "RUSTDOCFLAGS=--cap-lints=warn" "-w" "/opt/rustwide/workdir" "--user" "0:0" "864502f69b870503ace7ca0ad6d5084d166cc193d6d38b2b2c62679d84e36786" "/opt/rustwide/cargo-home/bin/cargo" "+1.99.0-beta.8" "build" "--frozen" "--message-format=json" "--release", kill_on_drop: false }`
[INFO] [stderr]    Compiling libc v0.2.186
[INFO] [stderr]    Compiling find-msvc-tools v0.1.9
[INFO] [stderr]    Compiling tree-sitter-language v0.1.7
[INFO] [stderr]    Compiling memchr v2.8.1
[INFO] [stderr]    Compiling zmij v1.0.21
[INFO] [stderr]    Compiling serde_json v1.0.151
[INFO] [stderr]    Compiling pkg-config v0.3.33
[INFO] [stderr]    Compiling hashbrown v0.17.1
[INFO] [stderr]    Compiling syn v3.0.3
[INFO] [stderr]    Compiling bitflags v2.13.0
[INFO] [stderr]    Compiling streaming-iterator v0.1.9
[INFO] [stderr]    Compiling hashbrown v0.15.5
[INFO] [stderr]    Compiling aho-corasick v1.1.4
[INFO] [stderr]    Compiling indexmap v2.14.0
[INFO] [stderr]    Compiling rustix v1.1.4
[INFO] [stderr]    Compiling getrandom v0.4.2
[INFO] [stderr]    Compiling log v0.4.32
[INFO] [stderr]    Compiling imara-diff v0.2.0
[INFO] [stderr]    Compiling jobserver v0.1.34
[INFO] [stderr]    Compiling smallvec v1.15.1
[INFO] [stderr]    Compiling arrayvec v0.7.6
[INFO] [stderr]    Compiling cc v1.2.63
[INFO] [stderr]    Compiling fastrand v2.4.1
[INFO] [stderr]    Compiling rustc-hash v2.1.2
[INFO] [stderr]    Compiling similar v3.2.0
[INFO] [stderr]    Compiling regex-automata v0.4.14
[INFO] [stderr]    Compiling uuid v1.26.1
[INFO] [stderr]    Compiling thiserror-impl v2.0.21
[INFO] [stderr]    Compiling serde_derive v1.0.229
[INFO] [stderr]    Compiling libz-sys v1.1.29
[INFO] [stderr]    Compiling tree-sitter v0.26.13
[INFO] [stderr]    Compiling libgit2-sys v0.18.5+1.9.4
[INFO] [stderr]    Compiling tree-sitter-sequel v0.3.11
[INFO] [stderr]    Compiling tree-sitter-scala v0.26.2
[INFO] [stderr]    Compiling tree-sitter-c-sharp v0.23.5
[INFO] [stderr]    Compiling tree-sitter-rust v0.24.2
[INFO] [stderr]    Compiling tree-sitter-haskell v0.24.1
[INFO] [stderr]    Compiling tree-sitter-json v0.24.8
[INFO] [stderr]    Compiling tree-sitter-ruby v0.23.1
[INFO] [stderr]    Compiling tree-sitter-javascript v0.25.0
[INFO] [stderr]    Compiling tree-sitter-css v0.25.0
[INFO] [stderr]    Compiling tree-sitter-python v0.25.0
[INFO] [stderr]    Compiling tree-sitter-java v0.23.5
[INFO] [stderr]    Compiling tree-sitter-powershell v0.26.4
[INFO] [stderr]    Compiling tree-sitter-html v0.23.2
[INFO] [stderr]    Compiling tree-sitter-php v0.24.2
[INFO] [stderr]    Compiling tree-sitter-nix v0.3.0
[INFO] [stderr]    Compiling tree-sitter-md v0.5.3
[INFO] [stderr]    Compiling tree-sitter-make v1.1.1
[INFO] [stderr]    Compiling tree-sitter-zig v1.1.2
[INFO] [stderr]    Compiling tree-sitter-c v0.24.2
[INFO] [stderr]    Compiling tree-sitter-lua v0.5.0
[INFO] [stderr]    Compiling regex v1.12.4
[INFO] [stderr]    Compiling tree-sitter-cpp v0.23.4
[INFO] [stderr]    Compiling tree-sitter-hcl v1.1.0
[INFO] [stderr]    Compiling arborium-dockerfile v2.18.2
[INFO] [stderr]    Compiling tree-sitter-dart v0.2.0
[INFO] [stderr]    Compiling tree-sitter-typescript v0.23.2
[INFO] [stderr]    Compiling tree-sitter-yaml v0.7.2
[INFO] [stderr]    Compiling tree-sitter-go v0.25.0
[INFO] [stderr]    Compiling tree-sitter-elixir v0.3.5
[INFO] [stderr]    Compiling tree-sitter-swift v0.7.3
[INFO] [stderr]    Compiling tree-sitter-toml-ng v0.7.0
[INFO] [stderr]    Compiling tree-sitter-xml v0.7.0
[INFO] [stderr]    Compiling tree-sitter-svelte-ng v1.0.2
[INFO] [stderr]    Compiling tree-sitter-bash v0.25.1
[INFO] [stderr]    Compiling thiserror v2.0.21
[INFO] [stderr]    Compiling tree-sitter-highlight v0.26.13
[INFO] [stderr]    Compiling syndiff v0.2.0
[INFO] [stderr]    Compiling serde v1.0.229
[INFO] [stderr]    Compiling tempfile v3.27.0
[INFO] [stderr]    Compiling git2 v0.21.0
[INFO] [stderr]    Compiling diffler-core v0.19.1 (/opt/rustwide/workdir)
[INFO] [stderr]     Finished `release` profile [optimized] target(s) in 4m 54s
[INFO] running `Command { std: "docker" "inspect" "864502f69b870503ace7ca0ad6d5084d166cc193d6d38b2b2c62679d84e36786", kill_on_drop: false }`
[INFO] running `Command { std: "docker" "exec" "-e" "SOURCE_DIR=/opt/rustwide/workdir" "-e" "CARGO_HOME=/opt/rustwide/cargo-home" "-e" "RUSTUP_HOME=/opt/rustwide/rustup-home" "-e" "CARGO_TARGET_DIR=/opt/rustwide/target" "-e" "CARGO_INCREMENTAL=0" "-e" "RUST_BACKTRACE=full" "-e" "RUSTFLAGS=--cap-lints=warn" "-e" "RUSTDOCFLAGS=--cap-lints=warn" "-w" "/opt/rustwide/workdir" "--user" "0:0" "864502f69b870503ace7ca0ad6d5084d166cc193d6d38b2b2c62679d84e36786" "/opt/rustwide/cargo-home/bin/cargo" "+1.99.0-beta.8" "test" "--frozen" "--no-run" "--message-format=json" "--release", kill_on_drop: false }`
[INFO] [stderr]    Compiling crossbeam-utils v0.8.21
[INFO] [stderr]    Compiling syn v2.0.117
[INFO] [stderr]    Compiling crossbeam-epoch v0.9.20
[INFO] [stderr]    Compiling zerocopy v0.8.52
[INFO] [stderr]    Compiling serde v1.0.229
[INFO] [stderr]    Compiling num-traits v0.2.19
[INFO] [stderr]    Compiling rayon-core v1.13.0
[INFO] [stderr]    Compiling either v1.16.0
[INFO] [stderr]    Compiling serde_json v1.0.151
[INFO] [stderr]    Compiling alloca v0.4.0
[INFO] [stderr]    Compiling clap_lex v1.1.0
[INFO] [stderr]    Compiling ciborium-io v0.2.2
[INFO] [stderr]    Compiling plotters-backend v0.3.7
[INFO] [stderr]    Compiling clap_builder v4.6.7
[INFO] [stderr]    Compiling itertools v0.13.0
[INFO] [stderr]    Compiling plotters-svg v0.3.7
[INFO] [stderr]    Compiling cast v0.3.0
[INFO] [stderr]    Compiling same-file v1.0.6
[INFO] [stderr]    Compiling walkdir v2.5.0
[INFO] [stderr]    Compiling page_size v0.6.0
[INFO] [stderr]    Compiling oorandom v11.1.5
[INFO] [stderr]    Compiling crossbeam-deque v0.8.6
[INFO] [stderr]    Compiling anes v0.1.6
[INFO] [stderr]    Compiling plotters v0.3.7
[INFO] [stderr]    Compiling tinytemplate v1.2.1
[INFO] [stderr]    Compiling diffler-core v0.19.1 (/opt/rustwide/workdir)
[INFO] [stderr]    Compiling criterion-plot v0.8.2
[INFO] [stderr]    Compiling rayon v1.12.0
[INFO] [stderr]    Compiling clap v4.6.7
[INFO] [stderr]    Compiling zerocopy-derive v0.8.52
[INFO] [stderr]    Compiling half v2.7.1
[INFO] [stderr]    Compiling ciborium-ll v0.2.2
[INFO] [stderr]    Compiling ciborium v0.2.2
[INFO] [stderr]    Compiling criterion v0.8.2
[INFO] [stdout] error[E0433]: cannot find `test_git` in `diffler_core`
[INFO] [stdout]   --> tests/common/mod.rs:19:34
[INFO] [stdout]    |
[INFO] [stdout] 19 |         let repo = diffler_core::test_git::init_repo(dir.path(), None);
[INFO] [stdout]    |                                  ^^^^^^^^ could not find `test_git` in `diffler_core`
[INFO] [stdout]    |
[INFO] [stdout] note: found an item that was configured out
[INFO] [stdout]   --> src/lib.rs:23:9
[INFO] [stdout]    |
[INFO] [stdout] 22 | #[cfg(feature = "test-support")]
[INFO] [stdout]    |       ------------------------ the item is gated behind the `test-support` feature
[INFO] [stdout] 23 | pub mod test_git;
[INFO] [stdout]    |         ^^^^^^^^
[INFO] [stdout] 
[INFO] [stdout] 
[INFO] [stdout] error[E0433]: cannot find `test_git` in `diffler_core`
[INFO] [stdout]   --> tests/common/mod.rs:19:34
[INFO] [stdout]    |
[INFO] [stdout] 19 |         let repo = diffler_core::test_git::init_repo(dir.path(), None);
[INFO] [stdout]    |                                  ^^^^^^^^ could not find `test_git` in `diffler_core`
[INFO] [stdout]    |
[INFO] [stdout] note: found an item that was configured out
[INFO] [stdout]   --> src/lib.rs:23:9
[INFO] [stdout]    |
[INFO] [stdout] 22 | #[cfg(feature = "test-support")]
[INFO] [stdout]    |       ------------------------ the item is gated behind the `test-support` feature
[INFO] [stdout] 23 | pub mod test_git;
[INFO] [stdout]    |         ^^^^^^^^
[INFO] [stdout] 
[INFO] [stdout] 
[INFO] [stdout] error[E0433]: cannot find `test_git` in `diffler_core`
[INFO] [stdout]   --> tests/common/mod.rs:37:23
[INFO] [stdout]    |
[INFO] [stdout] 37 |         diffler_core::test_git::commit_all(&self.repo, message, &sig);
[INFO] [stdout]    |                       ^^^^^^^^ could not find `test_git` in `diffler_core`
[INFO] [stdout]    |
[INFO] [stdout] note: found an item that was configured out
[INFO] [stdout]   --> src/lib.rs:23:9
[INFO] [stdout]    |
[INFO] [stdout] 22 | #[cfg(feature = "test-support")]
[INFO] [stdout]    |       ------------------------ the item is gated behind the `test-support` feature
[INFO] [stdout] 23 | pub mod test_git;
[INFO] [stdout]    |         ^^^^^^^^
[INFO] [stdout] 
[INFO] [stdout] 
[INFO] [stdout] error[E0433]: cannot find `test_git` in `diffler_core`
[INFO] [stdout]   --> tests/common/mod.rs:19:34
[INFO] [stdout]    |
[INFO] [stdout] 19 |         let repo = diffler_core::test_git::init_repo(dir.path(), None);
[INFO] [stdout]    |                                  ^^^^^^^^ could not find `test_git` in `diffler_core`
[INFO] [stdout]    |
[INFO] [stdout] note: found an item that was configured out
[INFO] [stdout]   --> src/lib.rs:23:9
[INFO] [stdout]    |
[INFO] [stdout] 22 | #[cfg(feature = "test-support")]
[INFO] [stdout]    |       ------------------------ the item is gated behind the `test-support` feature
[INFO] [stdout] 23 | pub mod test_git;
[INFO] [stdout]    |         ^^^^^^^^
[INFO] [stdout] 
[INFO] [stdout] 
[INFO] [stdout] error[E0433]: cannot find `test_git` in `diffler_core`
[INFO] [stdout]   --> tests/common/mod.rs:37:23
[INFO] [stdout]    |
[INFO] [stdout] 37 |         diffler_core::test_git::commit_all(&self.repo, message, &sig);
[INFO] [stdout]    |                       ^^^^^^^^ could not find `test_git` in `diffler_core`
[INFO] [stdout]    |
[INFO] [stdout] note: found an item that was configured out
[INFO] [stdout]   --> src/lib.rs:23:9
[INFO] [stdout]    |
[INFO] [stdout] 22 | #[cfg(feature = "test-support")]
[INFO] [stdout]    |       ------------------------ the item is gated behind the `test-support` feature
[INFO] [stdout] 23 | pub mod test_git;
[INFO] [stdout]    |         ^^^^^^^^
[INFO] [stdout] 
[INFO] [stdout] 
[INFO] [stdout] error[E0433]: cannot find `test_git` in `diffler_core`
[INFO] [stdout]   --> tests/common/mod.rs:43:23
[INFO] [stdout]    |
[INFO] [stdout] 43 |         diffler_core::test_git::commit_all(&self.repo, message, &sig);
[INFO] [stdout]    |                       ^^^^^^^^ could not find `test_git` in `diffler_core`
[INFO] [stdout]    |
[INFO] [stdout] note: found an item that was configured out
[INFO] [stdout]   --> src/lib.rs:23:9
[INFO] [stdout]    |
[INFO] [stdout] 22 | #[cfg(feature = "test-support")]
[INFO] [stdout]    |       ------------------------ the item is gated behind the `test-support` feature
[INFO] [stdout] 23 | pub mod test_git;
[INFO] [stdout]    |         ^^^^^^^^
[INFO] [stdout] 
[INFO] [stdout] 
[INFO] [stdout] error[E0433]: cannot find `test_git` in `diffler_core`
[INFO] [stdout]   --> tests/common/mod.rs:37:23
[INFO] [stdout]    |
[INFO] [stdout] 37 |         diffler_core::test_git::commit_all(&self.repo, message, &sig);
[INFO] [stdout]    |                       ^^^^^^^^ could not find `test_git` in `diffler_core`
[INFO] [stdout]    |
[INFO] [stdout] note: found an item that was configured out
[INFO] [stdout]   --> src/lib.rs:23:9
[INFO] [stdout]    |
[INFO] [stdout] 22 | #[cfg(feature = "test-support")]
[INFO] [stdout]    |       ------------------------ the item is gated behind the `test-support` feature
[INFO] [stdout] 23 | pub mod test_git;
[INFO] [stdout]    |         ^^^^^^^^
[INFO] [stdout] 
[INFO] [stdout] 
[INFO] [stdout] error[E0433]: cannot find `test_git` in `diffler_core`
[INFO] [stdout]   --> tests/common/mod.rs:63:23
[INFO] [stdout]    |
[INFO] [stdout] 63 |         diffler_core::test_git::track(&self.repo, branch, at);
[INFO] [stdout]    |                       ^^^^^^^^ could not find `test_git` in `diffler_core`
[INFO] [stdout]    |
[INFO] [stdout] note: found an item that was configured out
[INFO] [stdout]   --> src/lib.rs:23:9
[INFO] [stdout]    |
[INFO] [stdout] 22 | #[cfg(feature = "test-support")]
[INFO] [stdout]    |       ------------------------ the item is gated behind the `test-support` feature
[INFO] [stdout] 23 | pub mod test_git;
[INFO] [stdout]    |         ^^^^^^^^
[INFO] [stdout] 
[INFO] [stdout] 
[INFO] [stdout] error[E0433]: cannot find `test_git` in `diffler_core`
[INFO] [stdout]   --> tests/common/mod.rs:43:23
[INFO] [stdout]    |
[INFO] [stdout] 43 |         diffler_core::test_git::commit_all(&self.repo, message, &sig);
[INFO] [stdout]    |                       ^^^^^^^^ could not find `test_git` in `diffler_core`
[INFO] [stdout]    |
[INFO] [stdout] note: found an item that was configured out
[INFO] [stdout]   --> src/lib.rs:23:9
[INFO] [stdout]    |
[INFO] [stdout] 22 | #[cfg(feature = "test-support")]
[INFO] [stdout]    |       ------------------------ the item is gated behind the `test-support` feature
[INFO] [stdout] 23 | pub mod test_git;
[INFO] [stdout]    |         ^^^^^^^^
[INFO] [stdout] 
[INFO] [stdout] 
[INFO] [stdout] error[E0433]: cannot find `test_git` in `diffler_core`
[INFO] [stdout]   --> tests/common/mod.rs:43:23
[INFO] [stdout]    |
[INFO] [stdout] 43 |         diffler_core::test_git::commit_all(&self.repo, message, &sig);
[INFO] [stdout]    |                       ^^^^^^^^ could not find `test_git` in `diffler_core`
[INFO] [stdout]    |
[INFO] [stdout] note: found an item that was configured out
[INFO] [stdout]   --> src/lib.rs:23:9
[INFO] [stdout]    |
[INFO] [stdout] 22 | #[cfg(feature = "test-support")]
[INFO] [stdout]    |       ------------------------ the item is gated behind the `test-support` feature
[INFO] [stdout] 23 | pub mod test_git;
[INFO] [stdout]    |         ^^^^^^^^
[INFO] [stdout] 
[INFO] [stdout] 
[INFO] [stdout] error[E0433]: cannot find `test_git` in `diffler_core`
[INFO] [stdout]   --> tests/common/mod.rs:88:34
[INFO] [stdout]    |
[INFO] [stdout] 88 |         let repo = diffler_core::test_git::init_repo(dir.path(), Some("main"));
[INFO] [stdout]    |                                  ^^^^^^^^ could not find `test_git` in `diffler_core`
[INFO] [stdout]    |
[INFO] [stdout] note: found an item that was configured out
[INFO] [stdout]   --> src/lib.rs:23:9
[INFO] [stdout]    |
[INFO] [stdout] 22 | #[cfg(feature = "test-support")]
[INFO] [stdout]    |       ------------------------ the item is gated behind the `test-support` feature
[INFO] [stdout] 23 | pub mod test_git;
[INFO] [stdout]    |         ^^^^^^^^
[INFO] [stdout] 
[INFO] [stdout] 
[INFO] [stdout] error[E0433]: cannot find `test_git` in `diffler_core`
[INFO] [stdout]   --> tests/common/mod.rs:63:23
[INFO] [stdout]    |
[INFO] [stdout] 63 |         diffler_core::test_git::track(&self.repo, branch, at);
[INFO] [stdout]    |                       ^^^^^^^^ could not find `test_git` in `diffler_core`
[INFO] [stdout]    |
[INFO] [stdout] note: found an item that was configured out
[INFO] [stdout]   --> src/lib.rs:23:9
[INFO] [stdout]    |
[INFO] [stdout] 22 | #[cfg(feature = "test-support")]
[INFO] [stdout]    |       ------------------------ the item is gated behind the `test-support` feature
[INFO] [stdout] 23 | pub mod test_git;
[INFO] [stdout]    |         ^^^^^^^^
[INFO] [stdout] 
[INFO] [stdout] 
[INFO] [stdout] error[E0433]: cannot find `test_git` in `diffler_core`
[INFO] [stdout]   --> tests/common/mod.rs:63:23
[INFO] [stdout]    |
[INFO] [stdout] 63 |         diffler_core::test_git::track(&self.repo, branch, at);
[INFO] [stdout]    |                       ^^^^^^^^ could not find `test_git` in `diffler_core`
[INFO] [stdout]    |
[INFO] [stdout] note: found an item that was configured out
[INFO] [stdout]   --> src/lib.rs:23:9
[INFO] [stdout]    |
[INFO] [stdout] 22 | #[cfg(feature = "test-support")]
[INFO] [stdout]    |       ------------------------ the item is gated behind the `test-support` feature
[INFO] [stdout] 23 | pub mod test_git;
[INFO] [stdout]    |         ^^^^^^^^
[INFO] [stdout] 
[INFO] [stdout] 
[INFO] [stdout] error[E0433]: cannot find `test_git` in `diffler_core`
[INFO] [stdout]   --> tests/common/mod.rs:88:34
[INFO] [stdout]    |
[INFO] [stdout] 88 |         let repo = diffler_core::test_git::init_repo(dir.path(), Some("main"));
[INFO] [stdout]    |                                  ^^^^^^^^ could not find `test_git` in `diffler_core`
[INFO] [stdout]    |
[INFO] [stdout] note: found an item that was configured out
[INFO] [stdout]   --> src/lib.rs:23:9
[INFO] [stdout]    |
[INFO] [stdout] 22 | #[cfg(feature = "test-support")]
[INFO] [stdout]    |       ------------------------ the item is gated behind the `test-support` feature
[INFO] [stdout] 23 | pub mod test_git;
[INFO] [stdout]    |         ^^^^^^^^
[INFO] [stdout] 
[INFO] [stdout] 
[INFO] [stdout] error[E0433]: cannot find `test_git` in `diffler_core`
[INFO] [stdout]   --> tests/common/mod.rs:92:23
[INFO] [stdout]    |
[INFO] [stdout] 92 |         diffler_core::test_git::colocate_jj(git.root());
[INFO] [stdout]    |                       ^^^^^^^^ could not find `test_git` in `diffler_core`
[INFO] [stdout]    |
[INFO] [stdout] note: found an item that was configured out
[INFO] [stdout]   --> src/lib.rs:23:9
[INFO] [stdout]    |
[INFO] [stdout] 22 | #[cfg(feature = "test-support")]
[INFO] [stdout]    |       ------------------------ the item is gated behind the `test-support` feature
[INFO] [stdout] 23 | pub mod test_git;
[INFO] [stdout]    |         ^^^^^^^^
[INFO] [stdout] 
[INFO] [stdout] 
[INFO] [stdout] error[E0433]: cannot find `test_git` in `diffler_core`
[INFO] [stdout]   --> tests/common/mod.rs:88:34
[INFO] [stdout]    |
[INFO] [stdout] 88 |         let repo = diffler_core::test_git::init_repo(dir.path(), Some("main"));
[INFO] [stdout]    |                                  ^^^^^^^^ could not find `test_git` in `diffler_core`
[INFO] [stdout]    |
[INFO] [stdout] note: found an item that was configured out
[INFO] [stdout]   --> src/lib.rs:23:9
[INFO] [stdout]    |
[INFO] [stdout] 22 | #[cfg(feature = "test-support")]
[INFO] [stdout]    |       ------------------------ the item is gated behind the `test-support` feature
[INFO] [stdout] 23 | pub mod test_git;
[INFO] [stdout]    |         ^^^^^^^^
[INFO] [stdout] 
[INFO] [stdout] 
[INFO] [stdout] error[E0433]: cannot find `test_git` in `diffler_core`
[INFO] [stdout]   --> tests/common/mod.rs:92:23
[INFO] [stdout]    |
[INFO] [stdout] 92 |         diffler_core::test_git::colocate_jj(git.root());
[INFO] [stdout]    |                       ^^^^^^^^ could not find `test_git` in `diffler_core`
[INFO] [stdout]    |
[INFO] [stdout] note: found an item that was configured out
[INFO] [stdout]   --> src/lib.rs:23:9
[INFO] [stdout]    |
[INFO] [stdout] 22 | #[cfg(feature = "test-support")]
[INFO] [stdout]    |       ------------------------ the item is gated behind the `test-support` feature
[INFO] [stdout] 23 | pub mod test_git;
[INFO] [stdout]    |         ^^^^^^^^
[INFO] [stdout] 
[INFO] [stdout] 
[INFO] [stdout] error[E0433]: cannot find `test_git` in `diffler_core`
[INFO] [stdout]   --> tests/common/mod.rs:92:23
[INFO] [stdout]    |
[INFO] [stdout] 92 |         diffler_core::test_git::colocate_jj(git.root());
[INFO] [stdout]    |                       ^^^^^^^^ could not find `test_git` in `diffler_core`
[INFO] [stdout]    |
[INFO] [stdout] note: found an item that was configured out
[INFO] [stdout]   --> src/lib.rs:23:9
[INFO] [stdout]    |
[INFO] [stdout] 22 | #[cfg(feature = "test-support")]
[INFO] [stdout]    |       ------------------------ the item is gated behind the `test-support` feature
[INFO] [stdout] 23 | pub mod test_git;
[INFO] [stdout]    |         ^^^^^^^^
[INFO] [stdout] 
[INFO] [stdout] 
[INFO] [stdout] error[E0433]: cannot find `test_git` in `diffler_core`
[INFO] [stdout]    --> tests/common/mod.rs:105:23
[INFO] [stdout]     |
[INFO] [stdout] 105 |         diffler_core::test_git::jj(self.root(), args)
[INFO] [stdout]     |                       ^^^^^^^^ could not find `test_git` in `diffler_core`
[INFO] [stdout]     |
[INFO] [stdout] note: found an item that was configured out
[INFO] [stdout]    --> src/lib.rs:23:9
[INFO] [stdout]     |
[INFO] [stdout]  22 | #[cfg(feature = "test-support")]
[INFO] [stdout]     |       ------------------------ the item is gated behind the `test-support` feature
[INFO] [stdout]  23 | pub mod test_git;
[INFO] [stdout]     |         ^^^^^^^^
[INFO] [stdout] 
[INFO] [stdout] 
[INFO] [stdout] error[E0433]: cannot find `test_git` in `diffler_core`
[INFO] [stdout]    --> tests/common/mod.rs:105:23
[INFO] [stdout]     |
[INFO] [stdout] 105 |         diffler_core::test_git::jj(self.root(), args)
[INFO] [stdout]     |                       ^^^^^^^^ could not find `test_git` in `diffler_core`
[INFO] [stdout]     |
[INFO] [stdout] note: found an item that was configured out
[INFO] [stdout]    --> src/lib.rs:23:9
[INFO] [stdout]     |
[INFO] [stdout]  22 | #[cfg(feature = "test-support")]
[INFO] [stdout]     |       ------------------------ the item is gated behind the `test-support` feature
[INFO] [stdout]  23 | pub mod test_git;
[INFO] [stdout]     |         ^^^^^^^^
[INFO] [stdout] 
[INFO] [stdout] 
[INFO] [stdout] error[E0433]: cannot find `test_git` in `diffler_core`
[INFO] [stdout]    --> tests/common/mod.rs:105:23
[INFO] [stdout]     |
[INFO] [stdout] 105 |         diffler_core::test_git::jj(self.root(), args)
[INFO] [stdout]     |                       ^^^^^^^^ could not find `test_git` in `diffler_core`
[INFO] [stdout]     |
[INFO] [stdout] note: found an item that was configured out
[INFO] [stdout]    --> src/lib.rs:23:9
[INFO] [stdout]     |
[INFO] [stdout]  22 | #[cfg(feature = "test-support")]
[INFO] [stdout]     |       ------------------------ the item is gated behind the `test-support` feature
[INFO] [stdout]  23 | pub mod test_git;
[INFO] [stdout]     |         ^^^^^^^^
[INFO] [stdout] 
[INFO] [stdout] 
[INFO] [stdout] For more information about this error, try `rustc --explain E0433`.
[INFO] [stdout] 
[INFO] [stderr] error: could not compile `diffler-core` (test "facade") due to 7 previous errors
[INFO] [stderr] warning: build failed, waiting for other jobs to finish...
[INFO] [stdout] error[E0433]: cannot find `test_git` in the crate root
[INFO] [stdout]    --> src/stats.rs:289:27
[INFO] [stdout]     |
[INFO] [stdout] 289 |         let repo = crate::test_git::init_repo(root, Some("main"));
[INFO] [stdout]     |                           ^^^^^^^^ could not find `test_git` in the crate root
[INFO] [stdout]     |
[INFO] [stdout] note: found an item that was configured out
[INFO] [stdout]    --> src/lib.rs:23:9
[INFO] [stdout]     |
[INFO] [stdout]  22 | #[cfg(feature = "test-support")]
[INFO] [stdout]     |       ------------------------ the item is gated behind the `test-support` feature
[INFO] [stdout]  23 | pub mod test_git;
[INFO] [stdout]     |         ^^^^^^^^
[INFO] [stdout] 
[INFO] [stdout] 
[INFO] [stdout] error[E0433]: cannot find `test_git` in the crate root
[INFO] [stdout]    --> src/stats.rs:293:16
[INFO] [stdout]     |
[INFO] [stdout] 293 |         crate::test_git::commit_all(&repo, "base", &sig);
[INFO] [stdout]     |                ^^^^^^^^ could not find `test_git` in the crate root
[INFO] [stdout]     |
[INFO] [stdout] note: found an item that was configured out
[INFO] [stdout]    --> src/lib.rs:23:9
[INFO] [stdout]     |
[INFO] [stdout]  22 | #[cfg(feature = "test-support")]
[INFO] [stdout]     |       ------------------------ the item is gated behind the `test-support` feature
[INFO] [stdout]  23 | pub mod test_git;
[INFO] [stdout]     |         ^^^^^^^^
[INFO] [stdout] 
[INFO] [stdout] 
[INFO] [stdout] For more information about this error, try `rustc --explain E0433`.
[INFO] [stdout] 
[INFO] [stderr] error: could not compile `diffler-core` (test "jj_backend") due to 7 previous errors
[INFO] [stdout] For more information about this error, try `rustc --explain E0433`.
[INFO] [stdout] 
[INFO] [stderr] error: could not compile `diffler-core` (test "git_backend") due to 7 previous errors
[INFO] [stdout] For more information about this error, try `rustc --explain E0433`.
[INFO] [stdout] 
[INFO] [stderr] error: could not compile `diffler-core` (lib test) due to 2 previous errors
[INFO] running `Command { std: "docker" "inspect" "864502f69b870503ace7ca0ad6d5084d166cc193d6d38b2b2c62679d84e36786", kill_on_drop: false }`
[INFO] running `Command { std: "docker" "rm" "-f" "864502f69b870503ace7ca0ad6d5084d166cc193d6d38b2b2c62679d84e36786", kill_on_drop: false }`
[INFO] [stdout] 864502f69b870503ace7ca0ad6d5084d166cc193d6d38b2b2c62679d84e36786
