[INFO] fetching crate differential-tui 0.14.0...
[INFO] testing differential-tui-0.14.0 against 1.100.0-beta.1+cargoflags=--release for beta-release-1.100-2
[INFO] extracting crate differential-tui 0.14.0 into /workspace/builds/worker-0-tc2/source
[INFO] started tweaking crates.io crate differential-tui 0.14.0
[INFO] removed 0 missing tests
[INFO] finished tweaking crates.io crate differential-tui 0.14.0
[INFO] tweaked toml for crates.io crate differential-tui 0.14.0 written to /workspace/builds/worker-0-tc2/source/Cargo.toml
[INFO] validating manifest of crates.io crate differential-tui 0.14.0 on toolchain 1.100.0-beta.1
[INFO] running `Command { std: CARGO_HOME="/workspace/cargo-home" RUSTUP_HOME="/workspace/rustup-home" "/workspace/cargo-home/bin/cargo" "+1.100.0-beta.1" "metadata" "--manifest-path" "Cargo.toml" "--no-deps", kill_on_drop: false }`
[INFO] crate crates.io crate differential-tui 0.14.0 already has a lockfile, it will not be regenerated
[INFO] running `Command { std: CARGO_HOME="/workspace/cargo-home" RUSTUP_HOME="/workspace/rustup-home" "/workspace/cargo-home/bin/cargo" "+1.100.0-beta.1" "fetch" "--manifest-path" "Cargo.toml", kill_on_drop: false }`
[INFO] [stderr] warning: `package.homepage` is redundant with `package.repository`
[INFO] [stderr]   --> Cargo.toml:86:12
[INFO] [stderr]    |
[INFO] [stderr] 86 | homepage = "https://github.com/thepartly/differential"
[INFO] [stderr]    |            ^^^^^^^^^^^^^^^^^^^^^^^^^^^^^^^^^^^^^^^^^^^
[INFO] [stderr] ...
[INFO] [stderr] 91 | repository = "https://github.com/thepartly/differential"
[INFO] [stderr]    |              -------------------------------------------
[INFO] [stderr]    |
[INFO] [stderr]    = note: `cargo::redundant_homepage` is set to `warn` by default
[INFO] [stderr] help: consider removing `package.homepage`
[INFO] [stderr] warning: `differential-tui` (manifest) generated 1 warning
[INFO] running `Command { std: "docker" "create" "-v" "/var/lib/crater-agent-workspace/builds/worker-0-tc2/source:/opt/rustwide/workdir:ro,Z" "-v" "/var/lib/crater-agent-workspace/builds/worker-0-tc2/target:/opt/rustwide/target:rw,Z" "-v" "/var/lib/crater-agent-workspace/cargo-home:/opt/rustwide/cargo-home:ro,Z" "-v" "/var/lib/crater-agent-workspace/rustup-home:/opt/rustwide/rustup-home:ro,Z" "-m" "1610612736" "--network" "none" "ghcr.io/rust-lang/crates-build-env/linux@sha256:77db811e55d90add9212f6832c23229e3de5f1c1f9905e8cb07319ea15df73ac" "sleep" "infinity", kill_on_drop: false }`
[INFO] [stdout] f9600180b8abfc4ac7215268cccae48b1a934dbecc479405bf606a40036ac8de
[INFO] running `Command { std: "docker" "start" "f9600180b8abfc4ac7215268cccae48b1a934dbecc479405bf606a40036ac8de", kill_on_drop: false }`
[INFO] running `Command { std: "docker" "inspect" "f9600180b8abfc4ac7215268cccae48b1a934dbecc479405bf606a40036ac8de", kill_on_drop: false }`
[INFO] running `Command { std: "docker" "exec" "-e" "SOURCE_DIR=/opt/rustwide/workdir" "-e" "CARGO_HOME=/opt/rustwide/cargo-home" "-e" "RUSTUP_HOME=/opt/rustwide/rustup-home" "-e" "CARGO_TARGET_DIR=/opt/rustwide/target" "-w" "/opt/rustwide/workdir" "--user" "0:0" "f9600180b8abfc4ac7215268cccae48b1a934dbecc479405bf606a40036ac8de" "/opt/rustwide/cargo-home/bin/cargo" "+1.100.0-beta.1" "metadata" "--no-deps" "--format-version=1", kill_on_drop: false }`
[INFO] running `Command { std: "docker" "inspect" "f9600180b8abfc4ac7215268cccae48b1a934dbecc479405bf606a40036ac8de", kill_on_drop: false }`
[INFO] running `Command { std: "docker" "exec" "-e" "SOURCE_DIR=/opt/rustwide/workdir" "-e" "CARGO_HOME=/opt/rustwide/cargo-home" "-e" "RUSTUP_HOME=/opt/rustwide/rustup-home" "-e" "CARGO_TARGET_DIR=/opt/rustwide/target" "-e" "CARGO_INCREMENTAL=0" "-e" "RUST_BACKTRACE=full" "-e" "RUSTFLAGS=--cap-lints=warn" "-e" "RUSTDOCFLAGS=--cap-lints=warn" "-w" "/opt/rustwide/workdir" "--user" "0:0" "f9600180b8abfc4ac7215268cccae48b1a934dbecc479405bf606a40036ac8de" "/opt/rustwide/cargo-home/bin/cargo" "+1.100.0-beta.1" "build" "--frozen" "--message-format=json" "--release", kill_on_drop: false }`
[INFO] [stderr] warning: `package.homepage` is redundant with `package.repository`
[INFO] [stderr]   --> Cargo.toml:86:12
[INFO] [stderr]    |
[INFO] [stderr] 86 | homepage = "https://github.com/thepartly/differential"
[INFO] [stderr]    |            ^^^^^^^^^^^^^^^^^^^^^^^^^^^^^^^^^^^^^^^^^^^
[INFO] [stderr] ...
[INFO] [stderr] 91 | repository = "https://github.com/thepartly/differential"
[INFO] [stderr]    |              -------------------------------------------
[INFO] [stderr]    |
[INFO] [stderr]    = note: `cargo::redundant_homepage` is set to `warn` by default
[INFO] [stderr] help: consider removing `package.homepage`
[INFO] [stderr] warning: `differential-tui` (manifest) generated 1 warning
[INFO] [stderr]    Compiling smallvec v1.16.0
[INFO] [stderr]    Compiling hashbrown v0.17.1
[INFO] [stderr]    Compiling rustix v1.1.4
[INFO] [stderr]    Compiling syn v3.0.5
[INFO] [stderr]    Compiling syn v2.0.119
[INFO] [stderr]    Compiling linux-raw-sys v0.12.1
[INFO] [stderr]    Compiling libc v0.2.189
[INFO] [stderr]    Compiling unicode-segmentation v1.13.3
[INFO] [stderr]    Compiling simd-adler32 v0.3.10
[INFO] [stderr]    Compiling parking_lot_core v0.9.12
[INFO] [stderr]    Compiling either v1.18.0
[INFO] [stderr]    Compiling crc32fast v1.5.1
[INFO] [stderr]    Compiling time v0.3.55
[INFO] [stderr]    Compiling itertools v0.14.0
[INFO] [stderr]    Compiling parking_lot v0.12.5
[INFO] [stderr]    Compiling signal-hook v0.3.18
[INFO] [stderr]    Compiling castaway v0.2.4
[INFO] [stderr]    Compiling mio v1.2.3
[INFO] [stderr]    Compiling aho-corasick v1.1.5
[INFO] [stderr]    Compiling instability v0.3.13
[INFO] [stderr]    Compiling find-msvc-tools v0.1.12
[INFO] [stderr]    Compiling cc v1.4.5
[INFO] [stderr]    Compiling compact_str v0.9.1
[INFO] [stderr]    Compiling unicode-truncate v2.0.1
[INFO] [stderr]    Compiling signal-hook-mio v0.2.5
[INFO] [stderr]    Compiling errno v0.3.14
[INFO] [stderr]    Compiling lru v0.18.4
[INFO] [stderr]    Compiling regex-automata v0.4.18
[INFO] [stderr]    Compiling derive_more-impl v2.1.1
[INFO] [stderr]    Compiling strum_macros v0.28.0
[INFO] [stderr]    Compiling miniz_oxide v0.9.1
[INFO] [stderr]    Compiling derive_more v2.1.1
[INFO] [stderr]    Compiling onig_sys v69.9.3
[INFO] [stderr]    Compiling hybrid-array v0.4.15
[INFO] [stderr]    Compiling synstructure v0.14.0
[INFO] [stderr]    Compiling darling_core v0.24.1
[INFO] [stderr]    Compiling flate2 v1.1.10
[INFO] [stderr]    Compiling strum v0.28.0
[INFO] [stderr]    Compiling signal-hook-registry v1.4.8
[INFO] [stderr]    Compiling indexmap v2.14.2
[INFO] [stderr]    Compiling crossterm v0.29.0
[INFO] [stderr]    Compiling lock_api v0.4.14
[INFO] [stderr]    Compiling zerofrom-derive v0.1.8
[INFO] [stderr]    Compiling yoke-derive v0.8.3
[INFO] [stderr]    Compiling zerovec-derive v0.11.6
[INFO] [stderr]    Compiling zerofrom v0.1.8
[INFO] [stderr]    Compiling displaydoc v0.2.7
[INFO] [stderr]    Compiling yoke v0.8.3
[INFO] [stderr]    Compiling thiserror-impl v2.0.20
[INFO] [stderr]    Compiling zerovec v0.11.8
[INFO] [stderr]    Compiling zerotrie v0.2.5
[INFO] [stderr]    Compiling serde_derive v1.0.229
[INFO] [stderr]    Compiling tinystr v0.8.4
[INFO] [stderr]    Compiling potential_utf v0.1.6
[INFO] [stderr]    Compiling darling_macro v0.24.1
[INFO] [stderr]    Compiling icu_collections v2.3.0
[INFO] [stderr]    Compiling icu_locale_core v2.3.0
[INFO] [stderr]    Compiling darling v0.24.1
[INFO] [stderr]    Compiling thiserror v2.0.20
[INFO] [stderr]    Compiling kasuari v0.4.12
[INFO] [stderr]    Compiling line-clipping v0.3.8
[INFO] [stderr]    Compiling bit-vec v0.8.0
[INFO] [stderr]    Compiling ratatui-core v0.1.2
[INFO] [stderr]    Compiling bit-set v0.8.0
[INFO] [stderr]    Compiling serde_json v1.0.151
[INFO] [stderr]    Compiling icu_provider v2.3.1
[INFO] [stderr]    Compiling icu_normalizer v2.3.0
[INFO] [stderr]    Compiling icu_properties v2.3.0
[INFO] [stderr]    Compiling serde v1.0.229
[INFO] [stderr]    Compiling ratatui-widgets v0.3.2
[INFO] [stderr]    Compiling crypto-common v0.2.2
[INFO] [stderr]    Compiling idna_adapter v1.2.2
[INFO] [stderr]    Compiling block-buffer v0.12.1
[INFO] [stderr]    Compiling miniz_oxide v0.8.9
[INFO] [stderr]    Compiling fdeflate v0.3.7
[INFO] [stderr]    Compiling quick-xml v0.42.0
[INFO] [stderr]    Compiling pxfm v0.1.30
[INFO] [stderr]    Compiling hashbrown v0.15.5
[INFO] [stderr]    Compiling plist v1.10.1
[INFO] [stderr]    Compiling digest v0.11.3
[INFO] [stderr]    Compiling phf_shared v0.13.1
[INFO] [stderr]    Compiling yaml-rust v0.4.5
[INFO] [stderr]    Compiling png v0.18.1
[INFO] [stderr]    Compiling idna v1.1.0
[INFO] [stderr]    Compiling moxcms v0.8.1
[INFO] [stderr]    Compiling bincode v1.3.3
[INFO] [stderr]    Compiling getrandom v0.4.3
[INFO] [stderr]    Compiling fancy-regex v0.16.2
[INFO] [stderr]    Compiling form_urlencoded v1.2.2
[INFO] [stderr]    Compiling gethostname v1.1.0
[INFO] [stderr]    Compiling bstr v1.13.1
[INFO] [stderr]    Compiling by_address v1.2.1
[INFO] [stderr]    Compiling bytemuck v1.25.2
[INFO] [stderr]    Compiling pulldown-cmark v0.13.4
[INFO] [stderr]    Compiling x11rb-protocol v0.13.2
[INFO] [stderr]    Compiling byteorder-lite v0.1.0
[INFO] [stderr]    Compiling strict v0.2.0
[INFO] [stderr]    Compiling petgraph v0.8.3
[INFO] [stderr]    Compiling globset v0.4.20
[INFO] [stderr]    Compiling image v0.25.10
[INFO] [stderr]    Compiling onig v6.5.3
[INFO] [stderr]    Compiling crokey-proc_macros v1.5.0
[INFO] [stderr]    Compiling toml v1.1.5+spec-1.1.0
[INFO] [stderr]    Compiling tempfile v3.27.0
[INFO] [stderr]    Compiling x11rb v0.13.2
[INFO] [stderr]    Compiling syntect v5.3.0
[INFO] [stderr]    Compiling sha1 v0.11.0
[INFO] [stderr]    Compiling palette_derive v0.7.7
[INFO] [stderr]    Compiling url v2.5.8
[INFO] [stderr]    Compiling phf v0.13.1
[INFO] [stderr]    Compiling ratatui-macros v0.7.2
[INFO] [stderr]    Compiling ratatui-crossterm v0.1.2
[INFO] [stderr]    Compiling regex v1.13.1
[INFO] [stderr]    Compiling approx v0.5.1
[INFO] [stderr]    Compiling shlex v2.0.1
[INFO] [stderr]    Compiling palette_math v0.7.7
[INFO] [stderr]    Compiling differential-engine v0.14.0
[INFO] [stderr]    Compiling crokey v1.5.0
[INFO] [stderr]    Compiling palette v0.7.7
[INFO] [stderr]    Compiling two-face v0.5.2+bat-0.26.1
[INFO] [stderr]    Compiling ratatui v0.30.2
[INFO] [stderr]    Compiling tui-textarea-2 v0.13.2
[INFO] [stderr]    Compiling arboard v3.6.1
[INFO] [stderr]    Compiling tui-input v0.15.4
[INFO] [stderr]    Compiling similar v3.2.0
[INFO] [stderr]    Compiling textwrap v0.16.2
[INFO] [stderr]    Compiling differential-tui v0.14.0 (/opt/rustwide/workdir)
[INFO] [stderr]     Finished `release` profile [optimized] target(s) in 6m 41s
[INFO] running `Command { std: "docker" "inspect" "f9600180b8abfc4ac7215268cccae48b1a934dbecc479405bf606a40036ac8de", kill_on_drop: false }`
[INFO] running `Command { std: "docker" "exec" "-e" "SOURCE_DIR=/opt/rustwide/workdir" "-e" "CARGO_HOME=/opt/rustwide/cargo-home" "-e" "RUSTUP_HOME=/opt/rustwide/rustup-home" "-e" "CARGO_TARGET_DIR=/opt/rustwide/target" "-e" "CARGO_INCREMENTAL=0" "-e" "RUST_BACKTRACE=full" "-e" "RUSTFLAGS=--cap-lints=warn" "-e" "RUSTDOCFLAGS=--cap-lints=warn" "-w" "/opt/rustwide/workdir" "--user" "0:0" "f9600180b8abfc4ac7215268cccae48b1a934dbecc479405bf606a40036ac8de" "/opt/rustwide/cargo-home/bin/cargo" "+1.100.0-beta.1" "test" "--frozen" "--no-run" "--message-format=json" "--release", kill_on_drop: false }`
[INFO] [stderr] warning: `package.homepage` is redundant with `package.repository`
[INFO] [stderr]   --> Cargo.toml:86:12
[INFO] [stderr]    |
[INFO] [stderr] 86 | homepage = "https://github.com/thepartly/differential"
[INFO] [stderr]    |            ^^^^^^^^^^^^^^^^^^^^^^^^^^^^^^^^^^^^^^^^^^^
[INFO] [stderr] ...
[INFO] [stderr] 91 | repository = "https://github.com/thepartly/differential"
[INFO] [stderr]    |              -------------------------------------------
[INFO] [stderr]    |
[INFO] [stderr]    = note: `cargo::redundant_homepage` is set to `warn` by default
[INFO] [stderr] help: consider removing `package.homepage`
[INFO] [stderr] warning: `differential-tui` (manifest) generated 1 warning
[INFO] [stderr]    Compiling differential-tui v0.14.0 (/opt/rustwide/workdir)
[INFO] [stdout] error[E0432]: unresolved import `differential_testutil`
[INFO] [stdout]   --> tests/tui.rs:11:5
[INFO] [stdout]    |
[INFO] [stdout] 11 | use differential_testutil::{FakeBackend, TestRepo, github_request, json_group, remote_comment};
[INFO] [stdout]    |     ^^^^^^^^^^^^^^^^^^^^^ use of unresolved module or unlinked crate `differential_testutil`
[INFO] [stdout]    |
[INFO] [stdout] help: there is a crate or module with a similar name
[INFO] [stdout]    |
[INFO] [stdout] 11 - use differential_testutil::{FakeBackend, TestRepo, github_request, json_group, remote_comment};
[INFO] [stdout] 11 + use differential_tui::{FakeBackend, TestRepo, github_request, json_group, remote_comment};
[INFO] [stdout]    |
[INFO] [stdout] 
[INFO] [stdout] 
[INFO] [stdout] error[E0433]: cannot find module or crate `differential_testutil` in this scope
[INFO] [stdout]   --> tests/tui.rs:67:15
[INFO] [stdout]    |
[INFO] [stdout] 67 |     let out = differential_testutil::grouped_output(r, &base, &head, backend, None);
[INFO] [stdout]    |               ^^^^^^^^^^^^^^^^^^^^^ use of unresolved module or unlinked crate `differential_testutil`
[INFO] [stdout]    |
[INFO] [stdout] help: there is a crate or module with a similar name
[INFO] [stdout]    |
[INFO] [stdout] 67 -     let out = differential_testutil::grouped_output(r, &base, &head, backend, None);
[INFO] [stdout] 67 +     let out = differential_tui::grouped_output(r, &base, &head, backend, None);
[INFO] [stdout]    |
[INFO] [stdout] 
[INFO] [stdout] 
[INFO] [stdout] error[E0433]: cannot find module or crate `differential_testutil` in this scope
[INFO] [stdout]     --> tests/tui.rs:1581:15
[INFO] [stdout]      |
[INFO] [stdout] 1581 |     let out = differential_testutil::grouped_output(&r, &base, &head, &backend, None);
[INFO] [stdout]      |               ^^^^^^^^^^^^^^^^^^^^^ use of unresolved module or unlinked crate `differential_testutil`
[INFO] [stdout]      |
[INFO] [stdout] help: there is a crate or module with a similar name
[INFO] [stdout]      |
[INFO] [stdout] 1581 -     let out = differential_testutil::grouped_output(&r, &base, &head, &backend, None);
[INFO] [stdout] 1581 +     let out = differential_tui::grouped_output(&r, &base, &head, &backend, None);
[INFO] [stdout]      |
[INFO] [stdout] 
[INFO] [stdout] 
[INFO] [stdout] Some errors have detailed explanations: E0432, E0433.
[INFO] [stdout] 
[INFO] [stdout] For more information about an error, try `rustc --explain E0432`.
[INFO] [stdout] 
[INFO] [stderr] error: could not compile `differential-tui` (test "tui") due to 3 previous errors
[INFO] [stderr] warning: build failed, waiting for other jobs to finish...
[INFO] running `Command { std: "docker" "inspect" "f9600180b8abfc4ac7215268cccae48b1a934dbecc479405bf606a40036ac8de", kill_on_drop: false }`
[INFO] running `Command { std: "docker" "rm" "-f" "f9600180b8abfc4ac7215268cccae48b1a934dbecc479405bf606a40036ac8de", kill_on_drop: false }`
[INFO] [stdout] f9600180b8abfc4ac7215268cccae48b1a934dbecc479405bf606a40036ac8de
