[INFO] fetching crate differential-engine 0.14.0...
[INFO] testing differential-engine-0.14.0 against 1.99.0-beta.8+cargoflags=--release for beta-release-1.100-2
[INFO] extracting crate differential-engine 0.14.0 into /workspace/builds/worker-0-tc1/source
[INFO] started tweaking crates.io crate differential-engine 0.14.0
[INFO] removed 0 missing tests
[INFO] finished tweaking crates.io crate differential-engine 0.14.0
[INFO] tweaked toml for crates.io crate differential-engine 0.14.0 written to /workspace/builds/worker-0-tc1/source/Cargo.toml
[INFO] validating manifest of crates.io crate differential-engine 0.14.0 on toolchain 1.99.0-beta.8
[INFO] running `Command { std: CARGO_HOME="/workspace/cargo-home" RUSTUP_HOME="/workspace/rustup-home" "/workspace/cargo-home/bin/cargo" "+1.99.0-beta.8" "metadata" "--manifest-path" "Cargo.toml" "--no-deps", kill_on_drop: false }`
[INFO] crate crates.io crate differential-engine 0.14.0 already has a lockfile, it will not be regenerated
[INFO] running `Command { std: CARGO_HOME="/workspace/cargo-home" RUSTUP_HOME="/workspace/rustup-home" "/workspace/cargo-home/bin/cargo" "+1.99.0-beta.8" "fetch" "--manifest-path" "Cargo.toml", kill_on_drop: false }`
[INFO] [stderr]     Updating crates.io index
[INFO] [stderr]  Downloading crates ...
[INFO] [stderr]   Downloaded crypto-common v0.2.2
[INFO] [stderr]   Downloaded block-buffer v0.12.1
[INFO] [stderr]   Downloaded sha1 v0.11.0
[INFO] [stderr]   Downloaded strum v0.28.0
[INFO] [stderr]   Downloaded yoke-derive v0.8.3
[INFO] [stderr]   Downloaded toml_writer v1.1.2+spec-1.1.0
[INFO] [stderr]   Downloaded etcetera v0.11.0
[INFO] [stderr]   Downloaded globset v0.4.20
[INFO] [stderr]   Downloaded digest v0.11.3
[INFO] [stderr]   Downloaded toml_datetime v1.1.1+spec-1.1.0
[INFO] [stderr]   Downloaded serde_spanned v1.1.1
[INFO] [stderr]   Downloaded strum_macros v0.28.0
[INFO] [stderr]   Downloaded fixedbitset v0.5.7
[INFO] [stderr]   Downloaded winnow v1.0.4
[INFO] [stderr]   Downloaded smallvec v1.16.0
[INFO] [stderr]   Downloaded hybrid-array v0.4.15
[INFO] [stderr]   Downloaded toml v1.1.5+spec-1.1.0
[INFO] [stderr]   Downloaded toml_parser v1.1.3+spec-1.1.0
[INFO] [stderr]   Downloaded const-oid v0.10.2
[INFO] [stderr]   Downloaded bitflags v2.13.1
[INFO] [stderr]   Downloaded petgraph v0.8.3
[INFO] running `Command { std: "docker" "create" "-v" "/var/lib/crater-agent-workspace/builds/worker-0-tc1/source:/opt/rustwide/workdir:ro,Z" "-v" "/var/lib/crater-agent-workspace/builds/worker-0-tc1/target:/opt/rustwide/target:rw,Z" "-v" "/var/lib/crater-agent-workspace/cargo-home:/opt/rustwide/cargo-home:ro,Z" "-v" "/var/lib/crater-agent-workspace/rustup-home:/opt/rustwide/rustup-home:ro,Z" "-m" "1610612736" "--network" "none" "ghcr.io/rust-lang/crates-build-env/linux@sha256:77db811e55d90add9212f6832c23229e3de5f1c1f9905e8cb07319ea15df73ac" "sleep" "infinity", kill_on_drop: false }`
[INFO] [stdout] f00781dd5d7be174438392ab25ff03e438da683d1a84456a7d0347e3dbe168d7
[INFO] running `Command { std: "docker" "start" "f00781dd5d7be174438392ab25ff03e438da683d1a84456a7d0347e3dbe168d7", kill_on_drop: false }`
[INFO] running `Command { std: "docker" "inspect" "f00781dd5d7be174438392ab25ff03e438da683d1a84456a7d0347e3dbe168d7", kill_on_drop: false }`
[INFO] running `Command { std: "docker" "exec" "-e" "SOURCE_DIR=/opt/rustwide/workdir" "-e" "CARGO_HOME=/opt/rustwide/cargo-home" "-e" "RUSTUP_HOME=/opt/rustwide/rustup-home" "-e" "CARGO_TARGET_DIR=/opt/rustwide/target" "-w" "/opt/rustwide/workdir" "--user" "0:0" "f00781dd5d7be174438392ab25ff03e438da683d1a84456a7d0347e3dbe168d7" "/opt/rustwide/cargo-home/bin/cargo" "+1.99.0-beta.8" "metadata" "--no-deps" "--format-version=1", kill_on_drop: false }`
[INFO] running `Command { std: "docker" "inspect" "f00781dd5d7be174438392ab25ff03e438da683d1a84456a7d0347e3dbe168d7", kill_on_drop: false }`
[INFO] running `Command { std: "docker" "exec" "-e" "SOURCE_DIR=/opt/rustwide/workdir" "-e" "CARGO_HOME=/opt/rustwide/cargo-home" "-e" "RUSTUP_HOME=/opt/rustwide/rustup-home" "-e" "CARGO_TARGET_DIR=/opt/rustwide/target" "-e" "CARGO_INCREMENTAL=0" "-e" "RUST_BACKTRACE=full" "-e" "RUSTFLAGS=--cap-lints=warn" "-e" "RUSTDOCFLAGS=--cap-lints=warn" "-w" "/opt/rustwide/workdir" "--user" "0:0" "f00781dd5d7be174438392ab25ff03e438da683d1a84456a7d0347e3dbe168d7" "/opt/rustwide/cargo-home/bin/cargo" "+1.99.0-beta.8" "build" "--frozen" "--message-format=json" "--release", kill_on_drop: false }`
[INFO] [stderr]    Compiling unicode-ident v1.0.24
[INFO] [stderr]    Compiling stable_deref_trait v1.2.1
[INFO] [stderr]    Compiling litemap v0.8.3
[INFO] [stderr]    Compiling writeable v0.6.4
[INFO] [stderr]    Compiling serde_core v1.0.229
[INFO] [stderr]    Compiling icu_properties_data v2.3.0
[INFO] [stderr]    Compiling icu_normalizer_data v2.3.0
[INFO] [stderr]    Compiling memchr v2.8.3
[INFO] [stderr]    Compiling utf8_iter v1.0.4
[INFO] [stderr]    Compiling typenum v1.20.1
[INFO] [stderr]    Compiling cfg-if v1.0.4
[INFO] [stderr]    Compiling libc v0.2.189
[INFO] [stderr]    Compiling smallvec v1.16.0
[INFO] [stderr]    Compiling getrandom v0.4.3
[INFO] [stderr]    Compiling rustix v1.1.4
[INFO] [stderr]    Compiling linux-raw-sys v0.12.1
[INFO] [stderr]    Compiling serde_json v1.0.151
[INFO] [stderr]    Compiling winnow v1.0.4
[INFO] [stderr]    Compiling proc-macro2 v1.0.107
[INFO] [stderr]    Compiling equivalent v1.0.2
[INFO] [stderr]    Compiling hashbrown v0.17.1
[INFO] [stderr]    Compiling const-oid v0.10.2
[INFO] [stderr]    Compiling heck v0.5.0
[INFO] [stderr]    Compiling thiserror v2.0.20
[INFO] [stderr]    Compiling percent-encoding v2.3.2
[INFO] [stderr]    Compiling foldhash v0.1.5
[INFO] [stderr]    Compiling bitflags v2.13.1
[INFO] [stderr]    Compiling log v0.4.34
[INFO] [stderr]    Compiling fastrand v2.5.0
[INFO] [stderr]    Compiling form_urlencoded v1.2.2
[INFO] [stderr]    Compiling hashbrown v0.15.5
[INFO] [stderr]    Compiling once_cell v1.21.4
[INFO] [stderr]    Compiling quote v1.0.47
[INFO] [stderr]    Compiling toml_writer v1.1.2+spec-1.1.0
[INFO] [stderr]    Compiling fixedbitset v0.5.7
[INFO] [stderr]    Compiling cpufeatures v0.3.1
[INFO] [stderr]    Compiling etcetera v0.11.0
[INFO] [stderr]    Compiling hex v0.4.3
[INFO] [stderr]    Compiling shlex v2.0.1
[INFO] [stderr]    Compiling syn v3.0.5
[INFO] [stderr]    Compiling syn v2.0.119
[INFO] [stderr]    Compiling toml_parser v1.1.3+spec-1.1.0
[INFO] [stderr]    Compiling aho-corasick v1.1.5
[INFO] [stderr]    Compiling bstr v1.13.1
[INFO] [stderr]    Compiling indexmap v2.14.2
[INFO] [stderr]    Compiling hybrid-array v0.4.15
[INFO] [stderr]    Compiling crypto-common v0.2.2
[INFO] [stderr]    Compiling block-buffer v0.12.1
[INFO] [stderr]    Compiling petgraph v0.8.3
[INFO] [stderr]    Compiling regex-automata v0.4.18
[INFO] [stderr]    Compiling digest v0.11.3
[INFO] [stderr]    Compiling tempfile v3.27.0
[INFO] [stderr]    Compiling sha1 v0.11.0
[INFO] [stderr]    Compiling strum_macros v0.28.0
[INFO] [stderr]    Compiling toml_datetime v1.1.1+spec-1.1.0
[INFO] [stderr]    Compiling serde_spanned v1.1.1
[INFO] [stderr]    Compiling synstructure v0.14.0
[INFO] [stderr]    Compiling toml v1.1.5+spec-1.1.0
[INFO] [stderr]    Compiling zerovec-derive v0.11.6
[INFO] [stderr]    Compiling displaydoc v0.2.7
[INFO] [stderr]    Compiling serde_derive v1.0.229
[INFO] [stderr]    Compiling thiserror-impl v2.0.20
[INFO] [stderr]    Compiling zerofrom-derive v0.1.8
[INFO] [stderr]    Compiling yoke-derive v0.8.3
[INFO] [stderr]    Compiling strum v0.28.0
[INFO] [stderr]    Compiling zerofrom v0.1.8
[INFO] [stderr]    Compiling yoke v0.8.3
[INFO] [stderr]    Compiling zerotrie v0.2.5
[INFO] [stderr]    Compiling regex v1.13.1
[INFO] [stderr]    Compiling globset v0.4.20
[INFO] [stderr]    Compiling zerovec v0.11.8
[INFO] [stderr]    Compiling tinystr v0.8.4
[INFO] [stderr]    Compiling potential_utf v0.1.6
[INFO] [stderr]    Compiling icu_collections v2.3.0
[INFO] [stderr]    Compiling icu_locale_core v2.3.0
[INFO] [stderr]    Compiling serde v1.0.229
[INFO] [stderr]    Compiling icu_provider v2.3.1
[INFO] [stderr]    Compiling icu_properties v2.3.0
[INFO] [stderr]    Compiling icu_normalizer v2.3.0
[INFO] [stderr]    Compiling idna_adapter v1.2.2
[INFO] [stderr]    Compiling idna v1.1.0
[INFO] [stderr]    Compiling url v2.5.8
[INFO] [stderr]    Compiling differential-engine v0.14.0 (/opt/rustwide/workdir)
[INFO] [stderr]     Finished `release` profile [optimized] target(s) in 1m 19s
[INFO] running `Command { std: "docker" "inspect" "f00781dd5d7be174438392ab25ff03e438da683d1a84456a7d0347e3dbe168d7", kill_on_drop: false }`
[INFO] running `Command { std: "docker" "exec" "-e" "SOURCE_DIR=/opt/rustwide/workdir" "-e" "CARGO_HOME=/opt/rustwide/cargo-home" "-e" "RUSTUP_HOME=/opt/rustwide/rustup-home" "-e" "CARGO_TARGET_DIR=/opt/rustwide/target" "-e" "CARGO_INCREMENTAL=0" "-e" "RUST_BACKTRACE=full" "-e" "RUSTFLAGS=--cap-lints=warn" "-e" "RUSTDOCFLAGS=--cap-lints=warn" "-w" "/opt/rustwide/workdir" "--user" "0:0" "f00781dd5d7be174438392ab25ff03e438da683d1a84456a7d0347e3dbe168d7" "/opt/rustwide/cargo-home/bin/cargo" "+1.99.0-beta.8" "test" "--frozen" "--no-run" "--message-format=json" "--release", kill_on_drop: false }`
[INFO] [stderr]    Compiling differential-engine v0.14.0 (/opt/rustwide/workdir)
[INFO] [stdout] error[E0432]: unresolved import `differential_testutil`
[INFO] [stdout]   --> tests/cache_clear.rs:13:5
[INFO] [stdout]    |
[INFO] [stdout] 13 | use differential_testutil::TestRepo;
[INFO] [stdout]    |     ^^^^^^^^^^^^^^^^^^^^^ use of unresolved module or unlinked crate `differential_testutil`
[INFO] [stdout]    |
[INFO] [stdout] help: there is a crate or module with a similar name
[INFO] [stdout]    |
[INFO] [stdout] 13 - use differential_testutil::TestRepo;
[INFO] [stdout] 13 + use differential_engine::TestRepo;
[INFO] [stdout]    |
[INFO] [stdout] 
[INFO] [stdout] 
[INFO] [stderr] error: could not compile `differential-engine` (test "cache_clear") due to 1 previous error
[INFO] [stdout] For more information about this error, try `rustc --explain E0432`.
[INFO] [stdout] 
[INFO] [stderr] warning: build failed, waiting for other jobs to finish...
[INFO] [stdout] error[E0432]: unresolved import `differential_testutil`
[INFO] [stdout]   --> tests/golden.rs:27:5
[INFO] [stdout]    |
[INFO] [stdout] 27 | use differential_testutil::{
[INFO] [stdout]    |     ^^^^^^^^^^^^^^^^^^^^^ use of unresolved module or unlinked crate `differential_testutil`
[INFO] [stdout]    |
[INFO] [stdout] help: there is a crate or module with a similar name
[INFO] [stdout]    |
[INFO] [stdout] 27 - use differential_testutil::{
[INFO] [stdout] 27 + use differential_engine::{
[INFO] [stdout]    |
[INFO] [stdout] 
[INFO] [stdout] 
[INFO] [stdout] error[E0433]: cannot find module or crate `differential_testutil` in this scope
[INFO] [stdout]   --> tests/parity.rs:15:5
[INFO] [stdout]    |
[INFO] [stdout] 15 | use differential_testutil::parity::{load_fixtures, run_fixture};
[INFO] [stdout]    |     ^^^^^^^^^^^^^^^^^^^^^ use of unresolved module or unlinked crate `differential_testutil`
[INFO] [stdout]    |
[INFO] [stdout] help: there is a crate or module with a similar name
[INFO] [stdout]    |
[INFO] [stdout] 15 - use differential_testutil::parity::{load_fixtures, run_fixture};
[INFO] [stdout] 15 + use differential_engine::parity::{load_fixtures, run_fixture};
[INFO] [stdout]    |
[INFO] [stdout] 
[INFO] [stdout] 
[INFO] [stdout] error[E0432]: unresolved import `differential_testutil`
[INFO] [stdout]   --> tests/worktree.rs:12:5
[INFO] [stdout]    |
[INFO] [stdout] 12 | use differential_testutil::{TestRepo, assert_all_ok};
[INFO] [stdout]    |     ^^^^^^^^^^^^^^^^^^^^^ use of unresolved module or unlinked crate `differential_testutil`
[INFO] [stdout]    |
[INFO] [stdout] help: there is a crate or module with a similar name
[INFO] [stdout]    |
[INFO] [stdout] 12 - use differential_testutil::{TestRepo, assert_all_ok};
[INFO] [stdout] 12 + use differential_engine::{TestRepo, assert_all_ok};
[INFO] [stdout]    |
[INFO] [stdout] 
[INFO] [stdout] 
[INFO] [stdout] error[E0432]: unresolved import `differential_testutil`
[INFO] [stdout]  --> tests/synthetic.rs:7:5
[INFO] [stdout]   |
[INFO] [stdout] 7 | use differential_testutil::{
[INFO] [stdout]   |     ^^^^^^^^^^^^^^^^^^^^^ use of unresolved module or unlinked crate `differential_testutil`
[INFO] [stdout]   |
[INFO] [stdout] help: there is a crate or module with a similar name
[INFO] [stdout]   |
[INFO] [stdout] 7 - use differential_testutil::{
[INFO] [stdout] 7 + use differential_engine::{
[INFO] [stdout]   |
[INFO] [stdout] 
[INFO] [stdout] 
[INFO] [stdout] error[E0432]: unresolved import `differential_testutil`
[INFO] [stdout]  --> tests/verify_stage.rs:8:5
[INFO] [stdout]   |
[INFO] [stdout] 8 | use differential_testutil::TestRepo;
[INFO] [stdout]   |     ^^^^^^^^^^^^^^^^^^^^^ use of unresolved module or unlinked crate `differential_testutil`
[INFO] [stdout]   |
[INFO] [stdout] help: there is a crate or module with a similar name
[INFO] [stdout]   |
[INFO] [stdout] 8 - use differential_testutil::TestRepo;
[INFO] [stdout] 8 + use differential_engine::TestRepo;
[INFO] [stdout]   |
[INFO] [stdout] 
[INFO] [stdout] 
[INFO] [stdout] error[E0432]: unresolved import `differential_testutil`
[INFO] [stdout]   --> tests/review_state.rs:12:5
[INFO] [stdout]    |
[INFO] [stdout] 12 | use differential_testutil::{TestRepo, doc_and_view, focus_all_backend, grouped};
[INFO] [stdout]    |     ^^^^^^^^^^^^^^^^^^^^^ use of unresolved module or unlinked crate `differential_testutil`
[INFO] [stdout]    |
[INFO] [stdout] help: there is a crate or module with a similar name
[INFO] [stdout]    |
[INFO] [stdout] 12 - use differential_testutil::{TestRepo, doc_and_view, focus_all_backend, grouped};
[INFO] [stdout] 12 + use differential_engine::{TestRepo, doc_and_view, focus_all_backend, grouped};
[INFO] [stdout]    |
[INFO] [stdout] 
[INFO] [stdout] 
[INFO] [stdout] error[E0432]: unresolved import `differential_testutil`
[INFO] [stdout]   --> tests/graph_symbols.rs:21:5
[INFO] [stdout]    |
[INFO] [stdout] 21 | use differential_testutil::{StubSymbols, TestRepo};
[INFO] [stdout]    |     ^^^^^^^^^^^^^^^^^^^^^ use of unresolved module or unlinked crate `differential_testutil`
[INFO] [stdout]    |
[INFO] [stdout] help: there is a crate or module with a similar name
[INFO] [stdout]    |
[INFO] [stdout] 21 - use differential_testutil::{StubSymbols, TestRepo};
[INFO] [stdout] 21 + use differential_engine::{StubSymbols, TestRepo};
[INFO] [stdout]    |
[INFO] [stdout] 
[INFO] [stdout] 
[INFO] [stdout] error[E0432]: unresolved import `differential_testutil`
[INFO] [stdout]  --> tests/grouping.rs:6:5
[INFO] [stdout]   |
[INFO] [stdout] 6 | use differential_testutil::{
[INFO] [stdout]   |     ^^^^^^^^^^^^^^^^^^^^^ use of unresolved module or unlinked crate `differential_testutil`
[INFO] [stdout]   |
[INFO] [stdout] help: there is a crate or module with a similar name
[INFO] [stdout]   |
[INFO] [stdout] 6 - use differential_testutil::{
[INFO] [stdout] 6 + use differential_engine::{
[INFO] [stdout]   |
[INFO] [stdout] 
[INFO] [stdout] 
[INFO] [stdout] For more information about this error, try `rustc --explain E0432`.
[INFO] [stdout] 
[INFO] [stderr] error: could not compile `differential-engine` (test "golden") due to 1 previous error
[INFO] [stdout] error[E0432]: unresolved import `differential_testutil`
[INFO] [stdout]   --> tests/review_identity.rs:15:5
[INFO] [stdout]    |
[INFO] [stdout] 15 | use differential_testutil::TestRepo;
[INFO] [stdout]    |     ^^^^^^^^^^^^^^^^^^^^^ use of unresolved module or unlinked crate `differential_testutil`
[INFO] [stdout]    |
[INFO] [stdout] help: there is a crate or module with a similar name
[INFO] [stdout]    |
[INFO] [stdout] 15 - use differential_testutil::TestRepo;
[INFO] [stdout] 15 + use differential_engine::TestRepo;
[INFO] [stdout]    |
[INFO] [stdout] 
[INFO] [stdout] 
[INFO] [stdout] For more information about this error, try `rustc --explain E0432`.
[INFO] [stdout] 
[INFO] [stderr] error: could not compile `differential-engine` (test "verify_stage") due to 1 previous error
[INFO] [stdout] error[E0432]: unresolved import `differential_testutil`
[INFO] [stdout]   --> tests/forge.rs:14:5
[INFO] [stdout]    |
[INFO] [stdout] 14 | use differential_testutil::{TestRepo, doc_and_view, github_request, remote_comment};
[INFO] [stdout]    |     ^^^^^^^^^^^^^^^^^^^^^ use of unresolved module or unlinked crate `differential_testutil`
[INFO] [stdout]    |
[INFO] [stdout] help: there is a crate or module with a similar name
[INFO] [stdout]    |
[INFO] [stdout] 14 - use differential_testutil::{TestRepo, doc_and_view, github_request, remote_comment};
[INFO] [stdout] 14 + use differential_engine::{TestRepo, doc_and_view, github_request, remote_comment};
[INFO] [stdout]    |
[INFO] [stdout] 
[INFO] [stdout] 
[INFO] [stdout] error[E0433]: cannot find module or crate `differential_testutil` in this scope
[INFO] [stdout]   --> tests/parity.rs:25:39
[INFO] [stdout]    |
[INFO] [stdout] 25 |         let doc = run_fixture(i, fx, &differential_testutil::stub_readers());
[INFO] [stdout]    |                                       ^^^^^^^^^^^^^^^^^^^^^ use of unresolved module or unlinked crate `differential_testutil`
[INFO] [stdout]    |
[INFO] [stdout] help: there is a crate or module with a similar name
[INFO] [stdout]    |
[INFO] [stdout] 25 -         let doc = run_fixture(i, fx, &differential_testutil::stub_readers());
[INFO] [stdout] 25 +         let doc = run_fixture(i, fx, &differential_engine::stub_readers());
[INFO] [stdout]    |
[INFO] [stdout] 
[INFO] [stdout] 
[INFO] [stdout] For more information about this error, try `rustc --explain E0433`.
[INFO] [stdout] 
[INFO] [stdout] error[E0433]: cannot find module or crate `differential_testutil` in this scope
[INFO] [stdout]    --> tests/worktree.rs:100:14
[INFO] [stdout]     |
[INFO] [stdout] 100 |             &differential_testutil::stub_readers(),
[INFO] [stdout]     |              ^^^^^^^^^^^^^^^^^^^^^ use of unresolved module or unlinked crate `differential_testutil`
[INFO] [stdout]     |
[INFO] [stdout] help: there is a crate or module with a similar name
[INFO] [stdout]     |
[INFO] [stdout] 100 -             &differential_testutil::stub_readers(),
[INFO] [stdout] 100 +             &differential_engine::stub_readers(),
[INFO] [stdout]     |
[INFO] [stdout] 
[INFO] [stdout] 
[INFO] [stderr] error: could not compile `differential-engine` (test "parity") due to 2 previous errors
[INFO] [stdout] Some errors have detailed explanations: E0432, E0433.
[INFO] [stdout] 
[INFO] [stdout] For more information about an error, try `rustc --explain E0432`.
[INFO] [stdout] 
[INFO] [stderr] error: could not compile `differential-engine` (test "worktree") due to 2 previous errors
[INFO] [stdout] For more information about this error, try `rustc --explain E0432`.
[INFO] [stdout] 
[INFO] [stderr] error: could not compile `differential-engine` (test "synthetic") due to 1 previous error
[INFO] [stdout] For more information about this error, try `rustc --explain E0432`.
[INFO] [stdout] 
[INFO] [stderr] error: could not compile `differential-engine` (test "review_identity") due to 1 previous error
[INFO] [stdout] For more information about this error, try `rustc --explain E0432`.
[INFO] [stdout] 
[INFO] [stderr] error: could not compile `differential-engine` (test "graph_symbols") due to 1 previous error
[INFO] [stdout] error[E0433]: cannot find module or crate `differential_testutil` in this scope
[INFO] [stdout]    --> tests/grouping.rs:578:14
[INFO] [stdout]     |
[INFO] [stdout] 578 |             &differential_testutil::stub_readers(),
[INFO] [stdout]     |              ^^^^^^^^^^^^^^^^^^^^^ use of unresolved module or unlinked crate `differential_testutil`
[INFO] [stdout]     |
[INFO] [stdout] help: there is a crate or module with a similar name
[INFO] [stdout]     |
[INFO] [stdout] 578 -             &differential_testutil::stub_readers(),
[INFO] [stdout] 578 +             &differential_engine::stub_readers(),
[INFO] [stdout]     |
[INFO] [stdout] 
[INFO] [stdout] 
[INFO] [stdout] For more information about this error, try `rustc --explain E0432`.
[INFO] [stdout] 
[INFO] [stderr] error: could not compile `differential-engine` (test "review_state") due to 1 previous error
[INFO] [stdout] Some errors have detailed explanations: E0432, E0433.
[INFO] [stdout] 
[INFO] [stdout] For more information about an error, try `rustc --explain E0432`.
[INFO] [stdout] 
[INFO] [stderr] error: could not compile `differential-engine` (test "grouping") due to 2 previous errors
[INFO] [stdout] error[E0433]: cannot find module or crate `differential_testutil` in this scope
[INFO] [stdout]    --> tests/forge.rs:402:10
[INFO] [stdout]     |
[INFO] [stdout] 402 |         &differential_testutil::stub_readers(),
[INFO] [stdout]     |          ^^^^^^^^^^^^^^^^^^^^^ use of unresolved module or unlinked crate `differential_testutil`
[INFO] [stdout]     |
[INFO] [stdout] help: there is a crate or module with a similar name
[INFO] [stdout]     |
[INFO] [stdout] 402 -         &differential_testutil::stub_readers(),
[INFO] [stdout] 402 +         &differential_engine::stub_readers(),
[INFO] [stdout]     |
[INFO] [stdout] 
[INFO] [stdout] 
[INFO] [stdout] Some errors have detailed explanations: E0432, E0433.
[INFO] [stdout] 
[INFO] [stdout] For more information about an error, try `rustc --explain E0432`.
[INFO] [stdout] 
[INFO] [stderr] error: could not compile `differential-engine` (test "forge") due to 2 previous errors
[INFO] running `Command { std: "docker" "inspect" "f00781dd5d7be174438392ab25ff03e438da683d1a84456a7d0347e3dbe168d7", kill_on_drop: false }`
[INFO] running `Command { std: "docker" "rm" "-f" "f00781dd5d7be174438392ab25ff03e438da683d1a84456a7d0347e3dbe168d7", kill_on_drop: false }`
[INFO] [stdout] f00781dd5d7be174438392ab25ff03e438da683d1a84456a7d0347e3dbe168d7
