[INFO] fetching crate diaryx_sync 1.4.4...
[INFO] testing diaryx_sync-1.4.4 against 1.99.0-beta.8+cargoflags=--release for beta-release-1.100-2
[INFO] extracting crate diaryx_sync 1.4.4 into /workspace/builds/worker-6-tc1/source
[INFO] started tweaking crates.io crate diaryx_sync 1.4.4
[INFO] removed 0 missing tests
[INFO] finished tweaking crates.io crate diaryx_sync 1.4.4
[INFO] tweaked toml for crates.io crate diaryx_sync 1.4.4 written to /workspace/builds/worker-6-tc1/source/Cargo.toml
[INFO] validating manifest of crates.io crate diaryx_sync 1.4.4 on toolchain 1.99.0-beta.8
[INFO] running `Command { std: CARGO_HOME="/workspace/cargo-home" RUSTUP_HOME="/workspace/rustup-home" "/workspace/cargo-home/bin/cargo" "+1.99.0-beta.8" "metadata" "--manifest-path" "Cargo.toml" "--no-deps", kill_on_drop: false }`
[INFO] crate crates.io crate diaryx_sync 1.4.4 already has a lockfile, it will not be regenerated
[INFO] running `Command { std: CARGO_HOME="/workspace/cargo-home" RUSTUP_HOME="/workspace/rustup-home" "/workspace/cargo-home/bin/cargo" "+1.99.0-beta.8" "fetch" "--manifest-path" "Cargo.toml", kill_on_drop: false }`
[INFO] [stderr]     Updating crates.io index
[INFO] [stderr]  Downloading crates ...
[INFO] [stderr]   Downloaded ts-rs v10.1.0
[INFO] [stderr]   Downloaded ts-rs-macros v10.1.0
[INFO] [stderr]   Downloaded yrs v0.25.0
[INFO] [stderr]   Downloaded git2 v0.19.0
[INFO] [stderr]   Downloaded uuid-rng-internal v1.23.0
[INFO] [stderr]   Downloaded diaryx_core v1.4.4
[INFO] [stderr]   Downloaded diaryx-siphonophore v0.1.0
[INFO] [stderr]   Downloaded libgit2-sys v0.17.0+1.8.1
[INFO] running `Command { std: "docker" "create" "-v" "/var/lib/crater-agent-workspace/builds/worker-6-tc1/source:/opt/rustwide/workdir:ro,Z" "-v" "/var/lib/crater-agent-workspace/builds/worker-6-tc1/target:/opt/rustwide/target:rw,Z" "-v" "/var/lib/crater-agent-workspace/cargo-home:/opt/rustwide/cargo-home:ro,Z" "-v" "/var/lib/crater-agent-workspace/rustup-home:/opt/rustwide/rustup-home:ro,Z" "-m" "1610612736" "--network" "none" "ghcr.io/rust-lang/crates-build-env/linux@sha256:77db811e55d90add9212f6832c23229e3de5f1c1f9905e8cb07319ea15df73ac" "sleep" "infinity", kill_on_drop: false }`
[INFO] [stdout] 8116f89a1bed0fdef1007b9d8c51ebca070a31563de6747b4e485a0942b8047b
[INFO] running `Command { std: "docker" "start" "8116f89a1bed0fdef1007b9d8c51ebca070a31563de6747b4e485a0942b8047b", kill_on_drop: false }`
[INFO] running `Command { std: "docker" "inspect" "8116f89a1bed0fdef1007b9d8c51ebca070a31563de6747b4e485a0942b8047b", kill_on_drop: false }`
[INFO] running `Command { std: "docker" "exec" "-e" "SOURCE_DIR=/opt/rustwide/workdir" "-e" "CARGO_HOME=/opt/rustwide/cargo-home" "-e" "RUSTUP_HOME=/opt/rustwide/rustup-home" "-e" "CARGO_TARGET_DIR=/opt/rustwide/target" "-w" "/opt/rustwide/workdir" "--user" "0:0" "8116f89a1bed0fdef1007b9d8c51ebca070a31563de6747b4e485a0942b8047b" "/opt/rustwide/cargo-home/bin/cargo" "+1.99.0-beta.8" "metadata" "--no-deps" "--format-version=1", kill_on_drop: false }`
[INFO] running `Command { std: "docker" "inspect" "8116f89a1bed0fdef1007b9d8c51ebca070a31563de6747b4e485a0942b8047b", kill_on_drop: false }`
[INFO] running `Command { std: "docker" "exec" "-e" "SOURCE_DIR=/opt/rustwide/workdir" "-e" "CARGO_HOME=/opt/rustwide/cargo-home" "-e" "RUSTUP_HOME=/opt/rustwide/rustup-home" "-e" "CARGO_TARGET_DIR=/opt/rustwide/target" "-e" "CARGO_INCREMENTAL=0" "-e" "RUST_BACKTRACE=full" "-e" "RUSTFLAGS=--cap-lints=warn" "-e" "RUSTDOCFLAGS=--cap-lints=warn" "-w" "/opt/rustwide/workdir" "--user" "0:0" "8116f89a1bed0fdef1007b9d8c51ebca070a31563de6747b4e485a0942b8047b" "/opt/rustwide/cargo-home/bin/cargo" "+1.99.0-beta.8" "build" "--frozen" "--message-format=json" "--release", kill_on_drop: false }`
[INFO] [stderr]    Compiling syn v2.0.117
[INFO] [stderr]    Compiling libc v0.2.184
[INFO] [stderr]    Compiling serde_core v1.0.228
[INFO] [stderr]    Compiling serde v1.0.228
[INFO] [stderr]    Compiling generic-array v0.14.9
[INFO] [stderr]    Compiling fastrand v2.4.1
[INFO] [stderr]    Compiling concurrent-queue v2.5.0
[INFO] [stderr]    Compiling futures-core v0.3.32
[INFO] [stderr]    Compiling diaryx_core v1.4.4
[INFO] [stderr]    Compiling arc-swap v1.9.1
[INFO] [stderr]    Compiling smallstr v0.3.1
[INFO] [stderr]    Compiling pathdiff v0.2.3
[INFO] [stderr]    Compiling log v0.4.29
[INFO] [stderr]    Compiling event-listener v5.4.1
[INFO] [stderr]    Compiling futures-lite v2.6.1
[INFO] [stderr]    Compiling event-listener-strategy v0.5.4
[INFO] [stderr]    Compiling async-lock v3.4.2
[INFO] [stderr]    Compiling block-buffer v0.10.4
[INFO] [stderr]    Compiling crypto-common v0.1.6
[INFO] [stderr]    Compiling digest v0.10.7
[INFO] [stderr]    Compiling sha2 v0.10.9
[INFO] [stderr]    Compiling parking_lot_core v0.9.12
[INFO] [stderr]    Compiling getrandom v0.4.2
[INFO] [stderr]    Compiling dirs-sys v0.5.0
[INFO] [stderr]    Compiling dirs v6.0.0
[INFO] [stderr]    Compiling uuid v1.23.0
[INFO] [stderr]    Compiling dashmap v6.1.0
[INFO] [stderr]    Compiling indexmap v2.13.1
[INFO] [stderr]    Compiling serde_json v1.0.149
[INFO] [stderr]    Compiling serde_derive v1.0.228
[INFO] [stderr]    Compiling thiserror-impl v2.0.18
[INFO] [stderr]    Compiling async-trait v0.1.89
[INFO] [stderr]    Compiling tracing-attributes v0.1.31
[INFO] [stderr]    Compiling tracing v0.1.44
[INFO] [stderr]    Compiling thiserror v2.0.18
[INFO] [stderr]    Compiling chrono v0.4.44
[INFO] [stderr]    Compiling serde_yaml v0.9.34+deprecated
[INFO] [stderr]    Compiling yrs v0.25.0
[INFO] [stderr]    Compiling diaryx_sync v1.4.4 (/opt/rustwide/workdir)
[INFO] [stderr]     Finished `release` profile [optimized] target(s) in 1m 02s
[INFO] running `Command { std: "docker" "inspect" "8116f89a1bed0fdef1007b9d8c51ebca070a31563de6747b4e485a0942b8047b", kill_on_drop: false }`
[INFO] running `Command { std: "docker" "exec" "-e" "SOURCE_DIR=/opt/rustwide/workdir" "-e" "CARGO_HOME=/opt/rustwide/cargo-home" "-e" "RUSTUP_HOME=/opt/rustwide/rustup-home" "-e" "CARGO_TARGET_DIR=/opt/rustwide/target" "-e" "CARGO_INCREMENTAL=0" "-e" "RUST_BACKTRACE=full" "-e" "RUSTFLAGS=--cap-lints=warn" "-e" "RUSTDOCFLAGS=--cap-lints=warn" "-w" "/opt/rustwide/workdir" "--user" "0:0" "8116f89a1bed0fdef1007b9d8c51ebca070a31563de6747b4e485a0942b8047b" "/opt/rustwide/cargo-home/bin/cargo" "+1.99.0-beta.8" "test" "--frozen" "--no-run" "--message-format=json" "--release", kill_on_drop: false }`
[INFO] [stderr]    Compiling bitflags v2.11.0
[INFO] [stderr]    Compiling tokio-macros v2.7.0
[INFO] [stderr]    Compiling rustix v1.1.4
[INFO] [stderr]    Compiling tokio v1.51.1
[INFO] [stderr]    Compiling tempfile v3.27.0
[INFO] [stderr]    Compiling diaryx_sync v1.4.4 (/opt/rustwide/workdir)
[INFO] [stdout] error[E0599]: no method named `uuid_to_path_snapshot` found for reference `&CrdtFs<FS>` in the current scope
[INFO] [stdout]    --> tests/crdt_fs_trait_parity.rs:106:38
[INFO] [stdout]     |
[INFO] [stdout] 106 |     let uuid_to_fs_path = fs.inner().uuid_to_path_snapshot();
[INFO] [stdout]     |                                      ^^^^^^^^^^^^^^^^^^^^^ method not found in `&CrdtFs<FS>`
[INFO] [stdout] 
[INFO] [stdout] 
[INFO] [stdout] error[E0609]: no field `path` on type `FileMetadata`
[INFO] [stdout]    --> tests/crdt_fs_trait_parity.rs:120:29
[INFO] [stdout]     |
[INFO] [stdout] 120 |             normalized_meta.path = rel.clone();
[INFO] [stdout]     |                             ^^^^ unknown field
[INFO] [stdout]     |
[INFO] [stdout]     = note: available fields are: `filename`, `title`, `link`, `links`, `link_of` ... and 10 others
[INFO] [stdout] 
[INFO] [stdout] 
[INFO] [stdout] error[E0599]: no method named `uuid_to_path_snapshot` found for reference `&CrdtFs<SyncToAsyncFs<InMemoryFileSystem>>` in the current scope
[INFO] [stdout]    --> tests/crdt_sync_parity.rs:150:40
[INFO] [stdout]     |
[INFO] [stdout] 150 |     let uuid_to_path = node.fs.inner().uuid_to_path_snapshot();
[INFO] [stdout]     |                                        ^^^^^^^^^^^^^^^^^^^^^ method not found in `&CrdtFs<SyncToAsyncFs<InMemoryFileSystem>>`
[INFO] [stdout] 
[INFO] [stdout] 
[INFO] [stdout] error[E0599]: no method named `uuid_to_path_snapshot` found for reference `&CrdtFs<SyncToAsyncFs<InMemoryFileSystem>>` in the current scope
[INFO] [stdout]    --> tests/crdt_sync_parity.rs:250:10
[INFO] [stdout]     |
[INFO] [stdout] 247 |       if let Some((uuid, _)) = node
[INFO] [stdout]     |  ______________________________-
[INFO] [stdout] 248 | |         .fs
[INFO] [stdout] 249 | |         .inner()
[INFO] [stdout] 250 | |         .uuid_to_path_snapshot()
[INFO] [stdout]     | |         -^^^^^^^^^^^^^^^^^^^^^ method not found in `&CrdtFs<SyncToAsyncFs<InMemoryFileSystem>>`
[INFO] [stdout]     | |_________|
[INFO] [stdout]     |
[INFO] [stdout] 
[INFO] [stdout] 
[INFO] [stdout] Some errors have detailed explanations: E0599, E0609.
[INFO] [stdout] 
[INFO] [stdout] For more information about an error, try `rustc --explain E0599`.
[INFO] [stdout] 
[INFO] [stderr] error: could not compile `diaryx_sync` (test "crdt_fs_trait_parity") due to 2 previous errors
[INFO] [stderr] warning: build failed, waiting for other jobs to finish...
[INFO] [stdout] For more information about this error, try `rustc --explain E0599`.
[INFO] [stdout] 
[INFO] [stderr] error: could not compile `diaryx_sync` (test "crdt_sync_parity") due to 2 previous errors
[INFO] running `Command { std: "docker" "inspect" "8116f89a1bed0fdef1007b9d8c51ebca070a31563de6747b4e485a0942b8047b", kill_on_drop: false }`
[INFO] running `Command { std: "docker" "rm" "-f" "8116f89a1bed0fdef1007b9d8c51ebca070a31563de6747b4e485a0942b8047b", kill_on_drop: false }`
[INFO] [stdout] 8116f89a1bed0fdef1007b9d8c51ebca070a31563de6747b4e485a0942b8047b
