[INFO] fetching crate dialcache 0.26.0...
[INFO] testing dialcache-0.26.0 against 1.99.0-beta.8+cargoflags=--release for beta-release-1.100-2
[INFO] extracting crate dialcache 0.26.0 into /workspace/builds/worker-7-tc1/source
[INFO] removed /workspace/builds/worker-7-tc1/source/rust-toolchain.toml
[INFO] started tweaking crates.io crate dialcache 0.26.0
[INFO] removed 0 missing examples
[INFO] removed 0 missing tests
[INFO] finished tweaking crates.io crate dialcache 0.26.0
[INFO] tweaked toml for crates.io crate dialcache 0.26.0 written to /workspace/builds/worker-7-tc1/source/Cargo.toml
[INFO] validating manifest of crates.io crate dialcache 0.26.0 on toolchain 1.99.0-beta.8
[INFO] running `Command { std: CARGO_HOME="/workspace/cargo-home" RUSTUP_HOME="/workspace/rustup-home" "/workspace/cargo-home/bin/cargo" "+1.99.0-beta.8" "metadata" "--manifest-path" "Cargo.toml" "--no-deps", kill_on_drop: false }`
[INFO] crate crates.io crate dialcache 0.26.0 already has a lockfile, it will not be regenerated
[INFO] running `Command { std: CARGO_HOME="/workspace/cargo-home" RUSTUP_HOME="/workspace/rustup-home" "/workspace/cargo-home/bin/cargo" "+1.99.0-beta.8" "fetch" "--manifest-path" "Cargo.toml", kill_on_drop: false }`
[INFO] running `Command { std: "docker" "create" "-v" "/var/lib/crater-agent-workspace/builds/worker-7-tc1/source:/opt/rustwide/workdir:ro,Z" "-v" "/var/lib/crater-agent-workspace/builds/worker-7-tc1/target:/opt/rustwide/target:rw,Z" "-v" "/var/lib/crater-agent-workspace/cargo-home:/opt/rustwide/cargo-home:ro,Z" "-v" "/var/lib/crater-agent-workspace/rustup-home:/opt/rustwide/rustup-home:ro,Z" "-m" "1610612736" "--network" "none" "ghcr.io/rust-lang/crates-build-env/linux@sha256:77db811e55d90add9212f6832c23229e3de5f1c1f9905e8cb07319ea15df73ac" "sleep" "infinity", kill_on_drop: false }`
[INFO] [stdout] 688afaf18e41bded69effb752b471a9ba996fade9a46f2aea0eeb27ab4e75209
[INFO] running `Command { std: "docker" "start" "688afaf18e41bded69effb752b471a9ba996fade9a46f2aea0eeb27ab4e75209", kill_on_drop: false }`
[INFO] running `Command { std: "docker" "inspect" "688afaf18e41bded69effb752b471a9ba996fade9a46f2aea0eeb27ab4e75209", kill_on_drop: false }`
[INFO] running `Command { std: "docker" "exec" "-e" "SOURCE_DIR=/opt/rustwide/workdir" "-e" "CARGO_HOME=/opt/rustwide/cargo-home" "-e" "RUSTUP_HOME=/opt/rustwide/rustup-home" "-e" "CARGO_TARGET_DIR=/opt/rustwide/target" "-w" "/opt/rustwide/workdir" "--user" "0:0" "688afaf18e41bded69effb752b471a9ba996fade9a46f2aea0eeb27ab4e75209" "/opt/rustwide/cargo-home/bin/cargo" "+1.99.0-beta.8" "metadata" "--no-deps" "--format-version=1", kill_on_drop: false }`
[INFO] running `Command { std: "docker" "inspect" "688afaf18e41bded69effb752b471a9ba996fade9a46f2aea0eeb27ab4e75209", kill_on_drop: false }`
[INFO] running `Command { std: "docker" "exec" "-e" "SOURCE_DIR=/opt/rustwide/workdir" "-e" "CARGO_HOME=/opt/rustwide/cargo-home" "-e" "RUSTUP_HOME=/opt/rustwide/rustup-home" "-e" "CARGO_TARGET_DIR=/opt/rustwide/target" "-e" "CARGO_INCREMENTAL=0" "-e" "RUST_BACKTRACE=full" "-e" "RUSTFLAGS=--cap-lints=warn" "-e" "RUSTDOCFLAGS=--cap-lints=warn" "-w" "/opt/rustwide/workdir" "--user" "0:0" "688afaf18e41bded69effb752b471a9ba996fade9a46f2aea0eeb27ab4e75209" "/opt/rustwide/cargo-home/bin/cargo" "+1.99.0-beta.8" "build" "--frozen" "--message-format=json" "--release", kill_on_drop: false }`
[INFO] [stderr]    Compiling unicode-ident v1.0.26
[INFO] [stderr]    Compiling find-msvc-tools v0.1.13
[INFO] [stderr]    Compiling zstd-safe v8.0.0
[INFO] [stderr]    Compiling serde_json v1.0.151
[INFO] [stderr]    Compiling zstd-safe v7.3.0
[INFO] [stderr]    Compiling parking_lot_core v0.9.12
[INFO] [stderr]    Compiling tokio v1.53.1
[INFO] [stderr]    Compiling ryu-js v1.0.3
[INFO] [stderr]    Compiling lru v0.18.4
[INFO] [stderr]    Compiling proc-macro2 v1.0.107
[INFO] [stderr]    Compiling cc v1.4.7
[INFO] [stderr]    Compiling parking_lot v0.12.5
[INFO] [stderr]    Compiling quote v1.0.47
[INFO] [stderr]    Compiling syn v3.0.6
[INFO] [stderr]    Compiling zstd-sys v2.1.0+zstd.1.5.7
[INFO] [stderr]    Compiling futures-macro v0.3.34
[INFO] [stderr]    Compiling serde_derive v1.0.229
[INFO] [stderr]    Compiling thiserror-impl v2.0.20
[INFO] [stderr]    Compiling futures-util v0.3.34
[INFO] [stderr]    Compiling thiserror v2.0.20
[INFO] [stderr]    Compiling serde v1.0.229
[INFO] [stderr]    Compiling futures-executor v0.3.34
[INFO] [stderr]    Compiling futures v0.3.34
[INFO] [stderr]    Compiling zstd v0.14.0
[INFO] [stderr]    Compiling dialcache v0.26.0 (/opt/rustwide/workdir)
[INFO] [stderr]     Finished `release` profile [optimized] target(s) in 46.52s
[INFO] running `Command { std: "docker" "inspect" "688afaf18e41bded69effb752b471a9ba996fade9a46f2aea0eeb27ab4e75209", kill_on_drop: false }`
[INFO] running `Command { std: "docker" "exec" "-e" "SOURCE_DIR=/opt/rustwide/workdir" "-e" "CARGO_HOME=/opt/rustwide/cargo-home" "-e" "RUSTUP_HOME=/opt/rustwide/rustup-home" "-e" "CARGO_TARGET_DIR=/opt/rustwide/target" "-e" "CARGO_INCREMENTAL=0" "-e" "RUST_BACKTRACE=full" "-e" "RUSTFLAGS=--cap-lints=warn" "-e" "RUSTDOCFLAGS=--cap-lints=warn" "-w" "/opt/rustwide/workdir" "--user" "0:0" "688afaf18e41bded69effb752b471a9ba996fade9a46f2aea0eeb27ab4e75209" "/opt/rustwide/cargo-home/bin/cargo" "+1.99.0-beta.8" "test" "--frozen" "--no-run" "--message-format=json" "--release", kill_on_drop: false }`
[INFO] [stderr]    Compiling crypto-common v0.2.2
[INFO] [stderr]    Compiling tokio-macros v2.7.2
[INFO] [stderr]    Compiling tokio v1.53.1
[INFO] [stderr]    Compiling digest v0.11.3
[INFO] [stderr]    Compiling sha2 v0.11.0
[INFO] [stderr]    Compiling dialcache v0.26.0 (/opt/rustwide/workdir)
[INFO] [stdout] error[E0432]: unresolved import `crate::testing`
[INFO] [stdout]   --> src/cpu_tests.rs:12:12
[INFO] [stdout]    |
[INFO] [stdout] 12 | use crate::testing::{StepRuntime, TestExecutor, WALL_EPOCH_MS};
[INFO] [stdout]    |            ^^^^^^^ could not find `testing` in the crate root
[INFO] [stdout]    |
[INFO] [stdout] note: found an item that was configured out
[INFO] [stdout]   --> src/lib.rs:43:9
[INFO] [stdout]    |
[INFO] [stdout] 42 | #[cfg(feature = "test-util")]
[INFO] [stdout]    |       --------------------- the item is gated behind the `test-util` feature
[INFO] [stdout] 43 | pub mod testing;
[INFO] [stdout]    |         ^^^^^^^
[INFO] [stdout] 
[INFO] [stdout] 
[INFO] [stdout] error[E0432]: unresolved import `crate::testing`
[INFO] [stdout]   --> src/read_snapshot_tests.rs:4:12
[INFO] [stdout]    |
[INFO] [stdout]  4 | use crate::testing::{TestExecutor, WALL_EPOCH_MS};
[INFO] [stdout]    |            ^^^^^^^ could not find `testing` in the crate root
[INFO] [stdout]    |
[INFO] [stdout] note: found an item that was configured out
[INFO] [stdout]   --> src/lib.rs:43:9
[INFO] [stdout]    |
[INFO] [stdout] 42 | #[cfg(feature = "test-util")]
[INFO] [stdout]    |       --------------------- the item is gated behind the `test-util` feature
[INFO] [stdout] 43 | pub mod testing;
[INFO] [stdout]    |         ^^^^^^^
[INFO] [stdout] 
[INFO] [stdout] 
[INFO] [stdout] error[E0433]: cannot find `testing` in the crate root
[INFO] [stdout]    --> src/cpu_tests.rs:305:31
[INFO] [stdout]     |
[INFO] [stdout] 305 |             .clock_arc(crate::testing::VirtualClock::new(WALL_EPOCH_MS))
[INFO] [stdout]     |                               ^^^^^^^ could not find `testing` in the crate root
[INFO] [stdout]     |
[INFO] [stdout] note: found an item that was configured out
[INFO] [stdout]    --> src/lib.rs:43:9
[INFO] [stdout]     |
[INFO] [stdout]  42 | #[cfg(feature = "test-util")]
[INFO] [stdout]     |       --------------------- the item is gated behind the `test-util` feature
[INFO] [stdout]  43 | pub mod testing;
[INFO] [stdout]     |         ^^^^^^^
[INFO] [stdout] 
[INFO] [stdout] 
[INFO] [stdout] error[E0432]: unresolved import `dialcache::testing`
[INFO] [stdout]   --> tests/owned_codec.rs:8:16
[INFO] [stdout]    |
[INFO] [stdout]  8 | use dialcache::testing::{StepRuntime, TestExecutor, WALL_EPOCH_MS};
[INFO] [stdout]    |                ^^^^^^^ could not find `testing` in `dialcache`
[INFO] [stdout]    |
[INFO] [stdout] note: found an item that was configured out
[INFO] [stdout]   --> src/lib.rs:43:9
[INFO] [stdout]    |
[INFO] [stdout] 42 | #[cfg(feature = "test-util")]
[INFO] [stdout]    |       --------------------- the item is gated behind the `test-util` feature
[INFO] [stdout] 43 | pub mod testing;
[INFO] [stdout]    |         ^^^^^^^
[INFO] [stdout] 
[INFO] [stdout] 
[INFO] [stdout] error[E0432]: unresolved import `dialcache::testing`
[INFO] [stdout]   --> tests/shadow_write_deadline.rs:8:16
[INFO] [stdout]    |
[INFO] [stdout]  8 | use dialcache::testing::{StepRuntime, TestExecutor, VirtualClock, WALL_EPOCH_MS};
[INFO] [stdout]    |                ^^^^^^^ could not find `testing` in `dialcache`
[INFO] [stdout]    |
[INFO] [stdout] note: found an item that was configured out
[INFO] [stdout]   --> src/lib.rs:43:9
[INFO] [stdout]    |
[INFO] [stdout] 42 | #[cfg(feature = "test-util")]
[INFO] [stdout]    |       --------------------- the item is gated behind the `test-util` feature
[INFO] [stdout] 43 | pub mod testing;
[INFO] [stdout]    |         ^^^^^^^
[INFO] [stdout] 
[INFO] [stdout] 
[INFO] [stdout] error[E0432]: unresolved import `dialcache::testing`
[INFO] [stdout]   --> tests/local_storage.rs:7:16
[INFO] [stdout]    |
[INFO] [stdout]  7 | use dialcache::testing::{TestExecutor, WALL_EPOCH_MS};
[INFO] [stdout]    |                ^^^^^^^ could not find `testing` in `dialcache`
[INFO] [stdout]    |
[INFO] [stdout] note: found an item that was configured out
[INFO] [stdout]   --> src/lib.rs:43:9
[INFO] [stdout]    |
[INFO] [stdout] 42 | #[cfg(feature = "test-util")]
[INFO] [stdout]    |       --------------------- the item is gated behind the `test-util` feature
[INFO] [stdout] 43 | pub mod testing;
[INFO] [stdout]    |         ^^^^^^^
[INFO] [stdout] 
[INFO] [stdout] 
[INFO] [stdout] error[E0432]: unresolved import `dialcache::testing`
[INFO] [stdout]    --> tests/metrics_exporters.rs:741:20
[INFO] [stdout]     |
[INFO] [stdout] 741 |     use dialcache::testing::{TestExecutor, WALL_EPOCH_MS};
[INFO] [stdout]     |                    ^^^^^^^ could not find `testing` in `dialcache`
[INFO] [stdout]     |
[INFO] [stdout] note: found an item that was configured out
[INFO] [stdout]    --> src/lib.rs:43:9
[INFO] [stdout]     |
[INFO] [stdout]  42 | #[cfg(feature = "test-util")]
[INFO] [stdout]     |       --------------------- the item is gated behind the `test-util` feature
[INFO] [stdout]  43 | pub mod testing;
[INFO] [stdout]     |         ^^^^^^^
[INFO] [stdout] 
[INFO] [stdout] 
[INFO] [stdout] error[E0432]: unresolved import `dialcache::testing`
[INFO] [stdout]   --> tests/recovery_logging.rs:3:16
[INFO] [stdout]    |
[INFO] [stdout]  3 | use dialcache::testing::{TestExecutor, WALL_EPOCH_MS};
[INFO] [stdout]    |                ^^^^^^^ could not find `testing` in `dialcache`
[INFO] [stdout]    |
[INFO] [stdout] note: found an item that was configured out
[INFO] [stdout]   --> src/lib.rs:43:9
[INFO] [stdout]    |
[INFO] [stdout] 42 | #[cfg(feature = "test-util")]
[INFO] [stdout]    |       --------------------- the item is gated behind the `test-util` feature
[INFO] [stdout] 43 | pub mod testing;
[INFO] [stdout]    |         ^^^^^^^
[INFO] [stdout] 
[INFO] [stdout] 
[INFO] [stdout] For more information about this error, try `rustc --explain E0432`.
[INFO] [stdout] 
[INFO] [stderr] error: could not compile `dialcache` (test "recovery_logging") due to 1 previous error
[INFO] [stderr] warning: build failed, waiting for other jobs to finish...
[INFO] [stdout] For more information about this error, try `rustc --explain E0432`.
[INFO] [stdout] 
[INFO] [stderr] error: could not compile `dialcache` (test "owned_codec") due to 1 previous error
[INFO] [stdout] For more information about this error, try `rustc --explain E0432`.
[INFO] [stdout] 
[INFO] [stdout] error[E0432]: unresolved import `dialcache::testing`
[INFO] [stdout]   --> tests/operation_api.rs:6:16
[INFO] [stdout]    |
[INFO] [stdout]  6 | use dialcache::testing::{TestExecutor, WALL_EPOCH_MS};
[INFO] [stdout]    |                ^^^^^^^ could not find `testing` in `dialcache`
[INFO] [stdout]    |
[INFO] [stdout] note: found an item that was configured out
[INFO] [stdout]   --> src/lib.rs:43:9
[INFO] [stdout]    |
[INFO] [stdout] 42 | #[cfg(feature = "test-util")]
[INFO] [stdout]    |       --------------------- the item is gated behind the `test-util` feature
[INFO] [stdout] 43 | pub mod testing;
[INFO] [stdout]    |         ^^^^^^^
[INFO] [stdout] 
[INFO] [stdout] 
[INFO] [stderr] error: could not compile `dialcache` (test "local_storage") due to 1 previous error
[INFO] [stdout] For more information about this error, try `rustc --explain E0432`.
[INFO] [stdout] 
[INFO] [stderr] error: could not compile `dialcache` (test "operation_api") due to 1 previous error
[INFO] [stdout] For more information about this error, try `rustc --explain E0432`.
[INFO] [stdout] 
[INFO] [stderr] error: could not compile `dialcache` (test "shadow_write_deadline") due to 1 previous error
[INFO] [stdout] error[E0432]: unresolved import `dialcache::testing`
[INFO] [stdout]   --> tests/formal/core_driver.rs:8:16
[INFO] [stdout]    |
[INFO] [stdout]  8 | use dialcache::testing::{TestExecutor, VirtualClock};
[INFO] [stdout]    |                ^^^^^^^ could not find `testing` in `dialcache`
[INFO] [stdout]    |
[INFO] [stdout] note: found an item that was configured out
[INFO] [stdout]   --> src/lib.rs:43:9
[INFO] [stdout]    |
[INFO] [stdout] 42 | #[cfg(feature = "test-util")]
[INFO] [stdout]    |       --------------------- the item is gated behind the `test-util` feature
[INFO] [stdout] 43 | pub mod testing;
[INFO] [stdout]    |         ^^^^^^^
[INFO] [stdout] 
[INFO] [stdout] 
[INFO] [stdout] error[E0432]: unresolved import `dialcache::testing`
[INFO] [stdout]   --> tests/formal/driver.rs:12:16
[INFO] [stdout]    |
[INFO] [stdout] 12 | use dialcache::testing::{TestExecutor, VirtualClock};
[INFO] [stdout]    |                ^^^^^^^ could not find `testing` in `dialcache`
[INFO] [stdout]    |
[INFO] [stdout] note: found an item that was configured out
[INFO] [stdout]   --> src/lib.rs:43:9
[INFO] [stdout]    |
[INFO] [stdout] 42 | #[cfg(feature = "test-util")]
[INFO] [stdout]    |       --------------------- the item is gated behind the `test-util` feature
[INFO] [stdout] 43 | pub mod testing;
[INFO] [stdout]    |         ^^^^^^^
[INFO] [stdout] 
[INFO] [stdout] 
[INFO] [stdout] error[E0432]: unresolved import `dialcache::testing`
[INFO] [stdout]   --> tests/formal/local_clock.rs:7:16
[INFO] [stdout]    |
[INFO] [stdout]  7 | use dialcache::testing::{grid_clock, TestExecutor};
[INFO] [stdout]    |                ^^^^^^^ could not find `testing` in `dialcache`
[INFO] [stdout]    |
[INFO] [stdout] note: found an item that was configured out
[INFO] [stdout]   --> src/lib.rs:43:9
[INFO] [stdout]    |
[INFO] [stdout] 42 | #[cfg(feature = "test-util")]
[INFO] [stdout]    |       --------------------- the item is gated behind the `test-util` feature
[INFO] [stdout] 43 | pub mod testing;
[INFO] [stdout]    |         ^^^^^^^
[INFO] [stdout] 
[INFO] [stdout] 
[INFO] [stdout] For more information about this error, try `rustc --explain E0432`.
[INFO] [stdout] 
[INFO] [stderr] error: could not compile `dialcache` (test "metrics_exporters") due to 1 previous error
[INFO] [stdout] error[E0432]: unresolved import `dialcache::testing`
[INFO] [stdout]   --> tests/formal/core_driver.rs:8:16
[INFO] [stdout]    |
[INFO] [stdout]  8 | use dialcache::testing::{TestExecutor, VirtualClock};
[INFO] [stdout]    |                ^^^^^^^ could not find `testing` in `dialcache`
[INFO] [stdout]    |
[INFO] [stdout] note: found an item that was configured out
[INFO] [stdout]   --> src/lib.rs:43:9
[INFO] [stdout]    |
[INFO] [stdout] 42 | #[cfg(feature = "test-util")]
[INFO] [stdout]    |       --------------------- the item is gated behind the `test-util` feature
[INFO] [stdout] 43 | pub mod testing;
[INFO] [stdout]    |         ^^^^^^^
[INFO] [stdout] 
[INFO] [stdout] 
[INFO] [stdout] error[E0432]: unresolved import `dialcache::testing`
[INFO] [stdout]   --> tests/formal/driver.rs:12:16
[INFO] [stdout]    |
[INFO] [stdout] 12 | use dialcache::testing::{TestExecutor, VirtualClock};
[INFO] [stdout]    |                ^^^^^^^ could not find `testing` in `dialcache`
[INFO] [stdout]    |
[INFO] [stdout] note: found an item that was configured out
[INFO] [stdout]   --> src/lib.rs:43:9
[INFO] [stdout]    |
[INFO] [stdout] 42 | #[cfg(feature = "test-util")]
[INFO] [stdout]    |       --------------------- the item is gated behind the `test-util` feature
[INFO] [stdout] 43 | pub mod testing;
[INFO] [stdout]    |         ^^^^^^^
[INFO] [stdout] 
[INFO] [stdout] 
[INFO] [stdout] error[E0432]: unresolved import `dialcache::testing`
[INFO] [stdout]   --> tests/formal/local_clock.rs:7:16
[INFO] [stdout]    |
[INFO] [stdout]  7 | use dialcache::testing::{grid_clock, TestExecutor};
[INFO] [stdout]    |                ^^^^^^^ could not find `testing` in `dialcache`
[INFO] [stdout]    |
[INFO] [stdout] note: found an item that was configured out
[INFO] [stdout]   --> src/lib.rs:43:9
[INFO] [stdout]    |
[INFO] [stdout] 42 | #[cfg(feature = "test-util")]
[INFO] [stdout]    |       --------------------- the item is gated behind the `test-util` feature
[INFO] [stdout] 43 | pub mod testing;
[INFO] [stdout]    |         ^^^^^^^
[INFO] [stdout] 
[INFO] [stdout] 
[INFO] [stdout] error[E0432]: unresolved import `dialcache::testing`
[INFO] [stdout]    --> tests/harness_infra.rs:280:21
[INFO] [stdout]     |
[INFO] [stdout] 280 |     use dialcache::{testing::TestExecutor, Runtime};
[INFO] [stdout]     |                     ^^^^^^^ could not find `testing` in `dialcache`
[INFO] [stdout]     |
[INFO] [stdout] note: found an item that was configured out
[INFO] [stdout]    --> src/lib.rs:43:9
[INFO] [stdout]     |
[INFO] [stdout]  42 | #[cfg(feature = "test-util")]
[INFO] [stdout]     |       --------------------- the item is gated behind the `test-util` feature
[INFO] [stdout]  43 | pub mod testing;
[INFO] [stdout]     |         ^^^^^^^
[INFO] [stdout] 
[INFO] [stdout] 
[INFO] [stdout] Some errors have detailed explanations: E0432, E0433.
[INFO] [stdout] 
[INFO] [stdout] For more information about an error, try `rustc --explain E0432`.
[INFO] [stdout] 
[INFO] [stderr] error: could not compile `dialcache` (lib test) due to 3 previous errors
[INFO] [stdout] For more information about this error, try `rustc --explain E0432`.
[INFO] [stdout] 
[INFO] [stderr] error: could not compile `dialcache` (test "settlement_control") due to 3 previous errors
[INFO] [stdout] For more information about this error, try `rustc --explain E0432`.
[INFO] [stdout] 
[INFO] [stderr] error: could not compile `dialcache` (test "harness_infra") due to 4 previous errors
[INFO] running `Command { std: "docker" "inspect" "688afaf18e41bded69effb752b471a9ba996fade9a46f2aea0eeb27ab4e75209", kill_on_drop: false }`
[INFO] running `Command { std: "docker" "rm" "-f" "688afaf18e41bded69effb752b471a9ba996fade9a46f2aea0eeb27ab4e75209", kill_on_drop: false }`
[INFO] [stdout] 688afaf18e41bded69effb752b471a9ba996fade9a46f2aea0eeb27ab4e75209
