[INFO] fetching crate dial9-utils 0.5.4...
[INFO] testing dial9-utils-0.5.4 against 1.99.0-beta.8+cargoflags=--release for beta-release-1.100-2
[INFO] extracting crate dial9-utils 0.5.4 into /workspace/builds/worker-0-tc1/source
[INFO] started tweaking crates.io crate dial9-utils 0.5.4
[INFO] removed 0 missing examples
[INFO] removed 0 missing tests
[INFO] finished tweaking crates.io crate dial9-utils 0.5.4
[INFO] tweaked toml for crates.io crate dial9-utils 0.5.4 written to /workspace/builds/worker-0-tc1/source/Cargo.toml
[INFO] validating manifest of crates.io crate dial9-utils 0.5.4 on toolchain 1.99.0-beta.8
[INFO] running `Command { std: CARGO_HOME="/workspace/cargo-home" RUSTUP_HOME="/workspace/rustup-home" "/workspace/cargo-home/bin/cargo" "+1.99.0-beta.8" "metadata" "--manifest-path" "Cargo.toml" "--no-deps", kill_on_drop: false }`
[INFO] crate crates.io crate dial9-utils 0.5.4 already has a lockfile, it will not be regenerated
[INFO] running `Command { std: CARGO_HOME="/workspace/cargo-home" RUSTUP_HOME="/workspace/rustup-home" "/workspace/cargo-home/bin/cargo" "+1.99.0-beta.8" "fetch" "--manifest-path" "Cargo.toml", kill_on_drop: false }`
[INFO] [stderr]     Updating crates.io index
[INFO] [stderr]  Downloading crates ...
[INFO] [stderr]   Downloaded const-siphasher v1.0.2
[INFO] [stderr]   Downloaded metrique-timesource v0.1.10
[INFO] [stderr]   Downloaded dial9-trace-format-derive v0.5.2
[INFO] [stderr]   Downloaded shuttle-tokio-macros-impl v0.1.0
[INFO] [stderr]   Downloaded metrique-writer-macro v0.1.10
[INFO] [stderr]   Downloaded sketches-ddsketch v0.3.1
[INFO] [stderr]   Downloaded corosensei v0.3.4
[INFO] [stderr]   Downloaded futures-executor v0.3.33
[INFO] [stderr]   Downloaded iai-callgrind-macros v0.6.1
[INFO] [stderr]   Downloaded str_inflector v0.12.0
[INFO] [stderr]   Downloaded metrique-core v0.1.22
[INFO] [stderr]   Downloaded metrique-service-metrics v0.1.23
[INFO] [stderr]   Downloaded rand_xoshiro v0.7.0
[INFO] [stderr]   Downloaded dial9-trace-format v0.5.2
[INFO] [stderr]   Downloaded derive-where v1.6.1
[INFO] [stderr]   Downloaded metrics-util v0.20.4
[INFO] [stderr]   Downloaded shuttle-tokio-impl-inner v0.1.0
[INFO] [stderr]   Downloaded metrique-writer-core v0.1.19
[INFO] [stderr]   Downloaded metrique-writer v0.1.25
[INFO] [stderr]   Downloaded iai-callgrind v0.16.1
[INFO] [stderr]   Downloaded metrics v0.24.6
[INFO] [stderr]   Downloaded metrique-macro v0.1.20
[INFO] [stderr]   Downloaded metrique v0.1.29
[INFO] [stderr]   Downloaded h2 v0.4.16
[INFO] [stderr]   Downloaded dial9-core v0.5.4
[INFO] [stderr]   Downloaded shuttle v0.9.1
[INFO] [stderr]   Downloaded dial9-tokio-telemetry v0.5.4
[INFO] [stderr]   Downloaded iai-callgrind-runner v0.16.1
[INFO] [stderr]   Downloaded tokio v1.53.2
[INFO] running `Command { std: "docker" "create" "-v" "/var/lib/crater-agent-workspace/builds/worker-0-tc1/source:/opt/rustwide/workdir:ro,Z" "-v" "/var/lib/crater-agent-workspace/builds/worker-0-tc1/target:/opt/rustwide/target:rw,Z" "-v" "/var/lib/crater-agent-workspace/cargo-home:/opt/rustwide/cargo-home:ro,Z" "-v" "/var/lib/crater-agent-workspace/rustup-home:/opt/rustwide/rustup-home:ro,Z" "-m" "1610612736" "--network" "none" "ghcr.io/rust-lang/crates-build-env/linux@sha256:77db811e55d90add9212f6832c23229e3de5f1c1f9905e8cb07319ea15df73ac" "sleep" "infinity", kill_on_drop: false }`
[INFO] [stdout] a4b8e2755e22ec1d226a9dc835d5382d6eb672935853953f9072cf9891e60b1e
[INFO] running `Command { std: "docker" "start" "a4b8e2755e22ec1d226a9dc835d5382d6eb672935853953f9072cf9891e60b1e", kill_on_drop: false }`
[INFO] running `Command { std: "docker" "inspect" "a4b8e2755e22ec1d226a9dc835d5382d6eb672935853953f9072cf9891e60b1e", kill_on_drop: false }`
[INFO] running `Command { std: "docker" "exec" "-e" "SOURCE_DIR=/opt/rustwide/workdir" "-e" "CARGO_HOME=/opt/rustwide/cargo-home" "-e" "RUSTUP_HOME=/opt/rustwide/rustup-home" "-e" "CARGO_TARGET_DIR=/opt/rustwide/target" "-w" "/opt/rustwide/workdir" "--user" "0:0" "a4b8e2755e22ec1d226a9dc835d5382d6eb672935853953f9072cf9891e60b1e" "/opt/rustwide/cargo-home/bin/cargo" "+1.99.0-beta.8" "metadata" "--no-deps" "--format-version=1", kill_on_drop: false }`
[INFO] running `Command { std: "docker" "inspect" "a4b8e2755e22ec1d226a9dc835d5382d6eb672935853953f9072cf9891e60b1e", kill_on_drop: false }`
[INFO] running `Command { std: "docker" "exec" "-e" "SOURCE_DIR=/opt/rustwide/workdir" "-e" "CARGO_HOME=/opt/rustwide/cargo-home" "-e" "RUSTUP_HOME=/opt/rustwide/rustup-home" "-e" "CARGO_TARGET_DIR=/opt/rustwide/target" "-e" "CARGO_INCREMENTAL=0" "-e" "RUST_BACKTRACE=full" "-e" "RUSTFLAGS=--cap-lints=warn" "-e" "RUSTDOCFLAGS=--cap-lints=warn" "-w" "/opt/rustwide/workdir" "--user" "0:0" "a4b8e2755e22ec1d226a9dc835d5382d6eb672935853953f9072cf9891e60b1e" "/opt/rustwide/cargo-home/bin/cargo" "+1.99.0-beta.8" "build" "--frozen" "--message-format=json" "--release", kill_on_drop: false }`
[INFO] [stderr]    Compiling syn v2.0.119
[INFO] [stderr]    Compiling zerocopy v0.8.55
[INFO] [stderr]    Compiling smallvec v1.15.2
[INFO] [stderr]    Compiling crossbeam-utils v0.8.22
[INFO] [stderr]    Compiling aho-corasick v1.1.4
[INFO] [stderr]    Compiling crossbeam-epoch v0.9.20
[INFO] [stderr]    Compiling bitflags v2.13.1
[INFO] [stderr]    Compiling either v1.17.0
[INFO] [stderr]    Compiling serde v1.0.229
[INFO] [stderr]    Compiling getrandom v0.3.4
[INFO] [stderr]    Compiling rapidhash v4.5.1
[INFO] [stderr]    Compiling endian-type v0.1.2
[INFO] [stderr]    Compiling log v0.4.33
[INFO] [stderr]    Compiling indexmap v2.14.0
[INFO] [stderr]    Compiling hashbrown v0.16.1
[INFO] [stderr]    Compiling rand_core v0.9.5
[INFO] [stderr]    Compiling ordered-float v5.3.0
[INFO] [stderr]    Compiling nibble_vec v0.1.0
[INFO] [stderr]    Compiling itertools v0.14.0
[INFO] [stderr]    Compiling raw-cpuid v11.6.0
[INFO] [stderr]    Compiling radix_trie v0.2.1
[INFO] [stderr]    Compiling tracing-log v0.2.0
[INFO] [stderr]    Compiling rand_xoshiro v0.7.0
[INFO] [stderr]    Compiling metrics v0.24.6
[INFO] [stderr]    Compiling thread_local v1.1.10
[INFO] [stderr]    Compiling sketches-ddsketch v0.3.1
[INFO] [stderr]    Compiling prettyplease v0.2.37
[INFO] [stderr]    Compiling toml_edit v0.25.13+spec-1.1.0
[INFO] [stderr]    Compiling tracing-subscriber v0.3.23
[INFO] [stderr]    Compiling crossbeam-queue v0.3.13
[INFO] [stderr]    Compiling futures-core v0.3.33
[INFO] [stderr]    Compiling miniz_oxide v0.8.9
[INFO] [stderr]    Compiling futures-sink v0.3.33
[INFO] [stderr]    Compiling futures-task v0.3.33
[INFO] [stderr]    Compiling metrique-timesource v0.1.10
[INFO] [stderr]    Compiling arc-swap v1.9.2
[INFO] [stderr]    Compiling futures-util v0.3.33
[INFO] [stderr]    Compiling regex-automata v0.4.16
[INFO] [stderr]    Compiling flate2 v1.1.9
[INFO] [stderr]    Compiling proc-macro-crate v3.5.0
[INFO] [stderr]    Compiling quanta v0.12.6
[INFO] [stderr]    Compiling regex v1.13.1
[INFO] [stderr]    Compiling str_inflector v0.12.0
[INFO] [stderr]    Compiling Inflector v0.11.4
[INFO] [stderr]    Compiling darling_core v0.23.0
[INFO] [stderr]    Compiling synstructure v0.13.2
[INFO] [stderr]    Compiling derive-where v1.6.1
[INFO] [stderr]    Compiling tokio-macros v2.7.1
[INFO] [stderr]    Compiling tracing-attributes v0.1.31
[INFO] [stderr]    Compiling dial9-trace-format-derive v0.5.2
[INFO] [stderr]    Compiling tokio v1.53.2
[INFO] [stderr]    Compiling ppv-lite86 v0.2.21
[INFO] [stderr]    Compiling ahash v0.8.12
[INFO] [stderr]    Compiling tracing v0.1.44
[INFO] [stderr]    Compiling metrique-writer-core v0.1.19
[INFO] [stderr]    Compiling dial9-trace-format v0.5.2
[INFO] [stderr]    Compiling rand_chacha v0.9.0
[INFO] [stderr]    Compiling metrique-core v0.1.22
[INFO] [stderr]    Compiling rand v0.9.5
[INFO] [stderr]    Compiling darling_macro v0.23.0
[INFO] [stderr]    Compiling darling v0.23.0
[INFO] [stderr]    Compiling metrique-writer-macro v0.1.10
[INFO] [stderr]    Compiling metrique-macro v0.1.20
[INFO] [stderr]    Compiling bon-macros v3.9.3
[INFO] [stderr]    Compiling metrics-util v0.20.4
[INFO] [stderr]    Compiling ulid v1.2.1
[INFO] [stderr]    Compiling metrique-writer v0.1.25
[INFO] [stderr]    Compiling tokio-util v0.7.19
[INFO] [stderr]    Compiling metrique-service-metrics v0.1.23
[INFO] [stderr]    Compiling metrique v0.1.29
[INFO] [stderr]    Compiling bon v3.9.3
[INFO] [stderr]    Compiling dial9-core v0.5.4
[INFO] [stderr]    Compiling dial9-utils v0.5.4 (/opt/rustwide/workdir)
[INFO] [stderr]     Finished `release` profile [optimized] target(s) in 50.27s
[INFO] running `Command { std: "docker" "inspect" "a4b8e2755e22ec1d226a9dc835d5382d6eb672935853953f9072cf9891e60b1e", kill_on_drop: false }`
[INFO] running `Command { std: "docker" "exec" "-e" "SOURCE_DIR=/opt/rustwide/workdir" "-e" "CARGO_HOME=/opt/rustwide/cargo-home" "-e" "RUSTUP_HOME=/opt/rustwide/rustup-home" "-e" "CARGO_TARGET_DIR=/opt/rustwide/target" "-e" "CARGO_INCREMENTAL=0" "-e" "RUST_BACKTRACE=full" "-e" "RUSTFLAGS=--cap-lints=warn" "-e" "RUSTDOCFLAGS=--cap-lints=warn" "-w" "/opt/rustwide/workdir" "--user" "0:0" "a4b8e2755e22ec1d226a9dc835d5382d6eb672935853953f9072cf9891e60b1e" "/opt/rustwide/cargo-home/bin/cargo" "+1.99.0-beta.8" "test" "--frozen" "--no-run" "--message-format=json" "--release", kill_on_drop: false }`
[INFO] [stderr]    Compiling syn v3.0.3
[INFO] [stderr]    Compiling zerocopy v0.8.55
[INFO] [stderr]    Compiling zerocopy-derive v0.8.55
[INFO] [stderr]    Compiling either v1.17.0
[INFO] [stderr]    Compiling num-traits v0.2.19
[INFO] [stderr]    Compiling serde v1.0.229
[INFO] [stderr]    Compiling raw-cpuid v11.6.0
[INFO] [stderr]    Compiling tokio v1.53.2
[INFO] [stderr]    Compiling crossbeam-deque v0.8.7
[INFO] [stderr]    Compiling derive_more-impl v2.1.1
[INFO] [stderr]    Compiling serde_json v1.0.151
[INFO] [stderr]    Compiling proc-macro-error-attr2 v2.0.0
[INFO] [stderr]    Compiling iai-callgrind-runner v0.16.1
[INFO] [stderr]    Compiling clap_builder v4.6.2
[INFO] [stderr]    Compiling regex-automata v0.4.16
[INFO] [stderr]    Compiling iai-callgrind v0.16.1
[INFO] [stderr]    Compiling rustix v1.1.4
[INFO] [stderr]    Compiling hostname v0.4.2
[INFO] [stderr]    Compiling itertools v0.14.0
[INFO] [stderr]    Compiling itertools v0.10.5
[INFO] [stderr]    Compiling is-terminal v0.4.17
[INFO] [stderr]    Compiling proc-macro-error2 v2.0.1
[INFO] [stderr]    Compiling anes v0.1.6
[INFO] [stderr]    Compiling rayon-core v1.13.0
[INFO] [stderr]    Compiling oorandom v11.1.5
[INFO] [stderr]    Compiling derive_more v2.1.1
[INFO] [stderr]    Compiling rayon v1.12.0
[INFO] [stderr]    Compiling ordered-float v5.3.0
[INFO] [stderr]    Compiling plotters v0.3.7
[INFO] [stderr]    Compiling tempfile v3.27.0
[INFO] [stderr]    Compiling quanta v0.12.6
[INFO] [stderr]    Compiling serde_derive v1.0.229
[INFO] [stderr]    Compiling criterion-plot v0.5.0
[INFO] [stderr]    Compiling clap v4.6.4
[INFO] [stderr]    Compiling regex v1.13.1
[INFO] [stderr]    Compiling metrique-writer-core v0.1.19
[INFO] [stderr]    Compiling bincode v1.3.3
[INFO] [stderr]    Compiling tinytemplate v1.2.1
[INFO] [stderr]    Compiling iai-callgrind-macros v0.6.1
[INFO] [stderr]    Compiling metrique-core v0.1.22
[INFO] [stderr]    Compiling metrique-macro v0.1.20
[INFO] [stderr]    Compiling tokio-util v0.7.19
[INFO] [stderr]    Compiling ppv-lite86 v0.2.21
[INFO] [stderr]    Compiling ahash v0.8.12
[INFO] [stderr]    Compiling half v2.7.1
[INFO] [stderr]    Compiling dial9-trace-format v0.5.2
[INFO] [stderr]    Compiling ciborium-ll v0.2.2
[INFO] [stderr]    Compiling ciborium v0.2.2
[INFO] [stderr]    Compiling rand_chacha v0.9.0
[INFO] [stderr]    Compiling rand v0.9.5
[INFO] [stderr]    Compiling criterion v0.5.1
[INFO] [stderr]    Compiling metrics-util v0.20.4
[INFO] [stderr]    Compiling ulid v1.2.1
[INFO] [stderr]    Compiling metrique-writer v0.1.25
[INFO] [stderr]    Compiling metrique-service-metrics v0.1.23
[INFO] [stderr]    Compiling metrique v0.1.29
[INFO] [stderr]    Compiling dial9-core v0.5.4
[INFO] [stderr]    Compiling dial9-tokio-telemetry v0.5.4
[INFO] [stderr]    Compiling dial9-utils v0.5.4 (/opt/rustwide/workdir)
[INFO] [stdout] error[E0433]: cannot find module or crate `tracing_subscriber` in this scope
[INFO] [stdout]   --> tests/tracing_layer.rs:15:5
[INFO] [stdout]    |
[INFO] [stdout] 15 | use tracing_subscriber::prelude::*;
[INFO] [stdout]    |     ^^^^^^^^^^^^^^^^^^ use of unresolved module or unlinked crate `tracing_subscriber`
[INFO] [stdout]    |
[INFO] [stdout]    = help: if you wanted to use a crate named `tracing_subscriber`, use `cargo add tracing_subscriber` to add it to your `Cargo.toml`
[INFO] [stdout] 
[INFO] [stdout] 
[INFO] [stdout] error[E0432]: unresolved import `dial9_utils::tracing_layer`
[INFO] [stdout]   --> tests/tracing_layer.rs:11:18
[INFO] [stdout]    |
[INFO] [stdout] 11 | use dial9_utils::tracing_layer::Dial9TracingLayer;
[INFO] [stdout]    |                  ^^^^^^^^^^^^^ could not find `tracing_layer` in `dial9_utils`
[INFO] [stdout]    |
[INFO] [stdout] note: found an item that was configured out
[INFO] [stdout]   --> src/lib.rs:31:9
[INFO] [stdout]    |
[INFO] [stdout] 30 | #[cfg(feature = "tracing-layer")]
[INFO] [stdout]    |       ------------------------- the item is gated behind the `tracing-layer` feature
[INFO] [stdout] 31 | pub mod tracing_layer;
[INFO] [stdout]    |         ^^^^^^^^^^^^^
[INFO] [stdout] 
[INFO] [stdout] 
[INFO] [stdout] error[E0433]: cannot find module or crate `tracing_subscriber` in this scope
[INFO] [stdout]  --> tests/tracing_layer_global.rs:8:5
[INFO] [stdout]   |
[INFO] [stdout] 8 | use tracing_subscriber::prelude::*;
[INFO] [stdout]   |     ^^^^^^^^^^^^^^^^^^ use of unresolved module or unlinked crate `tracing_subscriber`
[INFO] [stdout]   |
[INFO] [stdout]   = help: if you wanted to use a crate named `tracing_subscriber`, use `cargo add tracing_subscriber` to add it to your `Cargo.toml`
[INFO] [stdout] 
[INFO] [stdout] 
[INFO] [stdout] error[E0432]: unresolved import `dial9_utils::tracing_layer`
[INFO] [stdout]   --> tests/tracing_layer_global.rs:6:18
[INFO] [stdout]    |
[INFO] [stdout]  6 | use dial9_utils::tracing_layer::Dial9TracingLayer;
[INFO] [stdout]    |                  ^^^^^^^^^^^^^ could not find `tracing_layer` in `dial9_utils`
[INFO] [stdout]    |
[INFO] [stdout] note: found an item that was configured out
[INFO] [stdout]   --> src/lib.rs:31:9
[INFO] [stdout]    |
[INFO] [stdout] 30 | #[cfg(feature = "tracing-layer")]
[INFO] [stdout]    |       ------------------------- the item is gated behind the `tracing-layer` feature
[INFO] [stdout] 31 | pub mod tracing_layer;
[INFO] [stdout]    |         ^^^^^^^^^^^^^
[INFO] [stdout] 
[INFO] [stdout] 
[INFO] [stdout] error[E0433]: cannot find module or crate `tracing_subscriber` in this scope
[INFO] [stdout]   --> tests/tracing_layer_global.rs:29:26
[INFO] [stdout]    |
[INFO] [stdout] 29 |         let subscriber = tracing_subscriber::registry().with(Dial9TracingLayer::new());
[INFO] [stdout]    |                          ^^^^^^^^^^^^^^^^^^ use of unresolved module or unlinked crate `tracing_subscriber`
[INFO] [stdout]    |
[INFO] [stdout]    = help: if you wanted to use a crate named `tracing_subscriber`, use `cargo add tracing_subscriber` to add it to your `Cargo.toml`
[INFO] [stdout] 
[INFO] [stdout] 
[INFO] [stdout] Some errors have detailed explanations: E0432, E0433.
[INFO] [stdout] 
[INFO] [stdout] For more information about an error, try `rustc --explain E0432`.
[INFO] [stdout] 
[INFO] [stderr] error: could not compile `dial9-utils` (test "tracing_layer_global") due to 3 previous errors
[INFO] [stderr] warning: build failed, waiting for other jobs to finish...
[INFO] [stdout] error[E0433]: cannot find module or crate `tracing_subscriber` in this scope
[INFO] [stdout]    --> tests/tracing_layer.rs:199:22
[INFO] [stdout]     |
[INFO] [stdout] 199 |     let subscriber = tracing_subscriber::registry().with(Dial9TracingLayer::new());
[INFO] [stdout]     |                      ^^^^^^^^^^^^^^^^^^ use of unresolved module or unlinked crate `tracing_subscriber`
[INFO] [stdout]     |
[INFO] [stdout]     = help: if you wanted to use a crate named `tracing_subscriber`, use `cargo add tracing_subscriber` to add it to your `Cargo.toml`
[INFO] [stdout] 
[INFO] [stdout] 
[INFO] [stdout] error[E0433]: cannot find module or crate `tracing_subscriber` in this scope
[INFO] [stdout]    --> tests/tracing_layer.rs:417:22
[INFO] [stdout]     |
[INFO] [stdout] 417 |     let subscriber = tracing_subscriber::registry().with(Dial9TracingLayer::new());
[INFO] [stdout]     |                      ^^^^^^^^^^^^^^^^^^ use of unresolved module or unlinked crate `tracing_subscriber`
[INFO] [stdout]     |
[INFO] [stdout]     = help: if you wanted to use a crate named `tracing_subscriber`, use `cargo add tracing_subscriber` to add it to your `Cargo.toml`
[INFO] [stdout] 
[INFO] [stdout] 
[INFO] [stdout] error[E0433]: cannot find module or crate `tracing_subscriber` in this scope
[INFO] [stdout]    --> tests/tracing_layer.rs:439:22
[INFO] [stdout]     |
[INFO] [stdout] 439 |     let subscriber = tracing_subscriber::registry().with(Dial9TracingLayer::new());
[INFO] [stdout]     |                      ^^^^^^^^^^^^^^^^^^ use of unresolved module or unlinked crate `tracing_subscriber`
[INFO] [stdout]     |
[INFO] [stdout]     = help: if you wanted to use a crate named `tracing_subscriber`, use `cargo add tracing_subscriber` to add it to your `Cargo.toml`
[INFO] [stdout] 
[INFO] [stdout] 
[INFO] [stdout] Some errors have detailed explanations: E0432, E0433.
[INFO] [stdout] 
[INFO] [stdout] For more information about an error, try `rustc --explain E0432`.
[INFO] [stdout] 
[INFO] [stderr] error: could not compile `dial9-utils` (test "tracing_layer") due to 5 previous errors
[INFO] running `Command { std: "docker" "inspect" "a4b8e2755e22ec1d226a9dc835d5382d6eb672935853953f9072cf9891e60b1e", kill_on_drop: false }`
[INFO] running `Command { std: "docker" "rm" "-f" "a4b8e2755e22ec1d226a9dc835d5382d6eb672935853953f9072cf9891e60b1e", kill_on_drop: false }`
[INFO] [stdout] a4b8e2755e22ec1d226a9dc835d5382d6eb672935853953f9072cf9891e60b1e
