[INFO] fetching crate dial9-trace-format 0.5.2...
[INFO] testing dial9-trace-format-0.5.2 against 1.100.0-beta.1+cargoflags=--release for beta-release-1.100-2
[INFO] extracting crate dial9-trace-format 0.5.2 into /workspace/builds/worker-5-tc2/source
[INFO] started tweaking crates.io crate dial9-trace-format 0.5.2
[INFO] removed 0 missing examples
[INFO] removed 0 missing tests
[INFO] finished tweaking crates.io crate dial9-trace-format 0.5.2
[INFO] tweaked toml for crates.io crate dial9-trace-format 0.5.2 written to /workspace/builds/worker-5-tc2/source/Cargo.toml
[INFO] validating manifest of crates.io crate dial9-trace-format 0.5.2 on toolchain 1.100.0-beta.1
[INFO] running `Command { std: CARGO_HOME="/workspace/cargo-home" RUSTUP_HOME="/workspace/rustup-home" "/workspace/cargo-home/bin/cargo" "+1.100.0-beta.1" "metadata" "--manifest-path" "Cargo.toml" "--no-deps", kill_on_drop: false }`
[INFO] crate crates.io crate dial9-trace-format 0.5.2 already has a lockfile, it will not be regenerated
[INFO] running `Command { std: CARGO_HOME="/workspace/cargo-home" RUSTUP_HOME="/workspace/rustup-home" "/workspace/cargo-home/bin/cargo" "+1.100.0-beta.1" "fetch" "--manifest-path" "Cargo.toml", kill_on_drop: false }`
[INFO] running `Command { std: "docker" "create" "-v" "/var/lib/crater-agent-workspace/builds/worker-5-tc2/source:/opt/rustwide/workdir:ro,Z" "-v" "/var/lib/crater-agent-workspace/builds/worker-5-tc2/target:/opt/rustwide/target:rw,Z" "-v" "/var/lib/crater-agent-workspace/cargo-home:/opt/rustwide/cargo-home:ro,Z" "-v" "/var/lib/crater-agent-workspace/rustup-home:/opt/rustwide/rustup-home:ro,Z" "-m" "1610612736" "--network" "none" "ghcr.io/rust-lang/crates-build-env/linux@sha256:77db811e55d90add9212f6832c23229e3de5f1c1f9905e8cb07319ea15df73ac" "sleep" "infinity", kill_on_drop: false }`
[INFO] [stdout] 8477aa223fd94f27d5dee38932499c3572e48dd21bbfd233695d01cbdb0efe88
[INFO] running `Command { std: "docker" "start" "8477aa223fd94f27d5dee38932499c3572e48dd21bbfd233695d01cbdb0efe88", kill_on_drop: false }`
[INFO] running `Command { std: "docker" "inspect" "8477aa223fd94f27d5dee38932499c3572e48dd21bbfd233695d01cbdb0efe88", kill_on_drop: false }`
[INFO] running `Command { std: "docker" "exec" "-e" "SOURCE_DIR=/opt/rustwide/workdir" "-e" "CARGO_HOME=/opt/rustwide/cargo-home" "-e" "RUSTUP_HOME=/opt/rustwide/rustup-home" "-e" "CARGO_TARGET_DIR=/opt/rustwide/target" "-w" "/opt/rustwide/workdir" "--user" "0:0" "8477aa223fd94f27d5dee38932499c3572e48dd21bbfd233695d01cbdb0efe88" "/opt/rustwide/cargo-home/bin/cargo" "+1.100.0-beta.1" "metadata" "--no-deps" "--format-version=1", kill_on_drop: false }`
[INFO] running `Command { std: "docker" "inspect" "8477aa223fd94f27d5dee38932499c3572e48dd21bbfd233695d01cbdb0efe88", kill_on_drop: false }`
[INFO] running `Command { std: "docker" "exec" "-e" "SOURCE_DIR=/opt/rustwide/workdir" "-e" "CARGO_HOME=/opt/rustwide/cargo-home" "-e" "RUSTUP_HOME=/opt/rustwide/rustup-home" "-e" "CARGO_TARGET_DIR=/opt/rustwide/target" "-e" "CARGO_INCREMENTAL=0" "-e" "RUST_BACKTRACE=full" "-e" "RUSTFLAGS=--cap-lints=warn" "-e" "RUSTDOCFLAGS=--cap-lints=warn" "-w" "/opt/rustwide/workdir" "--user" "0:0" "8477aa223fd94f27d5dee38932499c3572e48dd21bbfd233695d01cbdb0efe88" "/opt/rustwide/cargo-home/bin/cargo" "+1.100.0-beta.1" "build" "--frozen" "--message-format=json" "--release", kill_on_drop: false }`
[INFO] [stderr]    Compiling libc v0.2.189
[INFO] [stderr]    Compiling winnow v1.0.4
[INFO] [stderr]    Compiling indexmap v2.14.0
[INFO] [stderr]    Compiling toml_datetime v1.1.1+spec-1.1.0
[INFO] [stderr]    Compiling zerocopy v0.8.55
[INFO] [stderr]    Compiling once_cell v1.21.4
[INFO] [stderr]    Compiling proc-macro2 v1.0.107
[INFO] [stderr]    Compiling ahash v0.8.12
[INFO] [stderr]    Compiling quote v1.0.47
[INFO] [stderr]    Compiling syn v2.0.119
[INFO] [stderr]    Compiling getrandom v0.3.4
[INFO] [stderr]    Compiling toml_parser v1.1.3+spec-1.1.0
[INFO] [stderr]    Compiling toml_edit v0.25.13+spec-1.1.0
[INFO] [stderr]    Compiling proc-macro-crate v3.5.0
[INFO] [stderr]    Compiling dial9-trace-format-derive v0.5.2
[INFO] [stderr]    Compiling dial9-trace-format v0.5.2 (/opt/rustwide/workdir)
[INFO] [stderr]     Finished `release` profile [optimized] target(s) in 11.44s
[INFO] running `Command { std: "docker" "inspect" "8477aa223fd94f27d5dee38932499c3572e48dd21bbfd233695d01cbdb0efe88", kill_on_drop: false }`
[INFO] running `Command { std: "docker" "exec" "-e" "SOURCE_DIR=/opt/rustwide/workdir" "-e" "CARGO_HOME=/opt/rustwide/cargo-home" "-e" "RUSTUP_HOME=/opt/rustwide/rustup-home" "-e" "CARGO_TARGET_DIR=/opt/rustwide/target" "-e" "CARGO_INCREMENTAL=0" "-e" "RUST_BACKTRACE=full" "-e" "RUSTFLAGS=--cap-lints=warn" "-e" "RUSTDOCFLAGS=--cap-lints=warn" "-w" "/opt/rustwide/workdir" "--user" "0:0" "8477aa223fd94f27d5dee38932499c3572e48dd21bbfd233695d01cbdb0efe88" "/opt/rustwide/cargo-home/bin/cargo" "+1.100.0-beta.1" "test" "--frozen" "--no-run" "--message-format=json" "--release", kill_on_drop: false }`
[INFO] [stderr]    Compiling serde_json v1.0.151
[INFO] [stderr]    Compiling once_cell v1.21.4
[INFO] [stderr]    Compiling itoa v1.0.18
[INFO] [stderr]    Compiling syn v2.0.119
[INFO] [stderr]    Compiling syn v3.0.3
[INFO] [stderr]    Compiling serde_core v1.0.229
[INFO] [stderr]    Compiling zmij v1.0.23
[INFO] [stderr]    Compiling proc-macro-error-attr2 v2.0.0
[INFO] [stderr]    Compiling serde v1.0.229
[INFO] [stderr]    Compiling iai-callgrind-runner v0.16.1
[INFO] [stderr]    Compiling crc32fast v1.5.0
[INFO] [stderr]    Compiling iai-callgrind v0.16.1
[INFO] [stderr]    Compiling bitflags v2.13.1
[INFO] [stderr]    Compiling miniz_oxide v0.8.9
[INFO] [stderr]    Compiling ahash v0.8.12
[INFO] [stderr]    Compiling rustix v1.1.4
[INFO] [stderr]    Compiling flate2 v1.1.9
[INFO] [stderr]    Compiling tempfile v3.27.0
[INFO] [stderr]    Compiling serde_derive v1.0.229
[INFO] [stderr]    Compiling proc-macro-error2 v2.0.1
[INFO] [stderr]    Compiling derive_more-impl v2.1.1
[INFO] [stderr]    Compiling dial9-trace-format-derive v0.5.2
[INFO] [stderr]    Compiling dial9-trace-format v0.5.2 (/opt/rustwide/workdir)
[INFO] [stderr]    Compiling derive_more v2.1.1
[INFO] [stderr]    Compiling iai-callgrind-macros v0.6.1
[INFO] [stderr]    Compiling bincode v1.3.3
[INFO] [stdout] error[E0599]: no method named `deserialize` found for struct `RawEvent<'a, 'f>` in the current scope
[INFO] [stdout]    --> tests/derive_round_trip.rs:85:25
[INFO] [stdout]     |
[INFO] [stdout]  85 |         events.push(raw.deserialize::<Decoded>().unwrap());
[INFO] [stdout]     |                         ^^^^^^^^^^^ this is an associated function, not a method
[INFO] [stdout]     |
[INFO] [stdout]     = note: found the following associated functions; to be used as methods, functions must have a `self` parameter
[INFO] [stdout] note: the candidate is defined in the trait `Deserialize`
[INFO] [stdout]    --> /opt/rustwide/cargo-home/registry/src/index.crates.io-1949cf8c6b5b557f/serde_core-1.0.229/src/de/mod.rs:561:5
[INFO] [stdout]     |
[INFO] [stdout] 561 | /     fn deserialize<D>(deserializer: D) -> Result<Self, D::Error>
[INFO] [stdout] 562 | |     where
[INFO] [stdout] 563 | |         D: Deserializer<'de>;
[INFO] [stdout]     | |_____________________________^
[INFO] [stdout] help: use associated function syntax instead
[INFO] [stdout]     |
[INFO] [stdout]  85 -         events.push(raw.deserialize::<Decoded>().unwrap());
[INFO] [stdout]  85 +         events.push(RawEvent::<'_, '_>::deserialize().unwrap());
[INFO] [stdout]     |
[INFO] [stdout] 
[INFO] [stdout] 
[INFO] [stdout] error[E0599]: no method named `deserialize` found for struct `RawEvent<'a, 'f>` in the current scope
[INFO] [stdout]    --> tests/derive_round_trip.rs:115:25
[INFO] [stdout]     |
[INFO] [stdout] 115 |         events.push(raw.deserialize::<Decoded>().unwrap());
[INFO] [stdout]     |                         ^^^^^^^^^^^ this is an associated function, not a method
[INFO] [stdout]     |
[INFO] [stdout]     = note: found the following associated functions; to be used as methods, functions must have a `self` parameter
[INFO] [stdout] note: the candidate is defined in the trait `Deserialize`
[INFO] [stdout]    --> /opt/rustwide/cargo-home/registry/src/index.crates.io-1949cf8c6b5b557f/serde_core-1.0.229/src/de/mod.rs:561:5
[INFO] [stdout]     |
[INFO] [stdout] 561 | /     fn deserialize<D>(deserializer: D) -> Result<Self, D::Error>
[INFO] [stdout] 562 | |     where
[INFO] [stdout] 563 | |         D: Deserializer<'de>;
[INFO] [stdout]     | |_____________________________^
[INFO] [stdout] help: use associated function syntax instead
[INFO] [stdout]     |
[INFO] [stdout] 115 -         events.push(raw.deserialize::<Decoded>().unwrap());
[INFO] [stdout] 115 +         events.push(RawEvent::<'_, '_>::deserialize().unwrap());
[INFO] [stdout]     |
[INFO] [stdout] 
[INFO] [stdout] 
[INFO] [stdout] error[E0599]: no method named `deserialize` found for struct `RawEvent<'a, 'f>` in the current scope
[INFO] [stdout]    --> tests/derive_round_trip.rs:153:25
[INFO] [stdout]     |
[INFO] [stdout] 153 |         events.push(raw.deserialize::<DecodedBorrowed>().unwrap());
[INFO] [stdout]     |                         ^^^^^^^^^^^ this is an associated function, not a method
[INFO] [stdout]     |
[INFO] [stdout]     = note: found the following associated functions; to be used as methods, functions must have a `self` parameter
[INFO] [stdout] note: the candidate is defined in the trait `Deserialize`
[INFO] [stdout]    --> /opt/rustwide/cargo-home/registry/src/index.crates.io-1949cf8c6b5b557f/serde_core-1.0.229/src/de/mod.rs:561:5
[INFO] [stdout]     |
[INFO] [stdout] 561 | /     fn deserialize<D>(deserializer: D) -> Result<Self, D::Error>
[INFO] [stdout] 562 | |     where
[INFO] [stdout] 563 | |         D: Deserializer<'de>;
[INFO] [stdout]     | |_____________________________^
[INFO] [stdout] help: use associated function syntax instead
[INFO] [stdout]     |
[INFO] [stdout] 153 -         events.push(raw.deserialize::<DecodedBorrowed>().unwrap());
[INFO] [stdout] 153 +         events.push(RawEvent::<'_, '_>::deserialize().unwrap());
[INFO] [stdout]     |
[INFO] [stdout] 
[INFO] [stdout] 
[INFO] [stdout] error[E0599]: no method named `deserialize` found for struct `RawEvent<'a, 'f>` in the current scope
[INFO] [stdout]    --> tests/derive_round_trip.rs:273:25
[INFO] [stdout]     |
[INFO] [stdout] 273 |         events.push(raw.deserialize::<Decoded>().unwrap());
[INFO] [stdout]     |                         ^^^^^^^^^^^ this is an associated function, not a method
[INFO] [stdout]     |
[INFO] [stdout]     = note: found the following associated functions; to be used as methods, functions must have a `self` parameter
[INFO] [stdout] note: the candidate is defined in the trait `Deserialize`
[INFO] [stdout]    --> /opt/rustwide/cargo-home/registry/src/index.crates.io-1949cf8c6b5b557f/serde_core-1.0.229/src/de/mod.rs:561:5
[INFO] [stdout]     |
[INFO] [stdout] 561 | /     fn deserialize<D>(deserializer: D) -> Result<Self, D::Error>
[INFO] [stdout] 562 | |     where
[INFO] [stdout] 563 | |         D: Deserializer<'de>;
[INFO] [stdout]     | |_____________________________^
[INFO] [stdout] help: use associated function syntax instead
[INFO] [stdout]     |
[INFO] [stdout] 273 -         events.push(raw.deserialize::<Decoded>().unwrap());
[INFO] [stdout] 273 +         events.push(RawEvent::<'_, '_>::deserialize().unwrap());
[INFO] [stdout]     |
[INFO] [stdout] 
[INFO] [stdout] 
[INFO] [stdout] error[E0599]: no method named `deserialize` found for struct `RawEvent<'a, 'f>` in the current scope
[INFO] [stdout]    --> tests/serde_deserialize.rs:33:28
[INFO] [stdout]     |
[INFO] [stdout]  33 |             out = Some(raw.deserialize::<T>().expect("deserialize first event"));
[INFO] [stdout]     |                            ^^^^^^^^^^^ this is an associated function, not a method
[INFO] [stdout]     |
[INFO] [stdout]     = note: found the following associated functions; to be used as methods, functions must have a `self` parameter
[INFO] [stdout] note: the candidate is defined in the trait `Deserialize`
[INFO] [stdout]    --> /opt/rustwide/cargo-home/registry/src/index.crates.io-1949cf8c6b5b557f/serde_core-1.0.229/src/de/mod.rs:561:5
[INFO] [stdout]     |
[INFO] [stdout] 561 | /     fn deserialize<D>(deserializer: D) -> Result<Self, D::Error>
[INFO] [stdout] 562 | |     where
[INFO] [stdout] 563 | |         D: Deserializer<'de>;
[INFO] [stdout]     | |_____________________________^
[INFO] [stdout] help: use associated function syntax instead
[INFO] [stdout]     |
[INFO] [stdout]  33 -             out = Some(raw.deserialize::<T>().expect("deserialize first event"));
[INFO] [stdout]  33 +             out = Some(RawEvent::<'_, '_>::deserialize().expect("deserialize first event"));
[INFO] [stdout]     |
[INFO] [stdout] 
[INFO] [stdout] 
[INFO] [stdout] error[E0599]: no method named `deserialize` found for struct `RawEvent<'a, 'f>` in the current scope
[INFO] [stdout]    --> tests/serde_deserialize.rs:45:25
[INFO] [stdout]     |
[INFO] [stdout]  45 |         events.push(raw.deserialize::<T>().expect("deserialize event"));
[INFO] [stdout]     |                         ^^^^^^^^^^^ this is an associated function, not a method
[INFO] [stdout]     |
[INFO] [stdout]     = note: found the following associated functions; to be used as methods, functions must have a `self` parameter
[INFO] [stdout] note: the candidate is defined in the trait `Deserialize`
[INFO] [stdout]    --> /opt/rustwide/cargo-home/registry/src/index.crates.io-1949cf8c6b5b557f/serde_core-1.0.229/src/de/mod.rs:561:5
[INFO] [stdout]     |
[INFO] [stdout] 561 | /     fn deserialize<D>(deserializer: D) -> Result<Self, D::Error>
[INFO] [stdout] 562 | |     where
[INFO] [stdout] 563 | |         D: Deserializer<'de>;
[INFO] [stdout]     | |_____________________________^
[INFO] [stdout] help: use associated function syntax instead
[INFO] [stdout]     |
[INFO] [stdout]  45 -         events.push(raw.deserialize::<T>().expect("deserialize event"));
[INFO] [stdout]  45 +         events.push(RawEvent::<'_, '_>::deserialize().expect("deserialize event"));
[INFO] [stdout]     |
[INFO] [stdout] 
[INFO] [stdout] 
[INFO] [stdout] For more information about this error, try `rustc --explain E0599`.
[INFO] [stdout] 
[INFO] [stderr] error: could not compile `dial9-trace-format` (test "derive_round_trip") due to 4 previous errors
[INFO] [stderr] warning: build failed, waiting for other jobs to finish...
[INFO] [stdout] error[E0599]: no method named `deserialize` found for struct `RawEvent<'a, 'f>` in the current scope
[INFO] [stdout]    --> tests/serde_deserialize.rs:422:26
[INFO] [stdout]     |
[INFO] [stdout] 422 |         let result = raw.deserialize::<ExpectsExtra>();
[INFO] [stdout]     |                          ^^^^^^^^^^^ this is an associated function, not a method
[INFO] [stdout]     |
[INFO] [stdout]     = note: found the following associated functions; to be used as methods, functions must have a `self` parameter
[INFO] [stdout] note: the candidate is defined in the trait `Deserialize`
[INFO] [stdout]    --> /opt/rustwide/cargo-home/registry/src/index.crates.io-1949cf8c6b5b557f/serde_core-1.0.229/src/de/mod.rs:561:5
[INFO] [stdout]     |
[INFO] [stdout] 561 | /     fn deserialize<D>(deserializer: D) -> Result<Self, D::Error>
[INFO] [stdout] 562 | |     where
[INFO] [stdout] 563 | |         D: Deserializer<'de>;
[INFO] [stdout]     | |_____________________________^
[INFO] [stdout] help: use associated function syntax instead
[INFO] [stdout]     |
[INFO] [stdout] 422 -         let result = raw.deserialize::<ExpectsExtra>();
[INFO] [stdout] 422 +         let result = RawEvent::<'_, '_>::deserialize();
[INFO] [stdout]     |
[INFO] [stdout] 
[INFO] [stdout] 
[INFO] [stdout] error[E0599]: no method named `deserialize` found for struct `RawEvent<'a, 'f>` in the current scope
[INFO] [stdout]    --> tests/serde_deserialize.rs:597:29
[INFO] [stdout]     |
[INFO] [stdout] 597 |         if let Err(e) = raw.deserialize::<WithPool>() {
[INFO] [stdout]     |                             ^^^^^^^^^^^ this is an associated function, not a method
[INFO] [stdout]     |
[INFO] [stdout]     = note: found the following associated functions; to be used as methods, functions must have a `self` parameter
[INFO] [stdout] note: the candidate is defined in the trait `Deserialize`
[INFO] [stdout]    --> /opt/rustwide/cargo-home/registry/src/index.crates.io-1949cf8c6b5b557f/serde_core-1.0.229/src/de/mod.rs:561:5
[INFO] [stdout]     |
[INFO] [stdout] 561 | /     fn deserialize<D>(deserializer: D) -> Result<Self, D::Error>
[INFO] [stdout] 562 | |     where
[INFO] [stdout] 563 | |         D: Deserializer<'de>;
[INFO] [stdout]     | |_____________________________^
[INFO] [stdout] help: use associated function syntax instead
[INFO] [stdout]     |
[INFO] [stdout] 597 -         if let Err(e) = raw.deserialize::<WithPool>() {
[INFO] [stdout] 597 +         if let Err(e) = RawEvent::<'_, '_>::deserialize() {
[INFO] [stdout]     |
[INFO] [stdout] 
[INFO] [stdout] 
[INFO] [stdout] error[E0599]: no method named `deserialize` found for struct `RawEvent<'a, 'f>` in the current scope
[INFO] [stdout]    --> tests/serde_deserialize.rs:631:29
[INFO] [stdout]     |
[INFO] [stdout] 631 |         if let Err(e) = raw.deserialize::<WithStack>() {
[INFO] [stdout]     |                             ^^^^^^^^^^^ this is an associated function, not a method
[INFO] [stdout]     |
[INFO] [stdout]     = note: found the following associated functions; to be used as methods, functions must have a `self` parameter
[INFO] [stdout] note: the candidate is defined in the trait `Deserialize`
[INFO] [stdout]    --> /opt/rustwide/cargo-home/registry/src/index.crates.io-1949cf8c6b5b557f/serde_core-1.0.229/src/de/mod.rs:561:5
[INFO] [stdout]     |
[INFO] [stdout] 561 | /     fn deserialize<D>(deserializer: D) -> Result<Self, D::Error>
[INFO] [stdout] 562 | |     where
[INFO] [stdout] 563 | |         D: Deserializer<'de>;
[INFO] [stdout]     | |_____________________________^
[INFO] [stdout] help: use associated function syntax instead
[INFO] [stdout]     |
[INFO] [stdout] 631 -         if let Err(e) = raw.deserialize::<WithStack>() {
[INFO] [stdout] 631 +         if let Err(e) = RawEvent::<'_, '_>::deserialize() {
[INFO] [stdout]     |
[INFO] [stdout] 
[INFO] [stdout] 
[INFO] [stdout] error[E0599]: no method named `deserialize` found for struct `RawEvent<'a, 'f>` in the current scope
[INFO] [stdout]    --> tests/serde_deserialize.rs:665:29
[INFO] [stdout]     |
[INFO] [stdout] 665 |         if let Err(e) = raw.deserialize::<WantsBool>() {
[INFO] [stdout]     |                             ^^^^^^^^^^^ this is an associated function, not a method
[INFO] [stdout]     |
[INFO] [stdout]     = note: found the following associated functions; to be used as methods, functions must have a `self` parameter
[INFO] [stdout] note: the candidate is defined in the trait `Deserialize`
[INFO] [stdout]    --> /opt/rustwide/cargo-home/registry/src/index.crates.io-1949cf8c6b5b557f/serde_core-1.0.229/src/de/mod.rs:561:5
[INFO] [stdout]     |
[INFO] [stdout] 561 | /     fn deserialize<D>(deserializer: D) -> Result<Self, D::Error>
[INFO] [stdout] 562 | |     where
[INFO] [stdout] 563 | |         D: Deserializer<'de>;
[INFO] [stdout]     | |_____________________________^
[INFO] [stdout] help: use associated function syntax instead
[INFO] [stdout]     |
[INFO] [stdout] 665 -         if let Err(e) = raw.deserialize::<WantsBool>() {
[INFO] [stdout] 665 +         if let Err(e) = RawEvent::<'_, '_>::deserialize() {
[INFO] [stdout]     |
[INFO] [stdout] 
[INFO] [stdout] 
[INFO] [stdout] For more information about this error, try `rustc --explain E0599`.
[INFO] [stdout] 
[INFO] [stderr] error: could not compile `dial9-trace-format` (test "serde_deserialize") due to 6 previous errors
[INFO] running `Command { std: "docker" "inspect" "8477aa223fd94f27d5dee38932499c3572e48dd21bbfd233695d01cbdb0efe88", kill_on_drop: false }`
[INFO] running `Command { std: "docker" "rm" "-f" "8477aa223fd94f27d5dee38932499c3572e48dd21bbfd233695d01cbdb0efe88", kill_on_drop: false }`
[INFO] [stdout] 8477aa223fd94f27d5dee38932499c3572e48dd21bbfd233695d01cbdb0efe88
