[INFO] fetching crate dial9-metrique 0.5.4...
[INFO] testing dial9-metrique-0.5.4 against 1.100.0-beta.1+cargoflags=--release for beta-release-1.100-2
[INFO] extracting crate dial9-metrique 0.5.4 into /workspace/builds/worker-2-tc2/source
[INFO] started tweaking crates.io crate dial9-metrique 0.5.4
[INFO] removed 0 missing tests
[INFO] finished tweaking crates.io crate dial9-metrique 0.5.4
[INFO] tweaked toml for crates.io crate dial9-metrique 0.5.4 written to /workspace/builds/worker-2-tc2/source/Cargo.toml
[INFO] validating manifest of crates.io crate dial9-metrique 0.5.4 on toolchain 1.100.0-beta.1
[INFO] running `Command { std: CARGO_HOME="/workspace/cargo-home" RUSTUP_HOME="/workspace/rustup-home" "/workspace/cargo-home/bin/cargo" "+1.100.0-beta.1" "metadata" "--manifest-path" "Cargo.toml" "--no-deps", kill_on_drop: false }`
[INFO] crate crates.io crate dial9-metrique 0.5.4 already has a lockfile, it will not be regenerated
[INFO] running `Command { std: CARGO_HOME="/workspace/cargo-home" RUSTUP_HOME="/workspace/rustup-home" "/workspace/cargo-home/bin/cargo" "+1.100.0-beta.1" "fetch" "--manifest-path" "Cargo.toml", kill_on_drop: false }`
[INFO] running `Command { std: "docker" "create" "-v" "/var/lib/crater-agent-workspace/builds/worker-2-tc2/source:/opt/rustwide/workdir:ro,Z" "-v" "/var/lib/crater-agent-workspace/builds/worker-2-tc2/target:/opt/rustwide/target:rw,Z" "-v" "/var/lib/crater-agent-workspace/cargo-home:/opt/rustwide/cargo-home:ro,Z" "-v" "/var/lib/crater-agent-workspace/rustup-home:/opt/rustwide/rustup-home:ro,Z" "-m" "1610612736" "--network" "none" "ghcr.io/rust-lang/crates-build-env/linux@sha256:77db811e55d90add9212f6832c23229e3de5f1c1f9905e8cb07319ea15df73ac" "sleep" "infinity", kill_on_drop: false }`
[INFO] [stdout] 086bea8c3a98bda55e4a7d9e38a80a14abb56fb6ffd1c0764beda95c29c3d5b3
[INFO] running `Command { std: "docker" "start" "086bea8c3a98bda55e4a7d9e38a80a14abb56fb6ffd1c0764beda95c29c3d5b3", kill_on_drop: false }`
[INFO] running `Command { std: "docker" "inspect" "086bea8c3a98bda55e4a7d9e38a80a14abb56fb6ffd1c0764beda95c29c3d5b3", kill_on_drop: false }`
[INFO] running `Command { std: "docker" "exec" "-e" "SOURCE_DIR=/opt/rustwide/workdir" "-e" "CARGO_HOME=/opt/rustwide/cargo-home" "-e" "RUSTUP_HOME=/opt/rustwide/rustup-home" "-e" "CARGO_TARGET_DIR=/opt/rustwide/target" "-w" "/opt/rustwide/workdir" "--user" "0:0" "086bea8c3a98bda55e4a7d9e38a80a14abb56fb6ffd1c0764beda95c29c3d5b3" "/opt/rustwide/cargo-home/bin/cargo" "+1.100.0-beta.1" "metadata" "--no-deps" "--format-version=1", kill_on_drop: false }`
[INFO] running `Command { std: "docker" "inspect" "086bea8c3a98bda55e4a7d9e38a80a14abb56fb6ffd1c0764beda95c29c3d5b3", kill_on_drop: false }`
[INFO] running `Command { std: "docker" "exec" "-e" "SOURCE_DIR=/opt/rustwide/workdir" "-e" "CARGO_HOME=/opt/rustwide/cargo-home" "-e" "RUSTUP_HOME=/opt/rustwide/rustup-home" "-e" "CARGO_TARGET_DIR=/opt/rustwide/target" "-e" "CARGO_INCREMENTAL=0" "-e" "RUST_BACKTRACE=full" "-e" "RUSTFLAGS=--cap-lints=warn" "-e" "RUSTDOCFLAGS=--cap-lints=warn" "-w" "/opt/rustwide/workdir" "--user" "0:0" "086bea8c3a98bda55e4a7d9e38a80a14abb56fb6ffd1c0764beda95c29c3d5b3" "/opt/rustwide/cargo-home/bin/cargo" "+1.100.0-beta.1" "build" "--frozen" "--message-format=json" "--release", kill_on_drop: false }`
[INFO] [stderr]    Compiling libc v0.2.189
[INFO] [stderr]    Compiling zerocopy v0.8.55
[INFO] [stderr]    Compiling proc-macro2 v1.0.107
[INFO] [stderr]    Compiling memchr v2.8.3
[INFO] [stderr]    Compiling smallvec v1.15.2
[INFO] [stderr]    Compiling regex-syntax v0.8.11
[INFO] [stderr]    Compiling crossbeam-utils v0.8.22
[INFO] [stderr]    Compiling num-traits v0.2.19
[INFO] [stderr]    Compiling tracing-core v0.1.36
[INFO] [stderr]    Compiling serde v1.0.229
[INFO] [stderr]    Compiling either v1.17.0
[INFO] [stderr]    Compiling aho-corasick v1.1.4
[INFO] [stderr]    Compiling quote v1.0.47
[INFO] [stderr]    Compiling crossbeam-epoch v0.9.20
[INFO] [stderr]    Compiling bitflags v2.13.1
[INFO] [stderr]    Compiling syn v2.0.119
[INFO] [stderr]    Compiling itertools v0.14.0
[INFO] [stderr]    Compiling getrandom v0.3.4
[INFO] [stderr]    Compiling raw-cpuid v11.6.0
[INFO] [stderr]    Compiling rand_core v0.9.5
[INFO] [stderr]    Compiling nibble_vec v0.1.0
[INFO] [stderr]    Compiling rapidhash v4.5.1
[INFO] [stderr]    Compiling regex-automata v0.4.16
[INFO] [stderr]    Compiling log v0.4.33
[INFO] [stderr]    Compiling winnow v1.0.4
[INFO] [stderr]    Compiling endian-type v0.1.2
[INFO] [stderr]    Compiling radix_trie v0.2.1
[INFO] [stderr]    Compiling tracing-log v0.2.0
[INFO] [stderr]    Compiling indexmap v2.14.0
[INFO] [stderr]    Compiling hashbrown v0.16.1
[INFO] [stderr]    Compiling toml_parser v1.1.3+spec-1.1.0
[INFO] [stderr]    Compiling quanta v0.12.6
[INFO] [stderr]    Compiling metrics v0.24.6
[INFO] [stderr]    Compiling ordered-float v5.3.0
[INFO] [stderr]    Compiling rand_xoshiro v0.7.0
[INFO] [stderr]    Compiling regex v1.13.1
[INFO] [stderr]    Compiling darling_core v0.23.0
[INFO] [stderr]    Compiling str_inflector v0.12.0
[INFO] [stderr]    Compiling ppv-lite86 v0.2.21
[INFO] [stderr]    Compiling ahash v0.8.12
[INFO] [stderr]    Compiling synstructure v0.13.2
[INFO] [stderr]    Compiling thread_local v1.1.10
[INFO] [stderr]    Compiling rand_chacha v0.9.0
[INFO] [stderr]    Compiling nu-ansi-term v0.50.3
[INFO] [stderr]    Compiling toml_datetime v1.1.1+spec-1.1.0
[INFO] [stderr]    Compiling rand v0.9.5
[INFO] [stderr]    Compiling sketches-ddsketch v0.3.1
[INFO] [stderr]    Compiling tracing-subscriber v0.3.23
[INFO] [stderr]    Compiling toml_edit v0.25.13+spec-1.1.0
[INFO] [stderr]    Compiling prettyplease v0.2.37
[INFO] [stderr]    Compiling tokio v1.53.2
[INFO] [stderr]    Compiling crossbeam-queue v0.3.13
[INFO] [stderr]    Compiling derive-where v1.6.1
[INFO] [stderr]    Compiling tracing-attributes v0.1.31
[INFO] [stderr]    Compiling typeid v1.0.3
[INFO] [stderr]    Compiling metrics-util v0.20.4
[INFO] [stderr]    Compiling proc-macro-crate v3.5.0
[INFO] [stderr]    Compiling tracing v0.1.44
[INFO] [stderr]    Compiling metrique-writer-core v0.1.19
[INFO] [stderr]    Compiling darling_macro v0.23.0
[INFO] [stderr]    Compiling darling v0.23.0
[INFO] [stderr]    Compiling metrique-writer-macro v0.1.10
[INFO] [stderr]    Compiling Inflector v0.11.4
[INFO] [stderr]    Compiling metrique-core v0.1.22
[INFO] [stderr]    Compiling dial9-trace-format-derive v0.5.2
[INFO] [stderr]    Compiling metrique-writer v0.1.25
[INFO] [stderr]    Compiling metrique-macro v0.1.20
[INFO] [stderr]    Compiling metrique-timesource v0.1.10
[INFO] [stderr]    Compiling dial9-trace-format v0.5.2
[INFO] [stderr]    Compiling bon-macros v3.9.3
[INFO] [stderr]    Compiling ulid v1.2.1
[INFO] [stderr]    Compiling metrique-service-metrics v0.1.23
[INFO] [stderr]    Compiling arc-swap v1.9.2
[INFO] [stderr]    Compiling metrique v0.1.29
[INFO] [stderr]    Compiling bon v3.9.3
[INFO] [stderr]    Compiling dial9-core v0.5.4
[INFO] [stderr]    Compiling dial9-metrique v0.5.4 (/opt/rustwide/workdir)
[INFO] [stderr]     Finished `release` profile [optimized] target(s) in 1m 32s
[INFO] running `Command { std: "docker" "inspect" "086bea8c3a98bda55e4a7d9e38a80a14abb56fb6ffd1c0764beda95c29c3d5b3", kill_on_drop: false }`
[INFO] running `Command { std: "docker" "exec" "-e" "SOURCE_DIR=/opt/rustwide/workdir" "-e" "CARGO_HOME=/opt/rustwide/cargo-home" "-e" "RUSTUP_HOME=/opt/rustwide/rustup-home" "-e" "CARGO_TARGET_DIR=/opt/rustwide/target" "-e" "CARGO_INCREMENTAL=0" "-e" "RUST_BACKTRACE=full" "-e" "RUSTFLAGS=--cap-lints=warn" "-e" "RUSTDOCFLAGS=--cap-lints=warn" "-w" "/opt/rustwide/workdir" "--user" "0:0" "086bea8c3a98bda55e4a7d9e38a80a14abb56fb6ffd1c0764beda95c29c3d5b3" "/opt/rustwide/cargo-home/bin/cargo" "+1.100.0-beta.1" "test" "--frozen" "--no-run" "--message-format=json" "--release", kill_on_drop: false }`
[INFO] [stderr]    Compiling zerocopy v0.8.55
[INFO] [stderr]    Compiling zerocopy-derive v0.8.55
[INFO] [stderr]    Compiling syn v3.0.3
[INFO] [stderr]    Compiling either v1.17.0
[INFO] [stderr]    Compiling num-traits v0.2.19
[INFO] [stderr]    Compiling tokio-macros v2.7.1
[INFO] [stderr]    Compiling raw-cpuid v11.6.0
[INFO] [stderr]    Compiling serde_json v1.0.151
[INFO] [stderr]    Compiling regex-syntax v0.8.11
[INFO] [stderr]    Compiling itertools v0.14.0
[INFO] [stderr]    Compiling memchr v2.8.3
[INFO] [stderr]    Compiling tokio v1.53.2
[INFO] [stderr]    Compiling ordered-float v5.3.0
[INFO] [stderr]    Compiling clap_builder v4.6.2
[INFO] [stderr]    Compiling itertools v0.13.0
[INFO] [stderr]    Compiling serde_derive v1.0.229
[INFO] [stderr]    Compiling quanta v0.12.6
[INFO] [stderr]    Compiling regex-automata v0.4.16
[INFO] [stderr]    Compiling cast v0.3.0
[INFO] [stderr]    Compiling rustix v1.1.4
[INFO] [stderr]    Compiling criterion-plot v0.6.0
[INFO] [stderr]    Compiling clap v4.6.4
[INFO] [stderr]    Compiling anes v0.1.6
[INFO] [stderr]    Compiling serde v1.0.229
[INFO] [stderr]    Compiling oorandom v11.1.5
[INFO] [stderr]    Compiling metrique-writer-core v0.1.19
[INFO] [stderr]    Compiling ppv-lite86 v0.2.21
[INFO] [stderr]    Compiling ahash v0.8.12
[INFO] [stderr]    Compiling half v2.7.1
[INFO] [stderr]    Compiling metrique-core v0.1.22
[INFO] [stderr]    Compiling dial9-trace-format v0.5.2
[INFO] [stderr]    Compiling ciborium-ll v0.2.2
[INFO] [stderr]    Compiling regex v1.13.1
[INFO] [stderr]    Compiling rand_chacha v0.9.0
[INFO] [stderr]    Compiling ciborium v0.2.2
[INFO] [stderr]    Compiling tinytemplate v1.2.1
[INFO] [stderr]    Compiling rand v0.9.5
[INFO] [stderr]    Compiling criterion v0.7.0
[INFO] [stderr]    Compiling tempfile v3.27.0
[INFO] [stderr]    Compiling metrics-util v0.20.4
[INFO] [stderr]    Compiling ulid v1.2.1
[INFO] [stderr]    Compiling metrique-writer v0.1.25
[INFO] [stderr]    Compiling metrique-service-metrics v0.1.23
[INFO] [stderr]    Compiling metrique v0.1.29
[INFO] [stderr]    Compiling dial9-core v0.5.4
[INFO] [stderr]    Compiling dial9-metrique v0.5.4 (/opt/rustwide/workdir)
[INFO] [stdout] error[E0433]: cannot find module or crate `dial9_tokio_telemetry` in this scope
[INFO] [stdout]   --> tests/metrique_sink.rs:20:5
[INFO] [stdout]    |
[INFO] [stdout] 20 | use dial9_tokio_telemetry::telemetry::{Dial9HandleTokioExt, TokioAttachOptions};
[INFO] [stdout]    |     ^^^^^^^^^^^^^^^^^^^^^ use of unresolved module or unlinked crate `dial9_tokio_telemetry`
[INFO] [stdout]    |
[INFO] [stdout]    = help: if you wanted to use a crate named `dial9_tokio_telemetry`, use `cargo add dial9_tokio_telemetry` to add it to your `Cargo.toml`
[INFO] [stdout] 
[INFO] [stdout] 
[INFO] [stdout] error[E0599]: no method named `attach_tokio_runtime` found for reference `&Dial9Handle` in the current scope
[INFO] [stdout]    --> tests/metrique_sink.rs:616:10
[INFO] [stdout]     |
[INFO] [stdout] 614 |     let runtime = recorder
[INFO] [stdout] 615 |         .handle()
[INFO] [stdout] 616 |         .attach_tokio_runtime(builder, TokioAttachOptions::default())
[INFO] [stdout]     |          ^^^^^^^^^^^^^^^^^^^^ method not found in `&Dial9Handle`
[INFO] [stdout] 
[INFO] [stdout] 
[INFO] [stdout] error[E0599]: no method named `attach_tokio_runtime` found for reference `&Dial9Handle` in the current scope
[INFO] [stdout]     --> tests/metrique_sink.rs:1541:10
[INFO] [stdout]      |
[INFO] [stdout] 1539 |     let runtime = recorder
[INFO] [stdout] 1540 |         .handle()
[INFO] [stdout] 1541 |         .attach_tokio_runtime(builder, TokioAttachOptions::default())
[INFO] [stdout]      |          ^^^^^^^^^^^^^^^^^^^^ method not found in `&Dial9Handle`
[INFO] [stdout] 
[INFO] [stdout] 
[INFO] [stdout] Some errors have detailed explanations: E0433, E0599.
[INFO] [stdout] 
[INFO] [stdout] For more information about an error, try `rustc --explain E0433`.
[INFO] [stdout] 
[INFO] [stderr] error: could not compile `dial9-metrique` (test "metrique_sink") due to 3 previous errors
[INFO] running `Command { std: "docker" "inspect" "086bea8c3a98bda55e4a7d9e38a80a14abb56fb6ffd1c0764beda95c29c3d5b3", kill_on_drop: false }`
[INFO] running `Command { std: "docker" "rm" "-f" "086bea8c3a98bda55e4a7d9e38a80a14abb56fb6ffd1c0764beda95c29c3d5b3", kill_on_drop: false }`
[INFO] [stdout] 086bea8c3a98bda55e4a7d9e38a80a14abb56fb6ffd1c0764beda95c29c3d5b3
