[INFO] fetching crate diagnostic-quick 0.4.0...
[INFO] testing diagnostic-quick-0.4.0 against 1.99.0-beta.8+cargoflags=--release for beta-release-1.100-2
[INFO] extracting crate diagnostic-quick 0.4.0 into /workspace/builds/worker-4-tc1/source
[INFO] started tweaking crates.io crate diagnostic-quick 0.4.0
[INFO] finished tweaking crates.io crate diagnostic-quick 0.4.0
[INFO] tweaked toml for crates.io crate diagnostic-quick 0.4.0 written to /workspace/builds/worker-4-tc1/source/Cargo.toml
[INFO] validating manifest of crates.io crate diagnostic-quick 0.4.0 on toolchain 1.99.0-beta.8
[INFO] running `Command { std: CARGO_HOME="/workspace/cargo-home" RUSTUP_HOME="/workspace/rustup-home" "/workspace/cargo-home/bin/cargo" "+1.99.0-beta.8" "metadata" "--manifest-path" "Cargo.toml" "--no-deps", kill_on_drop: false }`
[INFO] running `Command { std: CARGO_HOME="/workspace/cargo-home" RUSTUP_HOME="/workspace/rustup-home" "/workspace/cargo-home/bin/cargo" "+1.99.0-beta.8" "generate-lockfile" "--manifest-path" "Cargo.toml", kill_on_drop: false }`
[INFO] [stderr]     Updating crates.io index
[INFO] [stderr]      Locking 416 packages to highest compatible versions
[INFO] [stderr]       Adding async-walkdir v0.2.0 (available: v2.2.0)
[INFO] [stderr]       Adding diagnostic v0.5.10 (available: v0.6.4)
[INFO] [stderr]       Adding font-kit v0.11.0 (available: v0.14.3)
[INFO] [stderr]       Adding image v0.24.9 (available: v0.25.10)
[INFO] [stderr]       Adding imageproc v0.23.1 (available: v0.27.0)
[INFO] [stderr]       Adding json5 v0.4.1 (available: v1.3.2)
[INFO] [stderr]       Adding lsp-types v0.94.1 (available: v0.97.0)
[INFO] [stderr]       Adding peginator v0.6.0 (available: v0.7.0)
[INFO] [stderr]       Adding psm v0.1.24 (available: v0.1.32)
[INFO] [stderr]       Adding reqwest v0.11.27 (available: v0.13.5)
[INFO] [stderr]       Adding subtle v2.4.1 (available: v2.6.1)
[INFO] [stderr]       Adding thrussh v0.33.5 (available: v0.49.0)
[INFO] [stderr]       Adding thrussh-keys v0.21.0 (available: v0.45.0)
[INFO] [stderr]       Adding toml v0.7.8 (available: v1.1.8+spec-1.1.0)
[INFO] [stderr]       Adding winreg v0.11.0 (available: v0.56.0)
[INFO] [stderr]       Adding zeroize v1.3.0 (available: v1.9.1)
[INFO] running `Command { std: CARGO_HOME="/workspace/cargo-home" RUSTUP_HOME="/workspace/rustup-home" "/workspace/cargo-home/bin/cargo" "+1.99.0-beta.8" "fetch" "--manifest-path" "Cargo.toml", kill_on_drop: false }`
[INFO] [stderr]  Downloading crates ...
[INFO] [stderr]   Downloaded winreg v0.11.0
[INFO] [stderr]   Downloaded yasna v0.4.0
[INFO] [stderr]   Downloaded thrussh-keys v0.21.0
[INFO] [stderr]   Downloaded toml v0.7.8
[INFO] [stderr]   Downloaded digest v0.9.0
[INFO] [stderr]   Downloaded pbkdf2 v0.8.0
[INFO] [stderr]   Downloaded crypto-mac v0.11.1
[INFO] [stderr]   Downloaded tl v0.7.8
[INFO] [stderr]   Downloaded zeroize v1.3.0
[INFO] [stderr]   Downloaded futures-macro v0.3.34
[INFO] [stderr]   Downloaded tokio-macros v2.7.2
[INFO] [stderr]   Downloaded block-buffer v0.9.0
[INFO] [stderr]   Downloaded hmac v0.11.0
[INFO] [stderr]   Downloaded futures-sink v0.3.34
[INFO] [stderr]   Downloaded cryptovec v0.6.1
[INFO] [stderr]   Downloaded block-padding v0.2.1
[INFO] [stderr]   Downloaded bcrypt-pbkdf v0.6.2
[INFO] [stderr]   Downloaded serde-binary v0.5.0
[INFO] [stderr]   Downloaded blowfish v0.8.0
[INFO] [stderr]   Downloaded thrussh-libsodium v0.2.3
[INFO] [stderr]   Downloaded base64ct v1.8.3
[INFO] [stderr]   Downloaded futures-executor v0.3.34
[INFO] [stderr]   Downloaded dirs v3.0.2
[INFO] [stderr]   Downloaded ctr v0.8.0
[INFO] [stderr]   Downloaded binary-stream v3.4.0
[INFO] [stderr]   Downloaded system-configuration v0.5.1
[INFO] [stderr]   Downloaded system-configuration-sys v0.5.0
[INFO] [stderr]   Downloaded want v0.3.2
[INFO] [stderr]   Downloaded http-body v0.4.6
[INFO] [stderr]   Downloaded multiversion_no_op v1.0.0
[INFO] [stderr]   Downloaded peginator v0.6.0
[INFO] [stderr]   Downloaded nohash-hasher v0.2.0
[INFO] [stderr]   Downloaded rand_core v0.3.2
[INFO] [stderr]   Downloaded rand_pcg v0.1.2
[INFO] [stderr]   Downloaded autocfg v0.1.8
[INFO] [stderr]   Downloaded rand_isaac v0.1.1
[INFO] [stderr]   Downloaded num-derive v0.2.5
[INFO] [stderr]   Downloaded sha2 v0.9.9
[INFO] [stderr]   Downloaded generic-array v0.14.9
[INFO] [stderr]   Downloaded password-hash v0.2.3
[INFO] [stderr]   Downloaded futures-channel v0.3.34
[INFO] [stderr]   Downloaded block-modes v0.8.1
[INFO] [stderr]   Downloaded str_indices v0.4.4
[INFO] [stderr]   Downloaded winreg v0.50.0
[INFO] [stderr]   Downloaded ipnet v2.12.2
[INFO] [stderr]   Downloaded core_detect v1.0.0
[INFO] [stderr]   Downloaded pathfinder v0.6.5
[INFO] [stderr]   Downloaded rand_xorshift v0.1.1
[INFO] [stderr]   Downloaded rand_os v0.1.3
[INFO] [stderr]   Downloaded rand_jitter v0.1.4
[INFO] [stderr]   Downloaded rand_hc v0.1.0
[INFO] [stderr]   Downloaded pythagoras v0.1.1
[INFO] [stderr]   Downloaded unicode-xid v0.1.0
[INFO] [stderr]   Downloaded lzw v0.10.0
[INFO] [stderr]   Downloaded scoped_threadpool v0.1.9
[INFO] [stderr]   Downloaded adler32 v1.2.0
[INFO] [stderr]   Downloaded num-rational v0.2.4
[INFO] [stderr]   Downloaded tokio-stream v0.1.19
[INFO] [stderr]   Downloaded socket2 v0.6.5
[INFO] [stderr]   Downloaded futures v0.3.34
[INFO] [stderr]   Downloaded ssh2 v0.9.6
[INFO] [stderr]   Downloaded openssl-sys v0.9.117
[INFO] [stderr]   Downloaded borsh-derive v1.8.1
[INFO] [stderr]   Downloaded toml_edit v0.25.17+spec-1.1.0
[INFO] [stderr]   Downloaded toml_parser v1.1.5+spec-1.1.0
[INFO] [stderr]   Downloaded toml_datetime v1.1.2+spec-1.1.0
[INFO] [stderr]   Downloaded native-tls v0.2.18
[INFO] [stderr]   Downloaded schannel v0.1.30
[INFO] [stderr]   Downloaded rustls-pemfile v1.0.4
[INFO] [stderr]   Downloaded socket2 v0.5.10
[INFO] [stderr]   Downloaded colored v2.2.0
[INFO] [stderr]   Downloaded rand_core v0.4.3
[INFO] [stderr]   Downloaded cloudabi v0.0.3
[INFO] [stderr]   Downloaded rand_chacha v0.1.1
[INFO] [stderr]   Downloaded quote v0.6.13
[INFO] [stderr]   Downloaded proc-macro2 v0.4.30
[INFO] [stderr]   Downloaded png v0.14.1
[INFO] [stderr]   Downloaded inflate v0.4.5
[INFO] [stderr]   Downloaded gif v0.10.3
[INFO] [stderr]   Downloaded serde_repr v0.1.21
[INFO] [stderr]   Downloaded pest_derive v2.9.4
[INFO] [stderr]   Downloaded pest_generator v2.9.4
[INFO] [stderr]   Downloaded rand_hc v0.2.0
[INFO] [stderr]   Downloaded rand_core v0.5.1
[INFO] [stderr]   Downloaded mio v1.2.4
[INFO] [stderr]   Downloaded thrussh v0.33.5
[INFO] [stderr]   Downloaded borsh v1.8.1
[INFO] [stderr]   Downloaded pest_meta v2.9.4
[INFO] [stderr]   Downloaded imagequant v4.4.1
[INFO] [stderr]   Downloaded gif v0.13.3
[INFO] [stderr]   Downloaded ropey v1.6.1
[INFO] [stderr]   Downloaded http v0.2.12
[INFO] [stderr]   Downloaded tokio-util v0.7.20
[INFO] [stderr]   Downloaded rand v0.6.5
[INFO] [stderr]   Downloaded deflate v0.7.20
[INFO] [stderr]   Downloaded lsp-types v0.94.1
[INFO] [stderr]   Downloaded stacker v0.1.25
[INFO] [stderr]   Downloaded rust_decimal v1.43.0
[INFO] [stderr]   Downloaded reqwest v0.11.27
[INFO] [stderr]   Downloaded hyper v0.14.32
[INFO] [stderr]   Downloaded h2 v0.3.27
[INFO] [stderr]   Downloaded image v0.21.3
[INFO] [stderr]   Downloaded psm v0.1.24
[INFO] [stderr]   Downloaded owned_ttf_parser v0.15.2
[INFO] [stderr]   Downloaded pulp v0.22.3
[INFO] [stderr]   Downloaded syn v0.15.44
[INFO] [stderr]   Downloaded jpeg-decoder v0.1.22
[INFO] [stderr]   Downloaded pest v2.9.4
[INFO] [stderr]   Downloaded rusttype v0.9.3
[INFO] [stderr]   Downloaded pathfinder_geometry v0.5.1
[INFO] [stderr]   Downloaded openssl v0.10.81
[INFO] [stderr]   Downloaded exr v1.74.2
[INFO] [stderr]   Downloaded pulp-wasm-simd-flag v0.1.1
[INFO] [stderr]   Downloaded conv v0.3.3
[INFO] [stderr]   Downloaded custom_derive v0.1.7
[INFO] [stderr]   Downloaded globset v0.4.20
[INFO] [stderr]   Downloaded dlib v0.5.3
[INFO] [stderr]   Downloaded float-ord v0.2.0
[INFO] [stderr]   Downloaded rand_distr v0.2.2
[INFO] [stderr]   Downloaded wasi v0.9.0+wasi-snapshot-preview1
[INFO] [stderr]   Downloaded rand_chacha v0.2.2
[INFO] [stderr]   Downloaded yeslogic-fontconfig-sys v3.2.0
[INFO] [stderr]   Downloaded const-cstr v0.3.0
[INFO] [stderr]   Downloaded pathfinder_simd v0.5.6
[INFO] [stderr]   Downloaded freetype v0.7.2
[INFO] [stderr]   Downloaded getrandom v0.1.16
[INFO] [stderr]   Downloaded simba v0.7.3
[INFO] [stderr]   Downloaded rand v0.7.3
[INFO] [stderr]   Downloaded font-kit v0.11.0
[INFO] [stderr]   Downloaded rustix v1.1.5
[INFO] [stderr]   Downloaded raw-cpuid v11.6.0
[INFO] [stderr]   Downloaded sled v0.34.7
[INFO] [stderr]   Downloaded ttf-parser v0.15.2
[INFO] [stderr]   Downloaded encoding_rs v0.8.42
[INFO] [stderr]   Downloaded libssh2-sys v0.3.3
[INFO] [stderr]   Downloaded wio v0.2.2
[INFO] [stderr]   Downloaded tiff v0.2.2
[INFO] [stderr]   Downloaded dwrote v0.11.5
[INFO] [stderr]   Downloaded dirs-sys-next v0.1.2
[INFO] [stderr]   Downloaded web-sys v0.3.106
[INFO] [stderr]   Downloaded nalgebra v0.30.1
[INFO] [stderr]   Downloaded async-walkdir v0.2.0
[INFO] [stderr]   Downloaded bstr v1.13.1
[INFO] [stderr]   Downloaded dirs-next v2.0.0
[INFO] [stderr]   Downloaded core-text v19.2.0
[INFO] [stderr]   Downloaded jpeg-decoder v0.3.2
[INFO] [stderr]   Downloaded libz-sys v1.1.30
[INFO] [stderr]   Downloaded tiff v0.9.1
[INFO] [stderr]   Downloaded imageproc v0.23.1
[INFO] [stderr]   Downloaded freetype-sys v0.20.1
[INFO] [stderr]   Downloaded libsodium-sys v0.2.7
[INFO] running `Command { std: "docker" "create" "-v" "/var/lib/crater-agent-workspace/builds/worker-4-tc1/source:/opt/rustwide/workdir:ro,Z" "-v" "/var/lib/crater-agent-workspace/builds/worker-4-tc1/target:/opt/rustwide/target:rw,Z" "-v" "/var/lib/crater-agent-workspace/cargo-home:/opt/rustwide/cargo-home:ro,Z" "-v" "/var/lib/crater-agent-workspace/rustup-home:/opt/rustwide/rustup-home:ro,Z" "-m" "1610612736" "--network" "none" "ghcr.io/rust-lang/crates-build-env/linux@sha256:77db811e55d90add9212f6832c23229e3de5f1c1f9905e8cb07319ea15df73ac" "sleep" "infinity", kill_on_drop: false }`
[INFO] [stdout] b3439b63366e2f38428058e313b648d49964a1b88e009ebccfea27ddbd3f0a05
[INFO] running `Command { std: "docker" "start" "b3439b63366e2f38428058e313b648d49964a1b88e009ebccfea27ddbd3f0a05", kill_on_drop: false }`
[INFO] running `Command { std: "docker" "inspect" "b3439b63366e2f38428058e313b648d49964a1b88e009ebccfea27ddbd3f0a05", kill_on_drop: false }`
[INFO] running `Command { std: "docker" "exec" "-e" "SOURCE_DIR=/opt/rustwide/workdir" "-e" "CARGO_HOME=/opt/rustwide/cargo-home" "-e" "RUSTUP_HOME=/opt/rustwide/rustup-home" "-e" "CARGO_TARGET_DIR=/opt/rustwide/target" "-w" "/opt/rustwide/workdir" "--user" "0:0" "b3439b63366e2f38428058e313b648d49964a1b88e009ebccfea27ddbd3f0a05" "/opt/rustwide/cargo-home/bin/cargo" "+1.99.0-beta.8" "metadata" "--no-deps" "--format-version=1", kill_on_drop: false }`
[INFO] running `Command { std: "docker" "inspect" "b3439b63366e2f38428058e313b648d49964a1b88e009ebccfea27ddbd3f0a05", kill_on_drop: false }`
[INFO] running `Command { std: "docker" "exec" "-e" "SOURCE_DIR=/opt/rustwide/workdir" "-e" "CARGO_HOME=/opt/rustwide/cargo-home" "-e" "RUSTUP_HOME=/opt/rustwide/rustup-home" "-e" "CARGO_TARGET_DIR=/opt/rustwide/target" "-e" "CARGO_INCREMENTAL=0" "-e" "RUST_BACKTRACE=full" "-e" "RUSTFLAGS=--cap-lints=warn" "-e" "RUSTDOCFLAGS=--cap-lints=warn" "-w" "/opt/rustwide/workdir" "--user" "0:0" "b3439b63366e2f38428058e313b648d49964a1b88e009ebccfea27ddbd3f0a05" "/opt/rustwide/cargo-home/bin/cargo" "+1.99.0-beta.8" "build" "--frozen" "--message-format=json" "--release", kill_on_drop: false }`
[INFO] [stderr]    Compiling quote v1.0.47
[INFO] [stderr]    Compiling unicode-width v0.1.14
[INFO] [stderr]    Compiling diagnostic v0.5.10
[INFO] [stderr]    Compiling syn v3.0.9
[INFO] [stderr]    Compiling serde_derive v1.0.229
[INFO] [stderr]    Compiling serde v1.0.229
[INFO] [stderr]    Compiling diagnostic-quick v0.4.0 (/opt/rustwide/workdir)
[INFO] [stdout] error[E0432]: unresolved imports `diagnostic::DiagnosticLevel`, `diagnostic::Span`, `diagnostic::TextStorage`, `diagnostic::Validation`
[INFO] [stdout]  --> src/lib.rs:5:5
[INFO] [stdout]   |
[INFO] [stdout] 5 |     DiagnosticLevel, FileID, Span, TextStorage,
[INFO] [stdout]   |     ^^^^^^^^^^^^^^^          ^^^^  ^^^^^^^^^^^ no `TextStorage` in the root
[INFO] [stdout]   |     |                        |
[INFO] [stdout]   |     |                        no `Span` in the root
[INFO] [stdout]   |     no `DiagnosticLevel` in the root
[INFO] [stdout] 6 |     Validation::{Failure, Success},
[INFO] [stdout]   |     ^^^^^^^^^^ could not find `Validation` in `diagnostic`
[INFO] [stdout]   |
[INFO] [stdout] help: a similar name exists in the module
[INFO] [stdout]   |
[INFO] [stdout] 5 -     DiagnosticLevel, FileID, Span, TextStorage,
[INFO] [stdout] 5 +     Diagnostic, FileID, Span, TextStorage,
[INFO] [stdout]   |
[INFO] [stdout] 
[INFO] [stdout] 
[INFO] [stdout] error[E0433]: cannot find `term` in `diagnostic`
[INFO] [stdout]  --> src/errors/mod.rs:8:5
[INFO] [stdout]   |
[INFO] [stdout] 8 |     term::{
[INFO] [stdout]   |     ^^^^ could not find `term` in `diagnostic`
[INFO] [stdout] 
[INFO] [stdout] 
[INFO] [stdout] error[E0432]: unresolved imports `diagnostic::term`, `diagnostic::DiagnosticLevel`, `diagnostic::Span`, `diagnostic::TextStorage`
[INFO] [stdout]   --> src/errors/mod.rs:8:5
[INFO] [stdout]    |
[INFO] [stdout]  8 |     term::{
[INFO] [stdout]    |     ^^^^ could not find `term` in `diagnostic`
[INFO] [stdout] ...
[INFO] [stdout] 13 |     DiagnosticLevel, FileID, Span, TextStorage,
[INFO] [stdout]    |     ^^^^^^^^^^^^^^^          ^^^^  ^^^^^^^^^^^ no `TextStorage` in the root
[INFO] [stdout]    |     |                        |
[INFO] [stdout]    |     |                        no `Span` in the root
[INFO] [stdout]    |     no `DiagnosticLevel` in the root
[INFO] [stdout]    |
[INFO] [stdout] help: a similar name exists in the module
[INFO] [stdout]    |
[INFO] [stdout] 13 -     DiagnosticLevel, FileID, Span, TextStorage,
[INFO] [stdout] 13 +     Diagnostic, FileID, Span, TextStorage,
[INFO] [stdout]    |
[INFO] [stdout] 
[INFO] [stdout] 
[INFO] [stdout] error[E0432]: unresolved import `diagnostic::DiagnosticError`
[INFO] [stdout]  --> src/errors/display.rs:1:30
[INFO] [stdout]   |
[INFO] [stdout] 1 | use diagnostic::{Diagnostic, DiagnosticError};
[INFO] [stdout]   |                              ^^^^^^^^^^^^^^^ no `DiagnosticError` in the root
[INFO] [stdout]   |
[INFO] [stdout] help: a similar name exists in the module
[INFO] [stdout]   |
[INFO] [stdout] 1 - use diagnostic::{Diagnostic, DiagnosticError};
[INFO] [stdout] 1 + use diagnostic::{Diagnostic, Diagnostic};
[INFO] [stdout]   |
[INFO] [stdout] 
[INFO] [stdout] 
[INFO] [stdout] error[E0432]: unresolved import `diagnostic::DiagnosticLevel`
[INFO] [stdout]  --> src/errors/error_runtime.rs:3:5
[INFO] [stdout]   |
[INFO] [stdout] 3 | use diagnostic::DiagnosticLevel;
[INFO] [stdout]   |     ^^^^^^^^^^^^---------------
[INFO] [stdout]   |                 |
[INFO] [stdout]   |                 no `DiagnosticLevel` in the root
[INFO] [stdout]   |
[INFO] [stdout] help: a similar name exists in the module
[INFO] [stdout]   |
[INFO] [stdout] 3 - use diagnostic::DiagnosticLevel;
[INFO] [stdout] 3 + use diagnostic::Diagnostic;
[INFO] [stdout]   |
[INFO] [stdout] 
[INFO] [stdout] 
[INFO] [stdout] error[E0432]: unresolved import `diagnostic::DiagnosticLevel`
[INFO] [stdout]  --> src/errors/error_syntax.rs:7:5
[INFO] [stdout]   |
[INFO] [stdout] 7 | use diagnostic::DiagnosticLevel;
[INFO] [stdout]   |     ^^^^^^^^^^^^---------------
[INFO] [stdout]   |                 |
[INFO] [stdout]   |                 no `DiagnosticLevel` in the root
[INFO] [stdout]   |
[INFO] [stdout] help: a similar name exists in the module
[INFO] [stdout]   |
[INFO] [stdout] 7 - use diagnostic::DiagnosticLevel;
[INFO] [stdout] 7 + use diagnostic::Diagnostic;
[INFO] [stdout]   |
[INFO] [stdout] 
[INFO] [stdout] 
[INFO] [stdout] error[E0425]: cannot find type `Validation` in crate `diagnostic`
[INFO] [stdout]   --> src/errors/mod.rs:23:38
[INFO] [stdout]    |
[INFO] [stdout] 23 | pub type Validation<T> = diagnostic::Validation<T, QError>;
[INFO] [stdout]    |                                      ^^^^^^^^^^ not found in `diagnostic`
[INFO] [stdout]    |
[INFO] [stdout] help: consider importing this type alias through its public re-export
[INFO] [stdout]    |
[INFO] [stdout]  1 + use crate::Validation;
[INFO] [stdout]    |
[INFO] [stdout] help: if you import `Validation`, refer to it directly
[INFO] [stdout]    |
[INFO] [stdout] 23 - pub type Validation<T> = diagnostic::Validation<T, QError>;
[INFO] [stdout] 23 + pub type Validation<T> = Validation<T, QError>;
[INFO] [stdout]    |
[INFO] [stdout] 
[INFO] [stdout] 
[INFO] [stdout] warning: unexpected `cfg` condition value: `serde`
[INFO] [stdout]   --> src/error_3rd/mod.rs:68:7
[INFO] [stdout]    |
[INFO] [stdout] 68 | #[cfg(feature = "serde")]
[INFO] [stdout]    |       ^^^^^^^^^^^^^^^^^
[INFO] [stdout]    |
[INFO] [stdout]    = note: expected values for `feature` are: `async-walkdir`, `chrono`, `default`, `email_address`, `font-kit`, `globset`, `image`, `imageproc`, `imagequant`, `json5`, `lsp-types`, `mime`, `num`, `pathfinder`, `peginator`, `reqwest`, `ropey`, `rust_decimal`, `semver`, `serde-binary`, `serde_json`, `sled`, `ssh2`, `thrussh`, `thrussh-keys`, `tl`, `toml`, `ucd-trie`, `url`, `walkdir`, and `winreg`
[INFO] [stdout]    = help: consider adding `serde` as a feature in `Cargo.toml`
[INFO] [stdout]    = note: see <https://doc.rust-lang.org/nightly/rustc/check-cfg/cargo-specifics.html> for more information about checking conditional configuration
[INFO] [stdout]    = note: `#[warn(unexpected_cfgs)]` on by default
[INFO] [stdout] 
[INFO] [stdout] 
[INFO] [stdout] error[E0277]: the trait bound `FileID: serde::Serialize` is not satisfied
[INFO] [stdout]     --> src/error_3rd/for_ast/mod.rs:11:17
[INFO] [stdout]      |
[INFO] [stdout]   11 | #[derive(Debug, Serialize, Deserialize, Clone)]
[INFO] [stdout]      |                 ^^^^^^^^^ the trait `Serialize` is not implemented for `FileID`
[INFO] [stdout] ...
[INFO] [stdout]   17 |     /// Absolute path to the file where the node resides
[INFO] [stdout]      |     ---------------------------------------------------- required by a bound introduced by this call
[INFO] [stdout]      |
[INFO] [stdout]      = note: for local types consider adding `#[derive(serde::Serialize)]` to your `FileID` type
[INFO] [stdout]      = note: for types from other crates check whether the crate offers a `serde` feature flag
[INFO] [stdout]      = help: the following other types implement trait `Serialize`:
[INFO] [stdout]                &'a T
[INFO] [stdout]                &'a mut T
[INFO] [stdout]                ()
[INFO] [stdout]                (T,)
[INFO] [stdout]                (T0, T1)
[INFO] [stdout]                (T0, T1, T2)
[INFO] [stdout]                (T0, T1, T2, T3)
[INFO] [stdout]                (T0, T1, T2, T3, T4)
[INFO] [stdout]              and 127 others
[INFO] [stdout] note: required by a bound in `for_ast::_::_serde::ser::SerializeStruct::serialize_field`
[INFO] [stdout]     --> /opt/rustwide/cargo-home/registry/src/index.crates.io-1949cf8c6b5b557f/serde_core-1.0.229/src/ser/mod.rs:1917:21
[INFO] [stdout]      |
[INFO] [stdout] 1915 |     fn serialize_field<T>(&mut self, key: &'static str, value: &T) -> Result<(), Self::Error>
[INFO] [stdout]      |        --------------- required by a bound in this associated function
[INFO] [stdout] 1916 |     where
[INFO] [stdout] 1917 |         T: ?Sized + Serialize;
[INFO] [stdout]      |                     ^^^^^^^^^ required by this bound in `SerializeStruct::serialize_field`
[INFO] [stdout]      = note: this error originates in the derive macro `Serialize` (in Nightly builds, run with -Z macro-backtrace for more info)
[INFO] [stdout] 
[INFO] [stdout] 
[INFO] [stdout] error[E0277]: the trait bound `FileID: serde::Deserialize<'de>` is not satisfied
[INFO] [stdout]     --> src/error_3rd/for_ast/mod.rs:18:15
[INFO] [stdout]      |
[INFO] [stdout]   18 |     pub file: FileID,
[INFO] [stdout]      |               ^^^^^^ the trait `Deserialize<'_>` is not implemented for `FileID`
[INFO] [stdout]      |
[INFO] [stdout]      = note: for local types consider adding `#[derive(serde::Deserialize)]` to your `FileID` type
[INFO] [stdout]      = note: for types from other crates check whether the crate offers a `serde` feature flag
[INFO] [stdout]      = help: the following other types implement trait `Deserialize<'de>`:
[INFO] [stdout]                &'a Path
[INFO] [stdout]                &'a [u8]
[INFO] [stdout]                &'a str
[INFO] [stdout]                ()
[INFO] [stdout]                (T,)
[INFO] [stdout]                (T0, T1)
[INFO] [stdout]                (T0, T1, T2)
[INFO] [stdout]                (T0, T1, T2, T3)
[INFO] [stdout]              and 140 others
[INFO] [stdout] note: required by a bound in `next_element`
[INFO] [stdout]     --> /opt/rustwide/cargo-home/registry/src/index.crates.io-1949cf8c6b5b557f/serde_core-1.0.229/src/de/mod.rs:1771:12
[INFO] [stdout]      |
[INFO] [stdout] 1769 |     fn next_element<T>(&mut self) -> Result<Option<T>, Self::Error>
[INFO] [stdout]      |        ------------ required by a bound in this associated function
[INFO] [stdout] 1770 |     where
[INFO] [stdout] 1771 |         T: Deserialize<'de>,
[INFO] [stdout]      |            ^^^^^^^^^^^^^^^^ required by this bound in `SeqAccess::next_element`
[INFO] [stdout] 
[INFO] [stdout] 
[INFO] [stdout] error[E0277]: the trait bound `FileID: serde::Deserialize<'de>` is not satisfied
[INFO] [stdout]     --> src/error_3rd/for_ast/mod.rs:18:15
[INFO] [stdout]      |
[INFO] [stdout]   18 |     pub file: FileID,
[INFO] [stdout]      |               ^^^^^^ the trait `Deserialize<'_>` is not implemented for `FileID`
[INFO] [stdout]      |
[INFO] [stdout]      = note: for local types consider adding `#[derive(serde::Deserialize)]` to your `FileID` type
[INFO] [stdout]      = note: for types from other crates check whether the crate offers a `serde` feature flag
[INFO] [stdout]      = help: the following other types implement trait `Deserialize<'de>`:
[INFO] [stdout]                &'a Path
[INFO] [stdout]                &'a [u8]
[INFO] [stdout]                &'a str
[INFO] [stdout]                ()
[INFO] [stdout]                (T,)
[INFO] [stdout]                (T0, T1)
[INFO] [stdout]                (T0, T1, T2)
[INFO] [stdout]                (T0, T1, T2, T3)
[INFO] [stdout]              and 140 others
[INFO] [stdout] note: required by a bound in `next_value`
[INFO] [stdout]     --> /opt/rustwide/cargo-home/registry/src/index.crates.io-1949cf8c6b5b557f/serde_core-1.0.229/src/de/mod.rs:1916:12
[INFO] [stdout]      |
[INFO] [stdout] 1914 |     fn next_value<V>(&mut self) -> Result<V, Self::Error>
[INFO] [stdout]      |        ---------- required by a bound in this associated function
[INFO] [stdout] 1915 |     where
[INFO] [stdout] 1916 |         V: Deserialize<'de>,
[INFO] [stdout]      |            ^^^^^^^^^^^^^^^^ required by this bound in `MapAccess::next_value`
[INFO] [stdout] 
[INFO] [stdout] 
[INFO] [stdout] error[E0277]: the trait bound `FileID: serde::Deserialize<'de>` is not satisfied
[INFO] [stdout]   --> src/error_3rd/for_ast/mod.rs:11:28
[INFO] [stdout]    |
[INFO] [stdout] 11 | #[derive(Debug, Serialize, Deserialize, Clone)]
[INFO] [stdout]    |                            ^^^^^^^^^^^ the trait `Deserialize<'_>` is not implemented for `FileID`
[INFO] [stdout]    |
[INFO] [stdout]    = note: for local types consider adding `#[derive(serde::Deserialize)]` to your `FileID` type
[INFO] [stdout]    = note: for types from other crates check whether the crate offers a `serde` feature flag
[INFO] [stdout]    = help: the following other types implement trait `Deserialize<'de>`:
[INFO] [stdout]              &'a Path
[INFO] [stdout]              &'a [u8]
[INFO] [stdout]              &'a str
[INFO] [stdout]              ()
[INFO] [stdout]              (T,)
[INFO] [stdout]              (T0, T1)
[INFO] [stdout]              (T0, T1, T2)
[INFO] [stdout]              (T0, T1, T2, T3)
[INFO] [stdout]            and 140 others
[INFO] [stdout] note: required by a bound in `for_ast::_::_serde::__private229::de::missing_field`
[INFO] [stdout]   --> /opt/rustwide/cargo-home/registry/src/index.crates.io-1949cf8c6b5b557f/serde-1.0.229/src/private/de.rs:26:8
[INFO] [stdout]    |
[INFO] [stdout] 24 | pub fn missing_field<'de, V, E>(field: &'static str) -> Result<V, E>
[INFO] [stdout]    |        ------------- required by a bound in this function
[INFO] [stdout] 25 | where
[INFO] [stdout] 26 |     V: Deserialize<'de>,
[INFO] [stdout]    |        ^^^^^^^^^^^^^^^^ required by this bound in `missing_field`
[INFO] [stdout]    = note: this error originates in the derive macro `Deserialize` (in Nightly builds, run with -Z macro-backtrace for more info)
[INFO] [stdout] 
[INFO] [stdout] 
[INFO] [stdout] error[E0609]: no field `message` on type `DiagnosticBuilder`
[INFO] [stdout]   --> src/errors/display.rs:25:38
[INFO] [stdout]    |
[INFO] [stdout] 25 |             QErrorKind::IO(e) => out.message = e.message.to_string(),
[INFO] [stdout]    |                                      ^^^^^^^ unknown field
[INFO] [stdout] 
[INFO] [stdout] 
[INFO] [stdout] error[E0599]: no method named `with_primary` found for struct `DiagnosticBuilder` in the current scope
[INFO] [stdout]   --> src/errors/display.rs:26:48
[INFO] [stdout]    |
[INFO] [stdout] 26 |             QErrorKind::Syntax(e) => out = out.with_primary(&e.file, e.span.clone(), &e.message),
[INFO] [stdout]    |                                                ^^^^^^^^^^^^ method not found in `DiagnosticBuilder`
[INFO] [stdout] 
[INFO] [stdout] 
[INFO] [stdout] error[E0609]: no field `message` on type `DiagnosticBuilder`
[INFO] [stdout]   --> src/errors/display.rs:27:43
[INFO] [stdout]    |
[INFO] [stdout] 27 |             QErrorKind::Runtime(e) => out.message = e.message.to_string(),
[INFO] [stdout]    |                                           ^^^^^^^ unknown field
[INFO] [stdout] 
[INFO] [stdout] 
[INFO] [stdout] error[E0609]: no field `message` on type `DiagnosticBuilder`
[INFO] [stdout]   --> src/errors/display.rs:29:21
[INFO] [stdout]    |
[INFO] [stdout] 29 |                 out.message = e.to_string();
[INFO] [stdout]    |                     ^^^^^^^ unknown field
[INFO] [stdout] 
[INFO] [stdout] 
[INFO] [stdout] error[E0308]: mismatched types
[INFO] [stdout]   --> src/errors/display.rs:32:9
[INFO] [stdout]    |
[INFO] [stdout] 22 |     pub fn as_diagnostic(&self) -> Diagnostic {
[INFO] [stdout]    |                                    ---------- expected `Diagnostic` because of return type
[INFO] [stdout] ...
[INFO] [stdout] 32 |         out
[INFO] [stdout]    |         ^^^ expected `Diagnostic`, found `DiagnosticBuilder`
[INFO] [stdout] 
[INFO] [stdout] 
[INFO] [stdout] Some errors have detailed explanations: E0277, E0308, E0425, E0432, E0433, E0599, E0609.
[INFO] [stdout] 
[INFO] [stdout] For more information about an error, try `rustc --explain E0277`.
[INFO] [stdout] 
[INFO] [stderr] error: could not compile `diagnostic-quick` (lib) due to 16 previous errors; 1 warning emitted
[INFO] [stderr] warning: build failed, waiting for other jobs to finish...
[INFO] running `Command { std: "docker" "inspect" "b3439b63366e2f38428058e313b648d49964a1b88e009ebccfea27ddbd3f0a05", kill_on_drop: false }`
[INFO] running `Command { std: "docker" "rm" "-f" "b3439b63366e2f38428058e313b648d49964a1b88e009ebccfea27ddbd3f0a05", kill_on_drop: false }`
[INFO] [stdout] b3439b63366e2f38428058e313b648d49964a1b88e009ebccfea27ddbd3f0a05
