[INFO] fetching crate dftd3-src 0.2.3...
[INFO] testing dftd3-src-0.2.3 against 1.100.0-beta.1+cargoflags=--release for beta-release-1.100-2
[INFO] extracting crate dftd3-src 0.2.3 into /workspace/builds/worker-3-tc2/source
[INFO] started tweaking crates.io crate dftd3-src 0.2.3
[INFO] removed 0 missing tests
[INFO] finished tweaking crates.io crate dftd3-src 0.2.3
[INFO] tweaked toml for crates.io crate dftd3-src 0.2.3 written to /workspace/builds/worker-3-tc2/source/Cargo.toml
[INFO] validating manifest of crates.io crate dftd3-src 0.2.3 on toolchain 1.100.0-beta.1
[INFO] running `Command { std: CARGO_HOME="/workspace/cargo-home" RUSTUP_HOME="/workspace/rustup-home" "/workspace/cargo-home/bin/cargo" "+1.100.0-beta.1" "metadata" "--manifest-path" "Cargo.toml" "--no-deps", kill_on_drop: false }`
[INFO] crate crates.io crate dftd3-src 0.2.3 already has a lockfile, it will not be regenerated
[INFO] running `Command { std: CARGO_HOME="/workspace/cargo-home" RUSTUP_HOME="/workspace/rustup-home" "/workspace/cargo-home/bin/cargo" "+1.100.0-beta.1" "fetch" "--manifest-path" "Cargo.toml", kill_on_drop: false }`
[INFO] running `Command { std: "docker" "create" "-v" "/var/lib/crater-agent-workspace/builds/worker-3-tc2/source:/opt/rustwide/workdir:ro,Z" "-v" "/var/lib/crater-agent-workspace/builds/worker-3-tc2/target:/opt/rustwide/target:rw,Z" "-v" "/var/lib/crater-agent-workspace/cargo-home:/opt/rustwide/cargo-home:ro,Z" "-v" "/var/lib/crater-agent-workspace/rustup-home:/opt/rustwide/rustup-home:ro,Z" "-m" "1610612736" "--network" "none" "ghcr.io/rust-lang/crates-build-env/linux@sha256:77db811e55d90add9212f6832c23229e3de5f1c1f9905e8cb07319ea15df73ac" "sleep" "infinity", kill_on_drop: false }`
[INFO] [stdout] 4549bc3d239a2f66a5cc3aa5ea4863a2fd462a42c0825db47d6acb46ad8bd1d9
[INFO] running `Command { std: "docker" "start" "4549bc3d239a2f66a5cc3aa5ea4863a2fd462a42c0825db47d6acb46ad8bd1d9", kill_on_drop: false }`
[INFO] running `Command { std: "docker" "inspect" "4549bc3d239a2f66a5cc3aa5ea4863a2fd462a42c0825db47d6acb46ad8bd1d9", kill_on_drop: false }`
[INFO] running `Command { std: "docker" "exec" "-e" "SOURCE_DIR=/opt/rustwide/workdir" "-e" "CARGO_HOME=/opt/rustwide/cargo-home" "-e" "RUSTUP_HOME=/opt/rustwide/rustup-home" "-e" "CARGO_TARGET_DIR=/opt/rustwide/target" "-w" "/opt/rustwide/workdir" "--user" "0:0" "4549bc3d239a2f66a5cc3aa5ea4863a2fd462a42c0825db47d6acb46ad8bd1d9" "/opt/rustwide/cargo-home/bin/cargo" "+1.100.0-beta.1" "metadata" "--no-deps" "--format-version=1", kill_on_drop: false }`
[INFO] running `Command { std: "docker" "inspect" "4549bc3d239a2f66a5cc3aa5ea4863a2fd462a42c0825db47d6acb46ad8bd1d9", kill_on_drop: false }`
[INFO] running `Command { std: "docker" "exec" "-e" "SOURCE_DIR=/opt/rustwide/workdir" "-e" "CARGO_HOME=/opt/rustwide/cargo-home" "-e" "RUSTUP_HOME=/opt/rustwide/rustup-home" "-e" "CARGO_TARGET_DIR=/opt/rustwide/target" "-e" "CARGO_INCREMENTAL=0" "-e" "RUST_BACKTRACE=full" "-e" "RUSTFLAGS=--cap-lints=warn" "-e" "RUSTDOCFLAGS=--cap-lints=warn" "-w" "/opt/rustwide/workdir" "--user" "0:0" "4549bc3d239a2f66a5cc3aa5ea4863a2fd462a42c0825db47d6acb46ad8bd1d9" "/opt/rustwide/cargo-home/bin/cargo" "+1.100.0-beta.1" "build" "--frozen" "--message-format=json" "--release", kill_on_drop: false }`
[INFO] [stderr]    Compiling cc v1.2.64
[INFO] [stderr]    Compiling cmake v0.1.58
[INFO] [stderr]    Compiling dftd3-src v0.2.3 (/opt/rustwide/workdir)
[INFO] [stderr]     Finished `release` profile [optimized] target(s) in 1.76s
[INFO] running `Command { std: "docker" "inspect" "4549bc3d239a2f66a5cc3aa5ea4863a2fd462a42c0825db47d6acb46ad8bd1d9", kill_on_drop: false }`
[INFO] running `Command { std: "docker" "exec" "-e" "SOURCE_DIR=/opt/rustwide/workdir" "-e" "CARGO_HOME=/opt/rustwide/cargo-home" "-e" "RUSTUP_HOME=/opt/rustwide/rustup-home" "-e" "CARGO_TARGET_DIR=/opt/rustwide/target" "-e" "CARGO_INCREMENTAL=0" "-e" "RUST_BACKTRACE=full" "-e" "RUSTFLAGS=--cap-lints=warn" "-e" "RUSTDOCFLAGS=--cap-lints=warn" "-w" "/opt/rustwide/workdir" "--user" "0:0" "4549bc3d239a2f66a5cc3aa5ea4863a2fd462a42c0825db47d6acb46ad8bd1d9" "/opt/rustwide/cargo-home/bin/cargo" "+1.100.0-beta.1" "test" "--frozen" "--no-run" "--message-format=json" "--release", kill_on_drop: false }`
[INFO] [stderr]    Compiling dftd3-src v0.2.3 (/opt/rustwide/workdir)
[INFO] [stdout] error[E0433]: cannot find module or crate `dftd3` in this scope
[INFO] [stdout]  --> tests/test_linked.rs:2:5
[INFO] [stdout]   |
[INFO] [stdout] 2 | use dftd3::prelude::*;
[INFO] [stdout]   |     ^^^^^ use of unresolved module or unlinked crate `dftd3`
[INFO] [stdout]   |
[INFO] [stdout]   = help: if you wanted to use a crate named `dftd3`, use `cargo add dftd3` to add it to your `Cargo.toml`
[INFO] [stdout] 
[INFO] [stdout] 
[INFO] [stdout] error[E0425]: cannot find function `dftd3_get_api_version` in this scope
[INFO] [stdout]  --> tests/test_linked.rs:6:15
[INFO] [stdout]   |
[INFO] [stdout] 6 |     let ver = dftd3_get_api_version();
[INFO] [stdout]   |               ^^^^^^^^^^^^^^^^^^^^^ not found in this scope
[INFO] [stdout] 
[INFO] [stdout] 
[INFO] [stderr] error: could not compile `dftd3-src` (test "test_linked") due to 2 previous errors
[INFO] [stdout] Some errors have detailed explanations: E0425, E0433.
[INFO] [stdout] 
[INFO] [stderr] warning: build failed, waiting for other jobs to finish...
[INFO] [stdout] For more information about an error, try `rustc --explain E0425`.
[INFO] [stdout] 
[INFO] [stdout] error: linking with `cc` failed: exit status: 1
[INFO] [stdout]   |
[INFO] [stdout]   = note:  "cc" "-m64" "/opt/rustwide/target/release/build/dftd3-src/1b4269c5f4c32ba9/out/rustciNPGvL/symbols.o" "<2 object files omitted>" "-Wl,--as-needed" "-Wl,-Bdynamic" "-ls-dftd3" "-lmctc-lib" "-Wl,-Bstatic" "<sysroot>/lib/rustlib/x86_64-unknown-linux-gnu/lib/{libtest-*,libgetopts-*,librustc_std_workspace_std-*,libstd-*,libpanic_unwind-*,libobject-*,libmemchr-*,libaddr2line-*,libgimli-*,libcfg_if-*,librustc_demangle-*,libstd_detect-*,libhashbrown-*,librustc_std_workspace_alloc-*,libminiz_oxide-*,libadler2-*,libunwind-*,liblibc-*,librustc_std_workspace_core-*,liballoc-*,libcore-*,libcompiler_builtins-*}.rlib" "-Wl,-Bdynamic" "-lgcc_s" "-lutil" "-lrt" "-lpthread" "-lm" "-ldl" "-lc" "-L" "/opt/rustwide/target/release/build/dftd3-src/1b4269c5f4c32ba9/out/rustciNPGvL/raw-dylibs" "-B<sysroot>/lib/rustlib/x86_64-unknown-linux-gnu/bin/gcc-ld" "-fuse-ld=lld" "-Wl,--eh-frame-hdr" "-Wl,-z,noexecstack" "-L" "/opt/rustwide/target/release" "-L" "<sysroot>/lib/rustlib/x86_64-unknown-linux-gnu/lib" "-L" "<sysroot>/lib" "-L" "/opt/rustwide/cargo-home/bin" "-L" "/usr/local/sbin" "-L" "/usr/local/bin" "-L" "/usr/sbin" "-L" "/usr/bin" "-L" "/usr" "-L" "/usr/lib" "-L" "/usr/lib/x86_64-linux-gnu" "-L" "/usr/lib64" "-L" "/usr/local" "-L" "/usr/local/lib" "-L" "/usr/local/share" "-L" "/opt" "-L" "<sysroot>/lib/rustlib/x86_64-unknown-linux-gnu/lib" "-o" "/opt/rustwide/target/release/build/dftd3-src/1b4269c5f4c32ba9/out/dftd3_src-1b4269c5f4c32ba9" "-Wl,--gc-sections" "-pie" "-Wl,-z,relro,-z,now" "-Wl,-O1" "-Wl,--strip-debug" "-nodefaultlibs"
[INFO] [stdout]   = note: some arguments are omitted. use `--verbose` to show all linker arguments
[INFO] [stdout]   = note: rust-lld: error: unable to find library -ls-dftd3
[INFO] [stdout]           rust-lld: error: unable to find library -lmctc-lib
[INFO] [stdout]           collect2: error: ld returned 1 exit status
[INFO] [stdout]           
[INFO] [stdout] 
[INFO] [stdout] 
[INFO] [stderr] error: could not compile `dftd3-src` (lib test) due to 1 previous error
[INFO] running `Command { std: "docker" "inspect" "4549bc3d239a2f66a5cc3aa5ea4863a2fd462a42c0825db47d6acb46ad8bd1d9", kill_on_drop: false }`
[INFO] running `Command { std: "docker" "rm" "-f" "4549bc3d239a2f66a5cc3aa5ea4863a2fd462a42c0825db47d6acb46ad8bd1d9", kill_on_drop: false }`
[INFO] [stdout] 4549bc3d239a2f66a5cc3aa5ea4863a2fd462a42c0825db47d6acb46ad8bd1d9
