[INFO] fetching crate dexter-vault 1.1.0...
[INFO] testing dexter-vault-1.1.0 against 1.99.0-beta.8+cargoflags=--release for beta-release-1.100-2
[INFO] extracting crate dexter-vault 1.1.0 into /workspace/builds/worker-5-tc1/source
[INFO] removed /workspace/builds/worker-5-tc1/source/.cargo/config
[INFO] started tweaking crates.io crate dexter-vault 1.1.0
[INFO] finished tweaking crates.io crate dexter-vault 1.1.0
[INFO] tweaked toml for crates.io crate dexter-vault 1.1.0 written to /workspace/builds/worker-5-tc1/source/Cargo.toml
[INFO] validating manifest of crates.io crate dexter-vault 1.1.0 on toolchain 1.99.0-beta.8
[INFO] running `Command { std: CARGO_HOME="/workspace/cargo-home" RUSTUP_HOME="/workspace/rustup-home" "/workspace/cargo-home/bin/cargo" "+1.99.0-beta.8" "metadata" "--manifest-path" "Cargo.toml" "--no-deps", kill_on_drop: false }`
[INFO] crate crates.io crate dexter-vault 1.1.0 already has a lockfile, it will not be regenerated
[INFO] running `Command { std: CARGO_HOME="/workspace/cargo-home" RUSTUP_HOME="/workspace/rustup-home" "/workspace/cargo-home/bin/cargo" "+1.99.0-beta.8" "fetch" "--manifest-path" "Cargo.toml", kill_on_drop: false }`
[INFO] [stderr]     Blocking waiting for file lock on package cache
[INFO] [stderr]     Updating crates.io index
[INFO] [stderr]     Blocking waiting for file lock on package cache
[INFO] [stderr]  Downloading crates ...
[INFO] [stderr]   Downloaded proc-macro2 v1.0.74
[INFO] [stderr]   Downloaded dyn-clone v1.0.10
[INFO] [stderr]   Downloaded cosmwasm-derive v1.5.3
[INFO] [stderr]   Downloaded cosmwasm-schema v1.5.0
[INFO] [stderr]   Downloaded cosmwasm-schema-derive v1.5.0
[INFO] [stderr]   Downloaded block-buffer v0.10.3
[INFO] [stderr]   Downloaded dexter v1.4.0
[INFO] [stderr]   Downloaded zeroize v1.5.7
[INFO] [stderr]   Downloaded cpufeatures v0.2.5
[INFO] [stderr]   Downloaded sec1 v0.7.1
[INFO] [stderr]   Downloaded ryu v1.0.12
[INFO] [stderr]   Downloaded cosmwasm-crypto v1.5.3
[INFO] [stderr]   Downloaded const_format_proc_macros v0.2.32
[INFO] [stderr]   Downloaded const-oid v0.9.2
[INFO] [stderr]   Downloaded cw-multi-test v0.16.5
[INFO] [stderr]   Downloaded serde_json v1.0.93
[INFO] [stderr]   Downloaded const_format v0.2.32
[INFO] [stderr]   Downloaded syn v2.0.46
[INFO] [stderr]   Downloaded cosmwasm-std v1.5.3
[INFO] running `Command { std: "docker" "create" "-v" "/var/lib/crater-agent-workspace/builds/worker-5-tc1/source:/opt/rustwide/workdir:ro,Z" "-v" "/var/lib/crater-agent-workspace/builds/worker-5-tc1/target:/opt/rustwide/target:rw,Z" "-v" "/var/lib/crater-agent-workspace/cargo-home:/opt/rustwide/cargo-home:ro,Z" "-v" "/var/lib/crater-agent-workspace/rustup-home:/opt/rustwide/rustup-home:ro,Z" "-m" "1610612736" "--network" "none" "ghcr.io/rust-lang/crates-build-env/linux@sha256:77db811e55d90add9212f6832c23229e3de5f1c1f9905e8cb07319ea15df73ac" "sleep" "infinity", kill_on_drop: false }`
[INFO] [stdout] 3b97753d79d3ca6a626e95098188d41958a9c072809d5a54471928900e8212a4
[INFO] running `Command { std: "docker" "start" "3b97753d79d3ca6a626e95098188d41958a9c072809d5a54471928900e8212a4", kill_on_drop: false }`
[INFO] running `Command { std: "docker" "inspect" "3b97753d79d3ca6a626e95098188d41958a9c072809d5a54471928900e8212a4", kill_on_drop: false }`
[INFO] running `Command { std: "docker" "exec" "-e" "SOURCE_DIR=/opt/rustwide/workdir" "-e" "CARGO_HOME=/opt/rustwide/cargo-home" "-e" "RUSTUP_HOME=/opt/rustwide/rustup-home" "-e" "CARGO_TARGET_DIR=/opt/rustwide/target" "-w" "/opt/rustwide/workdir" "--user" "0:0" "3b97753d79d3ca6a626e95098188d41958a9c072809d5a54471928900e8212a4" "/opt/rustwide/cargo-home/bin/cargo" "+1.99.0-beta.8" "metadata" "--no-deps" "--format-version=1", kill_on_drop: false }`
[INFO] running `Command { std: "docker" "inspect" "3b97753d79d3ca6a626e95098188d41958a9c072809d5a54471928900e8212a4", kill_on_drop: false }`
[INFO] running `Command { std: "docker" "exec" "-e" "SOURCE_DIR=/opt/rustwide/workdir" "-e" "CARGO_HOME=/opt/rustwide/cargo-home" "-e" "RUSTUP_HOME=/opt/rustwide/rustup-home" "-e" "CARGO_TARGET_DIR=/opt/rustwide/target" "-e" "CARGO_INCREMENTAL=0" "-e" "RUST_BACKTRACE=full" "-e" "RUSTFLAGS=--cap-lints=warn" "-e" "RUSTDOCFLAGS=--cap-lints=warn" "-w" "/opt/rustwide/workdir" "--user" "0:0" "3b97753d79d3ca6a626e95098188d41958a9c072809d5a54471928900e8212a4" "/opt/rustwide/cargo-home/bin/cargo" "+1.99.0-beta.8" "build" "--frozen" "--message-format=json" "--release", kill_on_drop: false }`
[INFO] [stderr]    Compiling zeroize v1.5.7
[INFO] [stderr]    Compiling proc-macro2 v1.0.74
[INFO] [stderr]    Compiling generic-array v0.14.6
[INFO] [stderr]    Compiling libc v0.2.148
[INFO] [stderr]    Compiling const-oid v0.9.2
[INFO] [stderr]    Compiling syn v1.0.109
[INFO] [stderr]    Compiling serde v1.0.197
[INFO] [stderr]    Compiling ahash v0.7.6
[INFO] [stderr]    Compiling once_cell v1.17.1
[INFO] [stderr]    Compiling cpufeatures v0.2.5
[INFO] [stderr]    Compiling thiserror v1.0.58
[INFO] [stderr]    Compiling serde_json v1.0.93
[INFO] [stderr]    Compiling byteorder v1.4.3
[INFO] [stderr]    Compiling schemars v0.8.16
[INFO] [stderr]    Compiling rand_core v0.5.1
[INFO] [stderr]    Compiling ryu v1.0.12
[INFO] [stderr]    Compiling opaque-debug v0.3.0
[INFO] [stderr]    Compiling dyn-clone v1.0.10
[INFO] [stderr]    Compiling bnum v0.10.0
[INFO] [stderr]    Compiling base64 v0.21.4
[INFO] [stderr]    Compiling bech32 v0.9.1
[INFO] [stderr]    Compiling forward_ref v1.0.0
[INFO] [stderr]    Compiling semver v1.0.20
[INFO] [stderr]    Compiling crunchy v0.2.2
[INFO] [stderr]    Compiling protobuf v2.28.0
[INFO] [stderr]    Compiling unicode-xid v0.2.4
[INFO] [stderr]    Compiling der v0.7.8
[INFO] [stderr]    Compiling either v1.8.1
[INFO] [stderr]    Compiling uint v0.9.5
[INFO] [stderr]    Compiling itertools v0.10.5
[INFO] [stderr]    Compiling getrandom v0.2.10
[INFO] [stderr]    Compiling quote v1.0.35
[INFO] [stderr]    Compiling rand_core v0.6.4
[INFO] [stderr]    Compiling hashbrown v0.12.3
[INFO] [stderr]    Compiling ff v0.13.0
[INFO] [stderr]    Compiling block-buffer v0.10.3
[INFO] [stderr]    Compiling crypto-common v0.1.6
[INFO] [stderr]    Compiling digest v0.9.0
[INFO] [stderr]    Compiling crypto-bigint v0.5.3
[INFO] [stderr]    Compiling block-buffer v0.9.0
[INFO] [stderr]    Compiling curve25519-dalek v3.2.0
[INFO] [stderr]    Compiling digest v0.10.7
[INFO] [stderr]    Compiling syn v2.0.46
[INFO] [stderr]    Compiling group v0.13.0
[INFO] [stderr]    Compiling sha2 v0.9.9
[INFO] [stderr]    Compiling const_format_proc_macros v0.2.32
[INFO] [stderr]    Compiling hmac v0.12.1
[INFO] [stderr]    Compiling signature v2.1.0
[INFO] [stderr]    Compiling sha2 v0.10.8
[INFO] [stderr]    Compiling rfc6979 v0.4.0
[INFO] [stderr]    Compiling const_format v0.2.32
[INFO] [stderr]    Compiling spki v0.7.2
[INFO] [stderr]    Compiling sec1 v0.7.1
[INFO] [stderr]    Compiling pkcs8 v0.10.2
[INFO] [stderr]    Compiling elliptic-curve v0.13.6
[INFO] [stderr]    Compiling ecdsa v0.16.8
[INFO] [stderr]    Compiling serde_derive v1.0.197
[INFO] [stderr]    Compiling thiserror-impl v1.0.58
[INFO] [stderr]    Compiling k256 v0.13.1
[INFO] [stderr]    Compiling serde_derive_internals v0.26.0
[INFO] [stderr]    Compiling derivative v2.2.0
[INFO] [stderr]    Compiling cosmwasm-derive v1.5.3
[INFO] [stderr]    Compiling cosmwasm-schema-derive v1.5.0
[INFO] [stderr]    Compiling schemars_derive v0.8.16
[INFO] [stderr]    Compiling ed25519-zebra v3.1.0
[INFO] [stderr]    Compiling serde-json-wasm v0.5.2
[INFO] [stderr]    Compiling cosmwasm-crypto v1.5.3
[INFO] [stderr]    Compiling cosmwasm-std v1.5.3
[INFO] [stderr]    Compiling cosmwasm-schema v1.5.0
[INFO] [stderr]    Compiling cw-storage-plus v1.2.0
[INFO] [stderr]    Compiling cw2 v1.1.2
[INFO] [stderr]    Compiling cw-utils v1.0.3
[INFO] [stderr]    Compiling cw20 v1.1.2
[INFO] [stderr]    Compiling cw20-base v1.1.2
[INFO] [stderr]    Compiling dexter v1.4.0
[INFO] [stderr]    Compiling dexter-vault v1.1.0 (/opt/rustwide/workdir)
[INFO] [stdout] warning: lint `box_pointers` has been removed: it does not detect other kinds of allocations, and existed only for historical reasons
[INFO] [stdout]   --> src/response.rs:11:10
[INFO] [stdout]    |
[INFO] [stdout] 11 | #![allow(box_pointers)]
[INFO] [stdout]    |          ^^^^^^^^^^^^
[INFO] [stdout]    |
[INFO] [stdout]    = note: `#[warn(renamed_and_removed_lints)]` on by default
[INFO] [stdout] 
[INFO] [stdout] 
[INFO] [stdout] warning: unnecessary parentheses around type
[INFO] [stdout]    --> src/response.rs:161:30
[INFO] [stdout]     |
[INFO] [stdout] 161 |     fn as_any(&self) -> &dyn (::std::any::Any) {
[INFO] [stdout]     |                              ^               ^
[INFO] [stdout]     |
[INFO] [stdout]     = note: `#[warn(unused_parens)]` (part of `#[warn(unused)]`) on by default
[INFO] [stdout] help: remove these parentheses
[INFO] [stdout]     |
[INFO] [stdout] 161 -     fn as_any(&self) -> &dyn (::std::any::Any) {
[INFO] [stdout] 161 +     fn as_any(&self) -> &dyn ::std::any::Any {
[INFO] [stdout]     |
[INFO] [stdout] 
[INFO] [stdout] 
[INFO] [stdout] warning: unnecessary parentheses around type
[INFO] [stdout]    --> src/response.rs:162:22
[INFO] [stdout]     |
[INFO] [stdout] 162 |         self as &dyn (::std::any::Any)
[INFO] [stdout]     |                      ^               ^
[INFO] [stdout]     |
[INFO] [stdout] help: remove these parentheses
[INFO] [stdout]     |
[INFO] [stdout] 162 -         self as &dyn (::std::any::Any)
[INFO] [stdout] 162 +         self as &dyn ::std::any::Any
[INFO] [stdout]     |
[INFO] [stdout] 
[INFO] [stdout] 
[INFO] [stdout] warning: unnecessary parentheses around type
[INFO] [stdout]    --> src/response.rs:164:42
[INFO] [stdout]     |
[INFO] [stdout] 164 |     fn as_any_mut(&mut self) -> &mut dyn (::std::any::Any) {
[INFO] [stdout]     |                                          ^               ^
[INFO] [stdout]     |
[INFO] [stdout] help: remove these parentheses
[INFO] [stdout]     |
[INFO] [stdout] 164 -     fn as_any_mut(&mut self) -> &mut dyn (::std::any::Any) {
[INFO] [stdout] 164 +     fn as_any_mut(&mut self) -> &mut dyn ::std::any::Any {
[INFO] [stdout]     |
[INFO] [stdout] 
[INFO] [stdout] 
[INFO] [stdout] warning: unnecessary parentheses around type
[INFO] [stdout]    --> src/response.rs:165:26
[INFO] [stdout]     |
[INFO] [stdout] 165 |         self as &mut dyn (::std::any::Any)
[INFO] [stdout]     |                          ^               ^
[INFO] [stdout]     |
[INFO] [stdout] help: remove these parentheses
[INFO] [stdout]     |
[INFO] [stdout] 165 -         self as &mut dyn (::std::any::Any)
[INFO] [stdout] 165 +         self as &mut dyn ::std::any::Any
[INFO] [stdout]     |
[INFO] [stdout] 
[INFO] [stdout] 
[INFO] [stdout] warning: unnecessary parentheses around type
[INFO] [stdout]    --> src/response.rs:167:73
[INFO] [stdout]     |
[INFO] [stdout] 167 |     fn into_any(self: ::std::boxed::Box<Self>) -> ::std::boxed::Box<dyn (::std::any::Any)> {
[INFO] [stdout]     |                                                                         ^               ^
[INFO] [stdout]     |
[INFO] [stdout] help: remove these parentheses
[INFO] [stdout]     |
[INFO] [stdout] 167 -     fn into_any(self: ::std::boxed::Box<Self>) -> ::std::boxed::Box<dyn (::std::any::Any)> {
[INFO] [stdout] 167 +     fn into_any(self: ::std::boxed::Box<Self>) -> ::std::boxed::Box<dyn ::std::any::Any> {
[INFO] [stdout]     |
[INFO] [stdout] 
[INFO] [stdout] 
[INFO] [stdout] warning: hiding a lifetime that's elided elsewhere is confusing
[INFO] [stdout]    --> src/response.rs:222:15
[INFO] [stdout]     |
[INFO] [stdout] 222 |     fn as_ref(&self) -> ::protobuf::reflect::ReflectValueRef {
[INFO] [stdout]     |               ^^^^^     ^^^^^^^^^^^^^^^^^^^^^^^^^^^^^^^^^^^^ the same lifetime is hidden here
[INFO] [stdout]     |               |
[INFO] [stdout]     |               the lifetime is elided here
[INFO] [stdout]     |
[INFO] [stdout]     = help: the same lifetime is referred to in inconsistent ways, making the signature confusing
[INFO] [stdout]     = note: `#[warn(mismatched_lifetime_syntaxes)]` on by default
[INFO] [stdout] help: use `'_` for type paths
[INFO] [stdout]     |
[INFO] [stdout] 222 |     fn as_ref(&self) -> ::protobuf::reflect::ReflectValueRef<'_> {
[INFO] [stdout]     |                                                             ++++
[INFO] [stdout] 
[INFO] [stdout] 
[INFO] [stderr]     Finished `release` profile [optimized] target(s) in 1m 40s
[INFO] running `Command { std: "docker" "inspect" "3b97753d79d3ca6a626e95098188d41958a9c072809d5a54471928900e8212a4", kill_on_drop: false }`
[INFO] running `Command { std: "docker" "exec" "-e" "SOURCE_DIR=/opt/rustwide/workdir" "-e" "CARGO_HOME=/opt/rustwide/cargo-home" "-e" "RUSTUP_HOME=/opt/rustwide/rustup-home" "-e" "CARGO_TARGET_DIR=/opt/rustwide/target" "-e" "CARGO_INCREMENTAL=0" "-e" "RUST_BACKTRACE=full" "-e" "RUSTFLAGS=--cap-lints=warn" "-e" "RUSTDOCFLAGS=--cap-lints=warn" "-w" "/opt/rustwide/workdir" "--user" "0:0" "3b97753d79d3ca6a626e95098188d41958a9c072809d5a54471928900e8212a4" "/opt/rustwide/cargo-home/bin/cargo" "+1.99.0-beta.8" "test" "--frozen" "--no-run" "--message-format=json" "--release", kill_on_drop: false }`
[INFO] [stderr]    Compiling der v0.6.1
[INFO] [stderr]    Compiling anyhow v1.0.81
[INFO] [stderr]    Compiling base64ct v1.6.0
[INFO] [stderr]    Compiling base16ct v0.1.1
[INFO] [stderr]    Compiling either v1.8.1
[INFO] [stderr]    Compiling crypto-bigint v0.4.9
[INFO] [stderr]    Compiling ff v0.12.1
[INFO] [stderr]    Compiling signature v1.6.4
[INFO] [stderr]    Compiling cosmwasm-std v1.5.3
[INFO] [stderr]    Compiling group v0.12.1
[INFO] [stderr]    Compiling itertools v0.10.5
[INFO] [stderr]    Compiling rfc6979 v0.3.1
[INFO] [stderr]    Compiling spki v0.6.0
[INFO] [stderr]    Compiling pkcs8 v0.9.0
[INFO] [stderr]    Compiling sec1 v0.3.0
[INFO] [stderr]    Compiling elliptic-curve v0.12.3
[INFO] [stderr]    Compiling prost-derive v0.9.0
[INFO] [stderr]    Compiling ecdsa v0.14.8
[INFO] [stderr]    Compiling k256 v0.11.6
[INFO] [stderr]    Compiling prost v0.9.0
[INFO] [stderr]    Compiling cw-storage-plus v1.2.0
[INFO] [stderr]    Compiling cw2 v1.1.2
[INFO] [stderr]    Compiling cw-utils v1.0.3
[INFO] [stderr]    Compiling cw20 v1.1.2
[INFO] [stderr]    Compiling cw-multi-test v0.16.5
[INFO] [stderr]    Compiling cw20-base v1.1.2
[INFO] [stderr]    Compiling dexter v1.4.0
[INFO] [stderr]    Compiling dexter-vault v1.1.0 (/opt/rustwide/workdir)
[INFO] [stdout] warning: lint `box_pointers` has been removed: it does not detect other kinds of allocations, and existed only for historical reasons
[INFO] [stdout]   --> src/response.rs:11:10
[INFO] [stdout]    |
[INFO] [stdout] 11 | #![allow(box_pointers)]
[INFO] [stdout]    |          ^^^^^^^^^^^^
[INFO] [stdout]    |
[INFO] [stdout]    = note: `#[warn(renamed_and_removed_lints)]` on by default
[INFO] [stdout] 
[INFO] [stdout] 
[INFO] [stdout] warning: unnecessary parentheses around type
[INFO] [stdout]    --> src/response.rs:161:30
[INFO] [stdout]     |
[INFO] [stdout] 161 |     fn as_any(&self) -> &dyn (::std::any::Any) {
[INFO] [stdout]     |                              ^               ^
[INFO] [stdout]     |
[INFO] [stdout]     = note: `#[warn(unused_parens)]` (part of `#[warn(unused)]`) on by default
[INFO] [stdout] help: remove these parentheses
[INFO] [stdout]     |
[INFO] [stdout] 161 -     fn as_any(&self) -> &dyn (::std::any::Any) {
[INFO] [stdout] 161 +     fn as_any(&self) -> &dyn ::std::any::Any {
[INFO] [stdout]     |
[INFO] [stdout] 
[INFO] [stdout] 
[INFO] [stdout] warning: unnecessary parentheses around type
[INFO] [stdout]    --> src/response.rs:162:22
[INFO] [stdout]     |
[INFO] [stdout] 162 |         self as &dyn (::std::any::Any)
[INFO] [stdout]     |                      ^               ^
[INFO] [stdout]     |
[INFO] [stdout] help: remove these parentheses
[INFO] [stdout]     |
[INFO] [stdout] 162 -         self as &dyn (::std::any::Any)
[INFO] [stdout] 162 +         self as &dyn ::std::any::Any
[INFO] [stdout]     |
[INFO] [stdout] 
[INFO] [stdout] 
[INFO] [stdout] warning: unnecessary parentheses around type
[INFO] [stdout]    --> src/response.rs:164:42
[INFO] [stdout]     |
[INFO] [stdout] 164 |     fn as_any_mut(&mut self) -> &mut dyn (::std::any::Any) {
[INFO] [stdout]     |                                          ^               ^
[INFO] [stdout]     |
[INFO] [stdout] help: remove these parentheses
[INFO] [stdout]     |
[INFO] [stdout] 164 -     fn as_any_mut(&mut self) -> &mut dyn (::std::any::Any) {
[INFO] [stdout] 164 +     fn as_any_mut(&mut self) -> &mut dyn ::std::any::Any {
[INFO] [stdout]     |
[INFO] [stdout] 
[INFO] [stdout] 
[INFO] [stdout] warning: unnecessary parentheses around type
[INFO] [stdout]    --> src/response.rs:165:26
[INFO] [stdout]     |
[INFO] [stdout] 165 |         self as &mut dyn (::std::any::Any)
[INFO] [stdout]     |                          ^               ^
[INFO] [stdout]     |
[INFO] [stdout] help: remove these parentheses
[INFO] [stdout]     |
[INFO] [stdout] 165 -         self as &mut dyn (::std::any::Any)
[INFO] [stdout] 165 +         self as &mut dyn ::std::any::Any
[INFO] [stdout]     |
[INFO] [stdout] 
[INFO] [stdout] 
[INFO] [stdout] warning: unnecessary parentheses around type
[INFO] [stdout]    --> src/response.rs:167:73
[INFO] [stdout]     |
[INFO] [stdout] 167 |     fn into_any(self: ::std::boxed::Box<Self>) -> ::std::boxed::Box<dyn (::std::any::Any)> {
[INFO] [stdout]     |                                                                         ^               ^
[INFO] [stdout]     |
[INFO] [stdout] help: remove these parentheses
[INFO] [stdout]     |
[INFO] [stdout] 167 -     fn into_any(self: ::std::boxed::Box<Self>) -> ::std::boxed::Box<dyn (::std::any::Any)> {
[INFO] [stdout] 167 +     fn into_any(self: ::std::boxed::Box<Self>) -> ::std::boxed::Box<dyn ::std::any::Any> {
[INFO] [stdout]     |
[INFO] [stdout] 
[INFO] [stdout] 
[INFO] [stdout] warning: lint `box_pointers` has been removed: it does not detect other kinds of allocations, and existed only for historical reasons
[INFO] [stdout]   --> src/response.rs:11:10
[INFO] [stdout]    |
[INFO] [stdout] 11 | #![allow(box_pointers)]
[INFO] [stdout]    |          ^^^^^^^^^^^^
[INFO] [stdout]    |
[INFO] [stdout]    = note: `#[warn(renamed_and_removed_lints)]` on by default
[INFO] [stdout] 
[INFO] [stdout] 
[INFO] [stdout] warning: unnecessary parentheses around type
[INFO] [stdout]    --> src/response.rs:161:30
[INFO] [stdout]     |
[INFO] [stdout] 161 |     fn as_any(&self) -> &dyn (::std::any::Any) {
[INFO] [stdout]     |                              ^               ^
[INFO] [stdout]     |
[INFO] [stdout]     = note: `#[warn(unused_parens)]` (part of `#[warn(unused)]`) on by default
[INFO] [stdout] help: remove these parentheses
[INFO] [stdout]     |
[INFO] [stdout] 161 -     fn as_any(&self) -> &dyn (::std::any::Any) {
[INFO] [stdout] 161 +     fn as_any(&self) -> &dyn ::std::any::Any {
[INFO] [stdout]     |
[INFO] [stdout] 
[INFO] [stdout] 
[INFO] [stdout] warning: unnecessary parentheses around type
[INFO] [stdout]    --> src/response.rs:162:22
[INFO] [stdout]     |
[INFO] [stdout] 162 |         self as &dyn (::std::any::Any)
[INFO] [stdout]     |                      ^               ^
[INFO] [stdout]     |
[INFO] [stdout] help: remove these parentheses
[INFO] [stdout]     |
[INFO] [stdout] 162 -         self as &dyn (::std::any::Any)
[INFO] [stdout] 162 +         self as &dyn ::std::any::Any
[INFO] [stdout]     |
[INFO] [stdout] 
[INFO] [stdout] 
[INFO] [stdout] warning: unnecessary parentheses around type
[INFO] [stdout]    --> src/response.rs:164:42
[INFO] [stdout]     |
[INFO] [stdout] 164 |     fn as_any_mut(&mut self) -> &mut dyn (::std::any::Any) {
[INFO] [stdout]     |                                          ^               ^
[INFO] [stdout]     |
[INFO] [stdout] help: remove these parentheses
[INFO] [stdout]     |
[INFO] [stdout] 164 -     fn as_any_mut(&mut self) -> &mut dyn (::std::any::Any) {
[INFO] [stdout] 164 +     fn as_any_mut(&mut self) -> &mut dyn ::std::any::Any {
[INFO] [stdout]     |
[INFO] [stdout] 
[INFO] [stdout] 
[INFO] [stdout] warning: unnecessary parentheses around type
[INFO] [stdout]    --> src/response.rs:165:26
[INFO] [stdout]     |
[INFO] [stdout] 165 |         self as &mut dyn (::std::any::Any)
[INFO] [stdout]     |                          ^               ^
[INFO] [stdout]     |
[INFO] [stdout] help: remove these parentheses
[INFO] [stdout]     |
[INFO] [stdout] 165 -         self as &mut dyn (::std::any::Any)
[INFO] [stdout] 165 +         self as &mut dyn ::std::any::Any
[INFO] [stdout]     |
[INFO] [stdout] 
[INFO] [stdout] 
[INFO] [stdout] warning: unnecessary parentheses around type
[INFO] [stdout]    --> src/response.rs:167:73
[INFO] [stdout]     |
[INFO] [stdout] 167 |     fn into_any(self: ::std::boxed::Box<Self>) -> ::std::boxed::Box<dyn (::std::any::Any)> {
[INFO] [stdout]     |                                                                         ^               ^
[INFO] [stdout]     |
[INFO] [stdout] help: remove these parentheses
[INFO] [stdout]     |
[INFO] [stdout] 167 -     fn into_any(self: ::std::boxed::Box<Self>) -> ::std::boxed::Box<dyn (::std::any::Any)> {
[INFO] [stdout] 167 +     fn into_any(self: ::std::boxed::Box<Self>) -> ::std::boxed::Box<dyn ::std::any::Any> {
[INFO] [stdout]     |
[INFO] [stdout] 
[INFO] [stdout] 
[INFO] [stdout] warning: hiding a lifetime that's elided elsewhere is confusing
[INFO] [stdout]    --> src/response.rs:222:15
[INFO] [stdout]     |
[INFO] [stdout] 222 |     fn as_ref(&self) -> ::protobuf::reflect::ReflectValueRef {
[INFO] [stdout]     |               ^^^^^     ^^^^^^^^^^^^^^^^^^^^^^^^^^^^^^^^^^^^ the same lifetime is hidden here
[INFO] [stdout]     |               |
[INFO] [stdout]     |               the lifetime is elided here
[INFO] [stdout]     |
[INFO] [stdout]     = help: the same lifetime is referred to in inconsistent ways, making the signature confusing
[INFO] [stdout]     = note: `#[warn(mismatched_lifetime_syntaxes)]` on by default
[INFO] [stdout] help: use `'_` for type paths
[INFO] [stdout]     |
[INFO] [stdout] 222 |     fn as_ref(&self) -> ::protobuf::reflect::ReflectValueRef<'_> {
[INFO] [stdout]     |                                                             ++++
[INFO] [stdout] 
[INFO] [stdout] 
[INFO] [stdout] warning: hiding a lifetime that's elided elsewhere is confusing
[INFO] [stdout]    --> src/response.rs:222:15
[INFO] [stdout]     |
[INFO] [stdout] 222 |     fn as_ref(&self) -> ::protobuf::reflect::ReflectValueRef {
[INFO] [stdout]     |               ^^^^^     ^^^^^^^^^^^^^^^^^^^^^^^^^^^^^^^^^^^^ the same lifetime is hidden here
[INFO] [stdout]     |               |
[INFO] [stdout]     |               the lifetime is elided here
[INFO] [stdout]     |
[INFO] [stdout]     = help: the same lifetime is referred to in inconsistent ways, making the signature confusing
[INFO] [stdout]     = note: `#[warn(mismatched_lifetime_syntaxes)]` on by default
[INFO] [stdout] help: use `'_` for type paths
[INFO] [stdout]     |
[INFO] [stdout] 222 |     fn as_ref(&self) -> ::protobuf::reflect::ReflectValueRef<'_> {
[INFO] [stdout]     |                                                             ++++
[INFO] [stdout] 
[INFO] [stdout] 
[INFO] [stdout] error[E0433]: cannot find module or crate `dexter_stable_pool` in this scope
[INFO] [stdout]   --> tests/utils/mod.rs:12:5
[INFO] [stdout]    |
[INFO] [stdout] 12 | use dexter_stable_pool::state::StablePoolParams;
[INFO] [stdout]    |     ^^^^^^^^^^^^^^^^^^ use of unresolved module or unlinked crate `dexter_stable_pool`
[INFO] [stdout]    |
[INFO] [stdout]    = help: if you wanted to use a crate named `dexter_stable_pool`, use `cargo add dexter_stable_pool` to add it to your `Cargo.toml`
[INFO] [stdout] 
[INFO] [stdout] 
[INFO] [stdout] error[E0433]: cannot find module or crate `dexter_stable_pool` in this scope
[INFO] [stdout]   --> tests/pool_creation.rs:12:5
[INFO] [stdout]    |
[INFO] [stdout] 12 | use dexter_stable_pool::state::StablePoolParams;
[INFO] [stdout]    |     ^^^^^^^^^^^^^^^^^^ use of unresolved module or unlinked crate `dexter_stable_pool`
[INFO] [stdout]    |
[INFO] [stdout]    = help: if you wanted to use a crate named `dexter_stable_pool`, use `cargo add dexter_stable_pool` to add it to your `Cargo.toml`
[INFO] [stdout] 
[INFO] [stdout] 
[INFO] [stdout] error[E0433]: cannot find module or crate `dexter_stable_pool` in this scope
[INFO] [stdout]   --> tests/utils/mod.rs:12:5
[INFO] [stdout]    |
[INFO] [stdout] 12 | use dexter_stable_pool::state::StablePoolParams;
[INFO] [stdout]    |     ^^^^^^^^^^^^^^^^^^ use of unresolved module or unlinked crate `dexter_stable_pool`
[INFO] [stdout]    |
[INFO] [stdout]    = help: if you wanted to use a crate named `dexter_stable_pool`, use `cargo add dexter_stable_pool` to add it to your `Cargo.toml`
[INFO] [stdout] 
[INFO] [stdout] 
[INFO] [stdout] error[E0433]: cannot find module or crate `dexter_lp_token` in this scope
[INFO] [stdout]   --> tests/utils/mod.rs:42:9
[INFO] [stdout]    |
[INFO] [stdout] 42 |         dexter_lp_token::contract::execute,
[INFO] [stdout]    |         ^^^^^^^^^^^^^^^ use of unresolved module or unlinked crate `dexter_lp_token`
[INFO] [stdout]    |
[INFO] [stdout]    = help: if you wanted to use a crate named `dexter_lp_token`, use `cargo add dexter_lp_token` to add it to your `Cargo.toml`
[INFO] [stdout] 
[INFO] [stdout] 
[INFO] [stdout] error[E0433]: cannot find module or crate `dexter_stable_pool` in this scope
[INFO] [stdout]   --> tests/utils/mod.rs:12:5
[INFO] [stdout]    |
[INFO] [stdout] 12 | use dexter_stable_pool::state::StablePoolParams;
[INFO] [stdout]    |     ^^^^^^^^^^^^^^^^^^ use of unresolved module or unlinked crate `dexter_stable_pool`
[INFO] [stdout]    |
[INFO] [stdout]    = help: if you wanted to use a crate named `dexter_stable_pool`, use `cargo add dexter_stable_pool` to add it to your `Cargo.toml`
[INFO] [stdout] 
[INFO] [stdout] 
[INFO] [stdout] error[E0433]: cannot find module or crate `dexter_stable_pool` in this scope
[INFO] [stdout]   --> tests/pool_param_update.rs:14:5
[INFO] [stdout]    |
[INFO] [stdout] 14 | use dexter_stable_pool::state::{StablePoolParams, StablePoolUpdateParams};
[INFO] [stdout]    |     ^^^^^^^^^^^^^^^^^^ use of unresolved module or unlinked crate `dexter_stable_pool`
[INFO] [stdout]    |
[INFO] [stdout]    = help: if you wanted to use a crate named `dexter_stable_pool`, use `cargo add dexter_stable_pool` to add it to your `Cargo.toml`
[INFO] [stdout] 
[INFO] [stdout] 
[INFO] [stdout] error[E0433]: cannot find module or crate `dexter_lp_token` in this scope
[INFO] [stdout]   --> tests/utils/mod.rs:43:9
[INFO] [stdout]    |
[INFO] [stdout] 43 |         dexter_lp_token::contract::instantiate,
[INFO] [stdout]    |         ^^^^^^^^^^^^^^^ use of unresolved module or unlinked crate `dexter_lp_token`
[INFO] [stdout]    |
[INFO] [stdout]    = help: if you wanted to use a crate named `dexter_lp_token`, use `cargo add dexter_lp_token` to add it to your `Cargo.toml`
[INFO] [stdout] 
[INFO] [stdout] 
[INFO] [stdout] error[E0433]: cannot find module or crate `dexter_lp_token` in this scope
[INFO] [stdout]   --> tests/utils/mod.rs:44:9
[INFO] [stdout]    |
[INFO] [stdout] 44 |         dexter_lp_token::contract::query,
[INFO] [stdout]    |         ^^^^^^^^^^^^^^^ use of unresolved module or unlinked crate `dexter_lp_token`
[INFO] [stdout]    |
[INFO] [stdout]    = help: if you wanted to use a crate named `dexter_lp_token`, use `cargo add dexter_lp_token` to add it to your `Cargo.toml`
[INFO] [stdout] 
[INFO] [stdout] 
[INFO] [stdout] error[E0433]: cannot find module or crate `dexter_stable_pool` in this scope
[INFO] [stdout]   --> tests/utils/mod.rs:51:9
[INFO] [stdout]    |
[INFO] [stdout] 51 |         dexter_stable_pool::contract::execute,
[INFO] [stdout]    |         ^^^^^^^^^^^^^^^^^^ use of unresolved module or unlinked crate `dexter_stable_pool`
[INFO] [stdout]    |
[INFO] [stdout]    = help: if you wanted to use a crate named `dexter_stable_pool`, use `cargo add dexter_stable_pool` to add it to your `Cargo.toml`
[INFO] [stdout] 
[INFO] [stdout] 
[INFO] [stdout] error[E0433]: cannot find module or crate `dexter_stable_pool` in this scope
[INFO] [stdout]   --> tests/utils/mod.rs:12:5
[INFO] [stdout]    |
[INFO] [stdout] 12 | use dexter_stable_pool::state::StablePoolParams;
[INFO] [stdout]    |     ^^^^^^^^^^^^^^^^^^ use of unresolved module or unlinked crate `dexter_stable_pool`
[INFO] [stdout]    |
[INFO] [stdout]    = help: if you wanted to use a crate named `dexter_stable_pool`, use `cargo add dexter_stable_pool` to add it to your `Cargo.toml`
[INFO] [stdout] 
[INFO] [stdout] 
[INFO] [stdout] error[E0433]: cannot find module or crate `dexter_stable_pool` in this scope
[INFO] [stdout]   --> tests/utils/mod.rs:12:5
[INFO] [stdout]    |
[INFO] [stdout] 12 | use dexter_stable_pool::state::StablePoolParams;
[INFO] [stdout]    |     ^^^^^^^^^^^^^^^^^^ use of unresolved module or unlinked crate `dexter_stable_pool`
[INFO] [stdout]    |
[INFO] [stdout]    = help: if you wanted to use a crate named `dexter_stable_pool`, use `cargo add dexter_stable_pool` to add it to your `Cargo.toml`
[INFO] [stdout] 
[INFO] [stdout] 
[INFO] [stdout] error[E0433]: cannot find module or crate `dexter_stable_pool` in this scope
[INFO] [stdout]   --> tests/utils/mod.rs:52:9
[INFO] [stdout]    |
[INFO] [stdout] 52 |         dexter_stable_pool::contract::instantiate,
[INFO] [stdout]    |         ^^^^^^^^^^^^^^^^^^ use of unresolved module or unlinked crate `dexter_stable_pool`
[INFO] [stdout]    |
[INFO] [stdout]    = help: if you wanted to use a crate named `dexter_stable_pool`, use `cargo add dexter_stable_pool` to add it to your `Cargo.toml`
[INFO] [stdout] 
[INFO] [stdout] 
[INFO] [stdout] error[E0433]: cannot find module or crate `dexter_stable_pool` in this scope
[INFO] [stdout]   --> tests/utils/mod.rs:53:9
[INFO] [stdout]    |
[INFO] [stdout] 53 |         dexter_stable_pool::contract::query,
[INFO] [stdout]    |         ^^^^^^^^^^^^^^^^^^ use of unresolved module or unlinked crate `dexter_stable_pool`
[INFO] [stdout]    |
[INFO] [stdout]    = help: if you wanted to use a crate named `dexter_stable_pool`, use `cargo add dexter_stable_pool` to add it to your `Cargo.toml`
[INFO] [stdout] 
[INFO] [stdout] 
[INFO] [stdout] error[E0433]: cannot find module or crate `dexter_weighted_pool` in this scope
[INFO] [stdout]   --> tests/utils/mod.rs:60:9
[INFO] [stdout]    |
[INFO] [stdout] 60 |         dexter_weighted_pool::contract::execute,
[INFO] [stdout]    |         ^^^^^^^^^^^^^^^^^^^^ use of unresolved module or unlinked crate `dexter_weighted_pool`
[INFO] [stdout]    |
[INFO] [stdout]    = help: if you wanted to use a crate named `dexter_weighted_pool`, use `cargo add dexter_weighted_pool` to add it to your `Cargo.toml`
[INFO] [stdout] 
[INFO] [stdout] 
[INFO] [stdout] error[E0433]: cannot find module or crate `dexter_stable_pool` in this scope
[INFO] [stdout]   --> tests/utils/mod.rs:12:5
[INFO] [stdout]    |
[INFO] [stdout] 12 | use dexter_stable_pool::state::StablePoolParams;
[INFO] [stdout]    |     ^^^^^^^^^^^^^^^^^^ use of unresolved module or unlinked crate `dexter_stable_pool`
[INFO] [stdout]    |
[INFO] [stdout]    = help: if you wanted to use a crate named `dexter_stable_pool`, use `cargo add dexter_stable_pool` to add it to your `Cargo.toml`
[INFO] [stdout] 
[INFO] [stdout] 
[INFO] [stdout] error[E0433]: cannot find module or crate `dexter_stable_pool` in this scope
[INFO] [stdout]   --> tests/initialization_and_config.rs:13:5
[INFO] [stdout]    |
[INFO] [stdout] 13 | use dexter_stable_pool::state::StablePoolParams;
[INFO] [stdout]    |     ^^^^^^^^^^^^^^^^^^ use of unresolved module or unlinked crate `dexter_stable_pool`
[INFO] [stdout]    |
[INFO] [stdout]    = help: if you wanted to use a crate named `dexter_stable_pool`, use `cargo add dexter_stable_pool` to add it to your `Cargo.toml`
[INFO] [stdout] 
[INFO] [stdout] 
[INFO] [stdout] error[E0433]: cannot find module or crate `dexter_stable_pool` in this scope
[INFO] [stdout]   --> tests/utils/mod.rs:12:5
[INFO] [stdout]    |
[INFO] [stdout] 12 | use dexter_stable_pool::state::StablePoolParams;
[INFO] [stdout]    |     ^^^^^^^^^^^^^^^^^^ use of unresolved module or unlinked crate `dexter_stable_pool`
[INFO] [stdout]    |
[INFO] [stdout]    = help: if you wanted to use a crate named `dexter_stable_pool`, use `cargo add dexter_stable_pool` to add it to your `Cargo.toml`
[INFO] [stdout] 
[INFO] [stdout] 
[INFO] [stdout] error[E0433]: cannot find module or crate `dexter_lp_token` in this scope
[INFO] [stdout]   --> tests/utils/mod.rs:42:9
[INFO] [stdout]    |
[INFO] [stdout] 42 |         dexter_lp_token::contract::execute,
[INFO] [stdout]    |         ^^^^^^^^^^^^^^^ use of unresolved module or unlinked crate `dexter_lp_token`
[INFO] [stdout]    |
[INFO] [stdout]    = help: if you wanted to use a crate named `dexter_lp_token`, use `cargo add dexter_lp_token` to add it to your `Cargo.toml`
[INFO] [stdout] 
[INFO] [stdout] 
[INFO] [stdout] error[E0433]: cannot find module or crate `dexter_weighted_pool` in this scope
[INFO] [stdout]   --> tests/utils/mod.rs:61:9
[INFO] [stdout]    |
[INFO] [stdout] 61 |         dexter_weighted_pool::contract::instantiate,
[INFO] [stdout]    |         ^^^^^^^^^^^^^^^^^^^^ use of unresolved module or unlinked crate `dexter_weighted_pool`
[INFO] [stdout]    |
[INFO] [stdout]    = help: if you wanted to use a crate named `dexter_weighted_pool`, use `cargo add dexter_weighted_pool` to add it to your `Cargo.toml`
[INFO] [stdout] 
[INFO] [stdout] 
[INFO] [stdout] error[E0433]: cannot find module or crate `dexter_lp_token` in this scope
[INFO] [stdout]   --> tests/utils/mod.rs:42:9
[INFO] [stdout]    |
[INFO] [stdout] 42 |         dexter_lp_token::contract::execute,
[INFO] [stdout]    |         ^^^^^^^^^^^^^^^ use of unresolved module or unlinked crate `dexter_lp_token`
[INFO] [stdout]    |
[INFO] [stdout]    = help: if you wanted to use a crate named `dexter_lp_token`, use `cargo add dexter_lp_token` to add it to your `Cargo.toml`
[INFO] [stdout] 
[INFO] [stdout] 
[INFO] [stdout] error[E0433]: cannot find module or crate `dexter_weighted_pool` in this scope
[INFO] [stdout]   --> tests/utils/mod.rs:62:9
[INFO] [stdout]    |
[INFO] [stdout] 62 |         dexter_weighted_pool::contract::query,
[INFO] [stdout]    |         ^^^^^^^^^^^^^^^^^^^^ use of unresolved module or unlinked crate `dexter_weighted_pool`
[INFO] [stdout]    |
[INFO] [stdout]    = help: if you wanted to use a crate named `dexter_weighted_pool`, use `cargo add dexter_weighted_pool` to add it to your `Cargo.toml`
[INFO] [stdout] 
[INFO] [stdout] 
[INFO] [stdout] error[E0433]: cannot find module or crate `dexter_multi_staking` in this scope
[INFO] [stdout]    --> tests/utils/mod.rs:123:9
[INFO] [stdout]     |
[INFO] [stdout] 123 |         dexter_multi_staking::contract::execute,
[INFO] [stdout]     |         ^^^^^^^^^^^^^^^^^^^^ use of unresolved module or unlinked crate `dexter_multi_staking`
[INFO] [stdout]     |
[INFO] [stdout]     = help: if you wanted to use a crate named `dexter_multi_staking`, use `cargo add dexter_multi_staking` to add it to your `Cargo.toml`
[INFO] [stdout] 
[INFO] [stdout] 
[INFO] [stdout] error[E0433]: cannot find module or crate `dexter_lp_token` in this scope
[INFO] [stdout]   --> tests/utils/mod.rs:43:9
[INFO] [stdout]    |
[INFO] [stdout] 43 |         dexter_lp_token::contract::instantiate,
[INFO] [stdout]    |         ^^^^^^^^^^^^^^^ use of unresolved module or unlinked crate `dexter_lp_token`
[INFO] [stdout]    |
[INFO] [stdout]    = help: if you wanted to use a crate named `dexter_lp_token`, use `cargo add dexter_lp_token` to add it to your `Cargo.toml`
[INFO] [stdout] 
[INFO] [stdout] 
[INFO] [stdout] error[E0433]: cannot find module or crate `dexter_lp_token` in this scope
[INFO] [stdout]   --> tests/utils/mod.rs:43:9
[INFO] [stdout]    |
[INFO] [stdout] 43 |         dexter_lp_token::contract::instantiate,
[INFO] [stdout]    |         ^^^^^^^^^^^^^^^ use of unresolved module or unlinked crate `dexter_lp_token`
[INFO] [stdout]    |
[INFO] [stdout]    = help: if you wanted to use a crate named `dexter_lp_token`, use `cargo add dexter_lp_token` to add it to your `Cargo.toml`
[INFO] [stdout] 
[INFO] [stdout] 
[INFO] [stdout] error[E0433]: cannot find module or crate `dexter_multi_staking` in this scope
[INFO] [stdout]    --> tests/utils/mod.rs:124:9
[INFO] [stdout]     |
[INFO] [stdout] 124 |         dexter_multi_staking::contract::instantiate,
[INFO] [stdout]     |         ^^^^^^^^^^^^^^^^^^^^ use of unresolved module or unlinked crate `dexter_multi_staking`
[INFO] [stdout]     |
[INFO] [stdout]     = help: if you wanted to use a crate named `dexter_multi_staking`, use `cargo add dexter_multi_staking` to add it to your `Cargo.toml`
[INFO] [stdout] 
[INFO] [stdout] 
[INFO] [stdout] error[E0433]: cannot find module or crate `dexter_multi_staking` in this scope
[INFO] [stdout]    --> tests/utils/mod.rs:125:9
[INFO] [stdout]     |
[INFO] [stdout] 125 |         dexter_multi_staking::contract::query,
[INFO] [stdout]     |         ^^^^^^^^^^^^^^^^^^^^ use of unresolved module or unlinked crate `dexter_multi_staking`
[INFO] [stdout]     |
[INFO] [stdout]     = help: if you wanted to use a crate named `dexter_multi_staking`, use `cargo add dexter_multi_staking` to add it to your `Cargo.toml`
[INFO] [stdout] 
[INFO] [stdout] 
[INFO] [stdout] error[E0433]: cannot find module or crate `dexter_lp_token` in this scope
[INFO] [stdout]   --> tests/utils/mod.rs:42:9
[INFO] [stdout]    |
[INFO] [stdout] 42 |         dexter_lp_token::contract::execute,
[INFO] [stdout]    |         ^^^^^^^^^^^^^^^ use of unresolved module or unlinked crate `dexter_lp_token`
[INFO] [stdout]    |
[INFO] [stdout]    = help: if you wanted to use a crate named `dexter_lp_token`, use `cargo add dexter_lp_token` to add it to your `Cargo.toml`
[INFO] [stdout] 
[INFO] [stdout] 
[INFO] [stdout] error[E0433]: cannot find module or crate `dexter_weighted_pool` in this scope
[INFO] [stdout]    --> tests/utils/mod.rs:494:29
[INFO] [stdout]     |
[INFO] [stdout] 494 |             to_json_binary(&dexter_weighted_pool::state::WeightedParams {
[INFO] [stdout]     |                             ^^^^^^^^^^^^^^^^^^^^ use of unresolved module or unlinked crate `dexter_weighted_pool`
[INFO] [stdout]     |
[INFO] [stdout]     = help: if you wanted to use a crate named `dexter_weighted_pool`, use `cargo add dexter_weighted_pool` to add it to your `Cargo.toml`
[INFO] [stdout] 
[INFO] [stdout] 
[INFO] [stdout] error[E0433]: cannot find module or crate `dexter_lp_token` in this scope
[INFO] [stdout]   --> tests/utils/mod.rs:44:9
[INFO] [stdout]    |
[INFO] [stdout] 44 |         dexter_lp_token::contract::query,
[INFO] [stdout]    |         ^^^^^^^^^^^^^^^ use of unresolved module or unlinked crate `dexter_lp_token`
[INFO] [stdout]    |
[INFO] [stdout]    = help: if you wanted to use a crate named `dexter_lp_token`, use `cargo add dexter_lp_token` to add it to your `Cargo.toml`
[INFO] [stdout] 
[INFO] [stdout] 
[INFO] [stdout] error[E0433]: cannot find module or crate `dexter_lp_token` in this scope
[INFO] [stdout]   --> tests/utils/mod.rs:44:9
[INFO] [stdout]    |
[INFO] [stdout] 44 |         dexter_lp_token::contract::query,
[INFO] [stdout]    |         ^^^^^^^^^^^^^^^ use of unresolved module or unlinked crate `dexter_lp_token`
[INFO] [stdout]    |
[INFO] [stdout]    = help: if you wanted to use a crate named `dexter_lp_token`, use `cargo add dexter_lp_token` to add it to your `Cargo.toml`
[INFO] [stdout] 
[INFO] [stdout] 
[INFO] [stdout] error[E0433]: cannot find module or crate `dexter_lp_token` in this scope
[INFO] [stdout]   --> tests/utils/mod.rs:43:9
[INFO] [stdout]    |
[INFO] [stdout] 43 |         dexter_lp_token::contract::instantiate,
[INFO] [stdout]    |         ^^^^^^^^^^^^^^^ use of unresolved module or unlinked crate `dexter_lp_token`
[INFO] [stdout]    |
[INFO] [stdout]    = help: if you wanted to use a crate named `dexter_lp_token`, use `cargo add dexter_lp_token` to add it to your `Cargo.toml`
[INFO] [stdout] 
[INFO] [stdout] 
[INFO] [stdout] error[E0433]: cannot find module or crate `dexter_stable_pool` in this scope
[INFO] [stdout]   --> tests/utils/mod.rs:51:9
[INFO] [stdout]    |
[INFO] [stdout] 51 |         dexter_stable_pool::contract::execute,
[INFO] [stdout]    |         ^^^^^^^^^^^^^^^^^^ use of unresolved module or unlinked crate `dexter_stable_pool`
[INFO] [stdout]    |
[INFO] [stdout]    = help: if you wanted to use a crate named `dexter_stable_pool`, use `cargo add dexter_stable_pool` to add it to your `Cargo.toml`
[INFO] [stdout] 
[INFO] [stdout] 
[INFO] [stdout] error[E0433]: cannot find module or crate `dexter_stable_pool` in this scope
[INFO] [stdout]   --> tests/utils/mod.rs:51:9
[INFO] [stdout]    |
[INFO] [stdout] 51 |         dexter_stable_pool::contract::execute,
[INFO] [stdout]    |         ^^^^^^^^^^^^^^^^^^ use of unresolved module or unlinked crate `dexter_stable_pool`
[INFO] [stdout]    |
[INFO] [stdout]    = help: if you wanted to use a crate named `dexter_stable_pool`, use `cargo add dexter_stable_pool` to add it to your `Cargo.toml`
[INFO] [stdout] 
[INFO] [stdout] 
[INFO] [stdout] error[E0433]: cannot find module or crate `dexter_lp_token` in this scope
[INFO] [stdout]   --> tests/utils/mod.rs:44:9
[INFO] [stdout]    |
[INFO] [stdout] 44 |         dexter_lp_token::contract::query,
[INFO] [stdout]    |         ^^^^^^^^^^^^^^^ use of unresolved module or unlinked crate `dexter_lp_token`
[INFO] [stdout]    |
[INFO] [stdout]    = help: if you wanted to use a crate named `dexter_lp_token`, use `cargo add dexter_lp_token` to add it to your `Cargo.toml`
[INFO] [stdout] 
[INFO] [stdout] 
[INFO] [stdout] error[E0433]: cannot find module or crate `dexter_lp_token` in this scope
[INFO] [stdout]   --> tests/utils/mod.rs:42:9
[INFO] [stdout]    |
[INFO] [stdout] 42 |         dexter_lp_token::contract::execute,
[INFO] [stdout]    |         ^^^^^^^^^^^^^^^ use of unresolved module or unlinked crate `dexter_lp_token`
[INFO] [stdout]    |
[INFO] [stdout]    = help: if you wanted to use a crate named `dexter_lp_token`, use `cargo add dexter_lp_token` to add it to your `Cargo.toml`
[INFO] [stdout] 
[INFO] [stdout] 
[INFO] [stdout] error[E0433]: cannot find module or crate `dexter_lp_token` in this scope
[INFO] [stdout]   --> tests/utils/mod.rs:42:9
[INFO] [stdout]    |
[INFO] [stdout] 42 |         dexter_lp_token::contract::execute,
[INFO] [stdout]    |         ^^^^^^^^^^^^^^^ use of unresolved module or unlinked crate `dexter_lp_token`
[INFO] [stdout]    |
[INFO] [stdout]    = help: if you wanted to use a crate named `dexter_lp_token`, use `cargo add dexter_lp_token` to add it to your `Cargo.toml`
[INFO] [stdout] 
[INFO] [stdout] 
[INFO] [stdout] error[E0433]: cannot find module or crate `dexter_stable_pool` in this scope
[INFO] [stdout]   --> tests/utils/mod.rs:52:9
[INFO] [stdout]    |
[INFO] [stdout] 52 |         dexter_stable_pool::contract::instantiate,
[INFO] [stdout]    |         ^^^^^^^^^^^^^^^^^^ use of unresolved module or unlinked crate `dexter_stable_pool`
[INFO] [stdout]    |
[INFO] [stdout]    = help: if you wanted to use a crate named `dexter_stable_pool`, use `cargo add dexter_stable_pool` to add it to your `Cargo.toml`
[INFO] [stdout] 
[INFO] [stdout] 
[INFO] [stdout] error[E0433]: cannot find module or crate `dexter_stable_pool` in this scope
[INFO] [stdout]   --> tests/utils/mod.rs:52:9
[INFO] [stdout]    |
[INFO] [stdout] 52 |         dexter_stable_pool::contract::instantiate,
[INFO] [stdout]    |         ^^^^^^^^^^^^^^^^^^ use of unresolved module or unlinked crate `dexter_stable_pool`
[INFO] [stdout]    |
[INFO] [stdout]    = help: if you wanted to use a crate named `dexter_stable_pool`, use `cargo add dexter_stable_pool` to add it to your `Cargo.toml`
[INFO] [stdout] 
[INFO] [stdout] 
[INFO] [stdout] error[E0433]: cannot find module or crate `dexter_stable_pool` in this scope
[INFO] [stdout]   --> tests/utils/mod.rs:51:9
[INFO] [stdout]    |
[INFO] [stdout] 51 |         dexter_stable_pool::contract::execute,
[INFO] [stdout]    |         ^^^^^^^^^^^^^^^^^^ use of unresolved module or unlinked crate `dexter_stable_pool`
[INFO] [stdout]    |
[INFO] [stdout]    = help: if you wanted to use a crate named `dexter_stable_pool`, use `cargo add dexter_stable_pool` to add it to your `Cargo.toml`
[INFO] [stdout] 
[INFO] [stdout] 
[INFO] [stdout] error[E0433]: cannot find module or crate `dexter_lp_token` in this scope
[INFO] [stdout]   --> tests/utils/mod.rs:43:9
[INFO] [stdout]    |
[INFO] [stdout] 43 |         dexter_lp_token::contract::instantiate,
[INFO] [stdout]    |         ^^^^^^^^^^^^^^^ use of unresolved module or unlinked crate `dexter_lp_token`
[INFO] [stdout]    |
[INFO] [stdout]    = help: if you wanted to use a crate named `dexter_lp_token`, use `cargo add dexter_lp_token` to add it to your `Cargo.toml`
[INFO] [stdout] 
[INFO] [stdout] 
[INFO] [stdout] error[E0433]: cannot find module or crate `dexter_stable_pool` in this scope
[INFO] [stdout]   --> tests/utils/mod.rs:52:9
[INFO] [stdout]    |
[INFO] [stdout] 52 |         dexter_stable_pool::contract::instantiate,
[INFO] [stdout]    |         ^^^^^^^^^^^^^^^^^^ use of unresolved module or unlinked crate `dexter_stable_pool`
[INFO] [stdout]    |
[INFO] [stdout]    = help: if you wanted to use a crate named `dexter_stable_pool`, use `cargo add dexter_stable_pool` to add it to your `Cargo.toml`
[INFO] [stdout] 
[INFO] [stdout] 
[INFO] [stdout] For more information about this error, try `rustc --explain E0433`.
[INFO] [stdout] 
[INFO] [stdout] error[E0433]: cannot find module or crate `dexter_stable_pool` in this scope
[INFO] [stdout]   --> tests/utils/mod.rs:53:9
[INFO] [stdout]    |
[INFO] [stdout] 53 |         dexter_stable_pool::contract::query,
[INFO] [stdout]    |         ^^^^^^^^^^^^^^^^^^ use of unresolved module or unlinked crate `dexter_stable_pool`
[INFO] [stdout]    |
[INFO] [stdout]    = help: if you wanted to use a crate named `dexter_stable_pool`, use `cargo add dexter_stable_pool` to add it to your `Cargo.toml`
[INFO] [stdout] 
[INFO] [stdout] 
[INFO] [stdout] error[E0433]: cannot find module or crate `dexter_lp_token` in this scope
[INFO] [stdout]   --> tests/utils/mod.rs:42:9
[INFO] [stdout]    |
[INFO] [stdout] 42 |         dexter_lp_token::contract::execute,
[INFO] [stdout]    |         ^^^^^^^^^^^^^^^ use of unresolved module or unlinked crate `dexter_lp_token`
[INFO] [stdout]    |
[INFO] [stdout]    = help: if you wanted to use a crate named `dexter_lp_token`, use `cargo add dexter_lp_token` to add it to your `Cargo.toml`
[INFO] [stdout] 
[INFO] [stdout] 
[INFO] [stdout] error[E0433]: cannot find module or crate `dexter_stable_pool` in this scope
[INFO] [stdout]   --> tests/utils/mod.rs:53:9
[INFO] [stdout]    |
[INFO] [stdout] 53 |         dexter_stable_pool::contract::query,
[INFO] [stdout]    |         ^^^^^^^^^^^^^^^^^^ use of unresolved module or unlinked crate `dexter_stable_pool`
[INFO] [stdout]    |
[INFO] [stdout]    = help: if you wanted to use a crate named `dexter_stable_pool`, use `cargo add dexter_stable_pool` to add it to your `Cargo.toml`
[INFO] [stdout] 
[INFO] [stdout] 
[INFO] [stderr] error: could not compile `dexter-vault` (test "pool_creation") due to 15 previous errors
[INFO] [stderr] warning: build failed, waiting for other jobs to finish...
[INFO] [stdout] error[E0433]: cannot find module or crate `dexter_stable_pool` in this scope
[INFO] [stdout]   --> tests/utils/mod.rs:53:9
[INFO] [stdout]    |
[INFO] [stdout] 53 |         dexter_stable_pool::contract::query,
[INFO] [stdout]    |         ^^^^^^^^^^^^^^^^^^ use of unresolved module or unlinked crate `dexter_stable_pool`
[INFO] [stdout]    |
[INFO] [stdout]    = help: if you wanted to use a crate named `dexter_stable_pool`, use `cargo add dexter_stable_pool` to add it to your `Cargo.toml`
[INFO] [stdout] 
[INFO] [stdout] 
[INFO] [stdout] error[E0433]: cannot find module or crate `dexter_weighted_pool` in this scope
[INFO] [stdout]   --> tests/utils/mod.rs:60:9
[INFO] [stdout]    |
[INFO] [stdout] 60 |         dexter_weighted_pool::contract::execute,
[INFO] [stdout]    |         ^^^^^^^^^^^^^^^^^^^^ use of unresolved module or unlinked crate `dexter_weighted_pool`
[INFO] [stdout]    |
[INFO] [stdout]    = help: if you wanted to use a crate named `dexter_weighted_pool`, use `cargo add dexter_weighted_pool` to add it to your `Cargo.toml`
[INFO] [stdout] 
[INFO] [stdout] 
[INFO] [stdout] error[E0433]: cannot find module or crate `dexter_lp_token` in this scope
[INFO] [stdout]   --> tests/utils/mod.rs:43:9
[INFO] [stdout]    |
[INFO] [stdout] 43 |         dexter_lp_token::contract::instantiate,
[INFO] [stdout]    |         ^^^^^^^^^^^^^^^ use of unresolved module or unlinked crate `dexter_lp_token`
[INFO] [stdout]    |
[INFO] [stdout]    = help: if you wanted to use a crate named `dexter_lp_token`, use `cargo add dexter_lp_token` to add it to your `Cargo.toml`
[INFO] [stdout] 
[INFO] [stdout] 
[INFO] [stdout] error[E0433]: cannot find module or crate `dexter_weighted_pool` in this scope
[INFO] [stdout]   --> tests/utils/mod.rs:60:9
[INFO] [stdout]    |
[INFO] [stdout] 60 |         dexter_weighted_pool::contract::execute,
[INFO] [stdout]    |         ^^^^^^^^^^^^^^^^^^^^ use of unresolved module or unlinked crate `dexter_weighted_pool`
[INFO] [stdout]    |
[INFO] [stdout]    = help: if you wanted to use a crate named `dexter_weighted_pool`, use `cargo add dexter_weighted_pool` to add it to your `Cargo.toml`
[INFO] [stdout] 
[INFO] [stdout] 
[INFO] [stdout] error[E0433]: cannot find module or crate `dexter_weighted_pool` in this scope
[INFO] [stdout]   --> tests/utils/mod.rs:61:9
[INFO] [stdout]    |
[INFO] [stdout] 61 |         dexter_weighted_pool::contract::instantiate,
[INFO] [stdout]    |         ^^^^^^^^^^^^^^^^^^^^ use of unresolved module or unlinked crate `dexter_weighted_pool`
[INFO] [stdout]    |
[INFO] [stdout]    = help: if you wanted to use a crate named `dexter_weighted_pool`, use `cargo add dexter_weighted_pool` to add it to your `Cargo.toml`
[INFO] [stdout] 
[INFO] [stdout] 
[INFO] [stdout] error[E0433]: cannot find module or crate `dexter_weighted_pool` in this scope
[INFO] [stdout]   --> tests/utils/mod.rs:60:9
[INFO] [stdout]    |
[INFO] [stdout] 60 |         dexter_weighted_pool::contract::execute,
[INFO] [stdout]    |         ^^^^^^^^^^^^^^^^^^^^ use of unresolved module or unlinked crate `dexter_weighted_pool`
[INFO] [stdout]    |
[INFO] [stdout]    = help: if you wanted to use a crate named `dexter_weighted_pool`, use `cargo add dexter_weighted_pool` to add it to your `Cargo.toml`
[INFO] [stdout] 
[INFO] [stdout] 
[INFO] [stdout] error[E0433]: cannot find module or crate `dexter_lp_token` in this scope
[INFO] [stdout]   --> tests/utils/mod.rs:44:9
[INFO] [stdout]    |
[INFO] [stdout] 44 |         dexter_lp_token::contract::query,
[INFO] [stdout]    |         ^^^^^^^^^^^^^^^ use of unresolved module or unlinked crate `dexter_lp_token`
[INFO] [stdout]    |
[INFO] [stdout]    = help: if you wanted to use a crate named `dexter_lp_token`, use `cargo add dexter_lp_token` to add it to your `Cargo.toml`
[INFO] [stdout] 
[INFO] [stdout] 
[INFO] [stdout] error[E0433]: cannot find module or crate `dexter_weighted_pool` in this scope
[INFO] [stdout]   --> tests/utils/mod.rs:62:9
[INFO] [stdout]    |
[INFO] [stdout] 62 |         dexter_weighted_pool::contract::query,
[INFO] [stdout]    |         ^^^^^^^^^^^^^^^^^^^^ use of unresolved module or unlinked crate `dexter_weighted_pool`
[INFO] [stdout]    |
[INFO] [stdout]    = help: if you wanted to use a crate named `dexter_weighted_pool`, use `cargo add dexter_weighted_pool` to add it to your `Cargo.toml`
[INFO] [stdout] 
[INFO] [stdout] 
[INFO] [stdout] error[E0433]: cannot find module or crate `dexter_multi_staking` in this scope
[INFO] [stdout]    --> tests/utils/mod.rs:123:9
[INFO] [stdout]     |
[INFO] [stdout] 123 |         dexter_multi_staking::contract::execute,
[INFO] [stdout]     |         ^^^^^^^^^^^^^^^^^^^^ use of unresolved module or unlinked crate `dexter_multi_staking`
[INFO] [stdout]     |
[INFO] [stdout]     = help: if you wanted to use a crate named `dexter_multi_staking`, use `cargo add dexter_multi_staking` to add it to your `Cargo.toml`
[INFO] [stdout] 
[INFO] [stdout] 
[INFO] [stdout] error[E0433]: cannot find module or crate `dexter_weighted_pool` in this scope
[INFO] [stdout]   --> tests/utils/mod.rs:61:9
[INFO] [stdout]    |
[INFO] [stdout] 61 |         dexter_weighted_pool::contract::instantiate,
[INFO] [stdout]    |         ^^^^^^^^^^^^^^^^^^^^ use of unresolved module or unlinked crate `dexter_weighted_pool`
[INFO] [stdout]    |
[INFO] [stdout]    = help: if you wanted to use a crate named `dexter_weighted_pool`, use `cargo add dexter_weighted_pool` to add it to your `Cargo.toml`
[INFO] [stdout] 
[INFO] [stdout] 
[INFO] [stdout] error[E0433]: cannot find module or crate `dexter_weighted_pool` in this scope
[INFO] [stdout]   --> tests/utils/mod.rs:61:9
[INFO] [stdout]    |
[INFO] [stdout] 61 |         dexter_weighted_pool::contract::instantiate,
[INFO] [stdout]    |         ^^^^^^^^^^^^^^^^^^^^ use of unresolved module or unlinked crate `dexter_weighted_pool`
[INFO] [stdout]    |
[INFO] [stdout]    = help: if you wanted to use a crate named `dexter_weighted_pool`, use `cargo add dexter_weighted_pool` to add it to your `Cargo.toml`
[INFO] [stdout] 
[INFO] [stdout] 
[INFO] [stdout] error[E0433]: cannot find module or crate `dexter_lp_token` in this scope
[INFO] [stdout]   --> tests/utils/mod.rs:44:9
[INFO] [stdout]    |
[INFO] [stdout] 44 |         dexter_lp_token::contract::query,
[INFO] [stdout]    |         ^^^^^^^^^^^^^^^ use of unresolved module or unlinked crate `dexter_lp_token`
[INFO] [stdout]    |
[INFO] [stdout]    = help: if you wanted to use a crate named `dexter_lp_token`, use `cargo add dexter_lp_token` to add it to your `Cargo.toml`
[INFO] [stdout] 
[INFO] [stdout] 
[INFO] [stdout] error[E0433]: cannot find module or crate `dexter_multi_staking` in this scope
[INFO] [stdout]    --> tests/utils/mod.rs:124:9
[INFO] [stdout]     |
[INFO] [stdout] 124 |         dexter_multi_staking::contract::instantiate,
[INFO] [stdout]     |         ^^^^^^^^^^^^^^^^^^^^ use of unresolved module or unlinked crate `dexter_multi_staking`
[INFO] [stdout]     |
[INFO] [stdout]     = help: if you wanted to use a crate named `dexter_multi_staking`, use `cargo add dexter_multi_staking` to add it to your `Cargo.toml`
[INFO] [stdout] 
[INFO] [stdout] 
[INFO] [stdout] error[E0433]: cannot find module or crate `dexter_lp_token` in this scope
[INFO] [stdout]   --> tests/utils/mod.rs:43:9
[INFO] [stdout]    |
[INFO] [stdout] 43 |         dexter_lp_token::contract::instantiate,
[INFO] [stdout]    |         ^^^^^^^^^^^^^^^ use of unresolved module or unlinked crate `dexter_lp_token`
[INFO] [stdout]    |
[INFO] [stdout]    = help: if you wanted to use a crate named `dexter_lp_token`, use `cargo add dexter_lp_token` to add it to your `Cargo.toml`
[INFO] [stdout] 
[INFO] [stdout] 
[INFO] [stdout] error[E0433]: cannot find module or crate `dexter_multi_staking` in this scope
[INFO] [stdout]    --> tests/utils/mod.rs:125:9
[INFO] [stdout]     |
[INFO] [stdout] 125 |         dexter_multi_staking::contract::query,
[INFO] [stdout]     |         ^^^^^^^^^^^^^^^^^^^^ use of unresolved module or unlinked crate `dexter_multi_staking`
[INFO] [stdout]     |
[INFO] [stdout]     = help: if you wanted to use a crate named `dexter_multi_staking`, use `cargo add dexter_multi_staking` to add it to your `Cargo.toml`
[INFO] [stdout] 
[INFO] [stdout] 
[INFO] [stdout] error[E0433]: cannot find module or crate `dexter_weighted_pool` in this scope
[INFO] [stdout]   --> tests/utils/mod.rs:62:9
[INFO] [stdout]    |
[INFO] [stdout] 62 |         dexter_weighted_pool::contract::query,
[INFO] [stdout]    |         ^^^^^^^^^^^^^^^^^^^^ use of unresolved module or unlinked crate `dexter_weighted_pool`
[INFO] [stdout]    |
[INFO] [stdout]    = help: if you wanted to use a crate named `dexter_weighted_pool`, use `cargo add dexter_weighted_pool` to add it to your `Cargo.toml`
[INFO] [stdout] 
[INFO] [stdout] 
[INFO] [stdout] error[E0433]: cannot find module or crate `dexter_weighted_pool` in this scope
[INFO] [stdout]   --> tests/utils/mod.rs:62:9
[INFO] [stdout]    |
[INFO] [stdout] 62 |         dexter_weighted_pool::contract::query,
[INFO] [stdout]    |         ^^^^^^^^^^^^^^^^^^^^ use of unresolved module or unlinked crate `dexter_weighted_pool`
[INFO] [stdout]    |
[INFO] [stdout]    = help: if you wanted to use a crate named `dexter_weighted_pool`, use `cargo add dexter_weighted_pool` to add it to your `Cargo.toml`
[INFO] [stdout] 
[INFO] [stdout] 
[INFO] [stdout] error[E0433]: cannot find module or crate `dexter_stable_pool` in this scope
[INFO] [stdout]   --> tests/utils/mod.rs:51:9
[INFO] [stdout]    |
[INFO] [stdout] 51 |         dexter_stable_pool::contract::execute,
[INFO] [stdout]    |         ^^^^^^^^^^^^^^^^^^ use of unresolved module or unlinked crate `dexter_stable_pool`
[INFO] [stdout]    |
[INFO] [stdout]    = help: if you wanted to use a crate named `dexter_stable_pool`, use `cargo add dexter_stable_pool` to add it to your `Cargo.toml`
[INFO] [stdout] 
[INFO] [stdout] 
[INFO] [stdout] error[E0433]: cannot find module or crate `dexter_weighted_pool` in this scope
[INFO] [stdout]    --> tests/utils/mod.rs:494:29
[INFO] [stdout]     |
[INFO] [stdout] 494 |             to_json_binary(&dexter_weighted_pool::state::WeightedParams {
[INFO] [stdout]     |                             ^^^^^^^^^^^^^^^^^^^^ use of unresolved module or unlinked crate `dexter_weighted_pool`
[INFO] [stdout]     |
[INFO] [stdout]     = help: if you wanted to use a crate named `dexter_weighted_pool`, use `cargo add dexter_weighted_pool` to add it to your `Cargo.toml`
[INFO] [stdout] 
[INFO] [stdout] 
[INFO] [stdout] error[E0433]: cannot find module or crate `dexter_stable_pool` in this scope
[INFO] [stdout]   --> tests/utils/mod.rs:51:9
[INFO] [stdout]    |
[INFO] [stdout] 51 |         dexter_stable_pool::contract::execute,
[INFO] [stdout]    |         ^^^^^^^^^^^^^^^^^^ use of unresolved module or unlinked crate `dexter_stable_pool`
[INFO] [stdout]    |
[INFO] [stdout]    = help: if you wanted to use a crate named `dexter_stable_pool`, use `cargo add dexter_stable_pool` to add it to your `Cargo.toml`
[INFO] [stdout] 
[INFO] [stdout] 
[INFO] [stdout] error[E0433]: cannot find module or crate `dexter_multi_staking` in this scope
[INFO] [stdout]    --> tests/utils/mod.rs:123:9
[INFO] [stdout]     |
[INFO] [stdout] 123 |         dexter_multi_staking::contract::execute,
[INFO] [stdout]     |         ^^^^^^^^^^^^^^^^^^^^ use of unresolved module or unlinked crate `dexter_multi_staking`
[INFO] [stdout]     |
[INFO] [stdout]     = help: if you wanted to use a crate named `dexter_multi_staking`, use `cargo add dexter_multi_staking` to add it to your `Cargo.toml`
[INFO] [stdout] 
[INFO] [stdout] 
[INFO] [stdout] error[E0433]: cannot find module or crate `dexter_multi_staking` in this scope
[INFO] [stdout]    --> tests/utils/mod.rs:123:9
[INFO] [stdout]     |
[INFO] [stdout] 123 |         dexter_multi_staking::contract::execute,
[INFO] [stdout]     |         ^^^^^^^^^^^^^^^^^^^^ use of unresolved module or unlinked crate `dexter_multi_staking`
[INFO] [stdout]     |
[INFO] [stdout]     = help: if you wanted to use a crate named `dexter_multi_staking`, use `cargo add dexter_multi_staking` to add it to your `Cargo.toml`
[INFO] [stdout] 
[INFO] [stdout] 
[INFO] [stdout] error[E0433]: cannot find module or crate `dexter_multi_staking` in this scope
[INFO] [stdout]    --> tests/utils/mod.rs:124:9
[INFO] [stdout]     |
[INFO] [stdout] 124 |         dexter_multi_staking::contract::instantiate,
[INFO] [stdout]     |         ^^^^^^^^^^^^^^^^^^^^ use of unresolved module or unlinked crate `dexter_multi_staking`
[INFO] [stdout]     |
[INFO] [stdout]     = help: if you wanted to use a crate named `dexter_multi_staking`, use `cargo add dexter_multi_staking` to add it to your `Cargo.toml`
[INFO] [stdout] 
[INFO] [stdout] 
[INFO] [stdout] error[E0433]: cannot find module or crate `dexter_stable_pool` in this scope
[INFO] [stdout]   --> tests/utils/mod.rs:52:9
[INFO] [stdout]    |
[INFO] [stdout] 52 |         dexter_stable_pool::contract::instantiate,
[INFO] [stdout]    |         ^^^^^^^^^^^^^^^^^^ use of unresolved module or unlinked crate `dexter_stable_pool`
[INFO] [stdout]    |
[INFO] [stdout]    = help: if you wanted to use a crate named `dexter_stable_pool`, use `cargo add dexter_stable_pool` to add it to your `Cargo.toml`
[INFO] [stdout] 
[INFO] [stdout] 
[INFO] [stdout] error[E0433]: cannot find module or crate `dexter_lp_token` in this scope
[INFO] [stdout]   --> tests/utils/mod.rs:44:9
[INFO] [stdout]    |
[INFO] [stdout] 44 |         dexter_lp_token::contract::query,
[INFO] [stdout]    |         ^^^^^^^^^^^^^^^ use of unresolved module or unlinked crate `dexter_lp_token`
[INFO] [stdout]    |
[INFO] [stdout]    = help: if you wanted to use a crate named `dexter_lp_token`, use `cargo add dexter_lp_token` to add it to your `Cargo.toml`
[INFO] [stdout] 
[INFO] [stdout] 
[INFO] [stdout] error[E0433]: cannot find module or crate `dexter_multi_staking` in this scope
[INFO] [stdout]    --> tests/utils/mod.rs:125:9
[INFO] [stdout]     |
[INFO] [stdout] 125 |         dexter_multi_staking::contract::query,
[INFO] [stdout]     |         ^^^^^^^^^^^^^^^^^^^^ use of unresolved module or unlinked crate `dexter_multi_staking`
[INFO] [stdout]     |
[INFO] [stdout]     = help: if you wanted to use a crate named `dexter_multi_staking`, use `cargo add dexter_multi_staking` to add it to your `Cargo.toml`
[INFO] [stdout] 
[INFO] [stdout] 
[INFO] [stdout] error[E0433]: cannot find module or crate `dexter_stable_pool` in this scope
[INFO] [stdout]   --> tests/utils/mod.rs:52:9
[INFO] [stdout]    |
[INFO] [stdout] 52 |         dexter_stable_pool::contract::instantiate,
[INFO] [stdout]    |         ^^^^^^^^^^^^^^^^^^ use of unresolved module or unlinked crate `dexter_stable_pool`
[INFO] [stdout]    |
[INFO] [stdout]    = help: if you wanted to use a crate named `dexter_stable_pool`, use `cargo add dexter_stable_pool` to add it to your `Cargo.toml`
[INFO] [stdout] 
[INFO] [stdout] 
[INFO] [stdout] error[E0433]: cannot find module or crate `dexter_weighted_pool` in this scope
[INFO] [stdout]    --> tests/utils/mod.rs:494:29
[INFO] [stdout]     |
[INFO] [stdout] 494 |             to_json_binary(&dexter_weighted_pool::state::WeightedParams {
[INFO] [stdout]     |                             ^^^^^^^^^^^^^^^^^^^^ use of unresolved module or unlinked crate `dexter_weighted_pool`
[INFO] [stdout]     |
[INFO] [stdout]     = help: if you wanted to use a crate named `dexter_weighted_pool`, use `cargo add dexter_weighted_pool` to add it to your `Cargo.toml`
[INFO] [stdout] 
[INFO] [stdout] 
[INFO] [stdout] error[E0433]: cannot find module or crate `dexter_stable_pool` in this scope
[INFO] [stdout]   --> tests/utils/mod.rs:53:9
[INFO] [stdout]    |
[INFO] [stdout] 53 |         dexter_stable_pool::contract::query,
[INFO] [stdout]    |         ^^^^^^^^^^^^^^^^^^ use of unresolved module or unlinked crate `dexter_stable_pool`
[INFO] [stdout]    |
[INFO] [stdout]    = help: if you wanted to use a crate named `dexter_stable_pool`, use `cargo add dexter_stable_pool` to add it to your `Cargo.toml`
[INFO] [stdout] 
[INFO] [stdout] 
[INFO] [stdout] error[E0433]: cannot find module or crate `dexter_stable_pool` in this scope
[INFO] [stdout]   --> tests/utils/mod.rs:51:9
[INFO] [stdout]    |
[INFO] [stdout] 51 |         dexter_stable_pool::contract::execute,
[INFO] [stdout]    |         ^^^^^^^^^^^^^^^^^^ use of unresolved module or unlinked crate `dexter_stable_pool`
[INFO] [stdout]    |
[INFO] [stdout]    = help: if you wanted to use a crate named `dexter_stable_pool`, use `cargo add dexter_stable_pool` to add it to your `Cargo.toml`
[INFO] [stdout] 
[INFO] [stdout] 
[INFO] [stdout] error[E0433]: cannot find module or crate `dexter_stable_pool` in this scope
[INFO] [stdout]   --> tests/utils/mod.rs:53:9
[INFO] [stdout]    |
[INFO] [stdout] 53 |         dexter_stable_pool::contract::query,
[INFO] [stdout]    |         ^^^^^^^^^^^^^^^^^^ use of unresolved module or unlinked crate `dexter_stable_pool`
[INFO] [stdout]    |
[INFO] [stdout]    = help: if you wanted to use a crate named `dexter_stable_pool`, use `cargo add dexter_stable_pool` to add it to your `Cargo.toml`
[INFO] [stdout] 
[INFO] [stdout] 
[INFO] [stdout] error[E0433]: cannot find module or crate `dexter_multi_staking` in this scope
[INFO] [stdout]    --> tests/utils/mod.rs:124:9
[INFO] [stdout]     |
[INFO] [stdout] 124 |         dexter_multi_staking::contract::instantiate,
[INFO] [stdout]     |         ^^^^^^^^^^^^^^^^^^^^ use of unresolved module or unlinked crate `dexter_multi_staking`
[INFO] [stdout]     |
[INFO] [stdout]     = help: if you wanted to use a crate named `dexter_multi_staking`, use `cargo add dexter_multi_staking` to add it to your `Cargo.toml`
[INFO] [stdout] 
[INFO] [stdout] 
[INFO] [stdout] error[E0433]: cannot find module or crate `dexter_weighted_pool` in this scope
[INFO] [stdout]   --> tests/utils/mod.rs:60:9
[INFO] [stdout]    |
[INFO] [stdout] 60 |         dexter_weighted_pool::contract::execute,
[INFO] [stdout]    |         ^^^^^^^^^^^^^^^^^^^^ use of unresolved module or unlinked crate `dexter_weighted_pool`
[INFO] [stdout]    |
[INFO] [stdout]    = help: if you wanted to use a crate named `dexter_weighted_pool`, use `cargo add dexter_weighted_pool` to add it to your `Cargo.toml`
[INFO] [stdout] 
[INFO] [stdout] 
[INFO] [stdout] error[E0433]: cannot find module or crate `dexter_weighted_pool` in this scope
[INFO] [stdout]   --> tests/utils/mod.rs:60:9
[INFO] [stdout]    |
[INFO] [stdout] 60 |         dexter_weighted_pool::contract::execute,
[INFO] [stdout]    |         ^^^^^^^^^^^^^^^^^^^^ use of unresolved module or unlinked crate `dexter_weighted_pool`
[INFO] [stdout]    |
[INFO] [stdout]    = help: if you wanted to use a crate named `dexter_weighted_pool`, use `cargo add dexter_weighted_pool` to add it to your `Cargo.toml`
[INFO] [stdout] 
[INFO] [stdout] 
[INFO] [stdout] error[E0433]: cannot find module or crate `dexter_weighted_pool` in this scope
[INFO] [stdout]   --> tests/utils/mod.rs:61:9
[INFO] [stdout]    |
[INFO] [stdout] 61 |         dexter_weighted_pool::contract::instantiate,
[INFO] [stdout]    |         ^^^^^^^^^^^^^^^^^^^^ use of unresolved module or unlinked crate `dexter_weighted_pool`
[INFO] [stdout]    |
[INFO] [stdout]    = help: if you wanted to use a crate named `dexter_weighted_pool`, use `cargo add dexter_weighted_pool` to add it to your `Cargo.toml`
[INFO] [stdout] 
[INFO] [stdout] 
[INFO] [stdout] error[E0433]: cannot find module or crate `dexter_stable_pool` in this scope
[INFO] [stdout]   --> tests/utils/mod.rs:52:9
[INFO] [stdout]    |
[INFO] [stdout] 52 |         dexter_stable_pool::contract::instantiate,
[INFO] [stdout]    |         ^^^^^^^^^^^^^^^^^^ use of unresolved module or unlinked crate `dexter_stable_pool`
[INFO] [stdout]    |
[INFO] [stdout]    = help: if you wanted to use a crate named `dexter_stable_pool`, use `cargo add dexter_stable_pool` to add it to your `Cargo.toml`
[INFO] [stdout] 
[INFO] [stdout] 
[INFO] [stdout] error[E0433]: cannot find module or crate `dexter_multi_staking` in this scope
[INFO] [stdout]    --> tests/utils/mod.rs:125:9
[INFO] [stdout]     |
[INFO] [stdout] 125 |         dexter_multi_staking::contract::query,
[INFO] [stdout]     |         ^^^^^^^^^^^^^^^^^^^^ use of unresolved module or unlinked crate `dexter_multi_staking`
[INFO] [stdout]     |
[INFO] [stdout]     = help: if you wanted to use a crate named `dexter_multi_staking`, use `cargo add dexter_multi_staking` to add it to your `Cargo.toml`
[INFO] [stdout] 
[INFO] [stdout] 
[INFO] [stdout] error[E0433]: cannot find module or crate `dexter_weighted_pool` in this scope
[INFO] [stdout]   --> tests/utils/mod.rs:61:9
[INFO] [stdout]    |
[INFO] [stdout] 61 |         dexter_weighted_pool::contract::instantiate,
[INFO] [stdout]    |         ^^^^^^^^^^^^^^^^^^^^ use of unresolved module or unlinked crate `dexter_weighted_pool`
[INFO] [stdout]    |
[INFO] [stdout]    = help: if you wanted to use a crate named `dexter_weighted_pool`, use `cargo add dexter_weighted_pool` to add it to your `Cargo.toml`
[INFO] [stdout] 
[INFO] [stdout] 
[INFO] [stdout] error[E0433]: cannot find module or crate `dexter_weighted_pool` in this scope
[INFO] [stdout]   --> tests/utils/mod.rs:62:9
[INFO] [stdout]    |
[INFO] [stdout] 62 |         dexter_weighted_pool::contract::query,
[INFO] [stdout]    |         ^^^^^^^^^^^^^^^^^^^^ use of unresolved module or unlinked crate `dexter_weighted_pool`
[INFO] [stdout]    |
[INFO] [stdout]    = help: if you wanted to use a crate named `dexter_weighted_pool`, use `cargo add dexter_weighted_pool` to add it to your `Cargo.toml`
[INFO] [stdout] 
[INFO] [stdout] 
[INFO] [stdout] error[E0433]: cannot find module or crate `dexter_weighted_pool` in this scope
[INFO] [stdout]   --> tests/utils/mod.rs:62:9
[INFO] [stdout]    |
[INFO] [stdout] 62 |         dexter_weighted_pool::contract::query,
[INFO] [stdout]    |         ^^^^^^^^^^^^^^^^^^^^ use of unresolved module or unlinked crate `dexter_weighted_pool`
[INFO] [stdout]    |
[INFO] [stdout]    = help: if you wanted to use a crate named `dexter_weighted_pool`, use `cargo add dexter_weighted_pool` to add it to your `Cargo.toml`
[INFO] [stdout] 
[INFO] [stdout] 
[INFO] [stdout] error[E0433]: cannot find module or crate `dexter_stable_pool` in this scope
[INFO] [stdout]   --> tests/utils/mod.rs:53:9
[INFO] [stdout]    |
[INFO] [stdout] 53 |         dexter_stable_pool::contract::query,
[INFO] [stdout]    |         ^^^^^^^^^^^^^^^^^^ use of unresolved module or unlinked crate `dexter_stable_pool`
[INFO] [stdout]    |
[INFO] [stdout]    = help: if you wanted to use a crate named `dexter_stable_pool`, use `cargo add dexter_stable_pool` to add it to your `Cargo.toml`
[INFO] [stdout] 
[INFO] [stdout] 
[INFO] [stdout] error[E0433]: cannot find module or crate `dexter_multi_staking` in this scope
[INFO] [stdout]    --> tests/utils/mod.rs:123:9
[INFO] [stdout]     |
[INFO] [stdout] 123 |         dexter_multi_staking::contract::execute,
[INFO] [stdout]     |         ^^^^^^^^^^^^^^^^^^^^ use of unresolved module or unlinked crate `dexter_multi_staking`
[INFO] [stdout]     |
[INFO] [stdout]     = help: if you wanted to use a crate named `dexter_multi_staking`, use `cargo add dexter_multi_staking` to add it to your `Cargo.toml`
[INFO] [stdout] 
[INFO] [stdout] 
[INFO] [stdout] error[E0433]: cannot find module or crate `dexter_weighted_pool` in this scope
[INFO] [stdout]    --> tests/utils/mod.rs:494:29
[INFO] [stdout]     |
[INFO] [stdout] 494 |             to_json_binary(&dexter_weighted_pool::state::WeightedParams {
[INFO] [stdout]     |                             ^^^^^^^^^^^^^^^^^^^^ use of unresolved module or unlinked crate `dexter_weighted_pool`
[INFO] [stdout]     |
[INFO] [stdout]     = help: if you wanted to use a crate named `dexter_weighted_pool`, use `cargo add dexter_weighted_pool` to add it to your `Cargo.toml`
[INFO] [stdout] 
[INFO] [stdout] 
[INFO] [stdout] error[E0433]: cannot find module or crate `dexter_multi_staking` in this scope
[INFO] [stdout]    --> tests/utils/mod.rs:123:9
[INFO] [stdout]     |
[INFO] [stdout] 123 |         dexter_multi_staking::contract::execute,
[INFO] [stdout]     |         ^^^^^^^^^^^^^^^^^^^^ use of unresolved module or unlinked crate `dexter_multi_staking`
[INFO] [stdout]     |
[INFO] [stdout]     = help: if you wanted to use a crate named `dexter_multi_staking`, use `cargo add dexter_multi_staking` to add it to your `Cargo.toml`
[INFO] [stdout] 
[INFO] [stdout] 
[INFO] [stdout] error[E0433]: cannot find module or crate `dexter_multi_staking` in this scope
[INFO] [stdout]    --> tests/utils/mod.rs:124:9
[INFO] [stdout]     |
[INFO] [stdout] 124 |         dexter_multi_staking::contract::instantiate,
[INFO] [stdout]     |         ^^^^^^^^^^^^^^^^^^^^ use of unresolved module or unlinked crate `dexter_multi_staking`
[INFO] [stdout]     |
[INFO] [stdout]     = help: if you wanted to use a crate named `dexter_multi_staking`, use `cargo add dexter_multi_staking` to add it to your `Cargo.toml`
[INFO] [stdout] 
[INFO] [stdout] 
[INFO] [stdout] error[E0433]: cannot find module or crate `dexter_weighted_pool` in this scope
[INFO] [stdout]   --> tests/utils/mod.rs:60:9
[INFO] [stdout]    |
[INFO] [stdout] 60 |         dexter_weighted_pool::contract::execute,
[INFO] [stdout]    |         ^^^^^^^^^^^^^^^^^^^^ use of unresolved module or unlinked crate `dexter_weighted_pool`
[INFO] [stdout]    |
[INFO] [stdout]    = help: if you wanted to use a crate named `dexter_weighted_pool`, use `cargo add dexter_weighted_pool` to add it to your `Cargo.toml`
[INFO] [stdout] 
[INFO] [stdout] 
[INFO] [stdout] error[E0433]: cannot find module or crate `dexter_multi_staking` in this scope
[INFO] [stdout]    --> tests/utils/mod.rs:124:9
[INFO] [stdout]     |
[INFO] [stdout] 124 |         dexter_multi_staking::contract::instantiate,
[INFO] [stdout]     |         ^^^^^^^^^^^^^^^^^^^^ use of unresolved module or unlinked crate `dexter_multi_staking`
[INFO] [stdout]     |
[INFO] [stdout]     = help: if you wanted to use a crate named `dexter_multi_staking`, use `cargo add dexter_multi_staking` to add it to your `Cargo.toml`
[INFO] [stdout] 
[INFO] [stdout] 
[INFO] [stdout] error[E0433]: cannot find module or crate `dexter_multi_staking` in this scope
[INFO] [stdout]    --> tests/utils/mod.rs:125:9
[INFO] [stdout]     |
[INFO] [stdout] 125 |         dexter_multi_staking::contract::query,
[INFO] [stdout]     |         ^^^^^^^^^^^^^^^^^^^^ use of unresolved module or unlinked crate `dexter_multi_staking`
[INFO] [stdout]     |
[INFO] [stdout]     = help: if you wanted to use a crate named `dexter_multi_staking`, use `cargo add dexter_multi_staking` to add it to your `Cargo.toml`
[INFO] [stdout] 
[INFO] [stdout] 
[INFO] [stdout] error[E0433]: cannot find module or crate `dexter_multi_staking` in this scope
[INFO] [stdout]    --> tests/utils/mod.rs:125:9
[INFO] [stdout]     |
[INFO] [stdout] 125 |         dexter_multi_staking::contract::query,
[INFO] [stdout]     |         ^^^^^^^^^^^^^^^^^^^^ use of unresolved module or unlinked crate `dexter_multi_staking`
[INFO] [stdout]     |
[INFO] [stdout]     = help: if you wanted to use a crate named `dexter_multi_staking`, use `cargo add dexter_multi_staking` to add it to your `Cargo.toml`
[INFO] [stdout] 
[INFO] [stdout] 
[INFO] [stdout] error[E0433]: cannot find module or crate `dexter_weighted_pool` in this scope
[INFO] [stdout]    --> tests/utils/mod.rs:494:29
[INFO] [stdout]     |
[INFO] [stdout] 494 |             to_json_binary(&dexter_weighted_pool::state::WeightedParams {
[INFO] [stdout]     |                             ^^^^^^^^^^^^^^^^^^^^ use of unresolved module or unlinked crate `dexter_weighted_pool`
[INFO] [stdout]     |
[INFO] [stdout]     = help: if you wanted to use a crate named `dexter_weighted_pool`, use `cargo add dexter_weighted_pool` to add it to your `Cargo.toml`
[INFO] [stdout] 
[INFO] [stdout] 
[INFO] [stdout] error[E0433]: cannot find module or crate `dexter_weighted_pool` in this scope
[INFO] [stdout]   --> tests/utils/mod.rs:61:9
[INFO] [stdout]    |
[INFO] [stdout] 61 |         dexter_weighted_pool::contract::instantiate,
[INFO] [stdout]    |         ^^^^^^^^^^^^^^^^^^^^ use of unresolved module or unlinked crate `dexter_weighted_pool`
[INFO] [stdout]    |
[INFO] [stdout]    = help: if you wanted to use a crate named `dexter_weighted_pool`, use `cargo add dexter_weighted_pool` to add it to your `Cargo.toml`
[INFO] [stdout] 
[INFO] [stdout] 
[INFO] [stdout] error[E0433]: cannot find module or crate `dexter_weighted_pool` in this scope
[INFO] [stdout]    --> tests/utils/mod.rs:494:29
[INFO] [stdout]     |
[INFO] [stdout] 494 |             to_json_binary(&dexter_weighted_pool::state::WeightedParams {
[INFO] [stdout]     |                             ^^^^^^^^^^^^^^^^^^^^ use of unresolved module or unlinked crate `dexter_weighted_pool`
[INFO] [stdout]     |
[INFO] [stdout]     = help: if you wanted to use a crate named `dexter_weighted_pool`, use `cargo add dexter_weighted_pool` to add it to your `Cargo.toml`
[INFO] [stdout] 
[INFO] [stdout] 
[INFO] [stdout] error[E0433]: cannot find module or crate `dexter_weighted_pool` in this scope
[INFO] [stdout]   --> tests/utils/mod.rs:62:9
[INFO] [stdout]    |
[INFO] [stdout] 62 |         dexter_weighted_pool::contract::query,
[INFO] [stdout]    |         ^^^^^^^^^^^^^^^^^^^^ use of unresolved module or unlinked crate `dexter_weighted_pool`
[INFO] [stdout]    |
[INFO] [stdout]    = help: if you wanted to use a crate named `dexter_weighted_pool`, use `cargo add dexter_weighted_pool` to add it to your `Cargo.toml`
[INFO] [stdout] 
[INFO] [stdout] 
[INFO] [stdout] For more information about this error, try `rustc --explain E0433`.
[INFO] [stdout] 
[INFO] [stderr] error: could not compile `dexter-vault` (test "initialization_and_config") due to 15 previous errors
[INFO] [stdout] error[E0433]: cannot find module or crate `dexter_multi_staking` in this scope
[INFO] [stdout]    --> tests/utils/mod.rs:123:9
[INFO] [stdout]     |
[INFO] [stdout] 123 |         dexter_multi_staking::contract::execute,
[INFO] [stdout]     |         ^^^^^^^^^^^^^^^^^^^^ use of unresolved module or unlinked crate `dexter_multi_staking`
[INFO] [stdout]     |
[INFO] [stdout]     = help: if you wanted to use a crate named `dexter_multi_staking`, use `cargo add dexter_multi_staking` to add it to your `Cargo.toml`
[INFO] [stdout] 
[INFO] [stdout] 
[INFO] [stdout] For more information about this error, try `rustc --explain E0433`.
[INFO] [stdout] 
[INFO] [stderr] error: could not compile `dexter-vault` (test "pool_param_update") due to 15 previous errors
[INFO] [stdout] For more information about this error, try `rustc --explain E0433`.
[INFO] [stdout] 
[INFO] [stderr] error: could not compile `dexter-vault` (test "pool_join") due to 14 previous errors
[INFO] [stdout] error[E0433]: cannot find module or crate `dexter_multi_staking` in this scope
[INFO] [stdout]    --> tests/utils/mod.rs:124:9
[INFO] [stdout]     |
[INFO] [stdout] 124 |         dexter_multi_staking::contract::instantiate,
[INFO] [stdout]     |         ^^^^^^^^^^^^^^^^^^^^ use of unresolved module or unlinked crate `dexter_multi_staking`
[INFO] [stdout]     |
[INFO] [stdout]     = help: if you wanted to use a crate named `dexter_multi_staking`, use `cargo add dexter_multi_staking` to add it to your `Cargo.toml`
[INFO] [stdout] 
[INFO] [stdout] 
[INFO] [stdout] For more information about this error, try `rustc --explain E0433`.
[INFO] [stdout] 
[INFO] [stderr] error: could not compile `dexter-vault` (test "pool_swap") due to 14 previous errors
[INFO] [stdout] error[E0433]: cannot find module or crate `dexter_multi_staking` in this scope
[INFO] [stdout]    --> tests/utils/mod.rs:125:9
[INFO] [stdout]     |
[INFO] [stdout] 125 |         dexter_multi_staking::contract::query,
[INFO] [stdout]     |         ^^^^^^^^^^^^^^^^^^^^ use of unresolved module or unlinked crate `dexter_multi_staking`
[INFO] [stdout]     |
[INFO] [stdout]     = help: if you wanted to use a crate named `dexter_multi_staking`, use `cargo add dexter_multi_staking` to add it to your `Cargo.toml`
[INFO] [stdout] 
[INFO] [stdout] 
[INFO] [stdout] error[E0433]: cannot find module or crate `dexter_weighted_pool` in this scope
[INFO] [stdout]    --> tests/utils/mod.rs:494:29
[INFO] [stdout]     |
[INFO] [stdout] 494 |             to_json_binary(&dexter_weighted_pool::state::WeightedParams {
[INFO] [stdout]     |                             ^^^^^^^^^^^^^^^^^^^^ use of unresolved module or unlinked crate `dexter_weighted_pool`
[INFO] [stdout]     |
[INFO] [stdout]     = help: if you wanted to use a crate named `dexter_weighted_pool`, use `cargo add dexter_weighted_pool` to add it to your `Cargo.toml`
[INFO] [stdout] 
[INFO] [stdout] 
[INFO] [stdout] For more information about this error, try `rustc --explain E0433`.
[INFO] [stdout] 
[INFO] [stderr] error: could not compile `dexter-vault` (test "pool_exit") due to 14 previous errors
[INFO] [stdout] For more information about this error, try `rustc --explain E0433`.
[INFO] [stdout] 
[INFO] [stderr] error: could not compile `dexter-vault` (test "owner") due to 14 previous errors
[INFO] running `Command { std: "docker" "inspect" "3b97753d79d3ca6a626e95098188d41958a9c072809d5a54471928900e8212a4", kill_on_drop: false }`
[INFO] running `Command { std: "docker" "rm" "-f" "3b97753d79d3ca6a626e95098188d41958a9c072809d5a54471928900e8212a4", kill_on_drop: false }`
[INFO] [stdout] 3b97753d79d3ca6a626e95098188d41958a9c072809d5a54471928900e8212a4
