[INFO] fetching crate dexter-router 1.1.0...
[INFO] testing dexter-router-1.1.0 against 1.99.0-beta.8+cargoflags=--release for beta-release-1.100-2
[INFO] extracting crate dexter-router 1.1.0 into /workspace/builds/worker-6-tc1/source
[INFO] removed /workspace/builds/worker-6-tc1/source/.cargo/config
[INFO] started tweaking crates.io crate dexter-router 1.1.0
[INFO] finished tweaking crates.io crate dexter-router 1.1.0
[INFO] tweaked toml for crates.io crate dexter-router 1.1.0 written to /workspace/builds/worker-6-tc1/source/Cargo.toml
[INFO] validating manifest of crates.io crate dexter-router 1.1.0 on toolchain 1.99.0-beta.8
[INFO] running `Command { std: CARGO_HOME="/workspace/cargo-home" RUSTUP_HOME="/workspace/rustup-home" "/workspace/cargo-home/bin/cargo" "+1.99.0-beta.8" "metadata" "--manifest-path" "Cargo.toml" "--no-deps", kill_on_drop: false }`
[INFO] crate crates.io crate dexter-router 1.1.0 already has a lockfile, it will not be regenerated
[INFO] running `Command { std: CARGO_HOME="/workspace/cargo-home" RUSTUP_HOME="/workspace/rustup-home" "/workspace/cargo-home/bin/cargo" "+1.99.0-beta.8" "fetch" "--manifest-path" "Cargo.toml", kill_on_drop: false }`
[INFO] [stderr]     Updating crates.io index
[INFO] [stderr]  Downloading crates ...
[INFO] [stderr]   Downloaded dexter v1.4.0
[INFO] [stderr]   Downloaded itoa v1.0.6
[INFO] [stderr]   Downloaded dyn-clone v1.0.10
[INFO] [stderr]   Downloaded proc-macro2 v1.0.74
[INFO] [stderr]   Downloaded cosmwasm-schema v1.5.0
[INFO] [stderr]   Downloaded spki v0.7.2
[INFO] [stderr]   Downloaded cosmwasm-schema-derive v1.5.0
[INFO] [stderr]   Downloaded sec1 v0.7.1
[INFO] [stderr]   Downloaded const_format_proc_macros v0.2.32
[INFO] [stderr]   Downloaded semver v1.0.20
[INFO] [stderr]   Downloaded const-oid v0.9.2
[INFO] [stderr]   Downloaded anyhow v1.0.81
[INFO] [stderr]   Downloaded elliptic-curve v0.13.6
[INFO] [stderr]   Downloaded const_format v0.2.32
[INFO] [stderr]   Downloaded crypto-bigint v0.5.3
[INFO] [stderr]   Downloaded syn v2.0.46
[INFO] [stderr]   Downloaded libc v0.2.148
[INFO] running `Command { std: "docker" "create" "-v" "/var/lib/crater-agent-workspace/builds/worker-6-tc1/source:/opt/rustwide/workdir:ro,Z" "-v" "/var/lib/crater-agent-workspace/builds/worker-6-tc1/target:/opt/rustwide/target:rw,Z" "-v" "/var/lib/crater-agent-workspace/cargo-home:/opt/rustwide/cargo-home:ro,Z" "-v" "/var/lib/crater-agent-workspace/rustup-home:/opt/rustwide/rustup-home:ro,Z" "-m" "1610612736" "--network" "none" "ghcr.io/rust-lang/crates-build-env/linux@sha256:77db811e55d90add9212f6832c23229e3de5f1c1f9905e8cb07319ea15df73ac" "sleep" "infinity", kill_on_drop: false }`
[INFO] [stdout] 0b7339bcc4162ba27a61772fe06ff043a918071bb93dc9346cf493d6a72ce8fc
[INFO] running `Command { std: "docker" "start" "0b7339bcc4162ba27a61772fe06ff043a918071bb93dc9346cf493d6a72ce8fc", kill_on_drop: false }`
[INFO] running `Command { std: "docker" "inspect" "0b7339bcc4162ba27a61772fe06ff043a918071bb93dc9346cf493d6a72ce8fc", kill_on_drop: false }`
[INFO] running `Command { std: "docker" "exec" "-e" "SOURCE_DIR=/opt/rustwide/workdir" "-e" "CARGO_HOME=/opt/rustwide/cargo-home" "-e" "RUSTUP_HOME=/opt/rustwide/rustup-home" "-e" "CARGO_TARGET_DIR=/opt/rustwide/target" "-w" "/opt/rustwide/workdir" "--user" "0:0" "0b7339bcc4162ba27a61772fe06ff043a918071bb93dc9346cf493d6a72ce8fc" "/opt/rustwide/cargo-home/bin/cargo" "+1.99.0-beta.8" "metadata" "--no-deps" "--format-version=1", kill_on_drop: false }`
[INFO] running `Command { std: "docker" "inspect" "0b7339bcc4162ba27a61772fe06ff043a918071bb93dc9346cf493d6a72ce8fc", kill_on_drop: false }`
[INFO] running `Command { std: "docker" "exec" "-e" "SOURCE_DIR=/opt/rustwide/workdir" "-e" "CARGO_HOME=/opt/rustwide/cargo-home" "-e" "RUSTUP_HOME=/opt/rustwide/rustup-home" "-e" "CARGO_TARGET_DIR=/opt/rustwide/target" "-e" "CARGO_INCREMENTAL=0" "-e" "RUST_BACKTRACE=full" "-e" "RUSTFLAGS=--cap-lints=warn" "-e" "RUSTDOCFLAGS=--cap-lints=warn" "-w" "/opt/rustwide/workdir" "--user" "0:0" "0b7339bcc4162ba27a61772fe06ff043a918071bb93dc9346cf493d6a72ce8fc" "/opt/rustwide/cargo-home/bin/cargo" "+1.99.0-beta.8" "build" "--frozen" "--message-format=json" "--release", kill_on_drop: false }`
[INFO] [stderr]    Compiling proc-macro2 v1.0.74
[INFO] [stderr]    Compiling zeroize v1.5.7
[INFO] [stderr]    Compiling unicode-ident v1.0.8
[INFO] [stderr]    Compiling typenum v1.16.0
[INFO] [stderr]    Compiling generic-array v0.14.6
[INFO] [stderr]    Compiling libc v0.2.148
[INFO] [stderr]    Compiling subtle v2.4.1
[INFO] [stderr]    Compiling const-oid v0.9.2
[INFO] [stderr]    Compiling serde v1.0.197
[INFO] [stderr]    Compiling ahash v0.7.6
[INFO] [stderr]    Compiling cpufeatures v0.2.5
[INFO] [stderr]    Compiling once_cell v1.17.1
[INFO] [stderr]    Compiling thiserror v1.0.58
[INFO] [stderr]    Compiling byteorder v1.4.3
[INFO] [stderr]    Compiling serde_json v1.0.93
[INFO] [stderr]    Compiling schemars v0.8.16
[INFO] [stderr]    Compiling itoa v1.0.6
[INFO] [stderr]    Compiling opaque-debug v0.3.0
[INFO] [stderr]    Compiling dyn-clone v1.0.10
[INFO] [stderr]    Compiling base64 v0.21.4
[INFO] [stderr]    Compiling semver v1.0.20
[INFO] [stderr]    Compiling protobuf v2.28.0
[INFO] [stderr]    Compiling either v1.8.1
[INFO] [stderr]    Compiling der v0.7.8
[INFO] [stderr]    Compiling unicode-xid v0.2.4
[INFO] [stderr]    Compiling uint v0.9.5
[INFO] [stderr]    Compiling itertools v0.10.5
[INFO] [stderr]    Compiling quote v1.0.35
[INFO] [stderr]    Compiling getrandom v0.2.10
[INFO] [stderr]    Compiling rand_core v0.6.4
[INFO] [stderr]    Compiling syn v2.0.46
[INFO] [stderr]    Compiling syn v1.0.109
[INFO] [stderr]    Compiling ff v0.13.0
[INFO] [stderr]    Compiling hashbrown v0.12.3
[INFO] [stderr]    Compiling const_format_proc_macros v0.2.32
[INFO] [stderr]    Compiling group v0.13.0
[INFO] [stderr]    Compiling spki v0.7.2
[INFO] [stderr]    Compiling pkcs8 v0.10.2
[INFO] [stderr]    Compiling const_format v0.2.32
[INFO] [stderr]    Compiling block-buffer v0.10.3
[INFO] [stderr]    Compiling crypto-common v0.1.6
[INFO] [stderr]    Compiling crypto-bigint v0.5.3
[INFO] [stderr]    Compiling digest v0.9.0
[INFO] [stderr]    Compiling sec1 v0.7.1
[INFO] [stderr]    Compiling block-buffer v0.9.0
[INFO] [stderr]    Compiling curve25519-dalek v3.2.0
[INFO] [stderr]    Compiling sha2 v0.9.9
[INFO] [stderr]    Compiling digest v0.10.7
[INFO] [stderr]    Compiling hmac v0.12.1
[INFO] [stderr]    Compiling signature v2.1.0
[INFO] [stderr]    Compiling sha2 v0.10.8
[INFO] [stderr]    Compiling rfc6979 v0.4.0
[INFO] [stderr]    Compiling serde_derive v1.0.197
[INFO] [stderr]    Compiling thiserror-impl v1.0.58
[INFO] [stderr]    Compiling elliptic-curve v0.13.6
[INFO] [stderr]    Compiling ecdsa v0.16.8
[INFO] [stderr]    Compiling k256 v0.13.1
[INFO] [stderr]    Compiling serde_derive_internals v0.26.0
[INFO] [stderr]    Compiling cosmwasm-derive v1.5.3
[INFO] [stderr]    Compiling derivative v2.2.0
[INFO] [stderr]    Compiling cosmwasm-schema-derive v1.5.0
[INFO] [stderr]    Compiling schemars_derive v0.8.16
[INFO] [stderr]    Compiling ed25519-zebra v3.1.0
[INFO] [stderr]    Compiling serde-json-wasm v0.5.2
[INFO] [stderr]    Compiling cosmwasm-crypto v1.5.3
[INFO] [stderr]    Compiling cosmwasm-std v1.5.3
[INFO] [stderr]    Compiling cosmwasm-schema v1.5.0
[INFO] [stderr]    Compiling cw-storage-plus v1.2.0
[INFO] [stderr]    Compiling cw2 v1.1.2
[INFO] [stderr]    Compiling cw-utils v1.0.3
[INFO] [stderr]    Compiling cw20 v1.1.2
[INFO] [stderr]    Compiling cw20-base v1.1.2
[INFO] [stderr]    Compiling dexter v1.4.0
[INFO] [stderr]    Compiling dexter-router v1.1.0 (/opt/rustwide/workdir)
[INFO] [stdout] warning: unexpected `cfg` condition value: `library`
[INFO] [stdout]   --> src/contract.rs:25:16
[INFO] [stdout]    |
[INFO] [stdout] 25 | #[cfg_attr(not(feature = "library"), entry_point)]
[INFO] [stdout]    |                ^^^^^^^^^^^^^^^^^^^
[INFO] [stdout]    |
[INFO] [stdout]    = note: expected values for `feature` are: `backtraces`
[INFO] [stdout]    = help: consider adding `library` as a feature in `Cargo.toml`
[INFO] [stdout]    = note: see <https://doc.rust-lang.org/nightly/rustc/check-cfg/cargo-specifics.html> for more information about checking conditional configuration
[INFO] [stdout]    = note: `#[warn(unexpected_cfgs)]` on by default
[INFO] [stdout] 
[INFO] [stdout] 
[INFO] [stdout] warning: unexpected `cfg` condition value: `library`
[INFO] [stdout]   --> src/contract.rs:50:16
[INFO] [stdout]    |
[INFO] [stdout] 50 | #[cfg_attr(not(feature = "library"), entry_point)]
[INFO] [stdout]    |                ^^^^^^^^^^^^^^^^^^^
[INFO] [stdout]    |
[INFO] [stdout]    = note: expected values for `feature` are: `backtraces`
[INFO] [stdout]    = help: consider adding `library` as a feature in `Cargo.toml`
[INFO] [stdout]    = note: see <https://doc.rust-lang.org/nightly/rustc/check-cfg/cargo-specifics.html> for more information about checking conditional configuration
[INFO] [stdout] 
[INFO] [stdout] 
[INFO] [stdout] warning: unexpected `cfg` condition value: `library`
[INFO] [stdout]    --> src/contract.rs:423:16
[INFO] [stdout]     |
[INFO] [stdout] 423 | #[cfg_attr(not(feature = "library"), entry_point)]
[INFO] [stdout]     |                ^^^^^^^^^^^^^^^^^^^
[INFO] [stdout]     |
[INFO] [stdout]     = note: expected values for `feature` are: `backtraces`
[INFO] [stdout]     = help: consider adding `library` as a feature in `Cargo.toml`
[INFO] [stdout]     = note: see <https://doc.rust-lang.org/nightly/rustc/check-cfg/cargo-specifics.html> for more information about checking conditional configuration
[INFO] [stdout] 
[INFO] [stdout] 
[INFO] [stdout] warning: unexpected `cfg` condition value: `library`
[INFO] [stdout]    --> src/contract.rs:645:16
[INFO] [stdout]     |
[INFO] [stdout] 645 | #[cfg_attr(not(feature = "library"), entry_point)]
[INFO] [stdout]     |                ^^^^^^^^^^^^^^^^^^^
[INFO] [stdout]     |
[INFO] [stdout]     = note: expected values for `feature` are: `backtraces`
[INFO] [stdout]     = help: consider adding `library` as a feature in `Cargo.toml`
[INFO] [stdout]     = note: see <https://doc.rust-lang.org/nightly/rustc/check-cfg/cargo-specifics.html> for more information about checking conditional configuration
[INFO] [stdout] 
[INFO] [stdout] 
[INFO] [stderr]     Finished `release` profile [optimized] target(s) in 1m 35s
[INFO] running `Command { std: "docker" "inspect" "0b7339bcc4162ba27a61772fe06ff043a918071bb93dc9346cf493d6a72ce8fc", kill_on_drop: false }`
[INFO] running `Command { std: "docker" "exec" "-e" "SOURCE_DIR=/opt/rustwide/workdir" "-e" "CARGO_HOME=/opt/rustwide/cargo-home" "-e" "RUSTUP_HOME=/opt/rustwide/rustup-home" "-e" "CARGO_TARGET_DIR=/opt/rustwide/target" "-e" "CARGO_INCREMENTAL=0" "-e" "RUST_BACKTRACE=full" "-e" "RUSTFLAGS=--cap-lints=warn" "-e" "RUSTDOCFLAGS=--cap-lints=warn" "-w" "/opt/rustwide/workdir" "--user" "0:0" "0b7339bcc4162ba27a61772fe06ff043a918071bb93dc9346cf493d6a72ce8fc" "/opt/rustwide/cargo-home/bin/cargo" "+1.99.0-beta.8" "test" "--frozen" "--no-run" "--message-format=json" "--release", kill_on_drop: false }`
[INFO] [stderr]    Compiling der v0.6.1
[INFO] [stderr]    Compiling anyhow v1.0.81
[INFO] [stderr]    Compiling base64ct v1.6.0
[INFO] [stderr]    Compiling crypto-bigint v0.4.9
[INFO] [stderr]    Compiling ff v0.12.1
[INFO] [stderr]    Compiling base16ct v0.1.1
[INFO] [stderr]    Compiling either v1.8.1
[INFO] [stderr]    Compiling signature v1.6.4
[INFO] [stderr]    Compiling cosmwasm-std v1.5.3
[INFO] [stderr]    Compiling group v0.12.1
[INFO] [stderr]    Compiling itertools v0.10.5
[INFO] [stderr]    Compiling rfc6979 v0.3.1
[INFO] [stderr]    Compiling spki v0.6.0
[INFO] [stderr]    Compiling pkcs8 v0.9.0
[INFO] [stderr]    Compiling sec1 v0.3.0
[INFO] [stderr]    Compiling prost-derive v0.9.0
[INFO] [stderr]    Compiling elliptic-curve v0.12.3
[INFO] [stderr]    Compiling ecdsa v0.14.8
[INFO] [stderr]    Compiling prost v0.9.0
[INFO] [stderr]    Compiling k256 v0.11.6
[INFO] [stderr]    Compiling cw-storage-plus v1.2.0
[INFO] [stderr]    Compiling cw2 v1.1.2
[INFO] [stderr]    Compiling cw-utils v1.0.3
[INFO] [stderr]    Compiling cw20 v1.1.2
[INFO] [stderr]    Compiling cw-multi-test v0.16.5
[INFO] [stderr]    Compiling cw20-base v1.1.2
[INFO] [stderr]    Compiling dexter v1.4.0
[INFO] [stderr]    Compiling dexter-router v1.1.0 (/opt/rustwide/workdir)
[INFO] [stdout] warning: unexpected `cfg` condition value: `library`
[INFO] [stdout]   --> src/contract.rs:25:16
[INFO] [stdout]    |
[INFO] [stdout] 25 | #[cfg_attr(not(feature = "library"), entry_point)]
[INFO] [stdout]    |                ^^^^^^^^^^^^^^^^^^^
[INFO] [stdout]    |
[INFO] [stdout]    = note: expected values for `feature` are: `backtraces`
[INFO] [stdout]    = help: consider adding `library` as a feature in `Cargo.toml`
[INFO] [stdout]    = note: see <https://doc.rust-lang.org/nightly/rustc/check-cfg/cargo-specifics.html> for more information about checking conditional configuration
[INFO] [stdout]    = note: `#[warn(unexpected_cfgs)]` on by default
[INFO] [stdout] 
[INFO] [stdout] 
[INFO] [stdout] warning: unexpected `cfg` condition value: `library`
[INFO] [stdout]   --> src/contract.rs:50:16
[INFO] [stdout]    |
[INFO] [stdout] 50 | #[cfg_attr(not(feature = "library"), entry_point)]
[INFO] [stdout]    |                ^^^^^^^^^^^^^^^^^^^
[INFO] [stdout]    |
[INFO] [stdout]    = note: expected values for `feature` are: `backtraces`
[INFO] [stdout]    = help: consider adding `library` as a feature in `Cargo.toml`
[INFO] [stdout]    = note: see <https://doc.rust-lang.org/nightly/rustc/check-cfg/cargo-specifics.html> for more information about checking conditional configuration
[INFO] [stdout] 
[INFO] [stdout] 
[INFO] [stdout] warning: unexpected `cfg` condition value: `library`
[INFO] [stdout]    --> src/contract.rs:423:16
[INFO] [stdout]     |
[INFO] [stdout] 423 | #[cfg_attr(not(feature = "library"), entry_point)]
[INFO] [stdout]     |                ^^^^^^^^^^^^^^^^^^^
[INFO] [stdout]     |
[INFO] [stdout]     = note: expected values for `feature` are: `backtraces`
[INFO] [stdout]     = help: consider adding `library` as a feature in `Cargo.toml`
[INFO] [stdout]     = note: see <https://doc.rust-lang.org/nightly/rustc/check-cfg/cargo-specifics.html> for more information about checking conditional configuration
[INFO] [stdout] 
[INFO] [stdout] 
[INFO] [stdout] warning: unexpected `cfg` condition value: `library`
[INFO] [stdout]    --> src/contract.rs:645:16
[INFO] [stdout]     |
[INFO] [stdout] 645 | #[cfg_attr(not(feature = "library"), entry_point)]
[INFO] [stdout]     |                ^^^^^^^^^^^^^^^^^^^
[INFO] [stdout]     |
[INFO] [stdout]     = note: expected values for `feature` are: `backtraces`
[INFO] [stdout]     = help: consider adding `library` as a feature in `Cargo.toml`
[INFO] [stdout]     = note: see <https://doc.rust-lang.org/nightly/rustc/check-cfg/cargo-specifics.html> for more information about checking conditional configuration
[INFO] [stdout] 
[INFO] [stdout] 
[INFO] [stdout] warning: unexpected `cfg` condition value: `library`
[INFO] [stdout]   --> src/contract.rs:25:16
[INFO] [stdout]    |
[INFO] [stdout] 25 | #[cfg_attr(not(feature = "library"), entry_point)]
[INFO] [stdout]    |                ^^^^^^^^^^^^^^^^^^^
[INFO] [stdout]    |
[INFO] [stdout]    = note: expected values for `feature` are: `backtraces`
[INFO] [stdout]    = help: consider adding `library` as a feature in `Cargo.toml`
[INFO] [stdout]    = note: see <https://doc.rust-lang.org/nightly/rustc/check-cfg/cargo-specifics.html> for more information about checking conditional configuration
[INFO] [stdout]    = note: `#[warn(unexpected_cfgs)]` on by default
[INFO] [stdout] 
[INFO] [stdout] 
[INFO] [stdout] warning: unexpected `cfg` condition value: `library`
[INFO] [stdout]   --> src/contract.rs:50:16
[INFO] [stdout]    |
[INFO] [stdout] 50 | #[cfg_attr(not(feature = "library"), entry_point)]
[INFO] [stdout]    |                ^^^^^^^^^^^^^^^^^^^
[INFO] [stdout]    |
[INFO] [stdout]    = note: expected values for `feature` are: `backtraces`
[INFO] [stdout]    = help: consider adding `library` as a feature in `Cargo.toml`
[INFO] [stdout]    = note: see <https://doc.rust-lang.org/nightly/rustc/check-cfg/cargo-specifics.html> for more information about checking conditional configuration
[INFO] [stdout] 
[INFO] [stdout] 
[INFO] [stdout] warning: unexpected `cfg` condition value: `library`
[INFO] [stdout]    --> src/contract.rs:423:16
[INFO] [stdout]     |
[INFO] [stdout] 423 | #[cfg_attr(not(feature = "library"), entry_point)]
[INFO] [stdout]     |                ^^^^^^^^^^^^^^^^^^^
[INFO] [stdout]     |
[INFO] [stdout]     = note: expected values for `feature` are: `backtraces`
[INFO] [stdout]     = help: consider adding `library` as a feature in `Cargo.toml`
[INFO] [stdout]     = note: see <https://doc.rust-lang.org/nightly/rustc/check-cfg/cargo-specifics.html> for more information about checking conditional configuration
[INFO] [stdout] 
[INFO] [stdout] 
[INFO] [stdout] warning: unexpected `cfg` condition value: `library`
[INFO] [stdout]    --> src/contract.rs:645:16
[INFO] [stdout]     |
[INFO] [stdout] 645 | #[cfg_attr(not(feature = "library"), entry_point)]
[INFO] [stdout]     |                ^^^^^^^^^^^^^^^^^^^
[INFO] [stdout]     |
[INFO] [stdout]     = note: expected values for `feature` are: `backtraces`
[INFO] [stdout]     = help: consider adding `library` as a feature in `Cargo.toml`
[INFO] [stdout]     = note: see <https://doc.rust-lang.org/nightly/rustc/check-cfg/cargo-specifics.html> for more information about checking conditional configuration
[INFO] [stdout] 
[INFO] [stdout] 
[INFO] [stdout] error[E0433]: cannot find module or crate `dexter_vault` in this scope
[INFO] [stdout]   --> tests/integration.rs:44:13
[INFO] [stdout]    |
[INFO] [stdout] 44 |             dexter_vault::contract::execute,
[INFO] [stdout]    |             ^^^^^^^^^^^^ use of unresolved module or unlinked crate `dexter_vault`
[INFO] [stdout]    |
[INFO] [stdout]    = help: if you wanted to use a crate named `dexter_vault`, use `cargo add dexter_vault` to add it to your `Cargo.toml`
[INFO] [stdout] 
[INFO] [stdout] 
[INFO] [stdout] error[E0433]: cannot find module or crate `dexter_vault` in this scope
[INFO] [stdout]   --> tests/integration.rs:45:13
[INFO] [stdout]    |
[INFO] [stdout] 45 |             dexter_vault::contract::instantiate,
[INFO] [stdout]    |             ^^^^^^^^^^^^ use of unresolved module or unlinked crate `dexter_vault`
[INFO] [stdout]    |
[INFO] [stdout]    = help: if you wanted to use a crate named `dexter_vault`, use `cargo add dexter_vault` to add it to your `Cargo.toml`
[INFO] [stdout] 
[INFO] [stdout] 
[INFO] [stdout] error[E0433]: cannot find module or crate `dexter_vault` in this scope
[INFO] [stdout]   --> tests/integration.rs:46:13
[INFO] [stdout]    |
[INFO] [stdout] 46 |             dexter_vault::contract::query,
[INFO] [stdout]    |             ^^^^^^^^^^^^ use of unresolved module or unlinked crate `dexter_vault`
[INFO] [stdout]    |
[INFO] [stdout]    = help: if you wanted to use a crate named `dexter_vault`, use `cargo add dexter_vault` to add it to your `Cargo.toml`
[INFO] [stdout] 
[INFO] [stdout] 
[INFO] [stdout] error[E0433]: cannot find module or crate `dexter_vault` in this scope
[INFO] [stdout]   --> tests/integration.rs:48:27
[INFO] [stdout]    |
[INFO] [stdout] 48 |         .with_reply_empty(dexter_vault::contract::reply),
[INFO] [stdout]    |                           ^^^^^^^^^^^^ use of unresolved module or unlinked crate `dexter_vault`
[INFO] [stdout]    |
[INFO] [stdout]    = help: if you wanted to use a crate named `dexter_vault`, use `cargo add dexter_vault` to add it to your `Cargo.toml`
[INFO] [stdout] 
[INFO] [stdout] 
[INFO] [stdout] error[E0433]: cannot find module or crate `dexter_lp_token` in this scope
[INFO] [stdout]   --> tests/integration.rs:55:9
[INFO] [stdout]    |
[INFO] [stdout] 55 |         dexter_lp_token::contract::execute,
[INFO] [stdout]    |         ^^^^^^^^^^^^^^^ use of unresolved module or unlinked crate `dexter_lp_token`
[INFO] [stdout]    |
[INFO] [stdout]    = help: if you wanted to use a crate named `dexter_lp_token`, use `cargo add dexter_lp_token` to add it to your `Cargo.toml`
[INFO] [stdout] 
[INFO] [stdout] 
[INFO] [stdout] error[E0433]: cannot find module or crate `dexter_lp_token` in this scope
[INFO] [stdout]   --> tests/integration.rs:56:9
[INFO] [stdout]    |
[INFO] [stdout] 56 |         dexter_lp_token::contract::instantiate,
[INFO] [stdout]    |         ^^^^^^^^^^^^^^^ use of unresolved module or unlinked crate `dexter_lp_token`
[INFO] [stdout]    |
[INFO] [stdout]    = help: if you wanted to use a crate named `dexter_lp_token`, use `cargo add dexter_lp_token` to add it to your `Cargo.toml`
[INFO] [stdout] 
[INFO] [stdout] 
[INFO] [stdout] error[E0433]: cannot find module or crate `dexter_lp_token` in this scope
[INFO] [stdout]   --> tests/integration.rs:57:9
[INFO] [stdout]    |
[INFO] [stdout] 57 |         dexter_lp_token::contract::query,
[INFO] [stdout]    |         ^^^^^^^^^^^^^^^ use of unresolved module or unlinked crate `dexter_lp_token`
[INFO] [stdout]    |
[INFO] [stdout]    = help: if you wanted to use a crate named `dexter_lp_token`, use `cargo add dexter_lp_token` to add it to your `Cargo.toml`
[INFO] [stdout] 
[INFO] [stdout] 
[INFO] [stdout] error[E0433]: cannot find module or crate `dexter_stable_pool` in this scope
[INFO] [stdout]   --> tests/integration.rs:64:9
[INFO] [stdout]    |
[INFO] [stdout] 64 |         dexter_stable_pool::contract::execute,
[INFO] [stdout]    |         ^^^^^^^^^^^^^^^^^^ use of unresolved module or unlinked crate `dexter_stable_pool`
[INFO] [stdout]    |
[INFO] [stdout]    = help: if you wanted to use a crate named `dexter_stable_pool`, use `cargo add dexter_stable_pool` to add it to your `Cargo.toml`
[INFO] [stdout] 
[INFO] [stdout] 
[INFO] [stdout] error[E0433]: cannot find module or crate `dexter_stable_pool` in this scope
[INFO] [stdout]   --> tests/integration.rs:65:9
[INFO] [stdout]    |
[INFO] [stdout] 65 |         dexter_stable_pool::contract::instantiate,
[INFO] [stdout]    |         ^^^^^^^^^^^^^^^^^^ use of unresolved module or unlinked crate `dexter_stable_pool`
[INFO] [stdout]    |
[INFO] [stdout]    = help: if you wanted to use a crate named `dexter_stable_pool`, use `cargo add dexter_stable_pool` to add it to your `Cargo.toml`
[INFO] [stdout] 
[INFO] [stdout] 
[INFO] [stdout] error[E0433]: cannot find module or crate `dexter_stable_pool` in this scope
[INFO] [stdout]   --> tests/integration.rs:66:9
[INFO] [stdout]    |
[INFO] [stdout] 66 |         dexter_stable_pool::contract::query,
[INFO] [stdout]    |         ^^^^^^^^^^^^^^^^^^ use of unresolved module or unlinked crate `dexter_stable_pool`
[INFO] [stdout]    |
[INFO] [stdout]    = help: if you wanted to use a crate named `dexter_stable_pool`, use `cargo add dexter_stable_pool` to add it to your `Cargo.toml`
[INFO] [stdout] 
[INFO] [stdout] 
[INFO] [stdout] error[E0433]: cannot find module or crate `dexter_weighted_pool` in this scope
[INFO] [stdout]   --> tests/integration.rs:73:9
[INFO] [stdout]    |
[INFO] [stdout] 73 |         dexter_weighted_pool::contract::execute,
[INFO] [stdout]    |         ^^^^^^^^^^^^^^^^^^^^ use of unresolved module or unlinked crate `dexter_weighted_pool`
[INFO] [stdout]    |
[INFO] [stdout]    = help: if you wanted to use a crate named `dexter_weighted_pool`, use `cargo add dexter_weighted_pool` to add it to your `Cargo.toml`
[INFO] [stdout] 
[INFO] [stdout] 
[INFO] [stdout] error[E0433]: cannot find module or crate `dexter_weighted_pool` in this scope
[INFO] [stdout]   --> tests/integration.rs:74:9
[INFO] [stdout]    |
[INFO] [stdout] 74 |         dexter_weighted_pool::contract::instantiate,
[INFO] [stdout]    |         ^^^^^^^^^^^^^^^^^^^^ use of unresolved module or unlinked crate `dexter_weighted_pool`
[INFO] [stdout]    |
[INFO] [stdout]    = help: if you wanted to use a crate named `dexter_weighted_pool`, use `cargo add dexter_weighted_pool` to add it to your `Cargo.toml`
[INFO] [stdout] 
[INFO] [stdout] 
[INFO] [stdout] error[E0433]: cannot find module or crate `dexter_weighted_pool` in this scope
[INFO] [stdout]   --> tests/integration.rs:75:9
[INFO] [stdout]    |
[INFO] [stdout] 75 |         dexter_weighted_pool::contract::query,
[INFO] [stdout]    |         ^^^^^^^^^^^^^^^^^^^^ use of unresolved module or unlinked crate `dexter_weighted_pool`
[INFO] [stdout]    |
[INFO] [stdout]    = help: if you wanted to use a crate named `dexter_weighted_pool`, use `cargo add dexter_weighted_pool` to add it to your `Cargo.toml`
[INFO] [stdout] 
[INFO] [stdout] 
[INFO] [stdout] error[E0433]: cannot find module or crate `dexter_stable_pool` in this scope
[INFO] [stdout]    --> tests/integration.rs:255:43
[INFO] [stdout]     |
[INFO] [stdout] 255 |         init_params: Some(to_json_binary(&dexter_stable_pool::state::StablePoolParams {
[INFO] [stdout]     |                                           ^^^^^^^^^^^^^^^^^^ use of unresolved module or unlinked crate `dexter_stable_pool`
[INFO] [stdout]     |
[INFO] [stdout]     = help: if you wanted to use a crate named `dexter_stable_pool`, use `cargo add dexter_stable_pool` to add it to your `Cargo.toml`
[INFO] [stdout] 
[INFO] [stdout] 
[INFO] [stdout] error[E0433]: cannot find module or crate `dexter_weighted_pool` in this scope
[INFO] [stdout]    --> tests/integration.rs:362:29
[INFO] [stdout]     |
[INFO] [stdout] 362 |             to_json_binary(&dexter_weighted_pool::state::WeightedParams {
[INFO] [stdout]     |                             ^^^^^^^^^^^^^^^^^^^^ use of unresolved module or unlinked crate `dexter_weighted_pool`
[INFO] [stdout]     |
[INFO] [stdout]     = help: if you wanted to use a crate named `dexter_weighted_pool`, use `cargo add dexter_weighted_pool` to add it to your `Cargo.toml`
[INFO] [stdout] 
[INFO] [stdout] 
[INFO] [stdout] For more information about this error, try `rustc --explain E0433`.
[INFO] [stdout] 
[INFO] [stderr] error: could not compile `dexter-router` (test "integration") due to 15 previous errors
[INFO] [stderr] warning: build failed, waiting for other jobs to finish...
[INFO] running `Command { std: "docker" "inspect" "0b7339bcc4162ba27a61772fe06ff043a918071bb93dc9346cf493d6a72ce8fc", kill_on_drop: false }`
[INFO] running `Command { std: "docker" "rm" "-f" "0b7339bcc4162ba27a61772fe06ff043a918071bb93dc9346cf493d6a72ce8fc", kill_on_drop: false }`
[INFO] [stdout] 0b7339bcc4162ba27a61772fe06ff043a918071bb93dc9346cf493d6a72ce8fc
