[INFO] fetching crate despatma-visitor 0.3.8...
[INFO] testing despatma-visitor-0.3.8 against 1.99.0-beta.8+cargoflags=--release for beta-release-1.100-2
[INFO] extracting crate despatma-visitor 0.3.8 into /workspace/builds/worker-3-tc1/source
[INFO] started tweaking crates.io crate despatma-visitor 0.3.8
[INFO] removed 0 missing tests
[INFO] finished tweaking crates.io crate despatma-visitor 0.3.8
[INFO] tweaked toml for crates.io crate despatma-visitor 0.3.8 written to /workspace/builds/worker-3-tc1/source/Cargo.toml
[INFO] validating manifest of crates.io crate despatma-visitor 0.3.8 on toolchain 1.99.0-beta.8
[INFO] running `Command { std: CARGO_HOME="/workspace/cargo-home" RUSTUP_HOME="/workspace/rustup-home" "/workspace/cargo-home/bin/cargo" "+1.99.0-beta.8" "metadata" "--manifest-path" "Cargo.toml" "--no-deps", kill_on_drop: false }`
[INFO] crate crates.io crate despatma-visitor 0.3.8 already has a lockfile, it will not be regenerated
[INFO] running `Command { std: CARGO_HOME="/workspace/cargo-home" RUSTUP_HOME="/workspace/rustup-home" "/workspace/cargo-home/bin/cargo" "+1.99.0-beta.8" "fetch" "--manifest-path" "Cargo.toml", kill_on_drop: false }`
[INFO] [stderr]     Updating crates.io index
[INFO] [stderr]  Downloading crates ...
[INFO] [stderr]   Downloaded macrotest v1.2.0
[INFO] [stderr]   Downloaded target-triple v1.0.0
[INFO] [stderr]   Downloaded trybuild v1.0.114
[INFO] [stderr]   Downloaded tokenstream2-tmpl v0.1.2
[INFO] [stderr]   Downloaded toml v0.9.8
[INFO] [stderr]   Downloaded despatma-lib v0.3.8
[INFO] [stderr]   Downloaded convert_case v0.9.0
[INFO] running `Command { std: "docker" "create" "-v" "/var/lib/crater-agent-workspace/builds/worker-3-tc1/source:/opt/rustwide/workdir:ro,Z" "-v" "/var/lib/crater-agent-workspace/builds/worker-3-tc1/target:/opt/rustwide/target:rw,Z" "-v" "/var/lib/crater-agent-workspace/cargo-home:/opt/rustwide/cargo-home:ro,Z" "-v" "/var/lib/crater-agent-workspace/rustup-home:/opt/rustwide/rustup-home:ro,Z" "-m" "1610612736" "--network" "none" "ghcr.io/rust-lang/crates-build-env/linux@sha256:77db811e55d90add9212f6832c23229e3de5f1c1f9905e8cb07319ea15df73ac" "sleep" "infinity", kill_on_drop: false }`
[INFO] [stdout] 0ee5720408d7e62a828d746186537be1e6b26f07e653783dc9cf48efcaeb8ca6
[INFO] running `Command { std: "docker" "start" "0ee5720408d7e62a828d746186537be1e6b26f07e653783dc9cf48efcaeb8ca6", kill_on_drop: false }`
[INFO] running `Command { std: "docker" "inspect" "0ee5720408d7e62a828d746186537be1e6b26f07e653783dc9cf48efcaeb8ca6", kill_on_drop: false }`
[INFO] running `Command { std: "docker" "exec" "-e" "SOURCE_DIR=/opt/rustwide/workdir" "-e" "CARGO_HOME=/opt/rustwide/cargo-home" "-e" "RUSTUP_HOME=/opt/rustwide/rustup-home" "-e" "CARGO_TARGET_DIR=/opt/rustwide/target" "-w" "/opt/rustwide/workdir" "--user" "0:0" "0ee5720408d7e62a828d746186537be1e6b26f07e653783dc9cf48efcaeb8ca6" "/opt/rustwide/cargo-home/bin/cargo" "+1.99.0-beta.8" "metadata" "--no-deps" "--format-version=1", kill_on_drop: false }`
[INFO] running `Command { std: "docker" "inspect" "0ee5720408d7e62a828d746186537be1e6b26f07e653783dc9cf48efcaeb8ca6", kill_on_drop: false }`
[INFO] running `Command { std: "docker" "exec" "-e" "SOURCE_DIR=/opt/rustwide/workdir" "-e" "CARGO_HOME=/opt/rustwide/cargo-home" "-e" "RUSTUP_HOME=/opt/rustwide/rustup-home" "-e" "CARGO_TARGET_DIR=/opt/rustwide/target" "-e" "CARGO_INCREMENTAL=0" "-e" "RUST_BACKTRACE=full" "-e" "RUSTFLAGS=--cap-lints=warn" "-e" "RUSTDOCFLAGS=--cap-lints=warn" "-w" "/opt/rustwide/workdir" "--user" "0:0" "0ee5720408d7e62a828d746186537be1e6b26f07e653783dc9cf48efcaeb8ca6" "/opt/rustwide/cargo-home/bin/cargo" "+1.99.0-beta.8" "build" "--frozen" "--message-format=json" "--release", kill_on_drop: false }`
[INFO] [stderr]    Compiling proc-macro2 v1.0.103
[INFO] [stderr]    Compiling unicode-ident v1.0.22
[INFO] [stderr]    Compiling quote v1.0.42
[INFO] [stderr]    Compiling unicode-segmentation v1.12.0
[INFO] [stderr]    Compiling convert_case v0.9.0
[INFO] [stderr]    Compiling syn v2.0.110
[INFO] [stderr]    Compiling tokenstream2-tmpl v0.1.2
[INFO] [stderr]    Compiling despatma-lib v0.3.8
[INFO] [stderr]    Compiling despatma-visitor v0.3.8 (/opt/rustwide/workdir)
[INFO] [stderr]     Finished `release` profile [optimized] target(s) in 4.99s
[INFO] running `Command { std: "docker" "inspect" "0ee5720408d7e62a828d746186537be1e6b26f07e653783dc9cf48efcaeb8ca6", kill_on_drop: false }`
[INFO] running `Command { std: "docker" "exec" "-e" "SOURCE_DIR=/opt/rustwide/workdir" "-e" "CARGO_HOME=/opt/rustwide/cargo-home" "-e" "RUSTUP_HOME=/opt/rustwide/rustup-home" "-e" "CARGO_TARGET_DIR=/opt/rustwide/target" "-e" "CARGO_INCREMENTAL=0" "-e" "RUST_BACKTRACE=full" "-e" "RUSTFLAGS=--cap-lints=warn" "-e" "RUSTDOCFLAGS=--cap-lints=warn" "-w" "/opt/rustwide/workdir" "--user" "0:0" "0ee5720408d7e62a828d746186537be1e6b26f07e653783dc9cf48efcaeb8ca6" "/opt/rustwide/cargo-home/bin/cargo" "+1.99.0-beta.8" "test" "--frozen" "--no-run" "--message-format=json" "--release", kill_on_drop: false }`
[INFO] [stderr]    Compiling serde v1.0.228
[INFO] [stderr]    Compiling serde_json v1.0.145
[INFO] [stderr]    Compiling prettyplease v0.2.37
[INFO] [stderr]    Compiling target-triple v1.0.0
[INFO] [stderr]    Compiling proc-macro2 v1.0.103
[INFO] [stderr]    Compiling unicode-ident v1.0.22
[INFO] [stderr]    Compiling quote v1.0.42
[INFO] [stderr]    Compiling winnow v0.7.13
[INFO] [stderr]    Compiling toml_writer v1.0.4
[INFO] [stderr]    Compiling itoa v1.0.15
[INFO] [stderr]    Compiling ryu v1.0.20
[INFO] [stderr]    Compiling toml_datetime v0.7.3
[INFO] [stderr]    Compiling serde_spanned v1.0.3
[INFO] [stderr]    Compiling memchr v2.7.6
[INFO] [stderr]    Compiling syn v2.0.110
[INFO] [stderr]    Compiling diff v0.1.13
[INFO] [stderr]    Compiling termcolor v1.4.1
[INFO] [stderr]    Compiling glob v0.3.3
[INFO] [stderr]    Compiling fastrand v2.3.0
[INFO] [stderr]    Compiling yansi v1.0.1
[INFO] [stderr]    Compiling unicode-segmentation v1.12.0
[INFO] [stderr]    Compiling pretty_assertions v1.4.1
[INFO] [stderr]    Compiling convert_case v0.9.0
[INFO] [stderr]    Compiling toml_parser v1.0.4
[INFO] [stderr]    Compiling toml v0.9.8
[INFO] [stderr]    Compiling tokenstream2-tmpl v0.1.2
[INFO] [stderr]    Compiling despatma-lib v0.3.8
[INFO] [stderr]    Compiling serde_derive v1.0.228
[INFO] [stderr]    Compiling despatma-visitor v0.3.8 (/opt/rustwide/workdir)
[INFO] [stderr]    Compiling macrotest v1.2.0
[INFO] [stderr]    Compiling trybuild v1.0.114
[INFO] [stdout] error[E0432]: unresolved import `despatma_test_helpers`
[INFO] [stdout]    --> src/visitor.rs:249:9
[INFO] [stdout]     |
[INFO] [stdout] 249 |     use despatma_test_helpers::reformat;
[INFO] [stdout]     |         ^^^^^^^^^^^^^^^^^^^^^ use of unresolved module or unlinked crate `despatma_test_helpers`
[INFO] [stdout]     |
[INFO] [stdout]     = help: if you wanted to use a crate named `despatma_test_helpers`, use `cargo add despatma_test_helpers` to add it to your `Cargo.toml`
[INFO] [stdout] 
[INFO] [stdout] 
[INFO] [stdout] error[E0277]: the trait bound `AnnotatedType<SimpleType>: std::cmp::Eq` is not satisfied
[INFO] [stdout]    --> src/visitor.rs:31:5
[INFO] [stdout]     |
[INFO] [stdout]  29 | #[cfg_attr(test, derive(Eq, PartialEq, Debug))]
[INFO] [stdout]     |                         -- in this derive macro expansion
[INFO] [stdout]  30 | pub struct VisitorFunction {
[INFO] [stdout]  31 |     types: Punctuated<AnnotatedType<SimpleType>, Token![,]>,
[INFO] [stdout]     |     ^^^^^^^^^^^^^^^^^^^^^^^^^^^^^^^^^^^^^^^^^^^^^^^^^^^^^^^ the trait `std::cmp::Eq` is not implemented for `AnnotatedType<SimpleType>`
[INFO] [stdout]     |
[INFO] [stdout] help: the trait `std::cmp::Eq` is conditionally implemented for `syn::punctuated::Punctuated<T, P>`
[INFO] [stdout]    --> /opt/rustwide/cargo-home/registry/src/index.crates.io-1949cf8c6b5b557f/syn-2.0.110/src/punctuated.rs:407:1
[INFO] [stdout]     |
[INFO] [stdout] 407 | / impl<T, P> Eq for Punctuated<T, P>
[INFO] [stdout] 408 | | where
[INFO] [stdout] 409 | |     T: Eq,
[INFO] [stdout]     | |        -- unsatisfied requirement introduced here: `AnnotatedType<SimpleType>: std::cmp::Eq`
[INFO] [stdout] 410 | |     P: Eq,
[INFO] [stdout]     | |__________^
[INFO] [stdout]     = note: required for `syn::punctuated::Punctuated<AnnotatedType<SimpleType>, syn::token::Comma>` to implement `std::cmp::Eq`
[INFO] [stdout] note: required by a bound in `std::cmp::AssertParamIsEq`
[INFO] [stdout]    --> /rustc/dfb0accb7f508ae8be965d8629557221c889dd98/library/core/src/cmp.rs:392:0
[INFO] [stdout] 
[INFO] [stdout] 
[INFO] [stdout] error[E0369]: binary operation `==` cannot be applied to type `syn::punctuated::Punctuated<AnnotatedType<SimpleType>, syn::token::Comma>`
[INFO] [stdout]   --> src/visitor.rs:31:5
[INFO] [stdout]    |
[INFO] [stdout] 29 | #[cfg_attr(test, derive(Eq, PartialEq, Debug))]
[INFO] [stdout]    |                             --------- in this derive macro expansion
[INFO] [stdout] 30 | pub struct VisitorFunction {
[INFO] [stdout] 31 |     types: Punctuated<AnnotatedType<SimpleType>, Token![,]>,
[INFO] [stdout]    |     ^^^^^^^^^^^^^^^^^^^^^^^^^^^^^^^^^^^^^^^^^^^^^^^^^^^^^^^
[INFO] [stdout]    |
[INFO] [stdout] note: `AnnotatedType<SimpleType>` does not implement `PartialEq`
[INFO] [stdout]   --> /opt/rustwide/cargo-home/registry/src/index.crates.io-1949cf8c6b5b557f/despatma-lib-0.3.8/src/annotated_type.rs:16:1
[INFO] [stdout]    |
[INFO] [stdout] 16 | pub struct AnnotatedType<T = Type> {
[INFO] [stdout]    | ^^^^^^^^^^^^^^^^^^^^^^^^^^^^^^^^^^ `AnnotatedType<SimpleType>` is defined in another crate
[INFO] [stdout] 
[INFO] [stdout] 
[INFO] [stdout] error[E0277]: `AnnotatedType<SimpleType>` doesn't implement `Debug`
[INFO] [stdout]    --> src/visitor.rs:31:5
[INFO] [stdout]     |
[INFO] [stdout]  29 | #[cfg_attr(test, derive(Eq, PartialEq, Debug))]
[INFO] [stdout]     |                                        ----- in this derive macro expansion
[INFO] [stdout]  30 | pub struct VisitorFunction {
[INFO] [stdout]  31 |     types: Punctuated<AnnotatedType<SimpleType>, Token![,]>,
[INFO] [stdout]     |     ^^^^^^^^^^^^^^^^^^^^^^^^^^^^^^^^^^^^^^^^^^^^^^^^^^^^^^^ the trait `Debug` is not implemented for `AnnotatedType<SimpleType>`
[INFO] [stdout]     |
[INFO] [stdout] help: the trait `Debug` is implemented for `syn::punctuated::Punctuated<T, P>`
[INFO] [stdout]    --> /opt/rustwide/cargo-home/registry/src/index.crates.io-1949cf8c6b5b557f/syn-2.0.110/src/punctuated.rs:443:1
[INFO] [stdout]     |
[INFO] [stdout] 443 | impl<T: Debug, P: Debug> Debug for Punctuated<T, P> {
[INFO] [stdout]     | ^^^^^^^^^^^^^^^^^^^^^^^^^^^^^^^^^^^^^^^^^^^^^^^^^^^
[INFO] [stdout] 
[INFO] [stdout] 
[INFO] [stdout] Some errors have detailed explanations: E0277, E0369, E0432.
[INFO] [stdout] 
[INFO] [stdout] For more information about an error, try `rustc --explain E0277`.
[INFO] [stdout] 
[INFO] [stderr] error: could not compile `despatma-visitor` (lib test) due to 4 previous errors
[INFO] [stderr] warning: build failed, waiting for other jobs to finish...
[INFO] running `Command { std: "docker" "inspect" "0ee5720408d7e62a828d746186537be1e6b26f07e653783dc9cf48efcaeb8ca6", kill_on_drop: false }`
[INFO] running `Command { std: "docker" "rm" "-f" "0ee5720408d7e62a828d746186537be1e6b26f07e653783dc9cf48efcaeb8ca6", kill_on_drop: false }`
[INFO] [stdout] 0ee5720408d7e62a828d746186537be1e6b26f07e653783dc9cf48efcaeb8ca6
