[INFO] fetching crate deser-path 0.10.1...
[INFO] testing deser-path-0.10.1 against 1.99.0-beta.8+cargoflags=--release for beta-release-1.100-2
[INFO] extracting crate deser-path 0.10.1 into /workspace/builds/worker-5-tc1/source
[INFO] started tweaking crates.io crate deser-path 0.10.1
[INFO] removed 0 missing tests
[INFO] finished tweaking crates.io crate deser-path 0.10.1
[INFO] tweaked toml for crates.io crate deser-path 0.10.1 written to /workspace/builds/worker-5-tc1/source/Cargo.toml
[INFO] validating manifest of crates.io crate deser-path 0.10.1 on toolchain 1.99.0-beta.8
[INFO] running `Command { std: CARGO_HOME="/workspace/cargo-home" RUSTUP_HOME="/workspace/rustup-home" "/workspace/cargo-home/bin/cargo" "+1.99.0-beta.8" "metadata" "--manifest-path" "Cargo.toml" "--no-deps", kill_on_drop: false }`
[INFO] crate crates.io crate deser-path 0.10.1 already has a lockfile, it will not be regenerated
[INFO] running `Command { std: CARGO_HOME="/workspace/cargo-home" RUSTUP_HOME="/workspace/rustup-home" "/workspace/cargo-home/bin/cargo" "+1.99.0-beta.8" "fetch" "--manifest-path" "Cargo.toml", kill_on_drop: false }`
[INFO] [stderr]     Updating crates.io index
[INFO] [stderr]  Downloading crates ...
[INFO] [stderr]   Downloaded wasm-bindgen v0.2.127
[INFO] [stderr]   Downloaded wasm-bindgen-shared v0.2.127
[INFO] [stderr]   Downloaded wasm-bindgen-macro v0.2.127
[INFO] [stderr]   Downloaded wasm-bindgen-macro-support v0.2.127
[INFO] [stderr]   Downloaded toml_edit v0.25.15+spec-1.1.0
[INFO] [stderr]   Downloaded deser-derive v0.10.1
[INFO] [stderr]   Downloaded deser v0.10.1
[INFO] [stderr]   Downloaded deser-core v0.10.1
[INFO] running `Command { std: "docker" "create" "-v" "/var/lib/crater-agent-workspace/builds/worker-5-tc1/source:/opt/rustwide/workdir:ro,Z" "-v" "/var/lib/crater-agent-workspace/builds/worker-5-tc1/target:/opt/rustwide/target:rw,Z" "-v" "/var/lib/crater-agent-workspace/cargo-home:/opt/rustwide/cargo-home:ro,Z" "-v" "/var/lib/crater-agent-workspace/rustup-home:/opt/rustwide/rustup-home:ro,Z" "-m" "1610612736" "--network" "none" "ghcr.io/rust-lang/crates-build-env/linux@sha256:77db811e55d90add9212f6832c23229e3de5f1c1f9905e8cb07319ea15df73ac" "sleep" "infinity", kill_on_drop: false }`
[INFO] [stdout] 87500b4d921b7bfe8d8734fa8e3f9ccd6daa14c84f8d19c54dd9bea4db0d099e
[INFO] running `Command { std: "docker" "start" "87500b4d921b7bfe8d8734fa8e3f9ccd6daa14c84f8d19c54dd9bea4db0d099e", kill_on_drop: false }`
[INFO] running `Command { std: "docker" "inspect" "87500b4d921b7bfe8d8734fa8e3f9ccd6daa14c84f8d19c54dd9bea4db0d099e", kill_on_drop: false }`
[INFO] running `Command { std: "docker" "exec" "-e" "SOURCE_DIR=/opt/rustwide/workdir" "-e" "CARGO_HOME=/opt/rustwide/cargo-home" "-e" "RUSTUP_HOME=/opt/rustwide/rustup-home" "-e" "CARGO_TARGET_DIR=/opt/rustwide/target" "-w" "/opt/rustwide/workdir" "--user" "0:0" "87500b4d921b7bfe8d8734fa8e3f9ccd6daa14c84f8d19c54dd9bea4db0d099e" "/opt/rustwide/cargo-home/bin/cargo" "+1.99.0-beta.8" "metadata" "--no-deps" "--format-version=1", kill_on_drop: false }`
[INFO] running `Command { std: "docker" "inspect" "87500b4d921b7bfe8d8734fa8e3f9ccd6daa14c84f8d19c54dd9bea4db0d099e", kill_on_drop: false }`
[INFO] running `Command { std: "docker" "exec" "-e" "SOURCE_DIR=/opt/rustwide/workdir" "-e" "CARGO_HOME=/opt/rustwide/cargo-home" "-e" "RUSTUP_HOME=/opt/rustwide/rustup-home" "-e" "CARGO_TARGET_DIR=/opt/rustwide/target" "-e" "CARGO_INCREMENTAL=0" "-e" "RUST_BACKTRACE=full" "-e" "RUSTFLAGS=--cap-lints=warn" "-e" "RUSTDOCFLAGS=--cap-lints=warn" "-w" "/opt/rustwide/workdir" "--user" "0:0" "87500b4d921b7bfe8d8734fa8e3f9ccd6daa14c84f8d19c54dd9bea4db0d099e" "/opt/rustwide/cargo-home/bin/cargo" "+1.99.0-beta.8" "build" "--frozen" "--message-format=json" "--release", kill_on_drop: false }`
[INFO] [stderr]    Compiling deser-core v0.10.1
[INFO] [stderr]    Compiling deser-path v0.10.1 (/opt/rustwide/workdir)
[INFO] [stderr]     Finished `release` profile [optimized] target(s) in 7.57s
[INFO] running `Command { std: "docker" "inspect" "87500b4d921b7bfe8d8734fa8e3f9ccd6daa14c84f8d19c54dd9bea4db0d099e", kill_on_drop: false }`
[INFO] running `Command { std: "docker" "exec" "-e" "SOURCE_DIR=/opt/rustwide/workdir" "-e" "CARGO_HOME=/opt/rustwide/cargo-home" "-e" "RUSTUP_HOME=/opt/rustwide/rustup-home" "-e" "CARGO_TARGET_DIR=/opt/rustwide/target" "-e" "CARGO_INCREMENTAL=0" "-e" "RUST_BACKTRACE=full" "-e" "RUSTFLAGS=--cap-lints=warn" "-e" "RUSTDOCFLAGS=--cap-lints=warn" "-w" "/opt/rustwide/workdir" "--user" "0:0" "87500b4d921b7bfe8d8734fa8e3f9ccd6daa14c84f8d19c54dd9bea4db0d099e" "/opt/rustwide/cargo-home/bin/cargo" "+1.99.0-beta.8" "test" "--frozen" "--no-run" "--message-format=json" "--release", kill_on_drop: false }`
[INFO] [stderr]    Compiling unicode-ident v1.0.26
[INFO] [stderr]    Compiling deser-core v0.10.1
[INFO] [stderr]    Compiling proc-macro2 v1.0.107
[INFO] [stderr]    Compiling quote v1.0.47
[INFO] [stderr]    Compiling syn v3.0.6
[INFO] [stderr]    Compiling deser-derive v0.10.1
[INFO] [stderr]    Compiling deser-path v0.10.1 (/opt/rustwide/workdir)
[INFO] [stderr]    Compiling deser v0.10.1
[INFO] [stdout] error[E0433]: cannot find module or crate `deser_json` in this scope
[INFO] [stdout]   --> tests/de.rs:62:5
[INFO] [stdout]    |
[INFO] [stdout] 62 |     deser_json::Deserializer::from_str(json)
[INFO] [stdout]    |     ^^^^^^^^^^ use of unresolved module or unlinked crate `deser_json`
[INFO] [stdout]    |
[INFO] [stdout]    = help: if you wanted to use a crate named `deser_json`, use `cargo add deser_json` to add it to your `Cargo.toml`
[INFO] [stdout] 
[INFO] [stdout] 
[INFO] [stdout] error[E0433]: cannot find module or crate `deser_json` in this scope
[INFO] [stdout]    --> tests/de.rs:192:18
[INFO] [stdout]     |
[INFO] [stdout] 192 |     let config = deser_json::DeserializerConfig::builder()
[INFO] [stdout]     |                  ^^^^^^^^^^ use of unresolved module or unlinked crate `deser_json`
[INFO] [stdout]     |
[INFO] [stdout]     = help: if you wanted to use a crate named `deser_json`, use `cargo add deser_json` to add it to your `Cargo.toml`
[INFO] [stdout] 
[INFO] [stdout] 
[INFO] [stdout] error[E0433]: cannot find module or crate `deser_json` in this scope
[INFO] [stdout]    --> tests/de.rs:195:5
[INFO] [stdout]     |
[INFO] [stdout] 195 |     deser_json::Deserializer::from_str_with_config(json, config)
[INFO] [stdout]     |     ^^^^^^^^^^ use of unresolved module or unlinked crate `deser_json`
[INFO] [stdout]     |
[INFO] [stdout]     = help: if you wanted to use a crate named `deser_json`, use `cargo add deser_json` to add it to your `Cargo.toml`
[INFO] [stdout] 
[INFO] [stdout] 
[INFO] [stdout] error[E0433]: cannot find module or crate `deser_json` in this scope
[INFO] [stdout]    --> tests/de.rs:332:15
[INFO] [stdout]     |
[INFO] [stdout] 332 |     let err = deser_json::Deserializer::from_str(
[INFO] [stdout]     |               ^^^^^^^^^^ use of unresolved module or unlinked crate `deser_json`
[INFO] [stdout]     |
[INFO] [stdout]     = help: if you wanted to use a crate named `deser_json`, use `cargo add deser_json` to add it to your `Cargo.toml`
[INFO] [stdout] 
[INFO] [stdout] 
[INFO] [stdout] For more information about this error, try `rustc --explain E0433`.
[INFO] [stdout] 
[INFO] [stderr] error: could not compile `deser-path` (test "integration") due to 4 previous errors
[INFO] running `Command { std: "docker" "inspect" "87500b4d921b7bfe8d8734fa8e3f9ccd6daa14c84f8d19c54dd9bea4db0d099e", kill_on_drop: false }`
[INFO] running `Command { std: "docker" "rm" "-f" "87500b4d921b7bfe8d8734fa8e3f9ccd6daa14c84f8d19c54dd9bea4db0d099e", kill_on_drop: false }`
[INFO] [stdout] 87500b4d921b7bfe8d8734fa8e3f9ccd6daa14c84f8d19c54dd9bea4db0d099e
