[INFO] fetching crate descartes-metrics 0.1.1...
[INFO] testing descartes-metrics-0.1.1 against 1.99.0-beta.8+cargoflags=--release for beta-release-1.100-2
[INFO] extracting crate descartes-metrics 0.1.1 into /workspace/builds/worker-2-tc1/source
[INFO] started tweaking crates.io crate descartes-metrics 0.1.1
[INFO] removed 0 missing tests
[INFO] finished tweaking crates.io crate descartes-metrics 0.1.1
[INFO] tweaked toml for crates.io crate descartes-metrics 0.1.1 written to /workspace/builds/worker-2-tc1/source/Cargo.toml
[INFO] validating manifest of crates.io crate descartes-metrics 0.1.1 on toolchain 1.99.0-beta.8
[INFO] running `Command { std: CARGO_HOME="/workspace/cargo-home" RUSTUP_HOME="/workspace/rustup-home" "/workspace/cargo-home/bin/cargo" "+1.99.0-beta.8" "metadata" "--manifest-path" "Cargo.toml" "--no-deps", kill_on_drop: false }`
[INFO] crate crates.io crate descartes-metrics 0.1.1 already has a lockfile, it will not be regenerated
[INFO] running `Command { std: CARGO_HOME="/workspace/cargo-home" RUSTUP_HOME="/workspace/rustup-home" "/workspace/cargo-home/bin/cargo" "+1.99.0-beta.8" "fetch" "--manifest-path" "Cargo.toml", kill_on_drop: false }`
[INFO] [stderr]     Updating crates.io index
[INFO] [stderr]  Downloading crates ...
[INFO] [stderr]   Downloaded prometheus v0.14.0
[INFO] [stderr]   Downloaded quantiles v0.7.1
[INFO] [stderr]   Downloaded metrics-util v0.20.1
[INFO] [stderr]   Downloaded metrics-prometheus v0.11.0
[INFO] [stderr]   Downloaded descartes-core v0.1.1
[INFO] [stderr]   Downloaded portable-atomic v1.12.0
[INFO] running `Command { std: "docker" "create" "-v" "/var/lib/crater-agent-workspace/builds/worker-2-tc1/source:/opt/rustwide/workdir:ro,Z" "-v" "/var/lib/crater-agent-workspace/builds/worker-2-tc1/target:/opt/rustwide/target:rw,Z" "-v" "/var/lib/crater-agent-workspace/cargo-home:/opt/rustwide/cargo-home:ro,Z" "-v" "/var/lib/crater-agent-workspace/rustup-home:/opt/rustwide/rustup-home:ro,Z" "-m" "1610612736" "--network" "none" "ghcr.io/rust-lang/crates-build-env/linux@sha256:77db811e55d90add9212f6832c23229e3de5f1c1f9905e8cb07319ea15df73ac" "sleep" "infinity", kill_on_drop: false }`
[INFO] [stdout] 9e741c2a46d5ba9ef99c5f7bb5bc97805bedb725f5fa4687a028681ee2549990
[INFO] running `Command { std: "docker" "start" "9e741c2a46d5ba9ef99c5f7bb5bc97805bedb725f5fa4687a028681ee2549990", kill_on_drop: false }`
[INFO] running `Command { std: "docker" "inspect" "9e741c2a46d5ba9ef99c5f7bb5bc97805bedb725f5fa4687a028681ee2549990", kill_on_drop: false }`
[INFO] running `Command { std: "docker" "exec" "-e" "SOURCE_DIR=/opt/rustwide/workdir" "-e" "CARGO_HOME=/opt/rustwide/cargo-home" "-e" "RUSTUP_HOME=/opt/rustwide/rustup-home" "-e" "CARGO_TARGET_DIR=/opt/rustwide/target" "-w" "/opt/rustwide/workdir" "--user" "0:0" "9e741c2a46d5ba9ef99c5f7bb5bc97805bedb725f5fa4687a028681ee2549990" "/opt/rustwide/cargo-home/bin/cargo" "+1.99.0-beta.8" "metadata" "--no-deps" "--format-version=1", kill_on_drop: false }`
[INFO] running `Command { std: "docker" "inspect" "9e741c2a46d5ba9ef99c5f7bb5bc97805bedb725f5fa4687a028681ee2549990", kill_on_drop: false }`
[INFO] running `Command { std: "docker" "exec" "-e" "SOURCE_DIR=/opt/rustwide/workdir" "-e" "CARGO_HOME=/opt/rustwide/cargo-home" "-e" "RUSTUP_HOME=/opt/rustwide/rustup-home" "-e" "CARGO_TARGET_DIR=/opt/rustwide/target" "-e" "CARGO_INCREMENTAL=0" "-e" "RUST_BACKTRACE=full" "-e" "RUSTFLAGS=--cap-lints=warn" "-e" "RUSTDOCFLAGS=--cap-lints=warn" "-w" "/opt/rustwide/workdir" "--user" "0:0" "9e741c2a46d5ba9ef99c5f7bb5bc97805bedb725f5fa4687a028681ee2549990" "/opt/rustwide/cargo-home/bin/cargo" "+1.99.0-beta.8" "build" "--frozen" "--message-format=json" "--release", kill_on_drop: false }`
[INFO] [stderr]    Compiling proc-macro2 v1.0.103
[INFO] [stderr]    Compiling libc v0.2.178
[INFO] [stderr]    Compiling zerocopy v0.8.31
[INFO] [stderr]    Compiling libm v0.2.15
[INFO] [stderr]    Compiling memchr v2.7.6
[INFO] [stderr]    Compiling num-traits v0.2.19
[INFO] [stderr]    Compiling thiserror v2.0.17
[INFO] [stderr]    Compiling prometheus v0.14.0
[INFO] [stderr]    Compiling crossbeam-epoch v0.9.18
[INFO] [stderr]    Compiling hashbrown v0.16.1
[INFO] [stderr]    Compiling sketches-ddsketch v0.3.0
[INFO] [stderr]    Compiling flate2 v1.1.5
[INFO] [stderr]    Compiling crossbeam-channel v0.5.15
[INFO] [stderr]    Compiling ryu v1.0.21
[INFO] [stderr]    Compiling itoa v1.0.16
[INFO] [stderr]    Compiling quantiles v0.7.1
[INFO] [stderr]    Compiling nom v7.1.3
[INFO] [stderr]    Compiling serde_json v1.0.145
[INFO] [stderr]    Compiling quote v1.0.42
[INFO] [stderr]    Compiling syn v2.0.111
[INFO] [stderr]    Compiling getrandom v0.3.4
[INFO] [stderr]    Compiling getrandom v0.2.16
[INFO] [stderr]    Compiling parking_lot_core v0.9.12
[INFO] [stderr]    Compiling parking_lot v0.12.5
[INFO] [stderr]    Compiling rand_core v0.6.4
[INFO] [stderr]    Compiling rand_core v0.9.3
[INFO] [stderr]    Compiling uuid v1.19.0
[INFO] [stderr]    Compiling rand_xoshiro v0.7.0
[INFO] [stderr]    Compiling ppv-lite86 v0.2.21
[INFO] [stderr]    Compiling ahash v0.8.12
[INFO] [stderr]    Compiling hdrhistogram v7.5.4
[INFO] [stderr]    Compiling metrics v0.24.3
[INFO] [stderr]    Compiling rand_chacha v0.9.0
[INFO] [stderr]    Compiling rand_chacha v0.3.1
[INFO] [stderr]    Compiling rand v0.8.5
[INFO] [stderr]    Compiling rand v0.9.2
[INFO] [stderr]    Compiling metrics-util v0.20.1
[INFO] [stderr]    Compiling rand_distr v0.4.3
[INFO] [stderr]    Compiling thiserror-impl v2.0.17
[INFO] [stderr]    Compiling tracing-attributes v0.1.31
[INFO] [stderr]    Compiling tokio-macros v2.6.0
[INFO] [stderr]    Compiling serde_derive v1.0.228
[INFO] [stderr]    Compiling thiserror-impl v1.0.69
[INFO] [stderr]    Compiling sealed v0.6.0
[INFO] [stderr]    Compiling tokio v1.48.0
[INFO] [stderr]    Compiling thiserror v1.0.69
[INFO] [stderr]    Compiling tracing v0.1.44
[INFO] [stderr]    Compiling tracing-subscriber v0.3.22
[INFO] [stderr]    Compiling metrics-prometheus v0.11.0
[INFO] [stderr]    Compiling serde v1.0.228
[INFO] [stderr]    Compiling descartes-core v0.1.1
[INFO] [stderr]    Compiling descartes-metrics v0.1.1 (/opt/rustwide/workdir)
[INFO] [stderr]     Finished `release` profile [optimized] target(s) in 36.12s
[INFO] running `Command { std: "docker" "inspect" "9e741c2a46d5ba9ef99c5f7bb5bc97805bedb725f5fa4687a028681ee2549990", kill_on_drop: false }`
[INFO] running `Command { std: "docker" "exec" "-e" "SOURCE_DIR=/opt/rustwide/workdir" "-e" "CARGO_HOME=/opt/rustwide/cargo-home" "-e" "RUSTUP_HOME=/opt/rustwide/rustup-home" "-e" "CARGO_TARGET_DIR=/opt/rustwide/target" "-e" "CARGO_INCREMENTAL=0" "-e" "RUST_BACKTRACE=full" "-e" "RUSTFLAGS=--cap-lints=warn" "-e" "RUSTDOCFLAGS=--cap-lints=warn" "-w" "/opt/rustwide/workdir" "--user" "0:0" "9e741c2a46d5ba9ef99c5f7bb5bc97805bedb725f5fa4687a028681ee2549990" "/opt/rustwide/cargo-home/bin/cargo" "+1.99.0-beta.8" "test" "--frozen" "--no-run" "--message-format=json" "--release", kill_on_drop: false }`
[INFO] [stderr]    Compiling bytes v1.11.0
[INFO] [stderr]    Compiling futures-task v0.3.31
[INFO] [stderr]    Compiling mio v1.1.1
[INFO] [stderr]    Compiling socket2 v0.6.1
[INFO] [stderr]    Compiling slab v0.4.11
[INFO] [stderr]    Compiling indexmap v2.12.1
[INFO] [stderr]    Compiling regex-syntax v0.8.8
[INFO] [stderr]    Compiling rand v0.8.5
[INFO] [stderr]    Compiling tracing v0.1.44
[INFO] [stderr]    Compiling serde v1.0.228
[INFO] [stderr]    Compiling serde_json v1.0.145
[INFO] [stderr]    Compiling rustix v1.1.2
[INFO] [stderr]    Compiling parking_lot_core v0.9.12
[INFO] [stderr]    Compiling indexmap v1.9.3
[INFO] [stderr]    Compiling bitflags v2.10.0
[INFO] [stderr]    Compiling sync_wrapper v1.0.2
[INFO] [stderr]    Compiling futures-util v0.3.31
[INFO] [stderr]    Compiling pin-project-internal v1.1.10
[INFO] [stderr]    Compiling async-trait v0.1.89
[INFO] [stderr]    Compiling parking_lot v0.12.5
[INFO] [stderr]    Compiling async-stream-impl v0.3.6
[INFO] [stderr]    Compiling serde_path_to_error v0.1.20
[INFO] [stderr]    Compiling prometheus v0.14.0
[INFO] [stderr]    Compiling serde_urlencoded v0.7.1
[INFO] [stderr]    Compiling wait-timeout v0.2.1
[INFO] [stderr]    Compiling async-stream v0.3.6
[INFO] [stderr]    Compiling tokio v1.48.0
[INFO] [stderr]    Compiling http v1.4.0
[INFO] [stderr]    Compiling pin-project v1.1.10
[INFO] [stderr]    Compiling rand_distr v0.4.3
[INFO] [stderr]    Compiling prost v0.13.5
[INFO] [stderr]    Compiling rand_xorshift v0.4.0
[INFO] [stderr]    Compiling socket2 v0.5.10
[INFO] [stderr]    Compiling metrics-prometheus v0.11.0
[INFO] [stderr]    Compiling http-body v1.0.1
[INFO] [stderr]    Compiling tempfile v3.23.0
[INFO] [stderr]    Compiling http-body-util v0.1.3
[INFO] [stderr]    Compiling regex-automata v0.4.13
[INFO] [stderr]    Compiling rusty-fork v0.3.1
[INFO] [stderr]    Compiling axum-core v0.4.5
[INFO] [stderr]    Compiling proptest v1.9.0
[INFO] [stderr]    Compiling matchers v0.2.0
[INFO] [stderr]    Compiling tracing-subscriber v0.3.22
[INFO] [stderr]    Compiling tokio-util v0.7.17
[INFO] [stderr]    Compiling tower v0.5.2
[INFO] [stderr]    Compiling tokio-stream v0.1.18
[INFO] [stderr]    Compiling descartes-core v0.1.1
[INFO] [stderr]    Compiling h2 v0.4.13
[INFO] [stderr]    Compiling tower v0.4.13
[INFO] [stderr]    Compiling descartes-metrics v0.1.1 (/opt/rustwide/workdir)
[INFO] [stderr]    Compiling hyper v1.8.1
[INFO] [stderr]    Compiling hyper-util v0.1.19
[INFO] [stderr]    Compiling hyper-timeout v0.5.2
[INFO] [stderr]    Compiling axum v0.7.9
[INFO] [stderr]    Compiling tonic v0.12.3
[INFO] [stdout] error[E0433]: cannot find module or crate `descartes_tokio` in this scope
[INFO] [stdout]   --> tests/integration_new_crates.rs:12:9
[INFO] [stdout]    |
[INFO] [stdout] 12 |         descartes_tokio::runtime::install(&mut sim);
[INFO] [stdout]    |         ^^^^^^^^^^^^^^^ use of unresolved module or unlinked crate `descartes_tokio`
[INFO] [stdout]    |
[INFO] [stdout] help: there is a crate or module with a similar name
[INFO] [stdout]    |
[INFO] [stdout] 12 -         descartes_tokio::runtime::install(&mut sim);
[INFO] [stdout] 12 +         descartes_core::runtime::install(&mut sim);
[INFO] [stdout]    |
[INFO] [stdout] 
[INFO] [stdout] 
[INFO] [stdout] error[E0433]: cannot find module or crate `descartes_tokio` in this scope
[INFO] [stdout]   --> tests/integration_new_crates.rs:14:9
[INFO] [stdout]    |
[INFO] [stdout] 14 |         descartes_tokio::task::spawn_local(async {
[INFO] [stdout]    |         ^^^^^^^^^^^^^^^ use of unresolved module or unlinked crate `descartes_tokio`
[INFO] [stdout]    |
[INFO] [stdout] help: there is a crate or module with a similar name
[INFO] [stdout]    |
[INFO] [stdout] 14 -         descartes_tokio::task::spawn_local(async {
[INFO] [stdout] 14 +         descartes_core::task::spawn_local(async {
[INFO] [stdout]    |
[INFO] [stdout] 
[INFO] [stdout] 
[INFO] [stdout] error[E0433]: cannot find module or crate `descartes_tokio` in this scope
[INFO] [stdout]   --> tests/integration_new_crates.rs:17:17
[INFO] [stdout]    |
[INFO] [stdout] 17 |                 descartes_tokio::time::sleep(Duration::from_millis(10)).await;
[INFO] [stdout]    |                 ^^^^^^^^^^^^^^^ use of unresolved module or unlinked crate `descartes_tokio`
[INFO] [stdout]    |
[INFO] [stdout] help: there is a crate or module with a similar name
[INFO] [stdout]    |
[INFO] [stdout] 17 -                 descartes_tokio::time::sleep(Duration::from_millis(10)).await;
[INFO] [stdout] 17 +                 descartes_core::time::sleep(Duration::from_millis(10)).await;
[INFO] [stdout]    |
[INFO] [stdout] 
[INFO] [stdout] 
[INFO] [stdout] error[E0433]: cannot find module or crate `descartes_tokio` in this scope
[INFO] [stdout]   --> tests/integration_new_crates.rs:36:9
[INFO] [stdout]    |
[INFO] [stdout] 36 |         descartes_tokio::runtime::install(&mut sim);
[INFO] [stdout]    |         ^^^^^^^^^^^^^^^ use of unresolved module or unlinked crate `descartes_tokio`
[INFO] [stdout]    |
[INFO] [stdout] help: there is a crate or module with a similar name
[INFO] [stdout]    |
[INFO] [stdout] 36 -         descartes_tokio::runtime::install(&mut sim);
[INFO] [stdout] 36 +         descartes_core::runtime::install(&mut sim);
[INFO] [stdout]    |
[INFO] [stdout] 
[INFO] [stdout] 
[INFO] [stdout] error[E0433]: cannot find module or crate `descartes_axum` in this scope
[INFO] [stdout]   --> tests/integration_new_crates.rs:38:25
[INFO] [stdout]    |
[INFO] [stdout] 38 |         let transport = descartes_axum::Transport::install_default(&mut sim);
[INFO] [stdout]    |                         ^^^^^^^^^^^^^^ use of unresolved module or unlinked crate `descartes_axum`
[INFO] [stdout]    |
[INFO] [stdout] help: there is a crate or module with a similar name
[INFO] [stdout]    |
[INFO] [stdout] 38 -         let transport = descartes_axum::Transport::install_default(&mut sim);
[INFO] [stdout] 38 +         let transport = descartes_core::Transport::install_default(&mut sim);
[INFO] [stdout]    |
[INFO] [stdout] 
[INFO] [stdout] 
[INFO] [stdout] error[E0433]: cannot find module or crate `descartes_tokio` in this scope
[INFO] [stdout]   --> tests/integration_new_crates.rs:51:9
[INFO] [stdout]    |
[INFO] [stdout] 51 |         descartes_tokio::task::spawn_local(async move {
[INFO] [stdout]    |         ^^^^^^^^^^^^^^^ use of unresolved module or unlinked crate `descartes_tokio`
[INFO] [stdout]    |
[INFO] [stdout] help: there is a crate or module with a similar name
[INFO] [stdout]    |
[INFO] [stdout] 51 -         descartes_tokio::task::spawn_local(async move {
[INFO] [stdout] 51 +         descartes_core::task::spawn_local(async move {
[INFO] [stdout]    |
[INFO] [stdout] 
[INFO] [stdout] 
[INFO] [stdout] error[E0433]: cannot find module or crate `descartes_tokio` in this scope
[INFO] [stdout]   --> tests/integration_new_crates.rs:97:9
[INFO] [stdout]    |
[INFO] [stdout] 97 |         descartes_tokio::runtime::install(&mut sim);
[INFO] [stdout]    |         ^^^^^^^^^^^^^^^ use of unresolved module or unlinked crate `descartes_tokio`
[INFO] [stdout]    |
[INFO] [stdout] help: there is a crate or module with a similar name
[INFO] [stdout]    |
[INFO] [stdout] 97 -         descartes_tokio::runtime::install(&mut sim);
[INFO] [stdout] 97 +         descartes_core::runtime::install(&mut sim);
[INFO] [stdout]    |
[INFO] [stdout] 
[INFO] [stdout] 
[INFO] [stdout] error[E0433]: cannot find module or crate `descartes_tonic` in this scope
[INFO] [stdout]   --> tests/integration_new_crates.rs:99:25
[INFO] [stdout]    |
[INFO] [stdout] 99 |         let transport = descartes_tonic::Transport::install_default(&mut sim);
[INFO] [stdout]    |                         ^^^^^^^^^^^^^^^ use of unresolved module or unlinked crate `descartes_tonic`
[INFO] [stdout]    |
[INFO] [stdout] help: there is a crate or module with a similar name
[INFO] [stdout]    |
[INFO] [stdout] 99 -         let transport = descartes_tonic::Transport::install_default(&mut sim);
[INFO] [stdout] 99 +         let transport = descartes_core::Transport::install_default(&mut sim);
[INFO] [stdout]    |
[INFO] [stdout] 
[INFO] [stdout] 
[INFO] [stdout] error[E0433]: cannot find module or crate `descartes_tonic` in this scope
[INFO] [stdout]    --> tests/integration_new_crates.rs:103:26
[INFO] [stdout]     |
[INFO] [stdout] 103 |         let mut router = descartes_tonic::Router::new();
[INFO] [stdout]     |                          ^^^^^^^^^^^^^^^ use of unresolved module or unlinked crate `descartes_tonic`
[INFO] [stdout]     |
[INFO] [stdout] help: there is a crate or module with a similar name
[INFO] [stdout]     |
[INFO] [stdout] 103 -         let mut router = descartes_tonic::Router::new();
[INFO] [stdout] 103 +         let mut router = descartes_core::Router::new();
[INFO] [stdout]     |
[INFO] [stdout] 
[INFO] [stdout] 
[INFO] [stdout] error[E0433]: cannot find module or crate `descartes_tokio` in this scope
[INFO] [stdout]    --> tests/integration_new_crates.rs:119:9
[INFO] [stdout]     |
[INFO] [stdout] 119 |         descartes_tokio::task::spawn_local(async move {
[INFO] [stdout]     |         ^^^^^^^^^^^^^^^ use of unresolved module or unlinked crate `descartes_tokio`
[INFO] [stdout]     |
[INFO] [stdout] help: there is a crate or module with a similar name
[INFO] [stdout]     |
[INFO] [stdout] 119 -         descartes_tokio::task::spawn_local(async move {
[INFO] [stdout] 119 +         descartes_core::task::spawn_local(async move {
[INFO] [stdout]     |
[INFO] [stdout] 
[INFO] [stdout] 
[INFO] [stdout] error[E0433]: cannot find module or crate `descartes_tokio` in this scope
[INFO] [stdout]   --> tests/integration_new_crates.rs:53:29
[INFO] [stdout]    |
[INFO] [stdout] 53 |                 let start = descartes_tokio::time::Instant::now();
[INFO] [stdout]    |                             ^^^^^^^^^^^^^^^ use of unresolved module or unlinked crate `descartes_tokio`
[INFO] [stdout]    |
[INFO] [stdout] help: there is a crate or module with a similar name
[INFO] [stdout]    |
[INFO] [stdout] 53 -                 let start = descartes_tokio::time::Instant::now();
[INFO] [stdout] 53 +                 let start = descartes_core::time::Instant::now();
[INFO] [stdout]    |
[INFO] [stdout] help: consider importing this struct
[INFO] [stdout]    |
[INFO] [stdout]  1 + use std::time::Instant;
[INFO] [stdout]    |
[INFO] [stdout] help: if you import `Instant`, refer to it directly
[INFO] [stdout]    |
[INFO] [stdout] 53 -                 let start = descartes_tokio::time::Instant::now();
[INFO] [stdout] 53 +                 let start = Instant::now();
[INFO] [stdout]    |
[INFO] [stdout] 
[INFO] [stdout] 
[INFO] [stdout] error[E0433]: cannot find module or crate `descartes_tokio` in this scope
[INFO] [stdout]   --> tests/integration_new_crates.rs:58:31
[INFO] [stdout]    |
[INFO] [stdout] 58 |                 let elapsed = descartes_tokio::time::Instant::now().duration_since(start);
[INFO] [stdout]    |                               ^^^^^^^^^^^^^^^ use of unresolved module or unlinked crate `descartes_tokio`
[INFO] [stdout]    |
[INFO] [stdout] help: there is a crate or module with a similar name
[INFO] [stdout]    |
[INFO] [stdout] 58 -                 let elapsed = descartes_tokio::time::Instant::now().duration_since(start);
[INFO] [stdout] 58 +                 let elapsed = descartes_core::time::Instant::now().duration_since(start);
[INFO] [stdout]    |
[INFO] [stdout] help: consider importing this struct
[INFO] [stdout]    |
[INFO] [stdout]  1 + use std::time::Instant;
[INFO] [stdout]    |
[INFO] [stdout] help: if you import `Instant`, refer to it directly
[INFO] [stdout]    |
[INFO] [stdout] 58 -                 let elapsed = descartes_tokio::time::Instant::now().duration_since(start);
[INFO] [stdout] 58 +                 let elapsed = Instant::now().duration_since(start);
[INFO] [stdout]    |
[INFO] [stdout] 
[INFO] [stdout] 
[INFO] [stdout] error[E0433]: cannot find module or crate `descartes_tokio` in this scope
[INFO] [stdout]    --> tests/integration_new_crates.rs:120:25
[INFO] [stdout]     |
[INFO] [stdout] 120 |             let start = descartes_tokio::time::Instant::now();
[INFO] [stdout]     |                         ^^^^^^^^^^^^^^^ use of unresolved module or unlinked crate `descartes_tokio`
[INFO] [stdout]     |
[INFO] [stdout] help: there is a crate or module with a similar name
[INFO] [stdout]     |
[INFO] [stdout] 120 -             let start = descartes_tokio::time::Instant::now();
[INFO] [stdout] 120 +             let start = descartes_core::time::Instant::now();
[INFO] [stdout]     |
[INFO] [stdout] help: consider importing this struct
[INFO] [stdout]     |
[INFO] [stdout]   1 + use std::time::Instant;
[INFO] [stdout]     |
[INFO] [stdout] help: if you import `Instant`, refer to it directly
[INFO] [stdout]     |
[INFO] [stdout] 120 -             let start = descartes_tokio::time::Instant::now();
[INFO] [stdout] 120 +             let start = Instant::now();
[INFO] [stdout]     |
[INFO] [stdout] 
[INFO] [stdout] 
[INFO] [stdout] error[E0433]: cannot find module or crate `descartes_tokio` in this scope
[INFO] [stdout]    --> tests/integration_new_crates.rs:129:27
[INFO] [stdout]     |
[INFO] [stdout] 129 |             let elapsed = descartes_tokio::time::Instant::now().duration_since(start);
[INFO] [stdout]     |                           ^^^^^^^^^^^^^^^ use of unresolved module or unlinked crate `descartes_tokio`
[INFO] [stdout]     |
[INFO] [stdout] help: there is a crate or module with a similar name
[INFO] [stdout]     |
[INFO] [stdout] 129 -             let elapsed = descartes_tokio::time::Instant::now().duration_since(start);
[INFO] [stdout] 129 +             let elapsed = descartes_core::time::Instant::now().duration_since(start);
[INFO] [stdout]     |
[INFO] [stdout] help: consider importing this struct
[INFO] [stdout]     |
[INFO] [stdout]   1 + use std::time::Instant;
[INFO] [stdout]     |
[INFO] [stdout] help: if you import `Instant`, refer to it directly
[INFO] [stdout]     |
[INFO] [stdout] 129 -             let elapsed = descartes_tokio::time::Instant::now().duration_since(start);
[INFO] [stdout] 129 +             let elapsed = Instant::now().duration_since(start);
[INFO] [stdout]     |
[INFO] [stdout] 
[INFO] [stdout] 
[INFO] [stdout] For more information about this error, try `rustc --explain E0433`.
[INFO] [stdout] 
[INFO] [stderr] error: could not compile `descartes-metrics` (test "integration_new_crates") due to 14 previous errors
[INFO] [stderr] warning: build failed, waiting for other jobs to finish...
[INFO] running `Command { std: "docker" "inspect" "9e741c2a46d5ba9ef99c5f7bb5bc97805bedb725f5fa4687a028681ee2549990", kill_on_drop: false }`
[INFO] running `Command { std: "docker" "rm" "-f" "9e741c2a46d5ba9ef99c5f7bb5bc97805bedb725f5fa4687a028681ee2549990", kill_on_drop: false }`
[INFO] [stdout] 9e741c2a46d5ba9ef99c5f7bb5bc97805bedb725f5fa4687a028681ee2549990
